69.72.244.151 - - [21/Jun/2026:12:52:43 +0000] "POST /wp-cron.php?doing_wp_cron=1782046363.6388890743255615234375 HTTP/1.1" 200 0 "-" "WordPress/7.0; https://www.jubaroyaltravel.com"
104.234.53.142 - - [21/Jun/2026:12:52:43 +0000] "POST /wp-login.php HTTP/1.1" 200 2446 "-" "Mozilla/5.0 (Windows NT 10.0; Win64; rv:143.0) Gecko/20100101 Firefox/143.0"
43.166.134.114 - - [21/Jun/2026:12:53:01 +0000] "GET / HTTP/1.1" 200 52705 "http://www.jubaroyaltravel.com" "Mozilla/5.0 (iPhone; CPU iPhone OS 13_2_3 like Mac OS X) AppleWebKit/605.1.15 (KHTML, like Gecko) Version/13.0.3 Mobile/15E148 Safari/604.1"
66.249.64.130 - - [21/Jun/2026:12:53:08 +0000] "GET /products/detail/arrival/j106288481 HTTP/1.1" 404 27930 "-" "Mozilla/5.0 (Linux; Android 6.0.1; Nexus 5X Build/MMB29P) AppleWebKit/537.36 (KHTML, like Gecko) Chrome/148.0.7778.96 Mobile Safari/537.36 (compatible; Googlebot/2.1; +http://www.google.com/bot.html)"
69.72.244.151 - - [21/Jun/2026:12:53:20 +0000] "POST /wp-cron.php?doing_wp_cron=1782046400.9463350772857666015625 HTTP/1.1" 200 0 "-" "WordPress/7.0; https://www.jubaroyaltravel.com"
66.249.64.129 - - [21/Jun/2026:12:53:20 +0000] "GET /products/detail/latest/j106144649 HTTP/1.1" 404 27930 "-" "Mozilla/5.0 (Linux; Android 6.0.1; Nexus 5X Build/MMB29P) AppleWebKit/537.36 (KHTML, like Gecko) Chrome/148.0.7778.96 Mobile Safari/537.36 (compatible; Googlebot/2.1; +http://www.google.com/bot.html)"
69.72.244.151 - - [21/Jun/2026:12:54:44 +0000] "POST /wp-cron.php?doing_wp_cron=1782046483.9942660331726074218750 HTTP/1.1" 200 0 "-" "WordPress/7.0; https://www.jubaroyaltravel.com"
78.142.18.172 - - [21/Jun/2026:12:54:42 +0000] "GET /wp-login.php HTTP/2" 200 2038 "-" "Mozilla/5.0 (Macintosh; Intel Mac OS X 10_15_7) AppleWebKit/537.36 (KHTML, like Gecko) Chrome/133.0.0.0 Safari/537.36"
78.142.18.172 - - [21/Jun/2026:12:54:44 +0000] "POST /wp-login.php HTTP/2" 200 2209 "https://jubaroyaltravel.com/wp-login.php" "Mozilla/5.0 (Macintosh; Intel Mac OS X 10_15_7) AppleWebKit/537.36 (KHTML, like Gecko) Chrome/133.0.0.0 Safari/537.36"
69.72.244.151 - - [21/Jun/2026:12:55:32 +0000] "POST /wp-cron.php?doing_wp_cron=1782046532.6833839416503906250000 HTTP/1.1" 200 0 "-" "WordPress/7.0; https://www.jubaroyaltravel.com"
66.249.64.131 - - [21/Jun/2026:12:55:31 +0000] "GET /products/detail/fashion/j106275713 HTTP/1.1" 404 27933 "-" "Mozilla/5.0 (Linux; Android 6.0.1; Nexus 5X Build/MMB29P) AppleWebKit/537.36 (KHTML, like Gecko) Chrome/148.0.7778.96 Mobile Safari/537.36 (compatible; Googlebot/2.1; +http://www.google.com/bot.html)"
69.72.244.151 - - [21/Jun/2026:12:57:15 +0000] "POST /wp-cron.php?doing_wp_cron=1782046635.6811099052429199218750 HTTP/1.1" 200 0 "-" "WordPress/7.0; https://www.jubaroyaltravel.com"
136.144.35.36 - - [21/Jun/2026:12:57:13 +0000] "POST /wp-login.php HTTP/1.1" 200 6742 "-" "Mozilla/5.0"
136.144.35.34 - - [21/Jun/2026:12:57:13 +0000] "POST /wp-login.php HTTP/1.1" 200 6845 "-" "Mozilla/5.0"
69.72.244.151 - - [21/Jun/2026:12:57:57 +0000] "POST /wp-cron.php?doing_wp_cron=1782046677.9162991046905517578125 HTTP/1.1" 200 0 "-" "WordPress/7.0; https://www.jubaroyaltravel.com"
66.249.64.130 - - [21/Jun/2026:12:57:57 +0000] "GET /products/detail/inexpensive/j106272471 HTTP/1.1" 404 27956 "-" "Mozilla/5.0 (Linux; Android 6.0.1; Nexus 5X Build/MMB29P) AppleWebKit/537.36 (KHTML, like Gecko) Chrome/148.0.7778.96 Mobile Safari/537.36 (compatible; Googlebot/2.1; +http://www.google.com/bot.html)"
66.249.64.130 - - [21/Jun/2026:12:58:03 +0000] "GET /items/N203834523/ HTTP/1.1" 404 27904 "-" "Mozilla/5.0 (compatible; Googlebot/2.1; +http://www.google.com/bot.html)"
47.128.63.69 - - [21/Jun/2026:12:58:06 +0000] "GET /activities/nile-riverside-walk-relax-and-enjoy-scenic-views-along-the-river-nile/ HTTP/2" 200 36700 "-" "Mozilla/5.0 (Linux; Android 5.0) AppleWebKit/537.36 (KHTML, like Gecko) Mobile Safari/537.36 (compatible; Bytespider; spider-feedback@bytedance.com)"
47.128.63.69 - - [21/Jun/2026:12:58:08 +0000] "GET /wp-content/plugins/fluentform/assets/css/fluent-forms-elementor-widget.css?ver=6.2.5 HTTP/2" 200 771 "https://www.jubaroyaltravel.com/activities/nile-riverside-walk-relax-and-enjoy-scenic-views-along-the-river-nile/" "Mozilla/5.0 (Linux; Android 5.0) AppleWebKit/537.36 (KHTML, like Gecko) Mobile Safari/537.36 (compatible; Bytespider; spider-feedback@bytedance.com)"
47.128.63.69 - - [21/Jun/2026:12:58:08 +0000] "GET /wp-content/plugins/wp-travel-engine/assets/lib/dropzone/dropzone.min.css?ver=5.9.2 HTTP/2" 200 1373 "https://www.jubaroyaltravel.com/activities/nile-riverside-walk-relax-and-enjoy-scenic-views-along-the-river-nile/" "Mozilla/5.0 (Linux; Android 5.0) AppleWebKit/537.36 (KHTML, like Gecko) Mobile Safari/537.36 (compatible; Bytespider; spider-feedback@bytedance.com)"
47.128.63.69 - - [21/Jun/2026:12:58:08 +0000] "GET /wp-content/plugins/wp-travel-engine/assets/lib/owl-carousel-2.3.4/owl.carousel.css?ver=2.3.4 HTTP/2" 200 914 "https://www.jubaroyaltravel.com/activities/nile-riverside-walk-relax-and-enjoy-scenic-views-along-the-river-nile/" "Mozilla/5.0 (Linux; Android 5.0) AppleWebKit/537.36 (KHTML, like Gecko) Mobile Safari/537.36 (compatible; Bytespider; spider-feedback@bytedance.com)"
47.128.63.69 - - [21/Jun/2026:12:58:08 +0000] "GET /wp-content/themes/astra/assets/css/minified/main.min.css?ver=4.13.4 HTTP/2" 200 8375 "https://www.jubaroyaltravel.com/activities/nile-riverside-walk-relax-and-enjoy-scenic-views-along-the-river-nile/" "Mozilla/5.0 (Linux; Android 5.0) AppleWebKit/537.36 (KHTML, like Gecko) Mobile Safari/537.36 (compatible; Bytespider; spider-feedback@bytedance.com)"
47.128.63.69 - - [21/Jun/2026:12:58:08 +0000] "GET /wp-content/plugins/essential-addons-for-elementor-lite/assets/front-end/css/view/general.min.css?ver=6.6.7 HTTP/2" 200 1420 "https://www.jubaroyaltravel.com/activities/nile-riverside-walk-relax-and-enjoy-scenic-views-along-the-river-nile/" "Mozilla/5.0 (Linux; Android 5.0) AppleWebKit/537.36 (KHTML, like Gecko) Mobile Safari/537.36 (compatible; Bytespider; spider-feedback@bytedance.com)"
47.128.63.69 - - [21/Jun/2026:12:58:08 +0000] "GET /wp-content/plugins/elementor/assets/css/frontend.min.css?ver=4.1.3 HTTP/2" 200 6613 "https://www.jubaroyaltravel.com/activities/nile-riverside-walk-relax-and-enjoy-scenic-views-along-the-river-nile/" "Mozilla/5.0 (Linux; Android 5.0) AppleWebKit/537.36 (KHTML, like Gecko) Mobile Safari/537.36 (compatible; Bytespider; spider-feedback@bytedance.com)"
47.128.63.69 - - [21/Jun/2026:12:58:08 +0000] "GET /wp-content/plugins/elementor/assets/lib/eicons/css/elementor-icons.min.css?ver=5.49.0 HTTP/2" 200 4114 "https://www.jubaroyaltravel.com/activities/nile-riverside-walk-relax-and-enjoy-scenic-views-along-the-river-nile/" "Mozilla/5.0 (Linux; Android 5.0) AppleWebKit/537.36 (KHTML, like Gecko) Mobile Safari/537.36 (compatible; Bytespider; spider-feedback@bytedance.com)"
47.128.63.69 - - [21/Jun/2026:12:58:08 +0000] "GET /wp-content/uploads/essential-addons-elementor/eael-51.css?ver=1764504945 HTTP/2" 200 4372 "https://www.jubaroyaltravel.com/activities/nile-riverside-walk-relax-and-enjoy-scenic-views-along-the-river-nile/" "Mozilla/5.0 (Linux; Android 5.0) AppleWebKit/537.36 (KHTML, like Gecko) Mobile Safari/537.36 (compatible; Bytespider; spider-feedback@bytedance.com)"
47.128.63.69 - - [21/Jun/2026:12:58:09 +0000] "GET /wp-content/plugins/elementor/assets/css/widget-image.min.css?ver=4.1.3 HTTP/2" 200 96 "https://www.jubaroyaltravel.com/activities/nile-riverside-walk-relax-and-enjoy-scenic-views-along-the-river-nile/" "Mozilla/5.0 (Linux; Android 5.0) AppleWebKit/537.36 (KHTML, like Gecko) Mobile Safari/537.36 (compatible; Bytespider; spider-feedback@bytedance.com)"
47.128.63.69 - - [21/Jun/2026:12:58:09 +0000] "GET /wp-content/uploads/elementor/css/post-51.css?ver=1781220171 HTTP/2" 200 1161 "https://www.jubaroyaltravel.com/activities/nile-riverside-walk-relax-and-enjoy-scenic-views-along-the-river-nile/" "Mozilla/5.0 (Linux; Android 5.0) AppleWebKit/537.36 (KHTML, like Gecko) Mobile Safari/537.36 (compatible; Bytespider; spider-feedback@bytedance.com)"
47.128.63.69 - - [21/Jun/2026:12:58:09 +0000] "GET /wp-content/plugins/elementor/assets/css/widget-icon-list.min.css?ver=4.1.3 HTTP/2" 200 928 "https://www.jubaroyaltravel.com/activities/nile-riverside-walk-relax-and-enjoy-scenic-views-along-the-river-nile/" "Mozilla/5.0 (Linux; Android 5.0) AppleWebKit/537.36 (KHTML, like Gecko) Mobile Safari/537.36 (compatible; Bytespider; spider-feedback@bytedance.com)"
47.128.63.69 - - [21/Jun/2026:12:58:09 +0000] "GET /wp-content/plugins/elementor/assets/css/widget-heading.min.css?ver=4.1.3 HTTP/2" 200 126 "https://www.jubaroyaltravel.com/activities/nile-riverside-walk-relax-and-enjoy-scenic-views-along-the-river-nile/" "Mozilla/5.0 (Linux; Android 5.0) AppleWebKit/537.36 (KHTML, like Gecko) Mobile Safari/537.36 (compatible; Bytespider; spider-feedback@bytedance.com)"
47.128.63.69 - - [21/Jun/2026:12:58:09 +0000] "GET /wp-content/uploads/essential-addons-elementor/eael-53.css?ver=1764504945 HTTP/2" 200 1750 "https://www.jubaroyaltravel.com/activities/nile-riverside-walk-relax-and-enjoy-scenic-views-along-the-river-nile/" "Mozilla/5.0 (Linux; Android 5.0) AppleWebKit/537.36 (KHTML, like Gecko) Mobile Safari/537.36 (compatible; Bytespider; spider-feedback@bytedance.com)"
47.128.63.69 - - [21/Jun/2026:12:58:09 +0000] "GET /wp-content/plugins/elementor/assets/css/conditionals/apple-webkit.min.css?ver=4.1.3 HTTP/2" 200 464 "https://www.jubaroyaltravel.com/activities/nile-riverside-walk-relax-and-enjoy-scenic-views-along-the-river-nile/" "Mozilla/5.0 (Linux; Android 5.0) AppleWebKit/537.36 (KHTML, like Gecko) Mobile Safari/537.36 (compatible; Bytespider; spider-feedback@bytedance.com)"
47.128.63.69 - - [21/Jun/2026:12:58:09 +0000] "GET /wp-content/plugins/elementor/assets/css/widget-social-icons.min.css?ver=4.1.3 HTTP/2" 200 1039 "https://www.jubaroyaltravel.com/activities/nile-riverside-walk-relax-and-enjoy-scenic-views-along-the-river-nile/" "Mozilla/5.0 (Linux; Android 5.0) AppleWebKit/537.36 (KHTML, like Gecko) Mobile Safari/537.36 (compatible; Bytespider; spider-feedback@bytedance.com)"
47.128.63.69 - - [21/Jun/2026:12:58:09 +0000] "GET /wp-content/uploads/elementor/css/post-53.css?ver=1781220171 HTTP/2" 200 2063 "https://www.jubaroyaltravel.com/activities/nile-riverside-walk-relax-and-enjoy-scenic-views-along-the-river-nile/" "Mozilla/5.0 (Linux; Android 5.0) AppleWebKit/537.36 (KHTML, like Gecko) Mobile Safari/537.36 (compatible; Bytespider; spider-feedback@bytedance.com)"
47.128.63.69 - - [21/Jun/2026:12:58:09 +0000] "GET /wp-content/plugins/fluentform/assets/css/fluentform-public-default.css?ver=6.2.5 HTTP/2" 200 1036 "https://www.jubaroyaltravel.com/activities/nile-riverside-walk-relax-and-enjoy-scenic-views-along-the-river-nile/" "Mozilla/5.0 (Linux; Android 5.0) AppleWebKit/537.36 (KHTML, like Gecko) Mobile Safari/537.36 (compatible; Bytespider; spider-feedback@bytedance.com)"
47.128.63.69 - - [21/Jun/2026:12:58:09 +0000] "GET /wp-content/plugins/fluentform/assets/css/fluent-forms-public.css?ver=6.2.5 HTTP/2" 200 7321 "https://www.jubaroyaltravel.com/activities/nile-riverside-walk-relax-and-enjoy-scenic-views-along-the-river-nile/" "Mozilla/5.0 (Linux; Android 5.0) AppleWebKit/537.36 (KHTML, like Gecko) Mobile Safari/537.36 (compatible; Bytespider; spider-feedback@bytedance.com)"
47.128.63.69 - - [21/Jun/2026:12:58:09 +0000] "GET /wp-includes/css/dist/block-library/style.min.css?ver=7.0 HTTP/2" 200 16250 "https://www.jubaroyaltravel.com/activities/nile-riverside-walk-relax-and-enjoy-scenic-views-along-the-river-nile/" "Mozilla/5.0 (Linux; Android 5.0) AppleWebKit/537.36 (KHTML, like Gecko) Mobile Safari/537.36 (compatible; Bytespider; spider-feedback@bytedance.com)"
47.128.63.69 - - [21/Jun/2026:12:58:09 +0000] "GET /wp-content/plugins/wp-travel-engine/dist/public/wte-public.css?ver=1778495164 HTTP/2" 200 45269 "https://www.jubaroyaltravel.com/activities/nile-riverside-walk-relax-and-enjoy-scenic-views-along-the-river-nile/" "Mozilla/5.0 (Linux; Android 5.0) AppleWebKit/537.36 (KHTML, like Gecko) Mobile Safari/537.36 (compatible; Bytespider; spider-feedback@bytedance.com)"
47.128.63.69 - - [21/Jun/2026:12:58:09 +0000] "GET /wp-content/plugins/wp-travel-engine/dist/public/trip-archive.css?ver=1778495164 HTTP/2" 200 17735 "https://www.jubaroyaltravel.com/activities/nile-riverside-walk-relax-and-enjoy-scenic-views-along-the-river-nile/" "Mozilla/5.0 (Linux; Android 5.0) AppleWebKit/537.36 (KHTML, like Gecko) Mobile Safari/537.36 (compatible; Bytespider; spider-feedback@bytedance.com)"
47.128.63.69 - - [21/Jun/2026:12:58:10 +0000] "GET /wp-content/themes/astra/assets/css/minified/compatibility/contact-form-7-main.min.css?ver=4.13.4 HTTP/2" 200 344 "https://www.jubaroyaltravel.com/activities/nile-riverside-walk-relax-and-enjoy-scenic-views-along-the-river-nile/" "Mozilla/5.0 (Linux; Android 5.0) AppleWebKit/537.36 (KHTML, like Gecko) Mobile Safari/537.36 (compatible; Bytespider; spider-feedback@bytedance.com)"
47.128.63.69 - - [21/Jun/2026:12:58:10 +0000] "GET /wp-content/plugins/contact-form-7/includes/css/styles.css?ver=6.1.6 HTTP/2" 200 902 "https://www.jubaroyaltravel.com/activities/nile-riverside-walk-relax-and-enjoy-scenic-views-along-the-river-nile/" "Mozilla/5.0 (Linux; Android 5.0) AppleWebKit/537.36 (KHTML, like Gecko) Mobile Safari/537.36 (compatible; Bytespider; spider-feedback@bytedance.com)"
47.128.63.69 - - [21/Jun/2026:12:58:10 +0000] "GET /wp-content/plugins/wte-elementor-widgets/dist/css/swiper.min.css?ver=1.5.3 HTTP/2" 200 4214 "https://www.jubaroyaltravel.com/activities/nile-riverside-walk-relax-and-enjoy-scenic-views-along-the-river-nile/" "Mozilla/5.0 (Linux; Android 5.0) AppleWebKit/537.36 (KHTML, like Gecko) Mobile Safari/537.36 (compatible; Bytespider; spider-feedback@bytedance.com)"
47.128.63.69 - - [21/Jun/2026:12:58:10 +0000] "GET /wp-content/plugins/wte-elementor-widgets/dist/css/wte-elementor-widgets.css?ver=1.5.3 HTTP/2" 200 32697 "https://www.jubaroyaltravel.com/activities/nile-riverside-walk-relax-and-enjoy-scenic-views-along-the-river-nile/" "Mozilla/5.0 (Linux; Android 5.0) AppleWebKit/537.36 (KHTML, like Gecko) Mobile Safari/537.36 (compatible; Bytespider; spider-feedback@bytedance.com)"
47.128.63.69 - - [21/Jun/2026:12:58:10 +0000] "GET /wp-content/plugins/elementskit-lite/widgets/init/assets/css/responsive.css?ver=3.9.8 HTTP/2" 200 2707 "https://www.jubaroyaltravel.com/activities/nile-riverside-walk-relax-and-enjoy-scenic-views-along-the-river-nile/" "Mozilla/5.0 (Linux; Android 5.0) AppleWebKit/537.36 (KHTML, like Gecko) Mobile Safari/537.36 (compatible; Bytespider; spider-feedback@bytedance.com)"
47.128.63.69 - - [21/Jun/2026:12:58:10 +0000] "GET /wp-content/plugins/royal-elementor-addons/assets/css/lib/animations/text-animations.min.css?ver=1.7.1063 HTTP/2" 200 1439 "https://www.jubaroyaltravel.com/activities/nile-riverside-walk-relax-and-enjoy-scenic-views-along-the-river-nile/" "Mozilla/5.0 (Linux; Android 5.0) AppleWebKit/537.36 (KHTML, like Gecko) Mobile Safari/537.36 (compatible; Bytespider; spider-feedback@bytedance.com)"
47.128.63.69 - - [21/Jun/2026:12:58:10 +0000] "GET /wp-content/plugins/royal-elementor-addons/assets/css/frontend.min.css?ver=1.7.1063 HTTP/2" 200 49008 "https://www.jubaroyaltravel.com/activities/nile-riverside-walk-relax-and-enjoy-scenic-views-along-the-river-nile/" "Mozilla/5.0 (Linux; Android 5.0) AppleWebKit/537.36 (KHTML, like Gecko) Mobile Safari/537.36 (compatible; Bytespider; spider-feedback@bytedance.com)"
47.128.63.69 - - [21/Jun/2026:12:58:10 +0000] "GET /wp-content/plugins/elementskit-lite/widgets/init/assets/css/widget-styles.css?ver=3.9.8 HTTP/2" 200 49249 "https://www.jubaroyaltravel.com/activities/nile-riverside-walk-relax-and-enjoy-scenic-views-along-the-river-nile/" "Mozilla/5.0 (Linux; Android 5.0) AppleWebKit/537.36 (KHTML, like Gecko) Mobile Safari/537.36 (compatible; Bytespider; spider-feedback@bytedance.com)"
47.128.63.69 - - [21/Jun/2026:12:58:11 +0000] "GET /wp-content/plugins/elementor/assets/lib/font-awesome/css/all.min.css?ver=6.6.7 HTTP/2" 200 12380 "https://www.jubaroyaltravel.com/activities/nile-riverside-walk-relax-and-enjoy-scenic-views-along-the-river-nile/" "Mozilla/5.0 (Linux; Android 5.0) AppleWebKit/537.36 (KHTML, like Gecko) Mobile Safari/537.36 (compatible; Bytespider; spider-feedback@bytedance.com)"
47.128.63.69 - - [21/Jun/2026:12:58:11 +0000] "GET /wp-content/uploads/elementor/css/post-55.css?ver=1781220171 HTTP/2" 200 705 "https://www.jubaroyaltravel.com/activities/nile-riverside-walk-relax-and-enjoy-scenic-views-along-the-river-nile/" "Mozilla/5.0 (Linux; Android 5.0) AppleWebKit/537.36 (KHTML, like Gecko) Mobile Safari/537.36 (compatible; Bytespider; spider-feedback@bytedance.com)"
47.128.63.69 - - [21/Jun/2026:12:58:11 +0000] "GET /wp-content/uploads/2025/11/logo-1-1.png HTTP/2" 206 500 "https://www.jubaroyaltravel.com/activities/nile-riverside-walk-relax-and-enjoy-scenic-views-along-the-river-nile/" "Mozilla/5.0 (Linux; Android 5.0) AppleWebKit/537.36 (KHTML, like Gecko) Mobile Safari/537.36 (compatible; Bytespider; spider-feedback@bytedance.com)"
47.128.63.69 - - [21/Jun/2026:12:58:12 +0000] "GET /wp-content/plugins/elementor/assets/lib/font-awesome/css/v4-shims.min.css?ver=6.6.7 HTTP/2" 200 3987 "https://www.jubaroyaltravel.com/activities/nile-riverside-walk-relax-and-enjoy-scenic-views-along-the-river-nile/" "Mozilla/5.0 (Linux; Android 5.0) AppleWebKit/537.36 (KHTML, like Gecko) Mobile Safari/537.36 (compatible; Bytespider; spider-feedback@bytedance.com)"
47.128.63.69 - - [21/Jun/2026:12:58:12 +0000] "GET /wp-content/plugins/elementskit-lite/modules/elementskit-icon-pack/assets/css/ekiticons.css?ver=3.9.8 HTTP/2" 200 9832 "https://www.jubaroyaltravel.com/activities/nile-riverside-walk-relax-and-enjoy-scenic-views-along-the-river-nile/" "Mozilla/5.0 (Linux; Android 5.0) AppleWebKit/537.36 (KHTML, like Gecko) Mobile Safari/537.36 (compatible; Bytespider; spider-feedback@bytedance.com)"
47.128.63.69 - - [21/Jun/2026:12:58:13 +0000] "GET /wp-content/uploads/2025/11/WhatsApp-Image-2025-11-30-at-12.43.56-374x226.png HTTP/2" 206 500 "https://www.jubaroyaltravel.com/activities/nile-riverside-walk-relax-and-enjoy-scenic-views-along-the-river-nile/" "Mozilla/5.0 (Linux; Android 5.0) AppleWebKit/537.36 (KHTML, like Gecko) Mobile Safari/537.36 (compatible; Bytespider; spider-feedback@bytedance.com)"
69.72.244.151 - - [21/Jun/2026:12:59:16 +0000] "POST /wp-cron.php?doing_wp_cron=1782046756.2184820175170898437500 HTTP/1.1" 200 0 "-" "WordPress/7.0; https://www.jubaroyaltravel.com"
66.249.64.130 - - [21/Jun/2026:12:59:15 +0000] "GET /products/detail/vintage/j106475243 HTTP/1.1" 404 27933 "-" "Mozilla/5.0 (Linux; Android 6.0.1; Nexus 5X Build/MMB29P) AppleWebKit/537.36 (KHTML, like Gecko) Chrome/148.0.7778.96 Mobile Safari/537.36 (compatible; Googlebot/2.1; +http://www.google.com/bot.html)"
69.72.244.151 - - [21/Jun/2026:12:59:59 +0000] "POST /wp-cron.php?doing_wp_cron=1782046799.8072528839111328125000 HTTP/1.1" 200 0 "-" "WordPress/7.0; https://www.jubaroyaltravel.com"
66.249.64.129 - - [21/Jun/2026:12:59:59 +0000] "GET /products/detail/on/j106241665 HTTP/1.1" 404 27921 "-" "Mozilla/5.0 (Linux; Android 6.0.1; Nexus 5X Build/MMB29P) AppleWebKit/537.36 (KHTML, like Gecko) Chrome/148.0.7778.96 Mobile Safari/537.36 (compatible; Googlebot/2.1; +http://www.google.com/bot.html)"
69.72.244.151 - - [21/Jun/2026:13:00:49 +0000] "POST /wp-cron.php?doing_wp_cron=1782046849.0223269462585449218750 HTTP/1.1" 200 0 "-" "WordPress/7.0; https://www.jubaroyaltravel.com"
66.249.64.130 - - [21/Jun/2026:13:00:48 +0000] "GET /products/detail/quality/j10699185 HTTP/1.1" 404 27930 "-" "Mozilla/5.0 (Linux; Android 6.0.1; Nexus 5X Build/MMB29P) AppleWebKit/537.36 (KHTML, like Gecko) Chrome/148.0.7778.96 Mobile Safari/537.36 (compatible; Googlebot/2.1; +http://www.google.com/bot.html)"
69.72.244.151 - - [21/Jun/2026:13:00:49 +0000] "POST /wp-cron.php?doing_wp_cron=1782046849.3392128944396972656250 HTTP/1.1" 200 0 "-" "WordPress/7.0; https://www.jubaroyaltravel.com"
66.249.64.130 - - [21/Jun/2026:13:00:48 +0000] "GET /products/detail/quality/j10699185 HTTP/1.1" 404 27895 "-" "Mozilla/5.0 (compatible; Googlebot/2.1; +http://www.google.com/bot.html)"
104.234.53.104 - - [21/Jun/2026:13:01:01 +0000] "POST /wp-login.php HTTP/1.1" 200 2446 "-" "Mozilla/5.0 (Windows NT 10.0; Win64; x64) AppleWebKit/537.36 Chrome/129.0.0.0 Safari/537.36"
114.119.159.177 - - [21/Jun/2026:13:01:39 +0000] "GET /destinations/tanzania/ HTTP/1.1" 301 0 "https://jubaroyaltravel.com/destinations/lake-manyara/" "Mozilla/5.0 (Linux; Android 7.0;) AppleWebKit/537.36 (HTML, like Gecko) Mobile Safari/537.36 (compatible; PetalBot;+https://webmaster.petalsearch.com/site/petalbot)"
114.119.159.177 - - [21/Jun/2026:13:01:40 +0000] "GET /destinations/tanzania/ HTTP/1.1" 200 36999 "https://jubaroyaltravel.com/destinations/lake-manyara/" "Mozilla/5.0 (Linux; Android 7.0;) AppleWebKit/537.36 (HTML, like Gecko) Mobile Safari/537.36 (compatible; PetalBot;+https://webmaster.petalsearch.com/site/petalbot)"
69.72.244.151 - - [21/Jun/2026:13:02:54 +0000] "POST /wp-cron.php?doing_wp_cron=1782046974.2275230884552001953125 HTTP/1.1" 200 0 "-" "WordPress/7.0; https://www.jubaroyaltravel.com"
69.72.244.151 - - [21/Jun/2026:13:02:54 +0000] "POST /wp-cron.php?doing_wp_cron=1782046974.8336219787597656250000 HTTP/1.1" 200 0 "-" "WordPress/7.0; https://www.jubaroyaltravel.com"
66.249.64.131 - - [21/Jun/2026:13:02:52 +0000] "GET /products/detail/store/j106450222 HTTP/1.1" 404 27902 "-" "Mozilla/5.0 (compatible; Googlebot/2.1; +http://www.google.com/bot.html)"
69.72.244.151 - - [21/Jun/2026:13:03:13 +0000] "POST /wp-cron.php?doing_wp_cron=1782046993.3383491039276123046875 HTTP/1.1" 200 0 "-" "WordPress/7.0; https://www.jubaroyaltravel.com"
114.119.136.86 - - [21/Jun/2026:13:03:12 +0000] "GET /?templately_library=tourdaily-footer HTTP/1.1" 301 0 "https://jubaroyaltravel.com/?templately_library=tourdaily-footer" "Mozilla/5.0 (Linux; Android 7.0;) AppleWebKit/537.36 (HTML, like Gecko) Mobile Safari/537.36 (compatible; PetalBot;+https://webmaster.petalsearch.com/site/petalbot)"
114.119.136.86 - - [21/Jun/2026:13:03:14 +0000] "GET /?templately_library=tourdaily-footer HTTP/1.1" 200 28686 "https://jubaroyaltravel.com/?templately_library=tourdaily-footer" "Mozilla/5.0 (Linux; Android 7.0;) AppleWebKit/537.36 (HTML, like Gecko) Mobile Safari/537.36 (compatible; PetalBot;+https://webmaster.petalsearch.com/site/petalbot)"
69.72.244.151 - - [21/Jun/2026:13:04:08 +0000] "POST /wp-cron.php?doing_wp_cron=1782047048.6225678920745849609375 HTTP/1.1" 200 0 "-" "WordPress/7.0; https://www.jubaroyaltravel.com"
66.249.64.130 - - [21/Jun/2026:13:04:08 +0000] "GET /products/detail/shopping/j106246124 HTTP/1.1" 404 27926 "-" "Mozilla/5.0 (compatible; Googlebot/2.1; +http://www.google.com/bot.html)"
69.72.244.151 - - [21/Jun/2026:13:05:12 +0000] "POST /wp-cron.php?doing_wp_cron=1782047112.1281859874725341796875 HTTP/1.1" 200 0 "-" "WordPress/7.0; https://www.jubaroyaltravel.com"
136.144.35.46 - - [21/Jun/2026:13:05:11 +0000] "POST /wp-login.php HTTP/1.1" 200 6742 "-" "Mozilla/5.0"
136.144.35.35 - - [21/Jun/2026:13:05:11 +0000] "POST /wp-login.php HTTP/1.1" 200 6845 "-" "Mozilla/5.0"
185.220.101.3 - - [21/Jun/2026:13:05:17 +0000] "GET / HTTP/1.1" 301 0 "-" "Mozilla/5.0 (iPhone; CPU iPhone OS 18_7 like Mac OS X) AppleWebKit/605.1.15 (KHTML, like Gecko) Version/26.5 Mobile/15E148 Safari/604.1"
66.249.64.131 - - [21/Jun/2026:13:05:20 +0000] "GET /products/detail/popular/j106285185 HTTP/1.1" 404 27931 "-" "Mozilla/5.0 (Linux; Android 6.0.1; Nexus 5X Build/MMB29P) AppleWebKit/537.36 (KHTML, like Gecko) Chrome/148.0.7778.96 Mobile Safari/537.36 (compatible; Googlebot/2.1; +http://www.google.com/bot.html)"
185.165.169.239 - - [21/Jun/2026:13:05:25 +0000] "GET /PL-1466-160526/ HTTP/1.1" 301 0 "-" "Mozilla/5.0 (iPhone; CPU iPhone OS 18_7 like Mac OS X) AppleWebKit/605.1.15 (KHTML, like Gecko) Version/26.5 Mobile/15E148 Safari/604.1"
45.84.107.47 - - [21/Jun/2026:13:05:28 +0000] "GET /?app_vl=ZoRwlHFpbWKEmLqxy5qmnnx0YsC2wa-TpaiVYsBxj2phmqOgnLFwrYw HTTP/1.1" 301 0 "-" "Mozilla/5.0 (iPhone; CPU iPhone OS 18_7 like Mac OS X) AppleWebKit/605.1.15 (KHTML, like Gecko) Version/26.5 Mobile/15E148 Safari/604.1"
84.233.216.239 - - [21/Jun/2026:13:08:29 +0000] "GET /wp-login.php HTTP/1.1" 200 6370 "-" "Mozilla/5.0 (Windows NT 11.0; Win64; x64) AppleWebKit/537.36 (KHTML, like Gecko) Chrome/121.0.0.0 Safari/537.36"
66.249.64.131 - - [21/Jun/2026:13:08:55 +0000] "GET /products/detail/on/j106411617 HTTP/1.1" 404 27927 "-" "Mozilla/5.0 (compatible; Googlebot/2.1; +http://www.google.com/bot.html)"
104.234.53.97 - - [21/Jun/2026:13:09:19 +0000] "POST /wp-login.php HTTP/1.1" 200 2446 "-" "Mozilla/5.0 (Windows NT 10.0; Win64; x64) AppleWebKit/537.36 Chrome/129.0.0.0 Safari/537.36"
69.72.244.151 - - [21/Jun/2026:13:10:49 +0000] "POST /wp-cron.php?doing_wp_cron=1782047449.5874450206756591796875 HTTP/1.1" 200 0 "-" "WordPress/7.0; https://www.jubaroyaltravel.com"
66.249.64.129 - - [21/Jun/2026:13:10:49 +0000] "GET /products/detail/buy/j10618566 HTTP/1.1" 404 27921 "-" "Mozilla/5.0 (Linux; Android 6.0.1; Nexus 5X Build/MMB29P) AppleWebKit/537.36 (KHTML, like Gecko) Chrome/148.0.7778.96 Mobile Safari/537.36 (compatible; Googlebot/2.1; +http://www.google.com/bot.html)"
69.72.244.151 - - [21/Jun/2026:13:11:01 +0000] "POST /wp-cron.php?doing_wp_cron=1782047461.6845369338989257812500 HTTP/1.1" 200 0 "-" "WordPress/7.0; https://www.jubaroyaltravel.com"
66.249.64.131 - - [21/Jun/2026:13:11:01 +0000] "GET /products/detail/inexpensive/j1066753 HTTP/1.1" 404 27931 "-" "Mozilla/5.0 (compatible; Googlebot/2.1; +http://www.google.com/bot.html)"
69.72.244.151 - - [21/Jun/2026:13:12:34 +0000] "POST /wp-cron.php?doing_wp_cron=1782047554.8888800144195556640625 HTTP/1.1" 200 0 "-" "WordPress/7.0; https://www.jubaroyaltravel.com"
66.249.64.131 - - [21/Jun/2026:13:12:32 +0000] "GET /products/detail/shopping/j106285953 HTTP/1.1" 404 27926 "-" "Mozilla/5.0 (compatible; Googlebot/2.1; +http://www.google.com/bot.html)"
69.72.244.151 - - [21/Jun/2026:13:12:59 +0000] "POST /wp-cron.php?doing_wp_cron=1782047579.5299079418182373046875 HTTP/1.1" 200 0 "-" "WordPress/7.0; https://www.jubaroyaltravel.com"
136.144.35.40 - - [21/Jun/2026:13:12:59 +0000] "POST /wp-login.php HTTP/1.1" 200 6845 "-" "Mozilla/5.0"
69.72.244.151 - - [21/Jun/2026:13:13:28 +0000] "POST /wp-cron.php?doing_wp_cron=1782047608.7839629650115966796875 HTTP/1.1" 200 0 "-" "WordPress/7.0; https://www.jubaroyaltravel.com"
66.249.64.130 - - [21/Jun/2026:13:13:28 +0000] "GET /products/detail/vintage/j106443604 HTTP/1.1" 404 27932 "-" "Mozilla/5.0 (Linux; Android 6.0.1; Nexus 5X Build/MMB29P) AppleWebKit/537.36 (KHTML, like Gecko) Chrome/148.0.7778.96 Mobile Safari/537.36 (compatible; Googlebot/2.1; +http://www.google.com/bot.html)"
69.72.244.151 - - [21/Jun/2026:13:15:48 +0000] "POST /wp-cron.php?doing_wp_cron=1782047748.6308579444885253906250 HTTP/1.1" 200 0 "-" "WordPress/7.0; https://www.jubaroyaltravel.com"
66.249.64.131 - - [21/Jun/2026:13:15:46 +0000] "GET /products/detail/shop/j106469716 HTTP/1.1" 404 27912 "-" "Mozilla/5.0 (compatible; Googlebot/2.1; +http://www.google.com/bot.html)"
69.72.244.151 - - [21/Jun/2026:13:15:59 +0000] "POST /wp-cron.php?doing_wp_cron=1782047759.9549350738525390625000 HTTP/1.1" 200 0 "-" "WordPress/7.0; https://www.jubaroyaltravel.com"
178.62.89.9 - - [21/Jun/2026:13:15:59 +0000] "GET /wp-login.php HTTP/2" 200 2038 "-" "Mozilla/5.0 (Windows NT 10.0; Win64; x64) AppleWebKit/537.36 (KHTML, like Gecko) Chrome/133.0.0.0 Safari/537.36"
178.62.89.9 - - [21/Jun/2026:13:16:00 +0000] "POST /wp-login.php HTTP/2" 200 2209 "https://jubaroyaltravel.com/wp-login.php" "Mozilla/5.0 (Windows NT 10.0; Win64; x64) AppleWebKit/537.36 (KHTML, like Gecko) Chrome/133.0.0.0 Safari/537.36"
66.249.64.129 - - [21/Jun/2026:13:16:01 +0000] "GET /products/detail/brand/j106305441 HTTP/1.1" 404 28061 "-" "Mozilla/5.0 (Linux; Android 6.0.1; Nexus 5X Build/MMB29P) AppleWebKit/537.36 (KHTML, like Gecko) Chrome/148.0.7778.96 Mobile Safari/537.36 (compatible; Googlebot/2.1; +http://www.google.com/bot.html)"
69.72.244.151 - - [21/Jun/2026:13:16:32 +0000] "POST /wp-cron.php?doing_wp_cron=1782047792.7110788822174072265625 HTTP/1.1" 200 0 "-" "WordPress/7.0; https://www.jubaroyaltravel.com"
66.249.64.129 - - [21/Jun/2026:13:16:32 +0000] "GET /products/detail/original/j10666042 HTTP/1.1" 404 27930 "-" "Mozilla/5.0 (Linux; Android 6.0.1; Nexus 5X Build/MMB29P) AppleWebKit/537.36 (KHTML, like Gecko) Chrome/148.0.7778.96 Mobile Safari/537.36 (compatible; Googlebot/2.1; +http://www.google.com/bot.html)"
69.72.244.151 - - [21/Jun/2026:13:17:39 +0000] "POST /wp-cron.php?doing_wp_cron=1782047859.2624518871307373046875 HTTP/1.1" 200 0 "-" "WordPress/7.0; https://www.jubaroyaltravel.com"
104.234.53.132 - - [21/Jun/2026:13:17:39 +0000] "POST /wp-login.php HTTP/1.1" 200 2446 "-" "Mozilla/5.0 (Windows NT 10.0; Win64; x64) AppleWebKit/537.36 Chrome/129.0.0.0 Safari/537.36"
69.72.244.151 - - [21/Jun/2026:13:17:39 +0000] "POST /wp-cron.php?doing_wp_cron=1782047859.5127849578857421875000 HTTP/1.1" 200 0 "-" "WordPress/7.0; https://www.jubaroyaltravel.com"
66.249.64.130 - - [21/Jun/2026:13:17:39 +0000] "GET /products/detail/wholesale/j106457376 HTTP/1.1" 404 27932 "-" "Mozilla/5.0 (compatible; Googlebot/2.1; +http://www.google.com/bot.html)"
66.249.64.131 - - [21/Jun/2026:13:18:15 +0000] "GET /products/detail/cheapest/j106438475 HTTP/1.1" 404 27933 "-" "Mozilla/5.0 (Linux; Android 6.0.1; Nexus 5X Build/MMB29P) AppleWebKit/537.36 (KHTML, like Gecko) Chrome/148.0.7778.96 Mobile Safari/537.36 (compatible; Googlebot/2.1; +http://www.google.com/bot.html)"
66.249.64.129 - - [21/Jun/2026:13:18:37 +0000] "GET /products/detail/popular/j106134576 HTTP/1.1" 404 27931 "-" "Mozilla/5.0 (Linux; Android 6.0.1; Nexus 5X Build/MMB29P) AppleWebKit/537.36 (KHTML, like Gecko) Chrome/148.0.7778.96 Mobile Safari/537.36 (compatible; Googlebot/2.1; +http://www.google.com/bot.html)"
69.72.244.151 - - [21/Jun/2026:13:19:10 +0000] "POST /wp-cron.php?doing_wp_cron=1782047950.3060328960418701171875 HTTP/1.1" 200 0 "-" "WordPress/7.0; https://www.jubaroyaltravel.com"
66.249.64.131 - - [21/Jun/2026:13:19:09 +0000] "GET /products/detail/vintage/j106385770 HTTP/1.1" 404 27928 "-" "Mozilla/5.0 (compatible; Googlebot/2.1; +http://www.google.com/bot.html)"
41.162.92.131 - - [21/Jun/2026:13:19:17 +0000] "GET /products/detail/affordable/j106229916 HTTP/1.1" 404 32540 "-" "Mozilla/5.0 (Macintosh; Intel Mac OS X 11_1_0) AppleWebKit/537.36 (KHTML, like Gecko) Chrome/88.0.4324.96 Safari/537.36"
103.178.134.86 - - [21/Jun/2026:13:19:53 +0000] "POST /xmlrpc.php HTTP/1.1" 403 1242 "-" "Mozilla/5.0 (Windows NT 10.0; arm64) AppleWebKit/537.36 (KHTML, like Gecko) Safari/11.0.0.0 Safari/537.36"
136.144.35.46 - - [21/Jun/2026:13:20:48 +0000] "POST /wp-login.php HTTP/1.1" 200 6845 "-" "Mozilla/5.0"
136.144.35.53 - - [21/Jun/2026:13:20:48 +0000] "POST /wp-login.php HTTP/1.1" 200 6742 "-" "Mozilla/5.0"
69.72.244.151 - - [21/Jun/2026:13:22:12 +0000] "POST /wp-cron.php?doing_wp_cron=1782048132.6021909713745117187500 HTTP/1.1" 200 0 "-" "WordPress/7.0; https://www.jubaroyaltravel.com"
114.119.159.177 - - [21/Jun/2026:13:22:10 +0000] "GET /activities/souvenir-shopping-shop-handmade-crafts-and-traditional-items-from-local-artisans/ HTTP/1.1" 200 36690 "https://www.jubaroyaltravel.com/trip/3-days-2-nights-cultural-expedition/" "Mozilla/5.0 (Linux; Android 7.0;) AppleWebKit/537.36 (HTML, like Gecko) Mobile Safari/537.36 (compatible; PetalBot;+https://webmaster.petalsearch.com/site/petalbot)"
69.72.244.151 - - [21/Jun/2026:13:23:27 +0000] "POST /wp-cron.php?doing_wp_cron=1782048207.7253909111022949218750 HTTP/1.1" 200 0 "-" "WordPress/7.0; https://www.jubaroyaltravel.com"
66.249.64.131 - - [21/Jun/2026:13:23:25 +0000] "GET /products/detail/shop/j106206466 HTTP/1.1" 404 27967 "-" "Mozilla/5.0 (Linux; Android 6.0.1; Nexus 5X Build/MMB29P) AppleWebKit/537.36 (KHTML, like Gecko) Chrome/148.0.7778.96 Mobile Safari/537.36 (compatible; Googlebot/2.1; +http://www.google.com/bot.html)"
114.119.159.177 - - [21/Jun/2026:13:23:43 +0000] "GET /activities/gorilla-trekking/ HTTP/1.1" 301 0 "https://jubaroyaltravel.com/trip/5-days-4-nights-best-of-tanzania-safari/" "Mozilla/5.0 (Linux; Android 7.0;) AppleWebKit/537.36 (HTML, like Gecko) Mobile Safari/537.36 (compatible; PetalBot;+https://webmaster.petalsearch.com/site/petalbot)"
114.119.159.177 - - [21/Jun/2026:13:23:44 +0000] "GET /activities/gorilla-trekking/ HTTP/1.1" 200 36683 "https://jubaroyaltravel.com/trip/5-days-4-nights-best-of-tanzania-safari/" "Mozilla/5.0 (Linux; Android 7.0;) AppleWebKit/537.36 (HTML, like Gecko) Mobile Safari/537.36 (compatible; PetalBot;+https://webmaster.petalsearch.com/site/petalbot)"
69.72.244.151 - - [21/Jun/2026:13:24:35 +0000] "POST /wp-cron.php?doing_wp_cron=1782048275.9360520839691162109375 HTTP/1.1" 200 0 "-" "WordPress/7.0; https://www.jubaroyaltravel.com"
113.175.224.199 - - [21/Jun/2026:13:24:35 +0000] "GET /products/detail/sale/j106132385 HTTP/1.1" 404 32530 "-" "Mozilla/5.0 (Macintosh; Intel Mac OS X 10_11_6) AppleWebKit/537.36 (KHTML, like Gecko) Brave Chrome/80.0.3987.116 Safari/537.36"
69.72.244.151 - - [21/Jun/2026:13:25:18 +0000] "POST /wp-cron.php?doing_wp_cron=1782048318.3996350765228271484375 HTTP/1.1" 200 0 "-" "WordPress/7.0; https://www.jubaroyaltravel.com"
179.160.53.241 - - [21/Jun/2026:13:25:17 +0000] "GET /service/details/3/visas HTTP/1.1" 404 27930 "-" "Mozilla/5.0 (iPod; U; CPU iPhone OS 4_2 like Mac OS X; nb-NO) AppleWebKit/535.40.4 (KHTML, like Gecko) Version/4.0.5 Mobile/8B116 Safari/6535.40.4"
177.200.62.54 - - [21/Jun/2026:13:25:19 +0000] "GET /service/details/1/airport-transfers HTTP/1.1" 404 27931 "-" "Opera/9.81.(X11; Linux x86_64; ast-ES) Presto/2.9.177 Version/11.00"
66.249.64.131 - - [21/Jun/2026:13:25:20 +0000] "GET /products/detail/brand/j106118209 HTTP/1.1" 404 27906 "-" "Mozilla/5.0 (compatible; Googlebot/2.1; +http://www.google.com/bot.html)"
99.19.13.2 - - [21/Jun/2026:13:25:20 +0000] "GET /service/details/2/corporate-travel HTTP/1.1" 404 27930 "-" "Mozilla/5.0 (Linux; Android 4.3) AppleWebKit/533.2 (KHTML, like Gecko) Chrome/58.0.864.0 Safari/533.2"
104.234.53.99 - - [21/Jun/2026:13:25:51 +0000] "POST /wp-login.php HTTP/1.1" 200 2446 "-" "Mozilla/5.0 (Macintosh; Intel Mac OS X 10_15_7) AppleWebKit/605.1.15 Version/17.0 Safari/605.1.15"
69.72.244.151 - - [21/Jun/2026:13:26:56 +0000] "POST /wp-cron.php?doing_wp_cron=1782048416.7323238849639892578125 HTTP/1.1" 200 0 "-" "WordPress/7.0; https://www.jubaroyaltravel.com"
66.249.64.130 - - [21/Jun/2026:13:26:56 +0000] "GET /products/detail/shop/j106378438 HTTP/1.1" 404 27967 "-" "Mozilla/5.0 (Linux; Android 6.0.1; Nexus 5X Build/MMB29P) AppleWebKit/537.36 (KHTML, like Gecko) Chrome/148.0.7778.96 Mobile Safari/537.36 (compatible; Googlebot/2.1; +http://www.google.com/bot.html)"
69.72.244.151 - - [21/Jun/2026:13:27:26 +0000] "POST /wp-cron.php?doing_wp_cron=1782048446.6136369705200195312500 HTTP/1.1" 200 0 "-" "WordPress/7.0; https://www.jubaroyaltravel.com"
66.249.64.130 - - [21/Jun/2026:13:27:26 +0000] "GET /products/detail/brand/j106341023 HTTP/1.1" 404 27941 "-" "Mozilla/5.0 (Linux; Android 6.0.1; Nexus 5X Build/MMB29P) AppleWebKit/537.36 (KHTML, like Gecko) Chrome/148.0.7778.96 Mobile Safari/537.36 (compatible; Googlebot/2.1; +http://www.google.com/bot.html)"
69.72.244.151 - - [21/Jun/2026:13:28:22 +0000] "POST /wp-cron.php?doing_wp_cron=1782048502.4851689338684082031250 HTTP/1.1" 200 0 "-" "WordPress/7.0; https://www.jubaroyaltravel.com"
136.144.35.37 - - [21/Jun/2026:13:28:22 +0000] "POST /wp-login.php HTTP/1.1" 200 6742 "-" "Mozilla/5.0"
136.144.35.49 - - [21/Jun/2026:13:28:22 +0000] "POST /wp-login.php HTTP/1.1" 302 0 "-" "Mozilla/5.0"
66.249.64.129 - - [21/Jun/2026:13:28:52 +0000] "GET /products/detail/shopping/j106159742 HTTP/1.1" 404 27929 "-" "Mozilla/5.0 (Linux; Android 6.0.1; Nexus 5X Build/MMB29P) AppleWebKit/537.36 (KHTML, like Gecko) Chrome/148.0.7778.96 Mobile Safari/537.36 (compatible; Googlebot/2.1; +http://www.google.com/bot.html)"
69.72.244.151 - - [21/Jun/2026:13:30:36 +0000] "POST /wp-cron.php?doing_wp_cron=1782048636.4823749065399169921875 HTTP/1.1" 200 0 "-" "WordPress/7.0; https://www.jubaroyaltravel.com"
66.249.64.131 - - [21/Jun/2026:13:30:34 +0000] "GET /products/detail/shopping/j10654389 HTTP/1.1" 404 27930 "-" "Mozilla/5.0 (Linux; Android 6.0.1; Nexus 5X Build/MMB29P) AppleWebKit/537.36 (KHTML, like Gecko) Chrome/148.0.7778.96 Mobile Safari/537.36 (compatible; Googlebot/2.1; +http://www.google.com/bot.html)"
159.198.76.7 - - [21/Jun/2026:13:30:48 +0000] "GET /wp-login.php HTTP/2" 200 2038 "-" "Mozilla/5.0 (Windows NT 10.0; Win64; x64) AppleWebKit/537.36 (KHTML, like Gecko) Chrome/133.0.0.0 Safari/537.36"
159.198.76.7 - - [21/Jun/2026:13:30:48 +0000] "POST /wp-login.php HTTP/2" 200 2209 "https://jubaroyaltravel.com/wp-login.php" "Mozilla/5.0 (Windows NT 10.0; Win64; x64) AppleWebKit/537.36 (KHTML, like Gecko) Chrome/133.0.0.0 Safari/537.36"
69.72.244.151 - - [21/Jun/2026:13:33:22 +0000] "POST /wp-cron.php?doing_wp_cron=1782048802.9827380180358886718750 HTTP/1.1" 200 0 "-" "WordPress/7.0; https://www.jubaroyaltravel.com"
66.249.64.130 - - [21/Jun/2026:13:33:20 +0000] "GET /products/detail/inexpensive/j106308449 HTTP/1.1" 404 27931 "-" "Mozilla/5.0 (compatible; Googlebot/2.1; +http://www.google.com/bot.html)"
69.72.244.151 - - [21/Jun/2026:13:34:09 +0000] "POST /wp-cron.php?doing_wp_cron=1782048849.0777978897094726562500 HTTP/1.1" 200 0 "-" "WordPress/7.0; https://www.jubaroyaltravel.com"
104.234.53.106 - - [21/Jun/2026:13:34:08 +0000] "POST /wp-login.php HTTP/1.1" 200 2446 "-" "Mozilla/5.0 (Windows NT 10.0; Win64; x64) AppleWebKit/537.36 Chrome/129.0.0.0 Safari/537.36"
66.249.64.129 - - [21/Jun/2026:13:35:39 +0000] "GET /products/detail/comfortable/j106487533 HTTP/1.1" 404 27927 "-" "Mozilla/5.0 (compatible; Googlebot/2.1; +http://www.google.com/bot.html)"
69.72.244.151 - - [21/Jun/2026:13:36:04 +0000] "POST /wp-cron.php?doing_wp_cron=1782048964.0447878837585449218750 HTTP/1.1" 200 0 "-" "WordPress/7.0; https://www.jubaroyaltravel.com"
136.144.35.51 - - [21/Jun/2026:13:36:03 +0000] "POST /wp-login.php HTTP/1.1" 200 6742 "-" "Mozilla/5.0"
69.72.244.151 - - [21/Jun/2026:13:36:56 +0000] "POST /wp-cron.php?doing_wp_cron=1782049016.5507769584655761718750 HTTP/1.1" 200 0 "-" "WordPress/7.0; https://www.jubaroyaltravel.com"
94.26.106.216 - - [21/Jun/2026:13:36:56 +0000] "GET /wp-login.php HTTP/1.1" 200 2038 "https://t.co/" "Mozilla/5.0 (Macintosh; Intel Mac OS X 13_6_1; rv:121.0) Gecko/20100101 Firefox/121.0"
94.26.106.216 - - [21/Jun/2026:13:36:56 +0000] "GET /?author=1 HTTP/1.1" 301 0 "https://t.co/" "Mozilla/5.0 (Windows NT 11.0; Win64; x64; rv:121.0) Gecko/20100101 Firefox/121.0"
69.72.244.151 - - [21/Jun/2026:13:36:57 +0000] "POST /wp-cron.php?doing_wp_cron=1782049017.2551751136779785156250 HTTP/1.1" 200 0 "-" "WordPress/7.0; https://www.jubaroyaltravel.com"
94.26.106.216 - - [21/Jun/2026:13:36:56 +0000] "GET /author/adminstaging-jubaroyaltravel-com/ HTTP/1.1" 200 30240 "https://t.co/" "Mozilla/5.0 (Windows NT 11.0; Win64; x64; rv:121.0) Gecko/20100101 Firefox/121.0"
94.26.106.216 - - [21/Jun/2026:13:36:57 +0000] "GET /?author=2 HTTP/1.1" 200 28512 "-" "Mozilla/5.0 (Windows NT 11.0; Win64; x64) AppleWebKit/537.36 (KHTML, like Gecko) Chrome/120.0.0.0 Safari/537.36"
94.26.106.216 - - [21/Jun/2026:13:36:58 +0000] "GET /?author=3 HTTP/1.1" 200 28513 "https://www.bing.com/" "Mozilla/5.0 (X11; Linux x86_64) AppleWebKit/537.36 (KHTML, like Gecko) Chrome/120.0.0.0 Safari/537.36"
94.26.106.216 - - [21/Jun/2026:13:36:58 +0000] "GET /?author=4 HTTP/1.1" 200 28367 "https://www.bing.com/" "Mozilla/5.0 (X11; Linux x86_64) AppleWebKit/537.36 (KHTML, like Gecko) Chrome/120.0.0.0 Safari/537.36"
94.26.106.216 - - [21/Jun/2026:13:36:59 +0000] "GET /?author=5 HTTP/1.1" 404 27885 "-" "Mozilla/5.0 (X11; Ubuntu; Linux x86_64) AppleWebKit/537.36 (KHTML, like Gecko) Chrome/119.0.0.0 Safari/537.36"
94.26.106.216 - - [21/Jun/2026:13:36:59 +0000] "GET /wp-json/wp/v2/users HTTP/1.1" 200 411 "https://t.co/" "Mozilla/5.0 (X11; Linux x86_64) AppleWebKit/537.36 (KHTML, like Gecko) Chrome/120.0.0.0 Safari/537.36"
94.26.106.216 - - [21/Jun/2026:13:36:59 +0000] "POST /wp-login.php HTTP/1.1" 200 2196 "https://www.jubaroyaltravel.com/wp-login.php" "Mozilla/5.0 (Macintosh; Intel Mac OS X 10_15_7; rv:118.0) Gecko/20100101 Firefox/118.0"
94.26.106.216 - - [21/Jun/2026:13:37:00 +0000] "GET /wp-admin/index.php HTTP/1.1" 302 0 "https://www.jubaroyaltravel.com/wp-login.php" "Mozilla/5.0 (Windows NT 11.0; Win64; x64; rv:119.0) Gecko/20100101 Firefox/119.0"
94.26.106.216 - - [21/Jun/2026:13:37:00 +0000] "GET /wp-admin/upgrade.php?_wp_http_referer=%2Fwp-admin%2Findex.php HTTP/1.1" 200 547 "https://www.jubaroyaltravel.com/wp-login.php" "Mozilla/5.0 (Windows NT 11.0; Win64; x64; rv:119.0) Gecko/20100101 Firefox/119.0"
94.26.106.216 - - [21/Jun/2026:13:37:00 +0000] "GET /wp-admin/profile.php HTTP/1.1" 302 0 "https://www.jubaroyaltravel.com/wp-login.php" "Mozilla/5.0 (Windows NT 11.0; Win64; x64; rv:119.0) Gecko/20100101 Firefox/119.0"
94.26.106.216 - - [21/Jun/2026:13:37:01 +0000] "GET /wp-admin/upgrade.php?_wp_http_referer=%2Fwp-admin%2Fprofile.php HTTP/1.1" 200 547 "https://www.jubaroyaltravel.com/wp-login.php" "Mozilla/5.0 (Windows NT 11.0; Win64; x64; rv:119.0) Gecko/20100101 Firefox/119.0"
94.26.106.216 - - [21/Jun/2026:13:37:01 +0000] "GET /wp-admin/edit.php HTTP/1.1" 302 0 "https://www.jubaroyaltravel.com/wp-login.php" "Mozilla/5.0 (Windows NT 11.0; Win64; x64; rv:119.0) Gecko/20100101 Firefox/119.0"
94.26.106.216 - - [21/Jun/2026:13:37:01 +0000] "GET /wp-admin/upgrade.php?_wp_http_referer=%2Fwp-admin%2Fedit.php HTTP/1.1" 200 545 "https://www.jubaroyaltravel.com/wp-login.php" "Mozilla/5.0 (Windows NT 11.0; Win64; x64; rv:119.0) Gecko/20100101 Firefox/119.0"
94.26.106.216 - - [21/Jun/2026:13:37:01 +0000] "GET /wp-admin/plugins.php HTTP/1.1" 302 0 "https://www.jubaroyaltravel.com/wp-login.php" "Mozilla/5.0 (Windows NT 11.0; Win64; x64; rv:119.0) Gecko/20100101 Firefox/119.0"
94.26.106.216 - - [21/Jun/2026:13:37:01 +0000] "GET /wp-admin/upgrade.php?_wp_http_referer=%2Fwp-admin%2Fplugins.php HTTP/1.1" 200 547 "https://www.jubaroyaltravel.com/wp-login.php" "Mozilla/5.0 (Windows NT 11.0; Win64; x64; rv:119.0) Gecko/20100101 Firefox/119.0"
94.26.106.216 - - [21/Jun/2026:13:37:01 +0000] "POST /wp-login.php HTTP/1.1" 200 2173 "https://www.jubaroyaltravel.com/wp-login.php" "Mozilla/5.0 (Macintosh; Intel Mac OS X 10_15_7; rv:121.0) Gecko/20100101 Firefox/121.0"
94.26.106.216 - - [21/Jun/2026:13:37:01 +0000] "GET /wp-admin/index.php HTTP/1.1" 302 0 "https://www.jubaroyaltravel.com/wp-login.php" "Mozilla/5.0 (Macintosh; Intel Mac OS X 10_15_7) AppleWebKit/605.1.15 (KHTML, like Gecko) Version/17.0 Safari/605.1.15"
94.26.106.216 - - [21/Jun/2026:13:37:02 +0000] "GET /wp-admin/upgrade.php?_wp_http_referer=%2Fwp-admin%2Findex.php HTTP/1.1" 200 547 "https://www.jubaroyaltravel.com/wp-login.php" "Mozilla/5.0 (Macintosh; Intel Mac OS X 10_15_7) AppleWebKit/605.1.15 (KHTML, like Gecko) Version/17.0 Safari/605.1.15"
94.26.106.216 - - [21/Jun/2026:13:37:02 +0000] "GET /wp-admin/profile.php HTTP/1.1" 302 0 "https://www.jubaroyaltravel.com/wp-login.php" "Mozilla/5.0 (Macintosh; Intel Mac OS X 10_15_7) AppleWebKit/605.1.15 (KHTML, like Gecko) Version/17.0 Safari/605.1.15"
94.26.106.216 - - [21/Jun/2026:13:37:02 +0000] "GET /wp-admin/upgrade.php?_wp_http_referer=%2Fwp-admin%2Fprofile.php HTTP/1.1" 200 547 "https://www.jubaroyaltravel.com/wp-login.php" "Mozilla/5.0 (Macintosh; Intel Mac OS X 10_15_7) AppleWebKit/605.1.15 (KHTML, like Gecko) Version/17.0 Safari/605.1.15"
94.26.106.216 - - [21/Jun/2026:13:37:02 +0000] "GET /wp-admin/edit.php HTTP/1.1" 302 0 "https://www.jubaroyaltravel.com/wp-login.php" "Mozilla/5.0 (Macintosh; Intel Mac OS X 10_15_7) AppleWebKit/605.1.15 (KHTML, like Gecko) Version/17.0 Safari/605.1.15"
94.26.106.216 - - [21/Jun/2026:13:37:03 +0000] "GET /wp-admin/upgrade.php?_wp_http_referer=%2Fwp-admin%2Fedit.php HTTP/1.1" 200 545 "https://www.jubaroyaltravel.com/wp-login.php" "Mozilla/5.0 (Macintosh; Intel Mac OS X 10_15_7) AppleWebKit/605.1.15 (KHTML, like Gecko) Version/17.0 Safari/605.1.15"
94.26.106.216 - - [21/Jun/2026:13:37:03 +0000] "GET /wp-admin/plugins.php HTTP/1.1" 302 0 "https://www.jubaroyaltravel.com/wp-login.php" "Mozilla/5.0 (Macintosh; Intel Mac OS X 10_15_7) AppleWebKit/605.1.15 (KHTML, like Gecko) Version/17.0 Safari/605.1.15"
94.26.106.216 - - [21/Jun/2026:13:37:03 +0000] "GET /wp-admin/upgrade.php?_wp_http_referer=%2Fwp-admin%2Fplugins.php HTTP/1.1" 200 547 "https://www.jubaroyaltravel.com/wp-login.php" "Mozilla/5.0 (Macintosh; Intel Mac OS X 10_15_7) AppleWebKit/605.1.15 (KHTML, like Gecko) Version/17.0 Safari/605.1.15"
94.26.106.216 - - [21/Jun/2026:13:37:03 +0000] "POST /wp-login.php HTTP/1.1" 200 2173 "https://www.jubaroyaltravel.com/wp-login.php" "Mozilla/5.0 (Macintosh; Intel Mac OS X 10_15_7) AppleWebKit/605.1.15 (KHTML, like Gecko) Version/17.2 Safari/605.1.15"
94.26.106.216 - - [21/Jun/2026:13:37:03 +0000] "GET /wp-admin/index.php HTTP/1.1" 302 0 "https://www.jubaroyaltravel.com/wp-login.php" "Mozilla/5.0 (Windows NT 10.0; Win64; x64; rv:120.0) Gecko/20100101 Firefox/120.0"
94.26.106.216 - - [21/Jun/2026:13:37:04 +0000] "GET /wp-admin/upgrade.php?_wp_http_referer=%2Fwp-admin%2Findex.php HTTP/1.1" 200 547 "https://www.jubaroyaltravel.com/wp-login.php" "Mozilla/5.0 (Windows NT 10.0; Win64; x64; rv:120.0) Gecko/20100101 Firefox/120.0"
94.26.106.216 - - [21/Jun/2026:13:37:04 +0000] "GET /wp-admin/profile.php HTTP/1.1" 302 0 "https://www.jubaroyaltravel.com/wp-login.php" "Mozilla/5.0 (Windows NT 10.0; Win64; x64; rv:120.0) Gecko/20100101 Firefox/120.0"
94.26.106.216 - - [21/Jun/2026:13:37:04 +0000] "GET /wp-admin/upgrade.php?_wp_http_referer=%2Fwp-admin%2Fprofile.php HTTP/1.1" 200 547 "https://www.jubaroyaltravel.com/wp-login.php" "Mozilla/5.0 (Windows NT 10.0; Win64; x64; rv:120.0) Gecko/20100101 Firefox/120.0"
94.26.106.216 - - [21/Jun/2026:13:37:04 +0000] "GET /wp-admin/edit.php HTTP/1.1" 302 0 "https://www.jubaroyaltravel.com/wp-login.php" "Mozilla/5.0 (Windows NT 10.0; Win64; x64; rv:120.0) Gecko/20100101 Firefox/120.0"
94.26.106.216 - - [21/Jun/2026:13:37:04 +0000] "GET /wp-admin/upgrade.php?_wp_http_referer=%2Fwp-admin%2Fedit.php HTTP/1.1" 200 545 "https://www.jubaroyaltravel.com/wp-login.php" "Mozilla/5.0 (Windows NT 10.0; Win64; x64; rv:120.0) Gecko/20100101 Firefox/120.0"
94.26.106.216 - - [21/Jun/2026:13:37:04 +0000] "GET /wp-admin/plugins.php HTTP/1.1" 302 0 "https://www.jubaroyaltravel.com/wp-login.php" "Mozilla/5.0 (Windows NT 10.0; Win64; x64; rv:120.0) Gecko/20100101 Firefox/120.0"
94.26.106.216 - - [21/Jun/2026:13:37:04 +0000] "GET /wp-admin/upgrade.php?_wp_http_referer=%2Fwp-admin%2Fplugins.php HTTP/1.1" 200 547 "https://www.jubaroyaltravel.com/wp-login.php" "Mozilla/5.0 (Windows NT 10.0; Win64; x64; rv:120.0) Gecko/20100101 Firefox/120.0"
94.26.106.216 - - [21/Jun/2026:13:37:05 +0000] "POST /wp-login.php HTTP/1.1" 200 2173 "https://www.jubaroyaltravel.com/wp-login.php" "Mozilla/5.0 (Macintosh; Intel Mac OS X 13_6_1) AppleWebKit/605.1.15 (KHTML, like Gecko) Version/17.1 Safari/605.1.15"
94.26.106.216 - - [21/Jun/2026:13:37:05 +0000] "GET /wp-admin/index.php HTTP/1.1" 302 0 "https://www.jubaroyaltravel.com/wp-login.php" "Mozilla/5.0 (Macintosh; Intel Mac OS X 10_15_7; rv:118.0) Gecko/20100101 Firefox/118.0"
94.26.106.216 - - [21/Jun/2026:13:37:05 +0000] "GET /wp-admin/upgrade.php?_wp_http_referer=%2Fwp-admin%2Findex.php HTTP/1.1" 200 547 "https://www.jubaroyaltravel.com/wp-login.php" "Mozilla/5.0 (Macintosh; Intel Mac OS X 10_15_7; rv:118.0) Gecko/20100101 Firefox/118.0"
94.26.106.216 - - [21/Jun/2026:13:37:05 +0000] "GET /wp-admin/profile.php HTTP/1.1" 302 0 "https://www.jubaroyaltravel.com/wp-login.php" "Mozilla/5.0 (Macintosh; Intel Mac OS X 10_15_7; rv:118.0) Gecko/20100101 Firefox/118.0"
94.26.106.216 - - [21/Jun/2026:13:37:05 +0000] "GET /wp-admin/upgrade.php?_wp_http_referer=%2Fwp-admin%2Fprofile.php HTTP/1.1" 200 547 "https://www.jubaroyaltravel.com/wp-login.php" "Mozilla/5.0 (Macintosh; Intel Mac OS X 10_15_7; rv:118.0) Gecko/20100101 Firefox/118.0"
94.26.106.216 - - [21/Jun/2026:13:37:05 +0000] "GET /wp-admin/edit.php HTTP/1.1" 302 0 "https://www.jubaroyaltravel.com/wp-login.php" "Mozilla/5.0 (Macintosh; Intel Mac OS X 10_15_7; rv:118.0) Gecko/20100101 Firefox/118.0"
94.26.106.216 - - [21/Jun/2026:13:37:06 +0000] "GET /wp-admin/upgrade.php?_wp_http_referer=%2Fwp-admin%2Fedit.php HTTP/1.1" 200 545 "https://www.jubaroyaltravel.com/wp-login.php" "Mozilla/5.0 (Macintosh; Intel Mac OS X 10_15_7; rv:118.0) Gecko/20100101 Firefox/118.0"
94.26.106.216 - - [21/Jun/2026:13:37:06 +0000] "GET /wp-admin/plugins.php HTTP/1.1" 302 0 "https://www.jubaroyaltravel.com/wp-login.php" "Mozilla/5.0 (Macintosh; Intel Mac OS X 10_15_7; rv:118.0) Gecko/20100101 Firefox/118.0"
94.26.106.216 - - [21/Jun/2026:13:37:06 +0000] "GET /wp-admin/upgrade.php?_wp_http_referer=%2Fwp-admin%2Fplugins.php HTTP/1.1" 200 547 "https://www.jubaroyaltravel.com/wp-login.php" "Mozilla/5.0 (Macintosh; Intel Mac OS X 10_15_7; rv:118.0) Gecko/20100101 Firefox/118.0"
94.26.106.216 - - [21/Jun/2026:13:37:06 +0000] "POST /wp-login.php HTTP/1.1" 200 2173 "https://www.jubaroyaltravel.com/wp-login.php" "Mozilla/5.0 (X11; Linux x86_64) AppleWebKit/537.36 (KHTML, like Gecko) Chrome/121.0.0.0 Safari/537.36"
94.26.106.216 - - [21/Jun/2026:13:37:06 +0000] "GET /wp-admin/index.php HTTP/1.1" 302 0 "https://www.jubaroyaltravel.com/wp-login.php" "Mozilla/5.0 (Windows NT 11.0; Win64; x64; rv:119.0) Gecko/20100101 Firefox/119.0"
