66.249.64.130 - - [22/Jun/2026:04:57:48 +0000] "GET /shop/pg/1AvailableInfo/239117411888 HTTP/1.1" 200 5083 "-" "Mozilla/5.0 (Linux; Android 6.0.1; Nexus 5X Build/MMB29P) AppleWebKit/537.36 (KHTML, like Gecko) Chrome/148.0.7778.96 Mobile Safari/537.36 (compatible; Googlebot/2.1; +http://www.google.com/bot.html)"
66.249.64.130 - - [22/Jun/2026:04:58:01 +0000] "GET /products/detail/clearance/j106378238 HTTP/1.1" 200 4913 "-" "Mozilla/5.0 (Linux; Android 6.0.1; Nexus 5X Build/MMB29P) AppleWebKit/537.36 (KHTML, like Gecko) Chrome/148.0.7778.96 Mobile Safari/537.36 (compatible; Googlebot/2.1; +http://www.google.com/bot.html)"
45.148.10.62 - - [22/Jun/2026:04:58:14 +0000] "GET / HTTP/1.1" 200 6139 "-" "Mozilla/5.0 (Macintosh; Intel Mac OS X 10_15_7) AppleWebKit/537.36 (KHTML, like Gecko) Chrome/131.0.0.0 Safari/537.36"
45.148.10.62 - - [22/Jun/2026:04:58:14 +0000] "GET /postcss.config.js HTTP/1.1" 200 95 "-" "Mozilla/5.0 (Windows NT 10.0; Win64; x64; rv:133.0) Gecko/20100101 Firefox/133.0"
45.148.10.62 - - [22/Jun/2026:04:58:14 +0000] "GET /home/jubaroyal/public_html/postcss.config.js HTTP/1.1" 200 6204 "-" "Mozilla/5.0 (X11; Linux x86_64) AppleWebKit/537.36 (KHTML, like Gecko) Chrome/131.0.0.0 Safari/537.36"
45.148.10.62 - - [22/Jun/2026:04:58:14 +0000] "GET /home/jubaroyal/public_html/tailwind.config.js HTTP/1.1" 200 6222 "-" "Mozilla/5.0 (Windows NT 10.0; Win64; x64; rv:133.0) Gecko/20100101 Firefox/133.0"
45.148.10.62 - - [22/Jun/2026:04:58:14 +0000] "GET /vite.config.js HTTP/1.1" 200 174 "-" "Mozilla/5.0 (Windows NT 10.0; Win64; x64; rv:133.0) Gecko/20100101 Firefox/133.0"
45.148.10.62 - - [22/Jun/2026:04:58:14 +0000] "GET /.env HTTP/1.1" 200 1220 "-" "Mozilla/5.0 (Windows NT 10.0; Win64; x64) AppleWebKit/537.36 (KHTML, like Gecko) Chrome/131.0.0.0 Safari/537.36"
45.148.10.62 - - [22/Jun/2026:04:58:14 +0000] "GET /home/jubaroyal/public_html/vite.config.js HTTP/1.1" 200 6145 "-" "Mozilla/5.0 (X11; Linux x86_64) AppleWebKit/537.36 (KHTML, like Gecko) Chrome/131.0.0.0 Safari/537.36"
45.148.10.62 - - [22/Jun/2026:04:58:14 +0000] "GET /tailwind.config.js HTTP/1.1" 200 294 "-" "Mozilla/5.0 (X11; Linux x86_64) AppleWebKit/537.36 (KHTML, like Gecko) Chrome/131.0.0.0 Safari/537.36"
45.148.10.62 - - [22/Jun/2026:04:58:14 +0000] "GET /.env.bak HTTP/1.1" 200 6251 "-" "Mozilla/5.0 (Windows NT 10.0; Win64; x64; rv:133.0) Gecko/20100101 Firefox/133.0"
45.148.10.62 - - [22/Jun/2026:04:58:14 +0000] "GET /.env.save HTTP/1.1" 200 6307 "-" "Mozilla/5.0 (Windows NT 10.0; Win64; x64; rv:133.0) Gecko/20100101 Firefox/133.0"
45.148.10.62 - - [22/Jun/2026:04:58:14 +0000] "GET /.env.local HTTP/1.1" 200 6297 "-" "Mozilla/5.0 (Macintosh; Intel Mac OS X 10_15_7) AppleWebKit/537.36 (KHTML, like Gecko) Chrome/131.0.0.0 Safari/537.36"
45.148.10.62 - - [22/Jun/2026:04:58:14 +0000] "GET /backend/.env HTTP/1.1" 200 6126 "-" "Mozilla/5.0 (X11; Linux x86_64) AppleWebKit/537.36 (KHTML, like Gecko) Chrome/131.0.0.0 Safari/537.36"
45.148.10.62 - - [22/Jun/2026:04:58:14 +0000] "GET /admin-panel/.env HTTP/1.1" 200 6251 "-" "Mozilla/5.0 (Windows NT 10.0; Win64; x64) AppleWebKit/537.36 (KHTML, like Gecko) Chrome/131.0.0.0 Safari/537.36"
45.148.10.62 - - [22/Jun/2026:04:58:15 +0000] "GET /credentials HTTP/1.1" 200 6188 "-" "Mozilla/5.0 (Macintosh; Intel Mac OS X 10_15_7) AppleWebKit/537.36 (KHTML, like Gecko) Chrome/131.0.0.0 Safari/537.36"
45.148.10.62 - - [22/Jun/2026:04:58:15 +0000] "GET /test.php HTTP/1.1" 200 6139 "-" "Mozilla/5.0 (Macintosh; Intel Mac OS X 10_15_7) AppleWebKit/537.36 (KHTML, like Gecko) Chrome/131.0.0.0 Safari/537.36"
45.148.10.62 - - [22/Jun/2026:04:58:15 +0000] "GET /.env.staging HTTP/1.1" 200 6139 "-" "Mozilla/5.0 (Windows NT 10.0; Win64; x64) AppleWebKit/537.36 (KHTML, like Gecko) Chrome/131.0.0.0 Safari/537.36"
45.148.10.62 - - [22/Jun/2026:04:58:15 +0000] "GET /.env.backup HTTP/1.1" 200 6182 "-" "Mozilla/5.0 (Macintosh; Intel Mac OS X 10_15_7) AppleWebKit/537.36 (KHTML, like Gecko) Chrome/131.0.0.0 Safari/537.36"
45.148.10.62 - - [22/Jun/2026:04:58:15 +0000] "GET /.env.orig HTTP/1.1" 200 6274 "-" "Mozilla/5.0 (Windows NT 10.0; Win64; x64) AppleWebKit/537.36 (KHTML, like Gecko) Chrome/131.0.0.0 Safari/537.36"
45.148.10.62 - - [22/Jun/2026:04:58:15 +0000] "GET /.env.old HTTP/1.1" 200 6308 "-" "Mozilla/5.0 (X11; Linux x86_64) AppleWebKit/537.36 (KHTML, like Gecko) Chrome/131.0.0.0 Safari/537.36"
45.148.10.62 - - [22/Jun/2026:04:58:15 +0000] "GET /.env.tmp HTTP/1.1" 200 6229 "-" "Mozilla/5.0 (Windows NT 10.0; Win64; x64) AppleWebKit/537.36 (KHTML, like Gecko) Chrome/131.0.0.0 Safari/537.36"
45.148.10.62 - - [22/Jun/2026:04:58:15 +0000] "GET /.env.php.bak HTTP/1.1" 200 6180 "-" "Mozilla/5.0 (X11; Linux x86_64) AppleWebKit/537.36 (KHTML, like Gecko) Chrome/131.0.0.0 Safari/537.36"
45.148.10.62 - - [22/Jun/2026:04:58:15 +0000] "GET /.env.php HTTP/1.1" 200 6180 "-" "Mozilla/5.0 (Macintosh; Intel Mac OS X 10_15_7) AppleWebKit/537.36 (KHTML, like Gecko) Chrome/131.0.0.0 Safari/537.36"
45.148.10.62 - - [22/Jun/2026:04:58:16 +0000] "GET /.env.txt HTTP/1.1" 200 6180 "-" "Mozilla/5.0 (Windows NT 10.0; Win64; x64) AppleWebKit/537.36 (KHTML, like Gecko) Chrome/131.0.0.0 Safari/537.36"
45.148.10.62 - - [22/Jun/2026:04:58:16 +0000] "GET /.env.prod HTTP/1.1" 200 6183 "-" "Mozilla/5.0 (X11; Linux x86_64) AppleWebKit/537.36 (KHTML, like Gecko) Chrome/131.0.0.0 Safari/537.36"
45.148.10.62 - - [22/Jun/2026:04:58:16 +0000] "GET /.env.dev HTTP/1.1" 200 6237 "-" "Mozilla/5.0 (Windows NT 10.0; Win64; x64; rv:133.0) Gecko/20100101 Firefox/133.0"
45.148.10.62 - - [22/Jun/2026:04:58:16 +0000] "GET /config.json.save HTTP/1.1" 200 6328 "-" "Mozilla/5.0 (Windows NT 10.0; Win64; x64; rv:133.0) Gecko/20100101 Firefox/133.0"
45.148.10.62 - - [22/Jun/2026:04:58:16 +0000] "GET /admin/.env HTTP/1.1" 200 6350 "-" "Mozilla/5.0 (X11; Linux x86_64) AppleWebKit/537.36 (KHTML, like Gecko) Chrome/131.0.0.0 Safari/537.36"
45.148.10.62 - - [22/Jun/2026:04:58:16 +0000] "GET /.git/config HTTP/1.1" 403 1242 "-" "Mozilla/5.0 (Macintosh; Intel Mac OS X 10_15_7) AppleWebKit/537.36 (KHTML, like Gecko) Chrome/131.0.0.0 Safari/537.36"
45.148.10.62 - - [22/Jun/2026:04:58:16 +0000] "GET /wp-config.php HTTP/1.1" 200 6284 "-" "Mozilla/5.0 (Windows NT 10.0; Win64; x64; rv:133.0) Gecko/20100101 Firefox/133.0"
45.148.10.62 - - [22/Jun/2026:04:58:16 +0000] "GET /wp-config.php.old HTTP/1.1" 200 6188 "-" "Mozilla/5.0 (X11; Linux x86_64) AppleWebKit/537.36 (KHTML, like Gecko) Chrome/131.0.0.0 Safari/537.36"
45.148.10.62 - - [22/Jun/2026:04:58:16 +0000] "GET /config.php HTTP/1.1" 200 6237 "-" "Mozilla/5.0 (Macintosh; Intel Mac OS X 10_15_7) AppleWebKit/537.36 (KHTML, like Gecko) Chrome/131.0.0.0 Safari/537.36"
45.148.10.62 - - [22/Jun/2026:04:58:16 +0000] "GET /config.php.bak HTTP/1.1" 200 6188 "-" "Mozilla/5.0 (Macintosh; Intel Mac OS X 10_15_7) AppleWebKit/537.36 (KHTML, like Gecko) Chrome/131.0.0.0 Safari/537.36"
45.148.10.62 - - [22/Jun/2026:04:58:16 +0000] "GET /config.js HTTP/1.1" 200 6126 "-" "Mozilla/5.0 (Windows NT 10.0; Win64; x64) AppleWebKit/537.36 (KHTML, like Gecko) Chrome/131.0.0.0 Safari/537.36"
45.148.10.62 - - [22/Jun/2026:04:58:17 +0000] "GET /aws-config.js HTTP/1.1" 200 6346 "-" "Mozilla/5.0 (Windows NT 10.0; Win64; x64; rv:133.0) Gecko/20100101 Firefox/133.0"
45.148.10.62 - - [22/Jun/2026:04:58:17 +0000] "GET /aws.config.js HTTP/1.1" 200 6411 "-" "Mozilla/5.0 (Macintosh; Intel Mac OS X 10_15_7) AppleWebKit/537.36 (KHTML, like Gecko) Chrome/131.0.0.0 Safari/537.36"
45.148.10.62 - - [22/Jun/2026:04:58:17 +0000] "GET /phpinfo.php HTTP/1.1" 200 6180 "-" "Mozilla/5.0 (X11; Linux x86_64) AppleWebKit/537.36 (KHTML, like Gecko) Chrome/131.0.0.0 Safari/537.36"
66.249.64.129 - - [22/Jun/2026:04:58:53 +0000] "GET /products/detail/authentic/j10671888 HTTP/1.1" 200 4894 "-" "Mozilla/5.0 (Linux; Android 6.0.1; Nexus 5X Build/MMB29P) AppleWebKit/537.36 (KHTML, like Gecko) Chrome/148.0.7778.96 Mobile Safari/537.36 (compatible; Googlebot/2.1; +http://www.google.com/bot.html)"
165.227.85.172 - - [22/Jun/2026:04:59:24 +0000] "POST /wp-login.php HTTP/1.1" 200 105840 "-" "Mozilla/5.0"
66.249.64.130 - - [22/Jun/2026:05:00:36 +0000] "GET /products/detail/price/j106369673 HTTP/1.1" 200 4912 "-" "Mozilla/5.0 (Linux; Android 6.0.1; Nexus 5X Build/MMB29P) AppleWebKit/537.36 (KHTML, like Gecko) Chrome/148.0.7778.96 Mobile Safari/537.36 (compatible; Googlebot/2.1; +http://www.google.com/bot.html)"
137.184.115.126 - - [22/Jun/2026:05:01:10 +0000] "POST /wp-login.php HTTP/1.1" 200 105840 "-" "Mozilla/5.0"
66.249.64.129 - - [22/Jun/2026:05:01:28 +0000] "GET /products/detail/clearance/j10615237 HTTP/1.1" 200 4954 "-" "Mozilla/5.0 (Linux; Android 6.0.1; Nexus 5X Build/MMB29P) AppleWebKit/537.36 (KHTML, like Gecko) Chrome/148.0.7778.96 Mobile Safari/537.36 (compatible; Googlebot/2.1; +http://www.google.com/bot.html)"
66.249.64.129 - - [22/Jun/2026:05:02:06 +0000] "GET /products/detail/popular/j106160865 HTTP/1.1" 200 4912 "-" "Mozilla/5.0 (compatible; Googlebot/2.1; +http://www.google.com/bot.html)"
66.249.64.130 - - [22/Jun/2026:05:02:20 +0000] "GET /products/detail/for/j106230650 HTTP/1.1" 200 4926 "-" "Mozilla/5.0 (Linux; Android 6.0.1; Nexus 5X Build/MMB29P) AppleWebKit/537.36 (KHTML, like Gecko) Chrome/148.0.7778.96 Mobile Safari/537.36 (compatible; Googlebot/2.1; +http://www.google.com/bot.html)"
66.249.64.129 - - [22/Jun/2026:05:02:46 +0000] "GET /products/detail/brand/j106465053 HTTP/1.1" 200 4914 "-" "Mozilla/5.0 (compatible; Googlebot/2.1; +http://www.google.com/bot.html)"
66.249.64.129 - - [22/Jun/2026:05:03:12 +0000] "GET /products/detail/brand/j106458529 HTTP/1.1" 200 4946 "-" "Mozilla/5.0 (Linux; Android 6.0.1; Nexus 5X Build/MMB29P) AppleWebKit/537.36 (KHTML, like Gecko) Chrome/148.0.7778.96 Mobile Safari/537.36 (compatible; Googlebot/2.1; +http://www.google.com/bot.html)"
66.249.64.131 - - [22/Jun/2026:05:04:03 +0000] "GET /products/detail/the/j106372904 HTTP/1.1" 200 4902 "-" "Mozilla/5.0 (Linux; Android 6.0.1; Nexus 5X Build/MMB29P) AppleWebKit/537.36 (KHTML, like Gecko) Chrome/148.0.7778.96 Mobile Safari/537.36 (compatible; Googlebot/2.1; +http://www.google.com/bot.html)"
66.249.64.131 - - [22/Jun/2026:05:05:47 +0000] "GET /products/detail/brand/j10675329 HTTP/1.1" 200 4902 "-" "Mozilla/5.0 (Linux; Android 6.0.1; Nexus 5X Build/MMB29P) AppleWebKit/537.36 (KHTML, like Gecko) Chrome/148.0.7778.96 Mobile Safari/537.36 (compatible; Googlebot/2.1; +http://www.google.com/bot.html)"
66.249.64.131 - - [22/Jun/2026:05:05:48 +0000] "GET /products/detail/cheapest/j106339215 HTTP/1.1" 200 4893 "-" "Mozilla/5.0 (compatible; Googlebot/2.1; +http://www.google.com/bot.html)"
66.249.64.131 - - [22/Jun/2026:05:05:49 +0000] "GET /products/detail/popular/j106417281 HTTP/1.1" 200 4927 "-" "Mozilla/5.0 (compatible; Googlebot/2.1; +http://www.google.com/bot.html)"
66.249.64.131 - - [22/Jun/2026:05:06:39 +0000] "GET /products/detail/comfortable/j10620097 HTTP/1.1" 200 4890 "-" "Mozilla/5.0 (Linux; Android 6.0.1; Nexus 5X Build/MMB29P) AppleWebKit/537.36 (KHTML, like Gecko) Chrome/148.0.7778.96 Mobile Safari/537.36 (compatible; Googlebot/2.1; +http://www.google.com/bot.html)"
165.227.85.172 - - [22/Jun/2026:05:07:02 +0000] "POST /wp-login.php HTTP/1.1" 200 105840 "-" "Mozilla/5.0"
66.249.64.130 - - [22/Jun/2026:05:07:31 +0000] "GET /products/detail/online/j106221889 HTTP/1.1" 200 4955 "-" "Mozilla/5.0 (Linux; Android 6.0.1; Nexus 5X Build/MMB29P) AppleWebKit/537.36 (KHTML, like Gecko) Chrome/148.0.7778.96 Mobile Safari/537.36 (compatible; Googlebot/2.1; +http://www.google.com/bot.html)"
66.249.64.129 - - [22/Jun/2026:05:08:22 +0000] "GET /products/detail/best/j106268241 HTTP/1.1" 200 5003 "-" "Mozilla/5.0 (Linux; Android 6.0.1; Nexus 5X Build/MMB29P) AppleWebKit/537.36 (KHTML, like Gecko) Chrome/148.0.7778.96 Mobile Safari/537.36 (compatible; Googlebot/2.1; +http://www.google.com/bot.html)"
114.119.136.86 - - [22/Jun/2026:05:09:17 +0000] "GET /robots.txt HTTP/1.1" 200 106 "https://jubaroyaltravel.com/robots.txt" "Mozilla/5.0 (Windows NT 10.0; Win64; x64) AppleWebKit/537.36 (KHTML, like Gecko) Chrome/148.0.0.0 Safari/537.36"
66.249.64.131 - - [22/Jun/2026:05:10:06 +0000] "GET /products/detail/cheap/j106373854 HTTP/1.1" 200 4894 "-" "Mozilla/5.0 (Linux; Android 6.0.1; Nexus 5X Build/MMB29P) AppleWebKit/537.36 (KHTML, like Gecko) Chrome/148.0.7778.96 Mobile Safari/537.36 (compatible; Googlebot/2.1; +http://www.google.com/bot.html)"
66.249.64.129 - - [22/Jun/2026:05:10:36 +0000] "GET /products/detail/wholesale/j106377082 HTTP/1.1" 200 4995 "-" "Mozilla/5.0 (compatible; Googlebot/2.1; +http://www.google.com/bot.html)"
66.249.64.129 - - [22/Jun/2026:05:10:58 +0000] "GET /products/detail/original/j106123201 HTTP/1.1" 200 4890 "-" "Mozilla/5.0 (Linux; Android 6.0.1; Nexus 5X Build/MMB29P) AppleWebKit/537.36 (KHTML, like Gecko) Chrome/148.0.7778.96 Mobile Safari/537.36 (compatible; Googlebot/2.1; +http://www.google.com/bot.html)"
66.249.64.130 - - [22/Jun/2026:05:11:26 +0000] "GET /products/detail/quality/j106443628 HTTP/1.1" 200 4917 "-" "Mozilla/5.0 (compatible; Googlebot/2.1; +http://www.google.com/bot.html)"
66.249.64.129 - - [22/Jun/2026:05:11:50 +0000] "GET /products/detail/buy/j106263616 HTTP/1.1" 200 4904 "-" "Mozilla/5.0 (Linux; Android 6.0.1; Nexus 5X Build/MMB29P) AppleWebKit/537.36 (KHTML, like Gecko) Chrome/148.0.7778.96 Mobile Safari/537.36 (compatible; Googlebot/2.1; +http://www.google.com/bot.html)"
66.249.64.129 - - [22/Jun/2026:05:12:41 +0000] "GET /products/detail/price/j106409708 HTTP/1.1" 200 5039 "-" "Mozilla/5.0 (Linux; Android 6.0.1; Nexus 5X Build/MMB29P) AppleWebKit/537.36 (KHTML, like Gecko) Chrome/148.0.7778.96 Mobile Safari/537.36 (compatible; Googlebot/2.1; +http://www.google.com/bot.html)"
45.148.10.62 - - [22/Jun/2026:05:13:04 +0000] "GET / HTTP/1.1" 401 53 "-" "Mozilla/5.0 (X11; Linux x86_64) AppleWebKit/537.36 (KHTML, like Gecko) Chrome/131.0.0.0 Safari/537.36"
45.148.10.62 - - [22/Jun/2026:05:13:04 +0000] "GET /.env HTTP/1.1" 401 53 "-" "Mozilla/5.0 (Windows NT 10.0; Win64; x64) AppleWebKit/537.36 (KHTML, like Gecko) Chrome/131.0.0.0 Safari/537.36"
45.148.10.62 - - [22/Jun/2026:05:13:04 +0000] "GET /.env.bak HTTP/1.1" 401 53 "-" "Mozilla/5.0 (X11; Linux x86_64) AppleWebKit/537.36 (KHTML, like Gecko) Chrome/131.0.0.0 Safari/537.36"
45.148.10.62 - - [22/Jun/2026:05:13:04 +0000] "GET /.env.save HTTP/1.1" 401 53 "-" "Mozilla/5.0 (X11; Linux x86_64) AppleWebKit/537.36 (KHTML, like Gecko) Chrome/131.0.0.0 Safari/537.36"
45.148.10.62 - - [22/Jun/2026:05:13:04 +0000] "GET /.env.local HTTP/1.1" 401 53 "-" "Mozilla/5.0 (Macintosh; Intel Mac OS X 10_15_7) AppleWebKit/537.36 (KHTML, like Gecko) Chrome/131.0.0.0 Safari/537.36"
45.148.10.62 - - [22/Jun/2026:05:13:05 +0000] "GET /backend/.env HTTP/1.1" 401 53 "-" "Mozilla/5.0 (Macintosh; Intel Mac OS X 10_15_7) AppleWebKit/537.36 (KHTML, like Gecko) Chrome/131.0.0.0 Safari/537.36"
45.148.10.62 - - [22/Jun/2026:05:13:05 +0000] "GET /admin-panel/.env HTTP/1.1" 401 53 "-" "Mozilla/5.0 (Windows NT 10.0; Win64; x64; rv:133.0) Gecko/20100101 Firefox/133.0"
45.148.10.62 - - [22/Jun/2026:05:13:05 +0000] "GET /credentials HTTP/1.1" 401 53 "-" "Mozilla/5.0 (Windows NT 10.0; Win64; x64; rv:133.0) Gecko/20100101 Firefox/133.0"
45.148.10.62 - - [22/Jun/2026:05:13:05 +0000] "GET /test.php HTTP/1.1" 401 53 "-" "Mozilla/5.0 (Macintosh; Intel Mac OS X 10_15_7) AppleWebKit/537.36 (KHTML, like Gecko) Chrome/131.0.0.0 Safari/537.36"
45.148.10.62 - - [22/Jun/2026:05:13:05 +0000] "GET /.env.staging HTTP/1.1" 401 53 "-" "Mozilla/5.0 (Macintosh; Intel Mac OS X 10_15_7) AppleWebKit/537.36 (KHTML, like Gecko) Chrome/131.0.0.0 Safari/537.36"
45.148.10.62 - - [22/Jun/2026:05:13:05 +0000] "GET /.env.backup HTTP/1.1" 401 53 "-" "Mozilla/5.0 (Windows NT 10.0; Win64; x64; rv:133.0) Gecko/20100101 Firefox/133.0"
45.148.10.62 - - [22/Jun/2026:05:13:05 +0000] "GET /.env.orig HTTP/1.1" 401 53 "-" "Mozilla/5.0 (Windows NT 10.0; Win64; x64; rv:133.0) Gecko/20100101 Firefox/133.0"
45.148.10.62 - - [22/Jun/2026:05:13:05 +0000] "GET /.env.old HTTP/1.1" 401 53 "-" "Mozilla/5.0 (Macintosh; Intel Mac OS X 10_15_7) AppleWebKit/537.36 (KHTML, like Gecko) Chrome/131.0.0.0 Safari/537.36"
45.148.10.62 - - [22/Jun/2026:05:13:05 +0000] "GET /.env.tmp HTTP/1.1" 401 53 "-" "Mozilla/5.0 (Windows NT 10.0; Win64; x64; rv:133.0) Gecko/20100101 Firefox/133.0"
45.148.10.62 - - [22/Jun/2026:05:13:05 +0000] "GET /.env.php.bak HTTP/1.1" 401 53 "-" "Mozilla/5.0 (Windows NT 10.0; Win64; x64) AppleWebKit/537.36 (KHTML, like Gecko) Chrome/131.0.0.0 Safari/537.36"
45.148.10.62 - - [22/Jun/2026:05:13:05 +0000] "GET /.env.php HTTP/1.1" 401 53 "-" "Mozilla/5.0 (Windows NT 10.0; Win64; x64) AppleWebKit/537.36 (KHTML, like Gecko) Chrome/131.0.0.0 Safari/537.36"
45.148.10.62 - - [22/Jun/2026:05:13:05 +0000] "GET /.env.txt HTTP/1.1" 401 53 "-" "Mozilla/5.0 (X11; Linux x86_64) AppleWebKit/537.36 (KHTML, like Gecko) Chrome/131.0.0.0 Safari/537.36"
45.148.10.62 - - [22/Jun/2026:05:13:05 +0000] "GET /.env.prod HTTP/1.1" 401 53 "-" "Mozilla/5.0 (Macintosh; Intel Mac OS X 10_15_7) AppleWebKit/537.36 (KHTML, like Gecko) Chrome/131.0.0.0 Safari/537.36"
45.148.10.62 - - [22/Jun/2026:05:13:05 +0000] "GET /.env.dev HTTP/1.1" 401 53 "-" "Mozilla/5.0 (Macintosh; Intel Mac OS X 10_15_7) AppleWebKit/537.36 (KHTML, like Gecko) Chrome/131.0.0.0 Safari/537.36"
45.148.10.62 - - [22/Jun/2026:05:13:05 +0000] "GET /config.json.save HTTP/1.1" 401 53 "-" "Mozilla/5.0 (Windows NT 10.0; Win64; x64) AppleWebKit/537.36 (KHTML, like Gecko) Chrome/131.0.0.0 Safari/537.36"
45.148.10.62 - - [22/Jun/2026:05:13:05 +0000] "GET /admin/.env HTTP/1.1" 401 53 "-" "Mozilla/5.0 (X11; Linux x86_64) AppleWebKit/537.36 (KHTML, like Gecko) Chrome/131.0.0.0 Safari/537.36"
45.148.10.62 - - [22/Jun/2026:05:13:05 +0000] "GET /.git/config HTTP/1.1" 401 53 "-" "Mozilla/5.0 (Windows NT 10.0; Win64; x64) AppleWebKit/537.36 (KHTML, like Gecko) Chrome/131.0.0.0 Safari/537.36"
45.148.10.62 - - [22/Jun/2026:05:13:05 +0000] "GET /wp-config.php HTTP/1.1" 401 53 "-" "Mozilla/5.0 (Macintosh; Intel Mac OS X 10_15_7) AppleWebKit/537.36 (KHTML, like Gecko) Chrome/131.0.0.0 Safari/537.36"
45.148.10.62 - - [22/Jun/2026:05:13:05 +0000] "GET /wp-config.php.old HTTP/1.1" 401 53 "-" "Mozilla/5.0 (X11; Linux x86_64) AppleWebKit/537.36 (KHTML, like Gecko) Chrome/131.0.0.0 Safari/537.36"
45.148.10.62 - - [22/Jun/2026:05:13:05 +0000] "GET /config.php HTTP/1.1" 401 53 "-" "Mozilla/5.0 (X11; Linux x86_64) AppleWebKit/537.36 (KHTML, like Gecko) Chrome/131.0.0.0 Safari/537.36"
45.148.10.62 - - [22/Jun/2026:05:13:05 +0000] "GET /config.php.bak HTTP/1.1" 401 53 "-" "Mozilla/5.0 (X11; Linux x86_64) AppleWebKit/537.36 (KHTML, like Gecko) Chrome/131.0.0.0 Safari/537.36"
45.148.10.62 - - [22/Jun/2026:05:13:05 +0000] "GET /config.js HTTP/1.1" 401 53 "-" "Mozilla/5.0 (X11; Linux x86_64) AppleWebKit/537.36 (KHTML, like Gecko) Chrome/131.0.0.0 Safari/537.36"
45.148.10.62 - - [22/Jun/2026:05:13:05 +0000] "GET /aws-config.js HTTP/1.1" 401 53 "-" "Mozilla/5.0 (Macintosh; Intel Mac OS X 10_15_7) AppleWebKit/537.36 (KHTML, like Gecko) Chrome/131.0.0.0 Safari/537.36"
45.148.10.62 - - [22/Jun/2026:05:13:05 +0000] "GET /aws.config.js HTTP/1.1" 401 53 "-" "Mozilla/5.0 (X11; Linux x86_64) AppleWebKit/537.36 (KHTML, like Gecko) Chrome/131.0.0.0 Safari/537.36"
45.148.10.62 - - [22/Jun/2026:05:13:05 +0000] "GET /phpinfo.php HTTP/1.1" 401 53 "-" "Mozilla/5.0 (Macintosh; Intel Mac OS X 10_15_7) AppleWebKit/537.36 (KHTML, like Gecko) Chrome/131.0.0.0 Safari/537.36"
137.184.115.126 - - [22/Jun/2026:05:13:24 +0000] "POST /wp-login.php HTTP/1.1" 200 105840 "-" "Mozilla/5.0"
66.249.64.130 - - [22/Jun/2026:05:13:33 +0000] "GET /products/detail/price/j106136296 HTTP/1.1" 200 4986 "-" "Mozilla/5.0 (Linux; Android 6.0.1; Nexus 5X Build/MMB29P) AppleWebKit/537.36 (KHTML, like Gecko) Chrome/148.0.7778.96 Mobile Safari/537.36 (compatible; Googlebot/2.1; +http://www.google.com/bot.html)"
66.249.64.129 - - [22/Jun/2026:05:14:03 +0000] "GET /products/detail/comfortable/j10611457 HTTP/1.1" 200 4914 "-" "Mozilla/5.0 (Linux; Android 6.0.1; Nexus 5X Build/MMB29P) AppleWebKit/537.36 (KHTML, like Gecko) Chrome/148.0.7778.96 Mobile Safari/537.36 (compatible; Googlebot/2.1; +http://www.google.com/bot.html)"
35.214.122.45 - - [22/Jun/2026:05:14:18 +0000] "GET / HTTP/1.1" 200 5066 "-" "Mozilla/5.0 (Windows NT 10.0; Win64; x64) AppleWebKit/537.36 (KHTML, like Gecko; compatible; BuiltWith/1.4; rb.gy/xprgqj) Chrome/124.0.0.0 Safari/537.36"
35.214.122.45 - - [22/Jun/2026:05:14:18 +0000] "GET /robots.txt HTTP/1.1" 200 106 "-" "Mozilla/5.0 (Windows NT 10.0; Win64; x64) AppleWebKit/537.36 (KHTML, like Gecko; compatible; BuiltWith/1.4; rb.gy/xprgqj) Chrome/124.0.0.0 Safari/537.36"
35.214.122.45 - - [22/Jun/2026:05:14:18 +0000] "GET /?fileloc=/home/jubaroyal/public_html/wp-config-sample.php&path=/home/jubaroyal/public_html HTTP/1.1" 200 3835 "-" "Mozilla/5.0 (Windows NT 10.0; Win64; x64) AppleWebKit/537.36 (KHTML, like Gecko; compatible; BuiltWith/1.4; rb.gy/xprgqj) Chrome/124.0.0.0 Safari/537.36"
35.214.122.45 - - [22/Jun/2026:05:14:18 +0000] "GET /?fileloc=/home/jubaroyal/public_html/.gitattributes&path=/home/jubaroyal/public_html HTTP/1.1" 200 2616 "-" "Mozilla/5.0 (Windows NT 10.0; Win64; x64) AppleWebKit/537.36 (KHTML, like Gecko; compatible; BuiltWith/1.4; rb.gy/xprgqj) Chrome/124.0.0.0 Safari/537.36"
35.214.122.45 - - [22/Jun/2026:05:14:18 +0000] "GET /ads.txt HTTP/1.1" 200 4951 "-" "Mozilla/5.0 (Windows NT 10.0; Win64; x64) AppleWebKit/537.36 (KHTML, like Gecko; compatible; BuiltWith/1.4; rb.gy/xprgqj) Chrome/124.0.0.0 Safari/537.36"
66.249.64.129 - - [22/Jun/2026:05:14:19 +0000] "GET /products/detail/cheap/j106381528 HTTP/1.1" 200 4913 "-" "Mozilla/5.0 (compatible; Googlebot/2.1; +http://www.google.com/bot.html)"
66.249.64.129 - - [22/Jun/2026:05:14:25 +0000] "GET /products/detail/clearance/j106328993 HTTP/1.1" 200 4901 "-" "Mozilla/5.0 (Linux; Android 6.0.1; Nexus 5X Build/MMB29P) AppleWebKit/537.36 (KHTML, like Gecko) Chrome/148.0.7778.96 Mobile Safari/537.36 (compatible; Googlebot/2.1; +http://www.google.com/bot.html)"
165.227.85.172 - - [22/Jun/2026:05:14:48 +0000] "POST /wp-login.php HTTP/1.1" 200 105840 "-" "Mozilla/5.0"
66.249.64.131 - - [22/Jun/2026:05:16:09 +0000] "GET /products/detail/special/j106313601 HTTP/1.1" 200 4912 "-" "Mozilla/5.0 (Linux; Android 6.0.1; Nexus 5X Build/MMB29P) AppleWebKit/537.36 (KHTML, like Gecko) Chrome/148.0.7778.96 Mobile Safari/537.36 (compatible; Googlebot/2.1; +http://www.google.com/bot.html)"
66.249.64.131 - - [22/Jun/2026:05:17:00 +0000] "GET /products/detail/authentic/j106228992 HTTP/1.1" 200 4893 "-" "Mozilla/5.0 (Linux; Android 6.0.1; Nexus 5X Build/MMB29P) AppleWebKit/537.36 (KHTML, like Gecko) Chrome/148.0.7778.96 Mobile Safari/537.36 (compatible; Googlebot/2.1; +http://www.google.com/bot.html)"
66.249.64.129 - - [22/Jun/2026:05:17:52 +0000] "GET /products/detail/arrival/j10693830 HTTP/1.1" 200 4902 "-" "Mozilla/5.0 (Linux; Android 6.0.1; Nexus 5X Build/MMB29P) AppleWebKit/537.36 (KHTML, like Gecko) Chrome/148.0.7778.96 Mobile Safari/537.36 (compatible; Googlebot/2.1; +http://www.google.com/bot.html)"
66.249.64.131 - - [22/Jun/2026:05:19:36 +0000] "GET /products/detail/online/j106454881 HTTP/1.1" 200 5168 "-" "Mozilla/5.0 (Linux; Android 6.0.1; Nexus 5X Build/MMB29P) AppleWebKit/537.36 (KHTML, like Gecko) Chrome/148.0.7778.96 Mobile Safari/537.36 (compatible; Googlebot/2.1; +http://www.google.com/bot.html)"
176.65.139.238 - - [22/Jun/2026:05:21:00 +0000] "GET /.env HTTP/1.1" 404 5750 "-" "Mozilla/5.0 (Windows NT 10.0; Win64; x64) AppleWebKit/537.36 (KHTML, like Gecko) Chrome/147.0.0.0 Safari/537.36"
176.65.139.229 - - [22/Jun/2026:05:21:00 +0000] "GET /.env HTTP/1.1" 200 1220 "-" "Mozilla/5.0 (Windows NT 10.0; Win64; x64) AppleWebKit/537.36 (KHTML, like Gecko) Chrome/147.0.0.0 Safari/537.36"
176.65.139.229 - - [22/Jun/2026:05:21:00 +0000] "GET /.env HTTP/1.1" 401 36 "-" "Mozilla/5.0 (Windows NT 10.0; Win64; x64) AppleWebKit/537.36 (KHTML, like Gecko) Chrome/147.0.0.0 Safari/537.36"
176.65.139.232 - - [22/Jun/2026:05:21:00 +0000] "GET /.env HTTP/1.1" 200 1220 "-" "Mozilla/5.0 (Windows NT 10.0; Win64; x64) AppleWebKit/537.36 (KHTML, like Gecko) Chrome/147.0.0.0 Safari/537.36"
176.65.139.236 - - [22/Jun/2026:05:21:00 +0000] "GET /.env HTTP/1.1" 401 36 "-" "Mozilla/5.0 (Windows NT 10.0; Win64; x64) AppleWebKit/537.36 (KHTML, like Gecko) Chrome/147.0.0.0 Safari/537.36"
176.65.139.237 - - [22/Jun/2026:05:21:00 +0000] "GET /.env HTTP/1.1" 400 52 "-" "Mozilla/5.0 (Windows NT 10.0; Win64; x64) AppleWebKit/537.36 (KHTML, like Gecko) Chrome/147.0.0.0 Safari/537.36"
176.65.139.238 - - [22/Jun/2026:05:21:00 +0000] "GET /.env HTTP/1.1" 200 1220 "-" "Mozilla/5.0 (Windows NT 10.0; Win64; x64) AppleWebKit/537.36 (KHTML, like Gecko) Chrome/147.0.0.0 Safari/537.36"
66.249.64.129 - - [22/Jun/2026:05:21:04 +0000] "GET /products/detail/vintage/j106354785 HTTP/1.1" 200 4902 "-" "Mozilla/5.0 (compatible; Googlebot/2.1; +http://www.google.com/bot.html)"
66.249.64.129 - - [22/Jun/2026:05:21:23 +0000] "GET /products/detail/discount/j106284846 HTTP/1.1" 200 4955 "-" "Mozilla/5.0 (compatible; Googlebot/2.1; +http://www.google.com/bot.html)"
66.249.64.129 - - [22/Jun/2026:05:21:52 +0000] "GET /products/detail/discount/j10643297 HTTP/1.1" 200 4914 "-" "Mozilla/5.0 (Linux; Android 6.0.1; Nexus 5X Build/MMB29P) AppleWebKit/537.36 (KHTML, like Gecko) Chrome/148.0.7778.96 Mobile Safari/537.36 (compatible; Googlebot/2.1; +http://www.google.com/bot.html)"
66.249.64.129 - - [22/Jun/2026:05:21:52 +0000] "GET /items/K60751058/ HTTP/1.1" 200 4894 "-" "Mozilla/5.0 (Linux; Android 6.0.1; Nexus 5X Build/MMB29P) AppleWebKit/537.36 (KHTML, like Gecko) Chrome/148.0.7778.96 Mobile Safari/537.36 (compatible; Googlebot/2.1; +http://www.google.com/bot.html)"
66.249.64.129 - - [22/Jun/2026:05:22:18 +0000] "GET /products/detail/arrival/j106343873 HTTP/1.1" 200 4904 "-" "Mozilla/5.0 (Linux; Android 6.0.1; Nexus 5X Build/MMB29P) AppleWebKit/537.36 (KHTML, like Gecko) Chrome/148.0.7778.96 Mobile Safari/537.36 (compatible; Googlebot/2.1; +http://www.google.com/bot.html)"
165.227.85.172 - - [22/Jun/2026:05:22:46 +0000] "POST /wp-login.php HTTP/1.1" 200 105840 "-" "Mozilla/5.0"
66.249.64.130 - - [22/Jun/2026:05:23:46 +0000] "GET /products/detail/authentic/j10627137 HTTP/1.1" 200 4902 "-" "Mozilla/5.0 (Linux; Android 6.0.1; Nexus 5X Build/MMB29P) AppleWebKit/537.36 (KHTML, like Gecko) Chrome/148.0.7778.96 Mobile Safari/537.36 (compatible; Googlebot/2.1; +http://www.google.com/bot.html)"
66.249.64.129 - - [22/Jun/2026:05:24:33 +0000] "GET /products/detail/quality/j106395297 HTTP/1.1" 200 4914 "-" "Mozilla/5.0 (Linux; Android 6.0.1; Nexus 5X Build/MMB29P) AppleWebKit/537.36 (KHTML, like Gecko) Chrome/148.0.7778.96 Mobile Safari/537.36 (compatible; Googlebot/2.1; +http://www.google.com/bot.html)"
66.249.64.130 - - [22/Jun/2026:05:25:21 +0000] "GET /products/detail/jp/j106179073 HTTP/1.1" 200 4955 "-" "Mozilla/5.0 (Linux; Android 6.0.1; Nexus 5X Build/MMB29P) AppleWebKit/537.36 (KHTML, like Gecko) Chrome/148.0.7778.96 Mobile Safari/537.36 (compatible; Googlebot/2.1; +http://www.google.com/bot.html)"
137.184.115.126 - - [22/Jun/2026:05:25:42 +0000] "POST /wp-login.php HTTP/1.1" 200 105840 "-" "Mozilla/5.0"
66.249.64.129 - - [22/Jun/2026:05:26:08 +0000] "GET /products/detail/high/j106440823 HTTP/1.1" 200 4902 "-" "Mozilla/5.0 (Linux; Android 6.0.1; Nexus 5X Build/MMB29P) AppleWebKit/537.36 (KHTML, like Gecko) Chrome/148.0.7778.96 Mobile Safari/537.36 (compatible; Googlebot/2.1; +http://www.google.com/bot.html)"
66.249.64.130 - - [22/Jun/2026:05:26:34 +0000] "GET /products/detail/best/j106374241 HTTP/1.1" 200 4955 "-" "Mozilla/5.0 (Linux; Android 6.0.1; Nexus 5X Build/MMB29P) AppleWebKit/537.36 (KHTML, like Gecko) Chrome/148.0.7778.96 Mobile Safari/537.36 (compatible; Googlebot/2.1; +http://www.google.com/bot.html)"
66.249.64.129 - - [22/Jun/2026:05:27:22 +0000] "GET /products/detail/original/j106432130 HTTP/1.1" 200 4902 "-" "Mozilla/5.0 (Linux; Android 6.0.1; Nexus 5X Build/MMB29P) AppleWebKit/537.36 (KHTML, like Gecko) Chrome/148.0.7778.96 Mobile Safari/537.36 (compatible; Googlebot/2.1; +http://www.google.com/bot.html)"
66.249.64.129 - - [22/Jun/2026:05:27:46 +0000] "GET /items/G110343078/ HTTP/1.1" 200 4902 "-" "Mozilla/5.0 (compatible; Googlebot/2.1; +http://www.google.com/bot.html)"
66.249.64.130 - - [22/Jun/2026:05:28:14 +0000] "GET /products/detail/jp/j106263265 HTTP/1.1" 200 4902 "-" "Mozilla/5.0 (Linux; Android 6.0.1; Nexus 5X Build/MMB29P) AppleWebKit/537.36 (KHTML, like Gecko) Chrome/148.0.7778.96 Mobile Safari/537.36 (compatible; Googlebot/2.1; +http://www.google.com/bot.html)"
66.249.64.130 - - [22/Jun/2026:05:29:06 +0000] "GET /products/detail/inexpensive/j106490817 HTTP/1.1" 200 5095 "-" "Mozilla/5.0 (Linux; Android 6.0.1; Nexus 5X Build/MMB29P) AppleWebKit/537.36 (KHTML, like Gecko) Chrome/148.0.7778.96 Mobile Safari/537.36 (compatible; Googlebot/2.1; +http://www.google.com/bot.html)"
165.227.85.172 - - [22/Jun/2026:05:30:47 +0000] "POST /wp-login.php HTTP/1.1" 200 105840 "-" "Mozilla/5.0"
66.249.64.130 - - [22/Jun/2026:05:30:49 +0000] "GET /products/detail/cheap/j106406113 HTTP/1.1" 200 4956 "-" "Mozilla/5.0 (Linux; Android 6.0.1; Nexus 5X Build/MMB29P) AppleWebKit/537.36 (KHTML, like Gecko) Chrome/148.0.7778.96 Mobile Safari/537.36 (compatible; Googlebot/2.1; +http://www.google.com/bot.html)"
66.249.64.130 - - [22/Jun/2026:05:31:41 +0000] "GET /products/detail/new/j106354409 HTTP/1.1" 200 5065 "-" "Mozilla/5.0 (Linux; Android 6.0.1; Nexus 5X Build/MMB29P) AppleWebKit/537.36 (KHTML, like Gecko) Chrome/148.0.7778.96 Mobile Safari/537.36 (compatible; Googlebot/2.1; +http://www.google.com/bot.html)"
109.186.210.209 - - [22/Jun/2026:05:32:01 +0000] "GET /products/detail/price/j106298090 HTTP/1.1" 200 6180 "-" "Mozilla/5.0 (Macintosh; Intel Mac OS X 10_14_6) AppleWebKit/537.36 (KHTML, like Gecko) Chrome/90.0.4430.93 Safari/537.36"
45.148.10.120 - - [22/Jun/2026:05:32:01 +0000] "GET /.git/config HTTP/1.1" 401 53 "-" "Mozilla/5.0 (Macintosh; Intel Mac OS X 10_9_0) AppleWebKit/537.36 (KHTML, like Gecko) Chrome/32.0.1664.3 Safari/537.36"
66.249.64.131 - - [22/Jun/2026:05:32:09 +0000] "GET /products/detail/latest/j106462265 HTTP/1.1" 200 4902 "-" "Mozilla/5.0 (Linux; Android 6.0.1; Nexus 5X Build/MMB29P) AppleWebKit/537.36 (KHTML, like Gecko) Chrome/148.0.7778.96 Mobile Safari/537.36 (compatible; Googlebot/2.1; +http://www.google.com/bot.html)"
66.249.64.130 - - [22/Jun/2026:05:32:33 +0000] "GET /products/detail/on/j106491156 HTTP/1.1" 200 4912 "-" "Mozilla/5.0 (Linux; Android 6.0.1; Nexus 5X Build/MMB29P) AppleWebKit/537.36 (KHTML, like Gecko) Chrome/148.0.7778.96 Mobile Safari/537.36 (compatible; Googlebot/2.1; +http://www.google.com/bot.html)"
66.249.64.130 - - [22/Jun/2026:05:33:05 +0000] "GET /products/detail/outlet/j106413113 HTTP/1.1" 200 4902 "-" "Mozilla/5.0 (Linux; Android 6.0.1; Nexus 5X Build/MMB29P) AppleWebKit/537.36 (KHTML, like Gecko) Chrome/148.0.7778.96 Mobile Safari/537.36 (compatible; Googlebot/2.1; +http://www.google.com/bot.html)"
66.249.64.129 - - [22/Jun/2026:05:33:25 +0000] "GET /products/detail/shop/j106250624 HTTP/1.1" 200 4955 "-" "Mozilla/5.0 (Linux; Android 6.0.1; Nexus 5X Build/MMB29P) AppleWebKit/537.36 (KHTML, like Gecko) Chrome/148.0.7778.96 Mobile Safari/537.36 (compatible; Googlebot/2.1; +http://www.google.com/bot.html)"
66.249.64.129 - - [22/Jun/2026:05:34:01 +0000] "GET /products/detail/brand/j106279573 HTTP/1.1" 200 4927 "-" "Mozilla/5.0 (compatible; Googlebot/2.1; +http://www.google.com/bot.html)"
66.249.64.130 - - [22/Jun/2026:05:34:17 +0000] "GET /products/detail/vintage/j106228353 HTTP/1.1" 200 4902 "-" "Mozilla/5.0 (Linux; Android 6.0.1; Nexus 5X Build/MMB29P) AppleWebKit/537.36 (KHTML, like Gecko) Chrome/148.0.7778.96 Mobile Safari/537.36 (compatible; Googlebot/2.1; +http://www.google.com/bot.html)"
66.249.64.129 - - [22/Jun/2026:05:34:49 +0000] "GET /products/detail/store/j10630398 HTTP/1.1" 200 4894 "-" "Mozilla/5.0 (compatible; Googlebot/2.1; +http://www.google.com/bot.html)"
66.249.64.130 - - [22/Jun/2026:05:35:08 +0000] "GET /products/detail/shopping/j106487585 HTTP/1.1" 200 5000 "-" "Mozilla/5.0 (Linux; Android 6.0.1; Nexus 5X Build/MMB29P) AppleWebKit/537.36 (KHTML, like Gecko) Chrome/148.0.7778.96 Mobile Safari/537.36 (compatible; Googlebot/2.1; +http://www.google.com/bot.html)"
82.24.221.246 - - [22/Jun/2026:05:35:31 +0000] "GET /wp-login.php HTTP/2" 200 4947 "-" "Mozilla/5.0 (Windows NT 10.0; Win64; x64) AppleWebKit/537.36 (KHTML, like Gecko) Chrome/145.0.0.0 Safari/537.36"
82.24.221.246 - - [22/Jun/2026:05:35:32 +0000] "POST /wp-login.php HTTP/2" 200 4893 "https://jubaroyaltravel.com/wp-login.php" "Mozilla/5.0 (Windows NT 10.0; Win64; x64) AppleWebKit/537.36 (KHTML, like Gecko) Chrome/145.0.0.0 Safari/537.36"
66.249.64.129 - - [22/Jun/2026:05:35:40 +0000] "GET /products/detail/on/j106476897 HTTP/1.1" 200 4893 "-" "Mozilla/5.0 (Linux; Android 6.0.1; Nexus 5X Build/MMB29P) AppleWebKit/537.36 (KHTML, like Gecko) Chrome/148.0.7778.96 Mobile Safari/537.36 (compatible; Googlebot/2.1; +http://www.google.com/bot.html)"
66.249.64.129 - - [22/Jun/2026:05:36:47 +0000] "GET /products/detail/brand/j10629549 HTTP/1.1" 200 4893 "-" "Mozilla/5.0 (compatible; Googlebot/2.1; +http://www.google.com/bot.html)"
66.249.64.130 - - [22/Jun/2026:05:36:48 +0000] "GET /products/detail/brand/j10629549 HTTP/1.1" 200 4954 "-" "Mozilla/5.0 (Linux; Android 6.0.1; Nexus 5X Build/MMB29P) AppleWebKit/537.36 (KHTML, like Gecko) Chrome/148.0.7778.96 Mobile Safari/537.36 (compatible; Googlebot/2.1; +http://www.google.com/bot.html)"
66.249.64.130 - - [22/Jun/2026:05:36:52 +0000] "GET /products/detail/best/j106197313 HTTP/1.1" 200 4956 "-" "Mozilla/5.0 (Linux; Android 6.0.1; Nexus 5X Build/MMB29P) AppleWebKit/537.36 (KHTML, like Gecko) Chrome/148.0.7778.96 Mobile Safari/537.36 (compatible; Googlebot/2.1; +http://www.google.com/bot.html)"
45.148.10.120 - - [22/Jun/2026:05:37:01 +0000] "GET /.git/config HTTP/1.1" 403 1242 "-" "Mozilla/5.0 (Linux; Android 9; STF-L09) AppleWebKit/537.36 (KHTML, like Gecko) Chrome/76.0.3809.111 Mobile Safari/537.36"
66.249.64.129 - - [22/Jun/2026:05:37:44 +0000] "GET /products/detail/price/j106417643 HTTP/1.1" 200 4914 "-" "Mozilla/5.0 (Linux; Android 6.0.1; Nexus 5X Build/MMB29P) AppleWebKit/537.36 (KHTML, like Gecko) Chrome/148.0.7778.96 Mobile Safari/537.36 (compatible; Googlebot/2.1; +http://www.google.com/bot.html)"
39.34.233.212 - - [22/Jun/2026:05:37:59 +0000] "POST /xmlrpc.php HTTP/1.1" 403 1242 "-" "WordPress.com; https://wordpress.com"
137.184.115.126 - - [22/Jun/2026:05:38:11 +0000] "POST /wp-login.php HTTP/1.1" 200 105840 "-" "Mozilla/5.0"
66.249.64.129 - - [22/Jun/2026:05:38:30 +0000] "GET /products/detail/wholesale/j106447297 HTTP/1.1" 200 4927 "-" "Mozilla/5.0 (Linux; Android 6.0.1; Nexus 5X Build/MMB29P) AppleWebKit/537.36 (KHTML, like Gecko) Chrome/148.0.7778.96 Mobile Safari/537.36 (compatible; Googlebot/2.1; +http://www.google.com/bot.html)"
66.249.64.130 - - [22/Jun/2026:05:38:32 +0000] "GET /products/detail/wholesale/j106447297 HTTP/1.1" 200 4904 "-" "Mozilla/5.0 (compatible; Googlebot/2.1; +http://www.google.com/bot.html)"
66.249.64.131 - - [22/Jun/2026:05:38:36 +0000] "GET /products/detail/cheap/j106452885 HTTP/1.1" 200 4913 "-" "Mozilla/5.0 (Linux; Android 6.0.1; Nexus 5X Build/MMB29P) AppleWebKit/537.36 (KHTML, like Gecko) Chrome/148.0.7778.96 Mobile Safari/537.36 (compatible; Googlebot/2.1; +http://www.google.com/bot.html)"
165.227.85.172 - - [22/Jun/2026:05:38:53 +0000] "POST /wp-login.php HTTP/1.1" 200 105840 "-" "Mozilla/5.0"
66.249.64.129 - - [22/Jun/2026:05:39:27 +0000] "GET /products/detail/high/j106150216 HTTP/1.1" 200 4927 "-" "Mozilla/5.0 (Linux; Android 6.0.1; Nexus 5X Build/MMB29P) AppleWebKit/537.36 (KHTML, like Gecko) Chrome/148.0.7778.96 Mobile Safari/537.36 (compatible; Googlebot/2.1; +http://www.google.com/bot.html)"
45.148.10.120 - - [22/Jun/2026:05:39:53 +0000] "GET /.git/config HTTP/1.1" 400 52 "-" "Mozilla/5.0 (OS/2; Warp 4.5; rv:38.0) Gecko/20100101 Firefox/38.0"
66.249.64.131 - - [22/Jun/2026:05:40:19 +0000] "GET /products/detail/shopping/j10652321 HTTP/1.1" 200 4902 "-" "Mozilla/5.0 (Linux; Android 6.0.1; Nexus 5X Build/MMB29P) AppleWebKit/537.36 (KHTML, like Gecko) Chrome/148.0.7778.96 Mobile Safari/537.36 (compatible; Googlebot/2.1; +http://www.google.com/bot.html)"
66.249.64.129 - - [22/Jun/2026:05:41:11 +0000] "GET /products/detail/wholesale/j106388596 HTTP/1.1" 200 4955 "-" "Mozilla/5.0 (Linux; Android 6.0.1; Nexus 5X Build/MMB29P) AppleWebKit/537.36 (KHTML, like Gecko) Chrome/148.0.7778.96 Mobile Safari/537.36 (compatible; Googlebot/2.1; +http://www.google.com/bot.html)"
66.249.64.130 - - [22/Jun/2026:05:41:38 +0000] "GET /products/detail/inexpensive/j106387710 HTTP/1.1" 200 4902 "-" "Mozilla/5.0 (compatible; Googlebot/2.1; +http://www.google.com/bot.html)"
66.249.64.131 - - [22/Jun/2026:05:42:03 +0000] "GET /products/detail/online/j106213729 HTTP/1.1" 200 4912 "-" "Mozilla/5.0 (Linux; Android 6.0.1; Nexus 5X Build/MMB29P) AppleWebKit/537.36 (KHTML, like Gecko) Chrome/148.0.7778.96 Mobile Safari/537.36 (compatible; Googlebot/2.1; +http://www.google.com/bot.html)"
45.148.10.62 - - [22/Jun/2026:05:43:08 +0000] "GET / HTTP/1.1" 401 53 "-" "Mozilla/5.0 (Windows NT 10.0; Win64; x64) AppleWebKit/537.36 (KHTML, like Gecko) Chrome/131.0.0.0 Safari/537.36"
45.148.10.62 - - [22/Jun/2026:05:43:08 +0000] "GET /.env HTTP/1.1" 401 53 "-" "Mozilla/5.0 (Macintosh; Intel Mac OS X 10_15_7) AppleWebKit/537.36 (KHTML, like Gecko) Chrome/131.0.0.0 Safari/537.36"
45.148.10.62 - - [22/Jun/2026:05:43:08 +0000] "GET /.env.bak HTTP/1.1" 401 53 "-" "Mozilla/5.0 (Windows NT 10.0; Win64; x64; rv:133.0) Gecko/20100101 Firefox/133.0"
45.148.10.62 - - [22/Jun/2026:05:43:08 +0000] "GET /.env.save HTTP/1.1" 401 53 "-" "Mozilla/5.0 (Windows NT 10.0; Win64; x64) AppleWebKit/537.36 (KHTML, like Gecko) Chrome/131.0.0.0 Safari/537.36"
45.148.10.62 - - [22/Jun/2026:05:43:08 +0000] "GET /.env.local HTTP/1.1" 401 53 "-" "Mozilla/5.0 (Macintosh; Intel Mac OS X 10_15_7) AppleWebKit/537.36 (KHTML, like Gecko) Chrome/131.0.0.0 Safari/537.36"
45.148.10.62 - - [22/Jun/2026:05:43:08 +0000] "GET /backend/.env HTTP/1.1" 401 53 "-" "Mozilla/5.0 (Windows NT 10.0; Win64; x64) AppleWebKit/537.36 (KHTML, like Gecko) Chrome/131.0.0.0 Safari/537.36"
45.148.10.62 - - [22/Jun/2026:05:43:08 +0000] "GET /admin-panel/.env HTTP/1.1" 401 53 "-" "Mozilla/5.0 (X11; Linux x86_64) AppleWebKit/537.36 (KHTML, like Gecko) Chrome/131.0.0.0 Safari/537.36"
45.148.10.62 - - [22/Jun/2026:05:43:08 +0000] "GET /credentials HTTP/1.1" 401 53 "-" "Mozilla/5.0 (Windows NT 10.0; Win64; x64; rv:133.0) Gecko/20100101 Firefox/133.0"
45.148.10.62 - - [22/Jun/2026:05:43:08 +0000] "GET /test.php HTTP/1.1" 401 53 "-" "Mozilla/5.0 (Macintosh; Intel Mac OS X 10_15_7) AppleWebKit/537.36 (KHTML, like Gecko) Chrome/131.0.0.0 Safari/537.36"
45.148.10.62 - - [22/Jun/2026:05:43:08 +0000] "GET /.env.staging HTTP/1.1" 401 53 "-" "Mozilla/5.0 (X11; Linux x86_64) AppleWebKit/537.36 (KHTML, like Gecko) Chrome/131.0.0.0 Safari/537.36"
45.148.10.62 - - [22/Jun/2026:05:43:08 +0000] "GET /.env.backup HTTP/1.1" 401 53 "-" "Mozilla/5.0 (X11; Linux x86_64) AppleWebKit/537.36 (KHTML, like Gecko) Chrome/131.0.0.0 Safari/537.36"
45.148.10.62 - - [22/Jun/2026:05:43:08 +0000] "GET /.env.orig HTTP/1.1" 401 53 "-" "Mozilla/5.0 (Windows NT 10.0; Win64; x64) AppleWebKit/537.36 (KHTML, like Gecko) Chrome/131.0.0.0 Safari/537.36"
45.148.10.62 - - [22/Jun/2026:05:43:08 +0000] "GET /.env.old HTTP/1.1" 401 53 "-" "Mozilla/5.0 (Macintosh; Intel Mac OS X 10_15_7) AppleWebKit/537.36 (KHTML, like Gecko) Chrome/131.0.0.0 Safari/537.36"
45.148.10.62 - - [22/Jun/2026:05:43:08 +0000] "GET /.env.tmp HTTP/1.1" 401 53 "-" "Mozilla/5.0 (Windows NT 10.0; Win64; x64; rv:133.0) Gecko/20100101 Firefox/133.0"
45.148.10.62 - - [22/Jun/2026:05:43:08 +0000] "GET /.env.php.bak HTTP/1.1" 401 53 "-" "Mozilla/5.0 (Windows NT 10.0; Win64; x64) AppleWebKit/537.36 (KHTML, like Gecko) Chrome/131.0.0.0 Safari/537.36"
45.148.10.62 - - [22/Jun/2026:05:43:08 +0000] "GET /.env.php HTTP/1.1" 401 53 "-" "Mozilla/5.0 (Windows NT 10.0; Win64; x64; rv:133.0) Gecko/20100101 Firefox/133.0"
45.148.10.62 - - [22/Jun/2026:05:43:08 +0000] "GET /.env.txt HTTP/1.1" 401 53 "-" "Mozilla/5.0 (Windows NT 10.0; Win64; x64; rv:133.0) Gecko/20100101 Firefox/133.0"
45.148.10.62 - - [22/Jun/2026:05:43:08 +0000] "GET /.env.prod HTTP/1.1" 401 53 "-" "Mozilla/5.0 (Windows NT 10.0; Win64; x64; rv:133.0) Gecko/20100101 Firefox/133.0"
45.148.10.62 - - [22/Jun/2026:05:43:08 +0000] "GET /.env.dev HTTP/1.1" 401 53 "-" "Mozilla/5.0 (Windows NT 10.0; Win64; x64) AppleWebKit/537.36 (KHTML, like Gecko) Chrome/131.0.0.0 Safari/537.36"
45.148.10.62 - - [22/Jun/2026:05:43:08 +0000] "GET /config.json.save HTTP/1.1" 401 53 "-" "Mozilla/5.0 (Macintosh; Intel Mac OS X 10_15_7) AppleWebKit/537.36 (KHTML, like Gecko) Chrome/131.0.0.0 Safari/537.36"
45.148.10.62 - - [22/Jun/2026:05:43:08 +0000] "GET /admin/.env HTTP/1.1" 401 53 "-" "Mozilla/5.0 (Windows NT 10.0; Win64; x64; rv:133.0) Gecko/20100101 Firefox/133.0"
45.148.10.62 - - [22/Jun/2026:05:43:08 +0000] "GET /.git/config HTTP/1.1" 401 53 "-" "Mozilla/5.0 (Macintosh; Intel Mac OS X 10_15_7) AppleWebKit/537.36 (KHTML, like Gecko) Chrome/131.0.0.0 Safari/537.36"
45.148.10.62 - - [22/Jun/2026:05:43:08 +0000] "GET /wp-config.php HTTP/1.1" 401 53 "-" "Mozilla/5.0 (Windows NT 10.0; Win64; x64; rv:133.0) Gecko/20100101 Firefox/133.0"
45.148.10.62 - - [22/Jun/2026:05:43:09 +0000] "GET /wp-config.php.old HTTP/1.1" 401 53 "-" "Mozilla/5.0 (Windows NT 10.0; Win64; x64; rv:133.0) Gecko/20100101 Firefox/133.0"
45.148.10.62 - - [22/Jun/2026:05:43:09 +0000] "GET /config.php HTTP/1.1" 401 53 "-" "Mozilla/5.0 (Windows NT 10.0; Win64; x64) AppleWebKit/537.36 (KHTML, like Gecko) Chrome/131.0.0.0 Safari/537.36"
45.148.10.62 - - [22/Jun/2026:05:43:09 +0000] "GET /config.php.bak HTTP/1.1" 401 53 "-" "Mozilla/5.0 (Windows NT 10.0; Win64; x64; rv:133.0) Gecko/20100101 Firefox/133.0"
45.148.10.62 - - [22/Jun/2026:05:43:09 +0000] "GET /config.js HTTP/1.1" 401 53 "-" "Mozilla/5.0 (Windows NT 10.0; Win64; x64; rv:133.0) Gecko/20100101 Firefox/133.0"
45.148.10.62 - - [22/Jun/2026:05:43:09 +0000] "GET /aws-config.js HTTP/1.1" 401 53 "-" "Mozilla/5.0 (Windows NT 10.0; Win64; x64) AppleWebKit/537.36 (KHTML, like Gecko) Chrome/131.0.0.0 Safari/537.36"
45.148.10.62 - - [22/Jun/2026:05:43:09 +0000] "GET /aws.config.js HTTP/1.1" 401 53 "-" "Mozilla/5.0 (Windows NT 10.0; Win64; x64; rv:133.0) Gecko/20100101 Firefox/133.0"
45.148.10.62 - - [22/Jun/2026:05:43:09 +0000] "GET /phpinfo.php HTTP/1.1" 401 53 "-" "Mozilla/5.0 (X11; Linux x86_64) AppleWebKit/537.36 (KHTML, like Gecko) Chrome/131.0.0.0 Safari/537.36"
66.249.64.129 - - [22/Jun/2026:05:43:46 +0000] "GET /products/detail/fashion/j10643821 HTTP/1.1" 200 4913 "-" "Mozilla/5.0 (Linux; Android 6.0.1; Nexus 5X Build/MMB29P) AppleWebKit/537.36 (KHTML, like Gecko) Chrome/148.0.7778.96 Mobile Safari/537.36 (compatible; Googlebot/2.1; +http://www.google.com/bot.html)"
66.249.64.130 - - [22/Jun/2026:05:44:36 +0000] "GET /products/detail/fashion/j10626495 HTTP/1.1" 200 5038 "-" "Mozilla/5.0 (Linux; Android 6.0.1; Nexus 5X Build/MMB29P) AppleWebKit/537.36 (KHTML, like Gecko) Chrome/148.0.7778.96 Mobile Safari/537.36 (compatible; Googlebot/2.1; +http://www.google.com/bot.html)"
66.249.64.130 - - [22/Jun/2026:05:44:36 +0000] "GET /products/detail/cheapest/j106379713 HTTP/1.1" 200 4902 "-" "Mozilla/5.0 (compatible; Googlebot/2.1; +http://www.google.com/bot.html)"
66.249.64.129 - - [22/Jun/2026:05:44:38 +0000] "GET /products/detail/comfortable/j106340961 HTTP/1.1" 200 4927 "-" "Mozilla/5.0 (Linux; Android 6.0.1; Nexus 5X Build/MMB29P) AppleWebKit/537.36 (KHTML, like Gecko) Chrome/148.0.7778.96 Mobile Safari/537.36 (compatible; Googlebot/2.1; +http://www.google.com/bot.html)"
66.249.64.129 - - [22/Jun/2026:05:44:43 +0000] "GET /products/detail/fashion/j106393600 HTTP/1.1" 200 4893 "-" "Mozilla/5.0 (Linux; Android 6.0.1; Nexus 5X Build/MMB29P) AppleWebKit/537.36 (KHTML, like Gecko) Chrome/148.0.7778.96 Mobile Safari/537.36 (compatible; Googlebot/2.1; +http://www.google.com/bot.html)"
66.249.64.129 - - [22/Jun/2026:05:44:45 +0000] "GET /products/detail/comfortable/j10666140 HTTP/1.1" 200 4955 "-" "Mozilla/5.0 (Linux; Android 6.0.1; Nexus 5X Build/MMB29P) AppleWebKit/537.36 (KHTML, like Gecko) Chrome/148.0.7778.96 Mobile Safari/537.36 (compatible; Googlebot/2.1; +http://www.google.com/bot.html)"
66.249.64.130 - - [22/Jun/2026:05:45:30 +0000] "GET /products/detail/latest/j10666881 HTTP/1.1" 200 4955 "-" "Mozilla/5.0 (Linux; Android 6.0.1; Nexus 5X Build/MMB29P) AppleWebKit/537.36 (KHTML, like Gecko) Chrome/148.0.7778.96 Mobile Safari/537.36 (compatible; Googlebot/2.1; +http://www.google.com/bot.html)"
104.248.56.87 - - [22/Jun/2026:05:45:44 +0000] "GET /_rNd9xZ7kL3 HTTP/1.1" 400 52 "-" "Mozilla/5.0 (Linux; Android 14; Pixel 8) AppleWebKit/537.36 (KHTML, like Gecko) Chrome/135.0.6422.113 Mobile Safari/537.36"
104.248.56.87 - - [22/Jun/2026:05:45:46 +0000] "GET / HTTP/1.1" 400 52 "-" "Mozilla/5.0 (Windows NT 10.0; Win64; x64) AppleWebKit/537.36 (KHTML, like Gecko) Chrome/135.0.0.0 Safari/537.36"
104.248.56.87 - - [22/Jun/2026:05:45:47 +0000] "GET /robots.txt HTTP/1.1" 400 52 "-" "Mozilla/5.0 (compatible; Googlebot/2.1; +http://www.google.com/bot.html)"
104.248.56.87 - - [22/Jun/2026:05:45:47 +0000] "GET /sitemap.xml HTTP/1.1" 400 52 "https://www.google.com/search?q=autodiscover.jubaroyaltravel.com" "Mozilla/5.0 (Linux; Android 14; Pixel 8) AppleWebKit/537.36 (KHTML, like Gecko) Chrome/135.0.6422.113 Mobile Safari/537.36"
104.248.56.87 - - [22/Jun/2026:05:45:48 +0000] "GET /sitemap_index.xml HTTP/1.1" 400 52 "https://www.google.com/search?q=autodiscover.jubaroyaltravel.com" "Mozilla/5.0 AppleWebKit/537.36 (KHTML, like Gecko; compatible; ChatGPT-User/1.0; +https://openai.com/bot)"
104.248.56.87 - - [22/Jun/2026:05:45:48 +0000] "GET /sitemap-index.xml HTTP/1.1" 400 52 "-" "Mozilla/5.0 (Windows NT 10.0; Win64; x64) AppleWebKit/537.36 (KHTML, like Gecko) Chrome/135.0.0.0 Safari/537.36"
104.248.56.87 - - [22/Jun/2026:05:45:50 +0000] "HEAD /.env HTTP/1.1" 400 0 "https://www.google.com/search?q=autodiscover.jubaroyaltravel.com" "Mozilla/5.0 (Macintosh; Intel Mac OS X 10_15_7) AppleWebKit/537.36 (KHTML, like Gecko) Chrome/135.0.0.0 Safari/537.36"
104.248.56.87 - - [22/Jun/2026:05:45:50 +0000] "HEAD /.env.production HTTP/1.1" 400 0 "-" "Mozilla/5.0 (Linux; Android 14; Pixel 8) AppleWebKit/537.36 (KHTML, like Gecko) Chrome/135.0.6422.113 Mobile Safari/537.36"
104.248.56.87 - - [22/Jun/2026:05:45:50 +0000] "HEAD /.dev.vars HTTP/1.1" 400 0 "https://www.google.com/search?q=autodiscover.jubaroyaltravel.com" "Mozilla/5.0 (Windows NT 10.0; Win64; x64) AppleWebKit/537.36 (KHTML, like Gecko) Chrome/135.0.0.0 Safari/537.36"
104.248.56.87 - - [22/Jun/2026:05:45:50 +0000] "HEAD /secrets.json HTTP/1.1" 400 0 "-" "Mozilla/5.0 (Windows NT 10.0; Win64; x64; rv:137.0) Gecko/20100101 Firefox/137.0"
104.248.56.87 - - [22/Jun/2026:05:45:50 +0000] "HEAD /.git/config HTTP/1.1" 400 0 "-" "Mozilla/5.0 (Windows NT 10.0; Win64; x64; rv:137.0) Gecko/20100101 Firefox/137.0"
104.248.56.87 - - [22/Jun/2026:05:45:50 +0000] "HEAD /.env.local HTTP/1.1" 400 0 "-" "Mozilla/5.0 (Linux; Android 14; Pixel 8) AppleWebKit/537.36 (KHTML, like Gecko) Chrome/135.0.6422.113 Mobile Safari/537.36"
104.248.56.87 - - [22/Jun/2026:05:45:50 +0000] "HEAD /.env.backup HTTP/1.1" 400 0 "-" "Mozilla/5.0 (Linux; Android 14; Pixel 8) AppleWebKit/537.36 (KHTML, like Gecko) Chrome/135.0.6422.113 Mobile Safari/537.36"
104.248.56.87 - - [22/Jun/2026:05:45:50 +0000] "HEAD /.aws/credentials HTTP/1.1" 400 0 "-" "Mozilla/5.0 (Linux; Android 14; Pixel 8) AppleWebKit/537.36 (KHTML, like Gecko) Chrome/135.0.6422.113 Mobile Safari/537.36"
104.248.56.87 - - [22/Jun/2026:05:45:50 +0000] "HEAD /config.json HTTP/1.1" 400 0 "https://www.google.com/search?q=autodiscover.jubaroyaltravel.com" "Mozilla/5.0 (Macintosh; Intel Mac OS X 10_15_7) AppleWebKit/537.36 (KHTML, like Gecko) Chrome/135.0.0.0 Safari/537.36"
104.248.56.87 - - [22/Jun/2026:05:45:50 +0000] "HEAD /.git/HEAD HTTP/1.1" 400 0 "https://www.google.com/search?q=autodiscover.jubaroyaltravel.com" "Mozilla/5.0 (Windows NT 10.0; Win64; x64; rv:137.0) Gecko/20100101 Firefox/137.0"
104.248.56.87 - - [22/Jun/2026:05:45:56 +0000] "GET /.env.local HTTP/1.1" 400 52 "-" "Mozilla/5.0 (compatible; Googlebot/2.1; +http://www.google.com/bot.html)"
104.248.56.87 - - [22/Jun/2026:05:45:56 +0000] "GET /.env.backup HTTP/1.1" 400 52 "https://www.google.com/search?q=autodiscover.jubaroyaltravel.com" "Mozilla/5.0 (Macintosh; Intel Mac OS X 14_5) AppleWebKit/605.1.15 (KHTML, like Gecko) Version/18.4 Safari/605.1.15"
104.248.56.87 - - [22/Jun/2026:05:45:56 +0000] "GET /secrets.json HTTP/1.1" 400 52 "https://www.google.com/search?q=autodiscover.jubaroyaltravel.com" "Mozilla/5.0 (Linux; Android 14; Pixel 8) AppleWebKit/537.36 (KHTML, like Gecko) Chrome/135.0.6422.113 Mobile Safari/537.36"
104.248.56.87 - - [22/Jun/2026:05:45:56 +0000] "GET /.git/config HTTP/1.1" 400 52 "-" "Mozilla/5.0 (Macintosh; Intel Mac OS X 10_15_7) AppleWebKit/537.36 (KHTML, like Gecko) Chrome/135.0.0.0 Safari/537.36"
104.248.56.87 - - [22/Jun/2026:05:45:56 +0000] "GET /.aws/credentials HTTP/1.1" 400 52 "https://www.google.com/search?q=autodiscover.jubaroyaltravel.com" "Mozilla/5.0 (Macintosh; Intel Mac OS X 10_15_7) AppleWebKit/537.36 (KHTML, like Gecko) Chrome/135.0.0.0 Safari/537.36"
104.248.56.87 - - [22/Jun/2026:05:45:56 +0000] "GET /.env.production HTTP/1.1" 400 52 "-" "Mozilla/5.0 (compatible; Googlebot/2.1; +http://www.google.com/bot.html)"
104.248.56.87 - - [22/Jun/2026:05:45:56 +0000] "GET /.git/HEAD HTTP/1.1" 400 52 "https://www.google.com/search?q=autodiscover.jubaroyaltravel.com" "Mozilla/5.0 (Macintosh; Intel Mac OS X 14_5) AppleWebKit/605.1.15 (KHTML, like Gecko) Version/18.4 Safari/605.1.15"
