94.26.106.216 - - [21/Jun/2026:13:37:07 +0000] "GET /wp-admin/upgrade.php?_wp_http_referer=%2Fwp-admin%2Findex.php HTTP/1.1" 200 547 "https://www.jubaroyaltravel.com/wp-login.php" "Mozilla/5.0 (Windows NT 11.0; Win64; x64; rv:119.0) Gecko/20100101 Firefox/119.0"
94.26.106.216 - - [21/Jun/2026:13:37:07 +0000] "GET /wp-admin/profile.php HTTP/1.1" 302 0 "https://www.jubaroyaltravel.com/wp-login.php" "Mozilla/5.0 (Windows NT 11.0; Win64; x64; rv:119.0) Gecko/20100101 Firefox/119.0"
94.26.106.216 - - [21/Jun/2026:13:37:07 +0000] "GET /wp-admin/upgrade.php?_wp_http_referer=%2Fwp-admin%2Fprofile.php HTTP/1.1" 200 547 "https://www.jubaroyaltravel.com/wp-login.php" "Mozilla/5.0 (Windows NT 11.0; Win64; x64; rv:119.0) Gecko/20100101 Firefox/119.0"
94.26.106.216 - - [21/Jun/2026:13:37:07 +0000] "GET /wp-admin/edit.php HTTP/1.1" 302 0 "https://www.jubaroyaltravel.com/wp-login.php" "Mozilla/5.0 (Windows NT 11.0; Win64; x64; rv:119.0) Gecko/20100101 Firefox/119.0"
94.26.106.216 - - [21/Jun/2026:13:37:07 +0000] "GET /wp-admin/upgrade.php?_wp_http_referer=%2Fwp-admin%2Fedit.php HTTP/1.1" 200 545 "https://www.jubaroyaltravel.com/wp-login.php" "Mozilla/5.0 (Windows NT 11.0; Win64; x64; rv:119.0) Gecko/20100101 Firefox/119.0"
94.26.106.216 - - [21/Jun/2026:13:37:07 +0000] "GET /wp-admin/plugins.php HTTP/1.1" 302 0 "https://www.jubaroyaltravel.com/wp-login.php" "Mozilla/5.0 (Windows NT 11.0; Win64; x64; rv:119.0) Gecko/20100101 Firefox/119.0"
94.26.106.216 - - [21/Jun/2026:13:37:08 +0000] "GET /wp-admin/upgrade.php?_wp_http_referer=%2Fwp-admin%2Fplugins.php HTTP/1.1" 200 547 "https://www.jubaroyaltravel.com/wp-login.php" "Mozilla/5.0 (Windows NT 11.0; Win64; x64; rv:119.0) Gecko/20100101 Firefox/119.0"
94.26.106.216 - - [21/Jun/2026:13:37:08 +0000] "POST /wp-login.php HTTP/1.1" 200 2173 "https://www.jubaroyaltravel.com/wp-login.php" "Mozilla/5.0 (Windows NT 10.0; Win64; x64) AppleWebKit/537.36 (KHTML, like Gecko) Chrome/119.0.0.0 Safari/537.36"
94.26.106.216 - - [21/Jun/2026:13:37:08 +0000] "GET /wp-admin/index.php HTTP/1.1" 302 0 "https://www.jubaroyaltravel.com/wp-login.php" "Mozilla/5.0 (Macintosh; Intel Mac OS X 13_6_1) AppleWebKit/605.1.15 (KHTML, like Gecko) Version/17.0 Safari/605.1.15"
94.26.106.216 - - [21/Jun/2026:13:37:08 +0000] "GET /wp-admin/upgrade.php?_wp_http_referer=%2Fwp-admin%2Findex.php HTTP/1.1" 200 547 "https://www.jubaroyaltravel.com/wp-login.php" "Mozilla/5.0 (Macintosh; Intel Mac OS X 13_6_1) AppleWebKit/605.1.15 (KHTML, like Gecko) Version/17.0 Safari/605.1.15"
94.26.106.216 - - [21/Jun/2026:13:37:08 +0000] "GET /wp-admin/profile.php HTTP/1.1" 302 0 "https://www.jubaroyaltravel.com/wp-login.php" "Mozilla/5.0 (Macintosh; Intel Mac OS X 13_6_1) AppleWebKit/605.1.15 (KHTML, like Gecko) Version/17.0 Safari/605.1.15"
94.26.106.216 - - [21/Jun/2026:13:37:08 +0000] "GET /wp-admin/upgrade.php?_wp_http_referer=%2Fwp-admin%2Fprofile.php HTTP/1.1" 200 547 "https://www.jubaroyaltravel.com/wp-login.php" "Mozilla/5.0 (Macintosh; Intel Mac OS X 13_6_1) AppleWebKit/605.1.15 (KHTML, like Gecko) Version/17.0 Safari/605.1.15"
69.72.244.151 - - [21/Jun/2026:13:37:09 +0000] "POST /wp-cron.php?doing_wp_cron=1782049029.0587110519409179687500 HTTP/1.1" 200 0 "-" "WordPress/7.0; https://www.jubaroyaltravel.com"
94.26.106.216 - - [21/Jun/2026:13:37:08 +0000] "GET /wp-admin/edit.php HTTP/1.1" 302 0 "https://www.jubaroyaltravel.com/wp-login.php" "Mozilla/5.0 (Macintosh; Intel Mac OS X 13_6_1) AppleWebKit/605.1.15 (KHTML, like Gecko) Version/17.0 Safari/605.1.15"
69.72.244.151 - - [21/Jun/2026:13:37:09 +0000] "POST /wp-cron.php?doing_wp_cron=1782049029.1614730358123779296875 HTTP/1.1" 200 0 "-" "WordPress/7.0; https://www.jubaroyaltravel.com"
94.26.106.216 - - [21/Jun/2026:13:37:09 +0000] "GET /wp-admin/upgrade.php?_wp_http_referer=%2Fwp-admin%2Fedit.php HTTP/1.1" 200 545 "https://www.jubaroyaltravel.com/wp-login.php" "Mozilla/5.0 (Macintosh; Intel Mac OS X 13_6_1) AppleWebKit/605.1.15 (KHTML, like Gecko) Version/17.0 Safari/605.1.15"
94.26.106.216 - - [21/Jun/2026:13:37:09 +0000] "GET /wp-admin/plugins.php HTTP/1.1" 302 0 "https://www.jubaroyaltravel.com/wp-login.php" "Mozilla/5.0 (Macintosh; Intel Mac OS X 13_6_1) AppleWebKit/605.1.15 (KHTML, like Gecko) Version/17.0 Safari/605.1.15"
94.26.106.216 - - [21/Jun/2026:13:37:09 +0000] "GET /wp-admin/upgrade.php?_wp_http_referer=%2Fwp-admin%2Fplugins.php HTTP/1.1" 200 547 "https://www.jubaroyaltravel.com/wp-login.php" "Mozilla/5.0 (Macintosh; Intel Mac OS X 13_6_1) AppleWebKit/605.1.15 (KHTML, like Gecko) Version/17.0 Safari/605.1.15"
94.26.106.216 - - [21/Jun/2026:13:37:09 +0000] "POST /wp-login.php HTTP/1.1" 200 2173 "https://www.jubaroyaltravel.com/wp-login.php" "Mozilla/5.0 (Macintosh; Intel Mac OS X 10_15_7) AppleWebKit/605.1.15 (KHTML, like Gecko) Version/17.2 Safari/605.1.15"
94.26.106.216 - - [21/Jun/2026:13:37:10 +0000] "GET /wp-admin/index.php HTTP/1.1" 302 0 "https://www.jubaroyaltravel.com/wp-login.php" "Mozilla/5.0 (Macintosh; Intel Mac OS X 10_15_7; rv:121.0) Gecko/20100101 Firefox/121.0"
94.26.106.216 - - [21/Jun/2026:13:37:10 +0000] "GET /wp-admin/upgrade.php?_wp_http_referer=%2Fwp-admin%2Findex.php HTTP/1.1" 200 547 "https://www.jubaroyaltravel.com/wp-login.php" "Mozilla/5.0 (Macintosh; Intel Mac OS X 10_15_7; rv:121.0) Gecko/20100101 Firefox/121.0"
94.26.106.216 - - [21/Jun/2026:13:37:10 +0000] "GET /wp-admin/profile.php HTTP/1.1" 302 0 "https://www.jubaroyaltravel.com/wp-login.php" "Mozilla/5.0 (Macintosh; Intel Mac OS X 10_15_7; rv:121.0) Gecko/20100101 Firefox/121.0"
94.26.106.216 - - [21/Jun/2026:13:37:10 +0000] "GET /wp-admin/upgrade.php?_wp_http_referer=%2Fwp-admin%2Fprofile.php HTTP/1.1" 200 547 "https://www.jubaroyaltravel.com/wp-login.php" "Mozilla/5.0 (Macintosh; Intel Mac OS X 10_15_7; rv:121.0) Gecko/20100101 Firefox/121.0"
94.26.106.216 - - [21/Jun/2026:13:37:11 +0000] "GET /wp-admin/edit.php HTTP/1.1" 302 0 "https://www.jubaroyaltravel.com/wp-login.php" "Mozilla/5.0 (Macintosh; Intel Mac OS X 10_15_7; rv:121.0) Gecko/20100101 Firefox/121.0"
94.26.106.216 - - [21/Jun/2026:13:37:11 +0000] "GET /wp-admin/upgrade.php?_wp_http_referer=%2Fwp-admin%2Fedit.php HTTP/1.1" 200 545 "https://www.jubaroyaltravel.com/wp-login.php" "Mozilla/5.0 (Macintosh; Intel Mac OS X 10_15_7; rv:121.0) Gecko/20100101 Firefox/121.0"
94.26.106.216 - - [21/Jun/2026:13:37:11 +0000] "GET /wp-admin/plugins.php HTTP/1.1" 302 0 "https://www.jubaroyaltravel.com/wp-login.php" "Mozilla/5.0 (Macintosh; Intel Mac OS X 10_15_7; rv:121.0) Gecko/20100101 Firefox/121.0"
94.26.106.216 - - [21/Jun/2026:13:37:11 +0000] "GET /wp-admin/upgrade.php?_wp_http_referer=%2Fwp-admin%2Fplugins.php HTTP/1.1" 200 547 "https://www.jubaroyaltravel.com/wp-login.php" "Mozilla/5.0 (Macintosh; Intel Mac OS X 10_15_7; rv:121.0) Gecko/20100101 Firefox/121.0"
94.26.106.216 - - [21/Jun/2026:13:37:11 +0000] "POST /wp-login.php HTTP/1.1" 200 2173 "https://www.jubaroyaltravel.com/wp-login.php" "Mozilla/5.0 (Macintosh; Intel Mac OS X 10_15_7) AppleWebKit/537.36 (KHTML, like Gecko) Chrome/120.0.0.0 Safari/537.36"
94.26.106.216 - - [21/Jun/2026:13:37:13 +0000] "GET /wp-admin/index.php HTTP/1.1" 302 0 "https://www.jubaroyaltravel.com/wp-login.php" "Mozilla/5.0 (Macintosh; Intel Mac OS X 10_15_7) AppleWebKit/605.1.15 (KHTML, like Gecko) Version/17.0 Safari/605.1.15"
94.26.106.216 - - [21/Jun/2026:13:37:13 +0000] "GET /wp-admin/upgrade.php?_wp_http_referer=%2Fwp-admin%2Findex.php HTTP/1.1" 200 547 "https://www.jubaroyaltravel.com/wp-login.php" "Mozilla/5.0 (Macintosh; Intel Mac OS X 10_15_7) AppleWebKit/605.1.15 (KHTML, like Gecko) Version/17.0 Safari/605.1.15"
94.26.106.216 - - [21/Jun/2026:13:37:13 +0000] "GET /wp-admin/profile.php HTTP/1.1" 302 0 "https://www.jubaroyaltravel.com/wp-login.php" "Mozilla/5.0 (Macintosh; Intel Mac OS X 10_15_7) AppleWebKit/605.1.15 (KHTML, like Gecko) Version/17.0 Safari/605.1.15"
94.26.106.216 - - [21/Jun/2026:13:37:13 +0000] "GET /wp-admin/upgrade.php?_wp_http_referer=%2Fwp-admin%2Fprofile.php HTTP/1.1" 200 547 "https://www.jubaroyaltravel.com/wp-login.php" "Mozilla/5.0 (Macintosh; Intel Mac OS X 10_15_7) AppleWebKit/605.1.15 (KHTML, like Gecko) Version/17.0 Safari/605.1.15"
94.26.106.216 - - [21/Jun/2026:13:37:13 +0000] "GET /wp-admin/edit.php HTTP/1.1" 302 0 "https://www.jubaroyaltravel.com/wp-login.php" "Mozilla/5.0 (Macintosh; Intel Mac OS X 10_15_7) AppleWebKit/605.1.15 (KHTML, like Gecko) Version/17.0 Safari/605.1.15"
94.26.106.216 - - [21/Jun/2026:13:37:14 +0000] "GET /wp-admin/upgrade.php?_wp_http_referer=%2Fwp-admin%2Fedit.php HTTP/1.1" 200 545 "https://www.jubaroyaltravel.com/wp-login.php" "Mozilla/5.0 (Macintosh; Intel Mac OS X 10_15_7) AppleWebKit/605.1.15 (KHTML, like Gecko) Version/17.0 Safari/605.1.15"
94.26.106.216 - - [21/Jun/2026:13:37:14 +0000] "GET /wp-admin/plugins.php HTTP/1.1" 302 0 "https://www.jubaroyaltravel.com/wp-login.php" "Mozilla/5.0 (Macintosh; Intel Mac OS X 10_15_7) AppleWebKit/605.1.15 (KHTML, like Gecko) Version/17.0 Safari/605.1.15"
94.26.106.216 - - [21/Jun/2026:13:37:14 +0000] "GET /wp-admin/upgrade.php?_wp_http_referer=%2Fwp-admin%2Fplugins.php HTTP/1.1" 200 547 "https://www.jubaroyaltravel.com/wp-login.php" "Mozilla/5.0 (Macintosh; Intel Mac OS X 10_15_7) AppleWebKit/605.1.15 (KHTML, like Gecko) Version/17.0 Safari/605.1.15"
94.26.106.216 - - [21/Jun/2026:13:37:14 +0000] "POST /wp-login.php HTTP/1.1" 200 2173 "https://www.jubaroyaltravel.com/wp-login.php" "Mozilla/5.0 (Windows NT 10.0; Win64; x64) AppleWebKit/537.36 (KHTML, like Gecko) Chrome/119.0.0.0 Safari/537.36"
94.26.106.216 - - [21/Jun/2026:13:37:16 +0000] "GET /wp-admin/index.php HTTP/1.1" 302 0 "https://www.jubaroyaltravel.com/wp-login.php" "Mozilla/5.0 (Macintosh; Intel Mac OS X 10_15_7) AppleWebKit/537.36 (KHTML, like Gecko) Chrome/121.0.0.0 Safari/537.36"
94.26.106.216 - - [21/Jun/2026:13:37:16 +0000] "GET /wp-admin/upgrade.php?_wp_http_referer=%2Fwp-admin%2Findex.php HTTP/1.1" 200 547 "https://www.jubaroyaltravel.com/wp-login.php" "Mozilla/5.0 (Macintosh; Intel Mac OS X 10_15_7) AppleWebKit/537.36 (KHTML, like Gecko) Chrome/121.0.0.0 Safari/537.36"
94.26.106.216 - - [21/Jun/2026:13:37:16 +0000] "GET /wp-admin/profile.php HTTP/1.1" 302 0 "https://www.jubaroyaltravel.com/wp-login.php" "Mozilla/5.0 (Macintosh; Intel Mac OS X 10_15_7) AppleWebKit/537.36 (KHTML, like Gecko) Chrome/121.0.0.0 Safari/537.36"
94.26.106.216 - - [21/Jun/2026:13:37:16 +0000] "GET /wp-admin/upgrade.php?_wp_http_referer=%2Fwp-admin%2Fprofile.php HTTP/1.1" 200 547 "https://www.jubaroyaltravel.com/wp-login.php" "Mozilla/5.0 (Macintosh; Intel Mac OS X 10_15_7) AppleWebKit/537.36 (KHTML, like Gecko) Chrome/121.0.0.0 Safari/537.36"
94.26.106.216 - - [21/Jun/2026:13:37:17 +0000] "GET /wp-admin/edit.php HTTP/1.1" 302 0 "https://www.jubaroyaltravel.com/wp-login.php" "Mozilla/5.0 (Macintosh; Intel Mac OS X 10_15_7) AppleWebKit/537.36 (KHTML, like Gecko) Chrome/121.0.0.0 Safari/537.36"
94.26.106.216 - - [21/Jun/2026:13:37:17 +0000] "GET /wp-admin/upgrade.php?_wp_http_referer=%2Fwp-admin%2Fedit.php HTTP/1.1" 200 545 "https://www.jubaroyaltravel.com/wp-login.php" "Mozilla/5.0 (Macintosh; Intel Mac OS X 10_15_7) AppleWebKit/537.36 (KHTML, like Gecko) Chrome/121.0.0.0 Safari/537.36"
94.26.106.216 - - [21/Jun/2026:13:37:17 +0000] "GET /wp-admin/plugins.php HTTP/1.1" 302 0 "https://www.jubaroyaltravel.com/wp-login.php" "Mozilla/5.0 (Macintosh; Intel Mac OS X 10_15_7) AppleWebKit/537.36 (KHTML, like Gecko) Chrome/121.0.0.0 Safari/537.36"
94.26.106.216 - - [21/Jun/2026:13:37:17 +0000] "GET /wp-admin/upgrade.php?_wp_http_referer=%2Fwp-admin%2Fplugins.php HTTP/1.1" 200 547 "https://www.jubaroyaltravel.com/wp-login.php" "Mozilla/5.0 (Macintosh; Intel Mac OS X 10_15_7) AppleWebKit/537.36 (KHTML, like Gecko) Chrome/121.0.0.0 Safari/537.36"
94.26.106.216 - - [21/Jun/2026:13:37:17 +0000] "POST /wp-login.php HTTP/1.1" 200 2173 "https://www.jubaroyaltravel.com/wp-login.php" "Mozilla/5.0 (Macintosh; Intel Mac OS X 13_6_1) AppleWebKit/605.1.15 (KHTML, like Gecko) Version/17.0 Safari/605.1.15"
94.26.106.216 - - [21/Jun/2026:13:37:20 +0000] "GET /wp-admin/index.php HTTP/1.1" 302 0 "https://www.jubaroyaltravel.com/wp-login.php" "Mozilla/5.0 (X11; Linux x86_64) AppleWebKit/537.36 (KHTML, like Gecko) Chrome/118.0.0.0 Safari/537.36"
94.26.106.216 - - [21/Jun/2026:13:37:20 +0000] "GET /wp-admin/upgrade.php?_wp_http_referer=%2Fwp-admin%2Findex.php HTTP/1.1" 200 547 "https://www.jubaroyaltravel.com/wp-login.php" "Mozilla/5.0 (X11; Linux x86_64) AppleWebKit/537.36 (KHTML, like Gecko) Chrome/118.0.0.0 Safari/537.36"
94.26.106.216 - - [21/Jun/2026:13:37:20 +0000] "GET /wp-admin/profile.php HTTP/1.1" 302 0 "https://www.jubaroyaltravel.com/wp-login.php" "Mozilla/5.0 (X11; Linux x86_64) AppleWebKit/537.36 (KHTML, like Gecko) Chrome/118.0.0.0 Safari/537.36"
94.26.106.216 - - [21/Jun/2026:13:37:20 +0000] "GET /wp-admin/upgrade.php?_wp_http_referer=%2Fwp-admin%2Fprofile.php HTTP/1.1" 200 547 "https://www.jubaroyaltravel.com/wp-login.php" "Mozilla/5.0 (X11; Linux x86_64) AppleWebKit/537.36 (KHTML, like Gecko) Chrome/118.0.0.0 Safari/537.36"
94.26.106.216 - - [21/Jun/2026:13:37:21 +0000] "GET /wp-admin/edit.php HTTP/1.1" 302 0 "https://www.jubaroyaltravel.com/wp-login.php" "Mozilla/5.0 (X11; Linux x86_64) AppleWebKit/537.36 (KHTML, like Gecko) Chrome/118.0.0.0 Safari/537.36"
94.26.106.216 - - [21/Jun/2026:13:37:21 +0000] "GET /wp-admin/upgrade.php?_wp_http_referer=%2Fwp-admin%2Fedit.php HTTP/1.1" 200 545 "https://www.jubaroyaltravel.com/wp-login.php" "Mozilla/5.0 (X11; Linux x86_64) AppleWebKit/537.36 (KHTML, like Gecko) Chrome/118.0.0.0 Safari/537.36"
94.26.106.216 - - [21/Jun/2026:13:37:21 +0000] "GET /wp-admin/plugins.php HTTP/1.1" 302 0 "https://www.jubaroyaltravel.com/wp-login.php" "Mozilla/5.0 (X11; Linux x86_64) AppleWebKit/537.36 (KHTML, like Gecko) Chrome/118.0.0.0 Safari/537.36"
94.26.106.216 - - [21/Jun/2026:13:37:21 +0000] "GET /wp-admin/upgrade.php?_wp_http_referer=%2Fwp-admin%2Fplugins.php HTTP/1.1" 200 547 "https://www.jubaroyaltravel.com/wp-login.php" "Mozilla/5.0 (X11; Linux x86_64) AppleWebKit/537.36 (KHTML, like Gecko) Chrome/118.0.0.0 Safari/537.36"
94.26.106.216 - - [21/Jun/2026:13:37:21 +0000] "POST /wp-login.php HTTP/1.1" 200 2173 "https://www.jubaroyaltravel.com/wp-login.php" "Mozilla/5.0 (Windows NT 10.0; Win64; x64) AppleWebKit/537.36 (KHTML, like Gecko) Chrome/121.0.0.0 Safari/537.36"
94.26.106.216 - - [21/Jun/2026:13:37:25 +0000] "GET /wp-admin/index.php HTTP/1.1" 302 0 "https://www.jubaroyaltravel.com/wp-login.php" "Mozilla/5.0 (Macintosh; Intel Mac OS X 13_6_1) AppleWebKit/537.36 (KHTML, like Gecko) Chrome/119.0.0.0 Safari/537.36"
94.26.106.216 - - [21/Jun/2026:13:37:25 +0000] "GET /wp-admin/upgrade.php?_wp_http_referer=%2Fwp-admin%2Findex.php HTTP/1.1" 200 547 "https://www.jubaroyaltravel.com/wp-login.php" "Mozilla/5.0 (Macintosh; Intel Mac OS X 13_6_1) AppleWebKit/537.36 (KHTML, like Gecko) Chrome/119.0.0.0 Safari/537.36"
94.26.106.216 - - [21/Jun/2026:13:37:25 +0000] "GET /wp-admin/profile.php HTTP/1.1" 302 0 "https://www.jubaroyaltravel.com/wp-login.php" "Mozilla/5.0 (Macintosh; Intel Mac OS X 13_6_1) AppleWebKit/537.36 (KHTML, like Gecko) Chrome/119.0.0.0 Safari/537.36"
94.26.106.216 - - [21/Jun/2026:13:37:25 +0000] "GET /wp-admin/upgrade.php?_wp_http_referer=%2Fwp-admin%2Fprofile.php HTTP/1.1" 200 547 "https://www.jubaroyaltravel.com/wp-login.php" "Mozilla/5.0 (Macintosh; Intel Mac OS X 13_6_1) AppleWebKit/537.36 (KHTML, like Gecko) Chrome/119.0.0.0 Safari/537.36"
94.26.106.216 - - [21/Jun/2026:13:37:26 +0000] "GET /wp-admin/edit.php HTTP/1.1" 302 0 "https://www.jubaroyaltravel.com/wp-login.php" "Mozilla/5.0 (Macintosh; Intel Mac OS X 13_6_1) AppleWebKit/537.36 (KHTML, like Gecko) Chrome/119.0.0.0 Safari/537.36"
94.26.106.216 - - [21/Jun/2026:13:37:26 +0000] "GET /wp-admin/upgrade.php?_wp_http_referer=%2Fwp-admin%2Fedit.php HTTP/1.1" 200 545 "https://www.jubaroyaltravel.com/wp-login.php" "Mozilla/5.0 (Macintosh; Intel Mac OS X 13_6_1) AppleWebKit/537.36 (KHTML, like Gecko) Chrome/119.0.0.0 Safari/537.36"
94.26.106.216 - - [21/Jun/2026:13:37:26 +0000] "GET /wp-admin/plugins.php HTTP/1.1" 302 0 "https://www.jubaroyaltravel.com/wp-login.php" "Mozilla/5.0 (Macintosh; Intel Mac OS X 13_6_1) AppleWebKit/537.36 (KHTML, like Gecko) Chrome/119.0.0.0 Safari/537.36"
94.26.106.216 - - [21/Jun/2026:13:37:26 +0000] "GET /wp-admin/upgrade.php?_wp_http_referer=%2Fwp-admin%2Fplugins.php HTTP/1.1" 200 547 "https://www.jubaroyaltravel.com/wp-login.php" "Mozilla/5.0 (Macintosh; Intel Mac OS X 13_6_1) AppleWebKit/537.36 (KHTML, like Gecko) Chrome/119.0.0.0 Safari/537.36"
69.72.244.151 - - [21/Jun/2026:13:37:30 +0000] "POST /wp-cron.php?doing_wp_cron=1782049050.3513700962066650390625 HTTP/1.1" 200 0 "-" "WordPress/7.0; https://www.jubaroyaltravel.com"
94.26.106.216 - - [21/Jun/2026:13:37:26 +0000] "POST /wp-login.php HTTP/1.1" 200 2173 "https://www.jubaroyaltravel.com/wp-login.php" "Mozilla/5.0 (Macintosh; Intel Mac OS X 10_15_7) AppleWebKit/537.36 (KHTML, like Gecko) Chrome/120.0.0.0 Safari/537.36"
94.26.106.216 - - [21/Jun/2026:13:37:30 +0000] "GET /wp-admin/index.php HTTP/1.1" 302 0 "https://www.jubaroyaltravel.com/wp-login.php" "Mozilla/5.0 (Macintosh; Intel Mac OS X 13_6_1; rv:121.0) Gecko/20100101 Firefox/121.0"
94.26.106.216 - - [21/Jun/2026:13:37:30 +0000] "GET /wp-admin/upgrade.php?_wp_http_referer=%2Fwp-admin%2Findex.php HTTP/1.1" 200 547 "https://www.jubaroyaltravel.com/wp-login.php" "Mozilla/5.0 (Macintosh; Intel Mac OS X 13_6_1; rv:121.0) Gecko/20100101 Firefox/121.0"
94.26.106.216 - - [21/Jun/2026:13:37:30 +0000] "GET /wp-admin/profile.php HTTP/1.1" 302 0 "https://www.jubaroyaltravel.com/wp-login.php" "Mozilla/5.0 (Macintosh; Intel Mac OS X 13_6_1; rv:121.0) Gecko/20100101 Firefox/121.0"
94.26.106.216 - - [21/Jun/2026:13:37:30 +0000] "GET /wp-admin/upgrade.php?_wp_http_referer=%2Fwp-admin%2Fprofile.php HTTP/1.1" 200 547 "https://www.jubaroyaltravel.com/wp-login.php" "Mozilla/5.0 (Macintosh; Intel Mac OS X 13_6_1; rv:121.0) Gecko/20100101 Firefox/121.0"
94.26.106.216 - - [21/Jun/2026:13:37:30 +0000] "GET /wp-admin/edit.php HTTP/1.1" 302 0 "https://www.jubaroyaltravel.com/wp-login.php" "Mozilla/5.0 (Macintosh; Intel Mac OS X 13_6_1; rv:121.0) Gecko/20100101 Firefox/121.0"
94.26.106.216 - - [21/Jun/2026:13:37:31 +0000] "GET /wp-admin/upgrade.php?_wp_http_referer=%2Fwp-admin%2Fedit.php HTTP/1.1" 200 545 "https://www.jubaroyaltravel.com/wp-login.php" "Mozilla/5.0 (Macintosh; Intel Mac OS X 13_6_1; rv:121.0) Gecko/20100101 Firefox/121.0"
94.26.106.216 - - [21/Jun/2026:13:37:31 +0000] "GET /wp-admin/plugins.php HTTP/1.1" 302 0 "https://www.jubaroyaltravel.com/wp-login.php" "Mozilla/5.0 (Macintosh; Intel Mac OS X 13_6_1; rv:121.0) Gecko/20100101 Firefox/121.0"
94.26.106.216 - - [21/Jun/2026:13:37:31 +0000] "GET /wp-admin/upgrade.php?_wp_http_referer=%2Fwp-admin%2Fplugins.php HTTP/1.1" 200 547 "https://www.jubaroyaltravel.com/wp-login.php" "Mozilla/5.0 (Macintosh; Intel Mac OS X 13_6_1; rv:121.0) Gecko/20100101 Firefox/121.0"
94.26.106.216 - - [21/Jun/2026:13:37:31 +0000] "POST /wp-login.php HTTP/1.1" 200 2173 "https://www.jubaroyaltravel.com/wp-login.php" "Mozilla/5.0 (Macintosh; Intel Mac OS X 10_15_7; rv:118.0) Gecko/20100101 Firefox/118.0"
94.26.106.216 - - [21/Jun/2026:13:37:45 +0000] "GET /wp-admin/index.php HTTP/1.1" 302 0 "https://www.jubaroyaltravel.com/wp-login.php" "Mozilla/5.0 (Macintosh; Intel Mac OS X 10_15_7; rv:118.0) Gecko/20100101 Firefox/118.0"
94.26.106.216 - - [21/Jun/2026:13:37:45 +0000] "GET /wp-admin/upgrade.php?_wp_http_referer=%2Fwp-admin%2Findex.php HTTP/1.1" 200 547 "https://www.jubaroyaltravel.com/wp-login.php" "Mozilla/5.0 (Macintosh; Intel Mac OS X 10_15_7; rv:118.0) Gecko/20100101 Firefox/118.0"
94.26.106.216 - - [21/Jun/2026:13:37:45 +0000] "GET /wp-admin/profile.php HTTP/1.1" 302 0 "https://www.jubaroyaltravel.com/wp-login.php" "Mozilla/5.0 (Macintosh; Intel Mac OS X 10_15_7; rv:118.0) Gecko/20100101 Firefox/118.0"
94.26.106.216 - - [21/Jun/2026:13:37:45 +0000] "GET /wp-admin/upgrade.php?_wp_http_referer=%2Fwp-admin%2Fprofile.php HTTP/1.1" 200 547 "https://www.jubaroyaltravel.com/wp-login.php" "Mozilla/5.0 (Macintosh; Intel Mac OS X 10_15_7; rv:118.0) Gecko/20100101 Firefox/118.0"
94.26.106.216 - - [21/Jun/2026:13:37:45 +0000] "GET /wp-admin/edit.php HTTP/1.1" 302 0 "https://www.jubaroyaltravel.com/wp-login.php" "Mozilla/5.0 (Macintosh; Intel Mac OS X 10_15_7; rv:118.0) Gecko/20100101 Firefox/118.0"
94.26.106.216 - - [21/Jun/2026:13:37:46 +0000] "GET /wp-admin/upgrade.php?_wp_http_referer=%2Fwp-admin%2Fedit.php HTTP/1.1" 200 545 "https://www.jubaroyaltravel.com/wp-login.php" "Mozilla/5.0 (Macintosh; Intel Mac OS X 10_15_7; rv:118.0) Gecko/20100101 Firefox/118.0"
94.26.106.216 - - [21/Jun/2026:13:37:46 +0000] "GET /wp-admin/plugins.php HTTP/1.1" 302 0 "https://www.jubaroyaltravel.com/wp-login.php" "Mozilla/5.0 (Macintosh; Intel Mac OS X 10_15_7; rv:118.0) Gecko/20100101 Firefox/118.0"
94.26.106.216 - - [21/Jun/2026:13:37:46 +0000] "GET /wp-admin/upgrade.php?_wp_http_referer=%2Fwp-admin%2Fplugins.php HTTP/1.1" 200 547 "https://www.jubaroyaltravel.com/wp-login.php" "Mozilla/5.0 (Macintosh; Intel Mac OS X 10_15_7; rv:118.0) Gecko/20100101 Firefox/118.0"
108.61.160.130 - - [21/Jun/2026:13:37:57 +0000] "GET /inputs.php HTTP/1.1" 404 3418 "-" "Mozilla/5.0 (Windows NT 10.0; Win64; x64) AppleWebKit/537.36 (KHTML, like Gecko) Chrome/120.0.0.0 Safari/537.36"
108.61.160.130 - - [21/Jun/2026:13:37:57 +0000] "GET /admin.php HTTP/1.1" 404 3418 "-" "Mozilla/5.0 (Windows NT 10.0; Win64; x64) AppleWebKit/537.36 (KHTML, like Gecko) Chrome/120.0.0.0 Safari/537.36"
108.61.160.130 - - [21/Jun/2026:13:37:57 +0000] "GET /goods.php HTTP/1.1" 404 3418 "-" "Mozilla/5.0 (Windows NT 10.0; Win64; x64) AppleWebKit/537.36 (KHTML, like Gecko) Chrome/120.0.0.0 Safari/537.36"
108.61.160.130 - - [21/Jun/2026:13:37:57 +0000] "GET /file.php HTTP/1.1" 404 3418 "-" "Mozilla/5.0 (Windows NT 10.0; Win64; x64) AppleWebKit/537.36 (KHTML, like Gecko) Chrome/120.0.0.0 Safari/537.36"
108.61.160.130 - - [21/Jun/2026:13:37:58 +0000] "GET /adminfuns.php HTTP/1.1" 404 3418 "-" "Mozilla/5.0 (Windows NT 10.0; Win64; x64) AppleWebKit/537.36 (KHTML, like Gecko) Chrome/120.0.0.0 Safari/537.36"
108.61.160.130 - - [21/Jun/2026:13:37:58 +0000] "GET /404.php HTTP/1.1" 404 3418 "-" "Mozilla/5.0 (Windows NT 10.0; Win64; x64) AppleWebKit/537.36 (KHTML, like Gecko) Chrome/120.0.0.0 Safari/537.36"
108.61.160.130 - - [21/Jun/2026:13:37:58 +0000] "GET /wk/index.php HTTP/1.1" 404 3418 "-" "Mozilla/5.0 (Windows NT 10.0; Win64; x64) AppleWebKit/537.36 (KHTML, like Gecko) Chrome/120.0.0.0 Safari/537.36"
108.61.160.130 - - [21/Jun/2026:13:37:58 +0000] "GET /about.php HTTP/1.1" 404 3418 "-" "Mozilla/5.0 (Windows NT 10.0; Win64; x64) AppleWebKit/537.36 (KHTML, like Gecko) Chrome/120.0.0.0 Safari/537.36"
108.61.160.130 - - [21/Jun/2026:13:37:59 +0000] "GET /term.php HTTP/1.1" 404 3418 "-" "Mozilla/5.0 (Windows NT 10.0; Win64; x64) AppleWebKit/537.36 (KHTML, like Gecko) Chrome/120.0.0.0 Safari/537.36"
108.61.160.130 - - [21/Jun/2026:13:37:59 +0000] "GET /ioxi-o.php HTTP/1.1" 404 3418 "-" "Mozilla/5.0 (Windows NT 10.0; Win64; x64) AppleWebKit/537.36 (KHTML, like Gecko) Chrome/120.0.0.0 Safari/537.36"
108.61.160.130 - - [21/Jun/2026:13:37:59 +0000] "GET /1.php HTTP/1.1" 404 3418 "-" "Mozilla/5.0 (Windows NT 10.0; Win64; x64) AppleWebKit/537.36 (KHTML, like Gecko) Chrome/120.0.0.0 Safari/537.36"
108.61.160.130 - - [21/Jun/2026:13:37:59 +0000] "GET /alfa.php HTTP/1.1" 404 3418 "-" "Mozilla/5.0 (Windows NT 10.0; Win64; x64) AppleWebKit/537.36 (KHTML, like Gecko) Chrome/120.0.0.0 Safari/537.36"
108.61.160.130 - - [21/Jun/2026:13:38:00 +0000] "GET /edit.php HTTP/1.1" 404 3418 "-" "Mozilla/5.0 (Windows NT 10.0; Win64; x64) AppleWebKit/537.36 (KHTML, like Gecko) Chrome/120.0.0.0 Safari/537.36"
108.61.160.130 - - [21/Jun/2026:13:38:00 +0000] "GET /elp.php HTTP/1.1" 404 3418 "-" "Mozilla/5.0 (Windows NT 10.0; Win64; x64) AppleWebKit/537.36 (KHTML, like Gecko) Chrome/120.0.0.0 Safari/537.36"
69.72.244.151 - - [21/Jun/2026:13:38:00 +0000] "POST /wp-cron.php?doing_wp_cron=1782049080.4708330631256103515625 HTTP/1.1" 200 0 "-" "WordPress/7.0; https://www.jubaroyaltravel.com"
94.26.106.216 - - [21/Jun/2026:13:37:46 +0000] "POST /wp-login.php HTTP/1.1" 200 2173 "https://www.jubaroyaltravel.com/wp-login.php" "Mozilla/5.0 (Windows NT 10.0; Win64; x64) AppleWebKit/537.36 (KHTML, like Gecko) Chrome/119.0.0.0 Safari/537.36"
108.61.160.130 - - [21/Jun/2026:13:38:00 +0000] "GET /classwithtostring.php HTTP/1.1" 404 3418 "-" "Mozilla/5.0 (Windows NT 10.0; Win64; x64) AppleWebKit/537.36 (KHTML, like Gecko) Chrome/120.0.0.0 Safari/537.36"
94.26.106.216 - - [21/Jun/2026:13:38:00 +0000] "GET /wp-admin/index.php HTTP/1.1" 302 0 "https://www.jubaroyaltravel.com/wp-login.php" "Mozilla/5.0 (Macintosh; Intel Mac OS X 13_6_1) AppleWebKit/605.1.15 (KHTML, like Gecko) Version/16.6 Safari/605.1.15"
108.61.160.130 - - [21/Jun/2026:13:38:00 +0000] "GET /666.php HTTP/1.1" 404 3418 "-" "Mozilla/5.0 (Windows NT 10.0; Win64; x64) AppleWebKit/537.36 (KHTML, like Gecko) Chrome/120.0.0.0 Safari/537.36"
94.26.106.216 - - [21/Jun/2026:13:38:00 +0000] "GET /wp-admin/upgrade.php?_wp_http_referer=%2Fwp-admin%2Findex.php HTTP/1.1" 200 547 "https://www.jubaroyaltravel.com/wp-login.php" "Mozilla/5.0 (Macintosh; Intel Mac OS X 13_6_1) AppleWebKit/605.1.15 (KHTML, like Gecko) Version/16.6 Safari/605.1.15"
108.61.160.130 - - [21/Jun/2026:13:38:00 +0000] "GET /wp-admin/ HTTP/1.1" 404 3418 "-" "Mozilla/5.0 (Windows NT 10.0; Win64; x64) AppleWebKit/537.36 (KHTML, like Gecko) Chrome/120.0.0.0 Safari/537.36"
94.26.106.216 - - [21/Jun/2026:13:38:00 +0000] "GET /wp-admin/profile.php HTTP/1.1" 302 0 "https://www.jubaroyaltravel.com/wp-login.php" "Mozilla/5.0 (Macintosh; Intel Mac OS X 13_6_1) AppleWebKit/605.1.15 (KHTML, like Gecko) Version/16.6 Safari/605.1.15"
94.26.106.216 - - [21/Jun/2026:13:38:01 +0000] "GET /wp-admin/upgrade.php?_wp_http_referer=%2Fwp-admin%2Fprofile.php HTTP/1.1" 200 547 "https://www.jubaroyaltravel.com/wp-login.php" "Mozilla/5.0 (Macintosh; Intel Mac OS X 13_6_1) AppleWebKit/605.1.15 (KHTML, like Gecko) Version/16.6 Safari/605.1.15"
108.61.160.130 - - [21/Jun/2026:13:38:01 +0000] "GET /ws54.php HTTP/1.1" 404 3418 "-" "Mozilla/5.0 (Windows NT 10.0; Win64; x64) AppleWebKit/537.36 (KHTML, like Gecko) Chrome/120.0.0.0 Safari/537.36"
94.26.106.216 - - [21/Jun/2026:13:38:01 +0000] "GET /wp-admin/edit.php HTTP/1.1" 302 0 "https://www.jubaroyaltravel.com/wp-login.php" "Mozilla/5.0 (Macintosh; Intel Mac OS X 13_6_1) AppleWebKit/605.1.15 (KHTML, like Gecko) Version/16.6 Safari/605.1.15"
94.26.106.216 - - [21/Jun/2026:13:38:01 +0000] "GET /wp-admin/upgrade.php?_wp_http_referer=%2Fwp-admin%2Fedit.php HTTP/1.1" 200 545 "https://www.jubaroyaltravel.com/wp-login.php" "Mozilla/5.0 (Macintosh; Intel Mac OS X 13_6_1) AppleWebKit/605.1.15 (KHTML, like Gecko) Version/16.6 Safari/605.1.15"
108.61.160.130 - - [21/Jun/2026:13:38:01 +0000] "GET /deepseek_d.php HTTP/1.1" 404 3418 "-" "Mozilla/5.0 (Windows NT 10.0; Win64; x64) AppleWebKit/537.36 (KHTML, like Gecko) Chrome/120.0.0.0 Safari/537.36"
94.26.106.216 - - [21/Jun/2026:13:38:01 +0000] "GET /wp-admin/plugins.php HTTP/1.1" 302 0 "https://www.jubaroyaltravel.com/wp-login.php" "Mozilla/5.0 (Macintosh; Intel Mac OS X 13_6_1) AppleWebKit/605.1.15 (KHTML, like Gecko) Version/16.6 Safari/605.1.15"
108.61.160.130 - - [21/Jun/2026:13:38:01 +0000] "GET /function/function.php HTTP/1.1" 404 3418 "-" "Mozilla/5.0 (Windows NT 10.0; Win64; x64) AppleWebKit/537.36 (KHTML, like Gecko) Chrome/120.0.0.0 Safari/537.36"
94.26.106.216 - - [21/Jun/2026:13:38:01 +0000] "GET /wp-admin/upgrade.php?_wp_http_referer=%2Fwp-admin%2Fplugins.php HTTP/1.1" 200 547 "https://www.jubaroyaltravel.com/wp-login.php" "Mozilla/5.0 (Macintosh; Intel Mac OS X 13_6_1) AppleWebKit/605.1.15 (KHTML, like Gecko) Version/16.6 Safari/605.1.15"
108.61.160.130 - - [21/Jun/2026:13:38:01 +0000] "GET /nw.php HTTP/1.1" 404 3418 "-" "Mozilla/5.0 (Windows NT 10.0; Win64; x64) AppleWebKit/537.36 (KHTML, like Gecko) Chrome/120.0.0.0 Safari/537.36"
108.61.160.130 - - [21/Jun/2026:13:38:02 +0000] "GET /xleet.php HTTP/1.1" 404 3418 "-" "Mozilla/5.0 (Windows NT 10.0; Win64; x64) AppleWebKit/537.36 (KHTML, like Gecko) Chrome/120.0.0.0 Safari/537.36"
108.61.160.130 - - [21/Jun/2026:13:38:02 +0000] "GET /wp.php HTTP/1.1" 404 3418 "-" "Mozilla/5.0 (Windows NT 10.0; Win64; x64) AppleWebKit/537.36 (KHTML, like Gecko) Chrome/120.0.0.0 Safari/537.36"
108.61.160.130 - - [21/Jun/2026:13:38:02 +0000] "GET /155.php HTTP/1.1" 404 3418 "-" "Mozilla/5.0 (Windows NT 10.0; Win64; x64) AppleWebKit/537.36 (KHTML, like Gecko) Chrome/120.0.0.0 Safari/537.36"
108.61.160.130 - - [21/Jun/2026:13:38:02 +0000] "GET /96i.php HTTP/1.1" 404 3418 "-" "Mozilla/5.0 (Windows NT 10.0; Win64; x64) AppleWebKit/537.36 (KHTML, like Gecko) Chrome/120.0.0.0 Safari/537.36"
108.61.160.130 - - [21/Jun/2026:13:38:03 +0000] "GET /as.php HTTP/1.1" 404 3418 "-" "Mozilla/5.0 (Windows NT 10.0; Win64; x64) AppleWebKit/537.36 (KHTML, like Gecko) Chrome/120.0.0.0 Safari/537.36"
108.61.160.130 - - [21/Jun/2026:13:38:03 +0000] "GET /min.php HTTP/1.1" 404 3418 "-" "Mozilla/5.0 (Windows NT 10.0; Win64; x64) AppleWebKit/537.36 (KHTML, like Gecko) Chrome/120.0.0.0 Safari/537.36"
108.61.160.130 - - [21/Jun/2026:13:38:03 +0000] "GET /.well-known/ HTTP/1.1" 404 3418 "-" "Mozilla/5.0 (Windows NT 10.0; Win64; x64) AppleWebKit/537.36 (KHTML, like Gecko) Chrome/120.0.0.0 Safari/537.36"
108.61.160.130 - - [21/Jun/2026:13:38:03 +0000] "GET /php8.php HTTP/1.1" 404 3418 "-" "Mozilla/5.0 (Windows NT 10.0; Win64; x64) AppleWebKit/537.36 (KHTML, like Gecko) Chrome/120.0.0.0 Safari/537.36"
108.61.160.130 - - [21/Jun/2026:13:38:03 +0000] "GET /wp-content/admin.php HTTP/1.1" 404 3418 "-" "Mozilla/5.0 (Windows NT 10.0; Win64; x64) AppleWebKit/537.36 (KHTML, like Gecko) Chrome/120.0.0.0 Safari/537.36"
108.61.160.130 - - [21/Jun/2026:13:38:04 +0000] "GET /222.php HTTP/1.1" 404 3418 "-" "Mozilla/5.0 (Windows NT 10.0; Win64; x64) AppleWebKit/537.36 (KHTML, like Gecko) Chrome/120.0.0.0 Safari/537.36"
108.61.160.130 - - [21/Jun/2026:13:38:04 +0000] "GET /wp-content/themes/pridmag/il.php HTTP/1.1" 404 3418 "-" "Mozilla/5.0 (Windows NT 10.0; Win64; x64) AppleWebKit/537.36 (KHTML, like Gecko) Chrome/120.0.0.0 Safari/537.36"
108.61.160.130 - - [21/Jun/2026:13:38:04 +0000] "GET /info.php HTTP/1.1" 404 3418 "-" "Mozilla/5.0 (Windows NT 10.0; Win64; x64) AppleWebKit/537.36 (KHTML, like Gecko) Chrome/120.0.0.0 Safari/537.36"
108.61.160.130 - - [21/Jun/2026:13:38:04 +0000] "GET /a.php HTTP/1.1" 404 3418 "-" "Mozilla/5.0 (Windows NT 10.0; Win64; x64) AppleWebKit/537.36 (KHTML, like Gecko) Chrome/120.0.0.0 Safari/537.36"
108.61.160.130 - - [21/Jun/2026:13:38:05 +0000] "GET /chosen.php HTTP/1.1" 404 3418 "-" "Mozilla/5.0 (Windows NT 10.0; Win64; x64) AppleWebKit/537.36 (KHTML, like Gecko) Chrome/120.0.0.0 Safari/537.36"
108.61.160.130 - - [21/Jun/2026:13:38:05 +0000] "GET /wp-content/index.php HTTP/1.1" 404 3418 "-" "Mozilla/5.0 (Windows NT 10.0; Win64; x64) AppleWebKit/537.36 (KHTML, like Gecko) Chrome/120.0.0.0 Safari/537.36"
108.61.160.130 - - [21/Jun/2026:13:38:05 +0000] "GET /vx.php HTTP/1.1" 404 3418 "-" "Mozilla/5.0 (Windows NT 10.0; Win64; x64) AppleWebKit/537.36 (KHTML, like Gecko) Chrome/120.0.0.0 Safari/537.36"
108.61.160.130 - - [21/Jun/2026:13:38:05 +0000] "GET /admin/controller/extension/ HTTP/1.1" 404 3418 "-" "Mozilla/5.0 (Windows NT 10.0; Win64; x64) AppleWebKit/537.36 (KHTML, like Gecko) Chrome/120.0.0.0 Safari/537.36"
108.61.160.130 - - [21/Jun/2026:13:38:06 +0000] "GET /wap.php HTTP/1.1" 404 3418 "-" "Mozilla/5.0 (Windows NT 10.0; Win64; x64) AppleWebKit/537.36 (KHTML, like Gecko) Chrome/120.0.0.0 Safari/537.36"
108.61.160.130 - - [21/Jun/2026:13:38:06 +0000] "GET /wp-admin/wp.php HTTP/1.1" 404 3418 "-" "Mozilla/5.0 (Windows NT 10.0; Win64; x64) AppleWebKit/537.36 (KHTML, like Gecko) Chrome/120.0.0.0 Safari/537.36"
108.61.160.130 - - [21/Jun/2026:13:38:06 +0000] "GET /bgymj.php HTTP/1.1" 404 3418 "-" "Mozilla/5.0 (Windows NT 10.0; Win64; x64) AppleWebKit/537.36 (KHTML, like Gecko) Chrome/120.0.0.0 Safari/537.36"
108.61.160.130 - - [21/Jun/2026:13:38:06 +0000] "GET /aa.php HTTP/1.1" 404 3418 "-" "Mozilla/5.0 (Windows NT 10.0; Win64; x64) AppleWebKit/537.36 (KHTML, like Gecko) Chrome/120.0.0.0 Safari/537.36"
108.61.160.130 - - [21/Jun/2026:13:38:07 +0000] "GET /wp-mail.php HTTP/1.1" 404 3418 "-" "Mozilla/5.0 (Windows NT 10.0; Win64; x64) AppleWebKit/537.36 (KHTML, like Gecko) Chrome/120.0.0.0 Safari/537.36"
108.61.160.130 - - [21/Jun/2026:13:38:08 +0000] "GET /bolt.php HTTP/1.1" 404 3418 "-" "Mozilla/5.0 (Windows NT 10.0; Win64; x64) AppleWebKit/537.36 (KHTML, like Gecko) Chrome/120.0.0.0 Safari/537.36"
108.61.160.130 - - [21/Jun/2026:13:38:08 +0000] "GET /bthil.php HTTP/1.1" 404 3418 "-" "Mozilla/5.0 (Windows NT 10.0; Win64; x64) AppleWebKit/537.36 (KHTML, like Gecko) Chrome/120.0.0.0 Safari/537.36"
108.61.160.130 - - [21/Jun/2026:13:38:08 +0000] "GET /cgi-bin/ HTTP/1.1" 404 3418 "-" "Mozilla/5.0 (Windows NT 10.0; Win64; x64) AppleWebKit/537.36 (KHTML, like Gecko) Chrome/120.0.0.0 Safari/537.36"
108.61.160.130 - - [21/Jun/2026:13:38:08 +0000] "GET /x.php HTTP/1.1" 404 3418 "-" "Mozilla/5.0 (Windows NT 10.0; Win64; x64) AppleWebKit/537.36 (KHTML, like Gecko) Chrome/120.0.0.0 Safari/537.36"
108.61.160.130 - - [21/Jun/2026:13:38:09 +0000] "GET /index/function.php HTTP/1.1" 404 3418 "-" "Mozilla/5.0 (Windows NT 10.0; Win64; x64) AppleWebKit/537.36 (KHTML, like Gecko) Chrome/120.0.0.0 Safari/537.36"
108.61.160.130 - - [21/Jun/2026:13:38:09 +0000] "GET /aaa.php HTTP/1.1" 404 3418 "-" "Mozilla/5.0 (Windows NT 10.0; Win64; x64) AppleWebKit/537.36 (KHTML, like Gecko) Chrome/120.0.0.0 Safari/537.36"
108.61.160.130 - - [21/Jun/2026:13:38:09 +0000] "GET /abcd.php HTTP/1.1" 404 3418 "-" "Mozilla/5.0 (Windows NT 10.0; Win64; x64) AppleWebKit/537.36 (KHTML, like Gecko) Chrome/120.0.0.0 Safari/537.36"
108.61.160.130 - - [21/Jun/2026:13:38:09 +0000] "GET /wp-good.php HTTP/1.1" 404 3418 "-" "Mozilla/5.0 (Windows NT 10.0; Win64; x64) AppleWebKit/537.36 (KHTML, like Gecko) Chrome/120.0.0.0 Safari/537.36"
108.61.160.130 - - [21/Jun/2026:13:38:10 +0000] "GET /simple.php HTTP/1.1" 404 3418 "-" "Mozilla/5.0 (Windows NT 10.0; Win64; x64) AppleWebKit/537.36 (KHTML, like Gecko) Chrome/120.0.0.0 Safari/537.36"
108.61.160.130 - - [21/Jun/2026:13:38:10 +0000] "GET /edit-tags.php HTTP/1.1" 404 3418 "-" "Mozilla/5.0 (Windows NT 10.0; Win64; x64) AppleWebKit/537.36 (KHTML, like Gecko) Chrome/120.0.0.0 Safari/537.36"
108.61.160.130 - - [21/Jun/2026:13:38:10 +0000] "GET /u.php HTTP/1.1" 404 3418 "-" "Mozilla/5.0 (Windows NT 10.0; Win64; x64) AppleWebKit/537.36 (KHTML, like Gecko) Chrome/120.0.0.0 Safari/537.36"
108.61.160.130 - - [21/Jun/2026:13:38:10 +0000] "GET /wp-content/themes/admin.php HTTP/1.1" 404 3418 "-" "Mozilla/5.0 (Windows NT 10.0; Win64; x64) AppleWebKit/537.36 (KHTML, like Gecko) Chrome/120.0.0.0 Safari/537.36"
108.61.160.130 - - [21/Jun/2026:13:38:11 +0000] "GET /h.php HTTP/1.1" 404 3418 "-" "Mozilla/5.0 (Windows NT 10.0; Win64; x64) AppleWebKit/537.36 (KHTML, like Gecko) Chrome/120.0.0.0 Safari/537.36"
108.61.160.130 - - [21/Jun/2026:13:38:11 +0000] "GET /ms-edit.php HTTP/1.1" 404 3418 "-" "Mozilla/5.0 (Windows NT 10.0; Win64; x64) AppleWebKit/537.36 (KHTML, like Gecko) Chrome/120.0.0.0 Safari/537.36"
108.61.160.130 - - [21/Jun/2026:13:38:11 +0000] "GET /a7.php HTTP/1.1" 404 3418 "-" "Mozilla/5.0 (Windows NT 10.0; Win64; x64) AppleWebKit/537.36 (KHTML, like Gecko) Chrome/120.0.0.0 Safari/537.36"
108.61.160.130 - - [21/Jun/2026:13:38:11 +0000] "GET /manager.php HTTP/1.1" 404 3418 "-" "Mozilla/5.0 (Windows NT 10.0; Win64; x64) AppleWebKit/537.36 (KHTML, like Gecko) Chrome/120.0.0.0 Safari/537.36"
108.61.160.130 - - [21/Jun/2026:13:38:12 +0000] "GET /w1.php HTTP/1.1" 404 3418 "-" "Mozilla/5.0 (Windows NT 10.0; Win64; x64) AppleWebKit/537.36 (KHTML, like Gecko) Chrome/120.0.0.0 Safari/537.36"
108.61.160.130 - - [21/Jun/2026:13:38:12 +0000] "GET /wp-includes/fonts/ HTTP/1.1" 404 3418 "-" "Mozilla/5.0 (Windows NT 10.0; Win64; x64) AppleWebKit/537.36 (KHTML, like Gecko) Chrome/120.0.0.0 Safari/537.36"
108.61.160.130 - - [21/Jun/2026:13:38:12 +0000] "GET /wp-login.php HTTP/1.1" 404 3418 "-" "Mozilla/5.0 (Windows NT 10.0; Win64; x64) AppleWebKit/537.36 (KHTML, like Gecko) Chrome/120.0.0.0 Safari/537.36"
108.61.160.130 - - [21/Jun/2026:13:38:12 +0000] "GET /default.php HTTP/1.1" 404 3418 "-" "Mozilla/5.0 (Windows NT 10.0; Win64; x64) AppleWebKit/537.36 (KHTML, like Gecko) Chrome/120.0.0.0 Safari/537.36"
108.61.160.130 - - [21/Jun/2026:13:38:13 +0000] "GET /i.php HTTP/1.1" 404 3418 "-" "Mozilla/5.0 (Windows NT 10.0; Win64; x64) AppleWebKit/537.36 (KHTML, like Gecko) Chrome/120.0.0.0 Safari/537.36"
108.61.160.130 - - [21/Jun/2026:13:38:13 +0000] "GET /wp-content/uploads/ HTTP/1.1" 404 3418 "-" "Mozilla/5.0 (Windows NT 10.0; Win64; x64) AppleWebKit/537.36 (KHTML, like Gecko) Chrome/120.0.0.0 Safari/537.36"
108.61.160.130 - - [21/Jun/2026:13:38:13 +0000] "GET /wp-includes/Requests/library/index.php HTTP/1.1" 404 3418 "-" "Mozilla/5.0 (Windows NT 10.0; Win64; x64) AppleWebKit/537.36 (KHTML, like Gecko) Chrome/120.0.0.0 Safari/537.36"
108.61.160.130 - - [21/Jun/2026:13:38:13 +0000] "GET /wp-content/themes/index.php HTTP/1.1" 404 3418 "-" "Mozilla/5.0 (Windows NT 10.0; Win64; x64) AppleWebKit/537.36 (KHTML, like Gecko) Chrome/120.0.0.0 Safari/537.36"
108.61.160.130 - - [21/Jun/2026:13:38:13 +0000] "GET /gecko-new.php HTTP/1.1" 404 3418 "-" "Mozilla/5.0 (Windows NT 10.0; Win64; x64) AppleWebKit/537.36 (KHTML, like Gecko) Chrome/120.0.0.0 Safari/537.36"
108.61.160.130 - - [21/Jun/2026:13:38:14 +0000] "GET /NewFile.php HTTP/1.1" 404 3418 "-" "Mozilla/5.0 (Windows NT 10.0; Win64; x64) AppleWebKit/537.36 (KHTML, like Gecko) Chrome/120.0.0.0 Safari/537.36"
108.61.160.130 - - [21/Jun/2026:13:38:14 +0000] "GET /wp-Blogs.php HTTP/1.1" 404 3418 "-" "Mozilla/5.0 (Windows NT 10.0; Win64; x64) AppleWebKit/537.36 (KHTML, like Gecko) Chrome/120.0.0.0 Safari/537.36"
108.61.160.130 - - [21/Jun/2026:13:38:14 +0000] "GET /wp-includes/fonts/index.php HTTP/1.1" 404 3418 "-" "Mozilla/5.0 (Windows NT 10.0; Win64; x64) AppleWebKit/537.36 (KHTML, like Gecko) Chrome/120.0.0.0 Safari/537.36"
108.61.160.130 - - [21/Jun/2026:13:38:14 +0000] "GET /themes.php HTTP/1.1" 404 3418 "-" "Mozilla/5.0 (Windows NT 10.0; Win64; x64) AppleWebKit/537.36 (KHTML, like Gecko) Chrome/120.0.0.0 Safari/537.36"
108.61.160.130 - - [21/Jun/2026:13:38:15 +0000] "GET /cv.php HTTP/1.1" 404 3418 "-" "Mozilla/5.0 (Windows NT 10.0; Win64; x64) AppleWebKit/537.36 (KHTML, like Gecko) Chrome/120.0.0.0 Safari/537.36"
108.61.160.130 - - [21/Jun/2026:13:38:15 +0000] "GET /wp-admin/js/ HTTP/1.1" 404 3418 "-" "Mozilla/5.0 (Windows NT 10.0; Win64; x64) AppleWebKit/537.36 (KHTML, like Gecko) Chrome/120.0.0.0 Safari/537.36"
69.72.244.151 - - [21/Jun/2026:13:38:15 +0000] "POST /wp-cron.php?doing_wp_cron=1782049095.4082078933715820312500 HTTP/1.1" 200 0 "-" "WordPress/7.0; https://www.jubaroyaltravel.com"
94.26.106.216 - - [21/Jun/2026:13:38:01 +0000] "POST /wp-login.php HTTP/1.1" 200 2173 "https://www.jubaroyaltravel.com/wp-login.php" "Mozilla/5.0 (Windows NT 11.0; Win64; x64; rv:120.0) Gecko/20100101 Firefox/120.0"
108.61.160.130 - - [21/Jun/2026:13:38:15 +0000] "GET /wp-content/uploads/index.php HTTP/1.1" 404 3418 "-" "Mozilla/5.0 (Windows NT 10.0; Win64; x64) AppleWebKit/537.36 (KHTML, like Gecko) Chrome/120.0.0.0 Safari/537.36"
94.26.106.216 - - [21/Jun/2026:13:38:15 +0000] "GET /wp-admin/index.php HTTP/1.1" 302 0 "https://www.jubaroyaltravel.com/wp-login.php" "Mozilla/5.0 (Macintosh; Intel Mac OS X 10_15_7; rv:119.0) Gecko/20100101 Firefox/119.0"
94.26.106.216 - - [21/Jun/2026:13:38:15 +0000] "GET /wp-admin/upgrade.php?_wp_http_referer=%2Fwp-admin%2Findex.php HTTP/1.1" 200 547 "https://www.jubaroyaltravel.com/wp-login.php" "Mozilla/5.0 (Macintosh; Intel Mac OS X 10_15_7; rv:119.0) Gecko/20100101 Firefox/119.0"
108.61.160.130 - - [21/Jun/2026:13:38:15 +0000] "GET /ws83.php HTTP/1.1" 404 3418 "-" "Mozilla/5.0 (Windows NT 10.0; Win64; x64) AppleWebKit/537.36 (KHTML, like Gecko) Chrome/120.0.0.0 Safari/537.36"
94.26.106.216 - - [21/Jun/2026:13:38:15 +0000] "GET /wp-admin/profile.php HTTP/1.1" 302 0 "https://www.jubaroyaltravel.com/wp-login.php" "Mozilla/5.0 (Macintosh; Intel Mac OS X 10_15_7; rv:119.0) Gecko/20100101 Firefox/119.0"
94.26.106.216 - - [21/Jun/2026:13:38:15 +0000] "GET /wp-admin/upgrade.php?_wp_http_referer=%2Fwp-admin%2Fprofile.php HTTP/1.1" 200 547 "https://www.jubaroyaltravel.com/wp-login.php" "Mozilla/5.0 (Macintosh; Intel Mac OS X 10_15_7; rv:119.0) Gecko/20100101 Firefox/119.0"
108.61.160.130 - - [21/Jun/2026:13:38:16 +0000] "GET /atex1.php HTTP/1.1" 404 3418 "-" "Mozilla/5.0 (Windows NT 10.0; Win64; x64) AppleWebKit/537.36 (KHTML, like Gecko) Chrome/120.0.0.0 Safari/537.36"
94.26.106.216 - - [21/Jun/2026:13:38:15 +0000] "GET /wp-admin/edit.php HTTP/1.1" 302 0 "https://www.jubaroyaltravel.com/wp-login.php" "Mozilla/5.0 (Macintosh; Intel Mac OS X 10_15_7; rv:119.0) Gecko/20100101 Firefox/119.0"
94.26.106.216 - - [21/Jun/2026:13:38:16 +0000] "GET /wp-admin/upgrade.php?_wp_http_referer=%2Fwp-admin%2Fedit.php HTTP/1.1" 200 545 "https://www.jubaroyaltravel.com/wp-login.php" "Mozilla/5.0 (Macintosh; Intel Mac OS X 10_15_7; rv:119.0) Gecko/20100101 Firefox/119.0"
108.61.160.130 - - [21/Jun/2026:13:38:16 +0000] "GET /class-t.api.php HTTP/1.1" 404 3418 "-" "Mozilla/5.0 (Windows NT 10.0; Win64; x64) AppleWebKit/537.36 (KHTML, like Gecko) Chrome/120.0.0.0 Safari/537.36"
94.26.106.216 - - [21/Jun/2026:13:38:16 +0000] "GET /wp-admin/plugins.php HTTP/1.1" 302 0 "https://www.jubaroyaltravel.com/wp-login.php" "Mozilla/5.0 (Macintosh; Intel Mac OS X 10_15_7; rv:119.0) Gecko/20100101 Firefox/119.0"
94.26.106.216 - - [21/Jun/2026:13:38:16 +0000] "GET /wp-admin/upgrade.php?_wp_http_referer=%2Fwp-admin%2Fplugins.php HTTP/1.1" 200 547 "https://www.jubaroyaltravel.com/wp-login.php" "Mozilla/5.0 (Macintosh; Intel Mac OS X 10_15_7; rv:119.0) Gecko/20100101 Firefox/119.0"
108.61.160.130 - - [21/Jun/2026:13:38:16 +0000] "GET /w.php HTTP/1.1" 404 3418 "-" "Mozilla/5.0 (Windows NT 10.0; Win64; x64) AppleWebKit/537.36 (KHTML, like Gecko) Chrome/120.0.0.0 Safari/537.36"
108.61.160.130 - - [21/Jun/2026:13:38:16 +0000] "GET /archive.php HTTP/1.1" 404 3418 "-" "Mozilla/5.0 (Windows NT 10.0; Win64; x64) AppleWebKit/537.36 (KHTML, like Gecko) Chrome/120.0.0.0 Safari/537.36"
108.61.160.130 - - [21/Jun/2026:13:38:17 +0000] "GET /bless.php HTTP/1.1" 404 3418 "-" "Mozilla/5.0 (Windows NT 10.0; Win64; x64) AppleWebKit/537.36 (KHTML, like Gecko) Chrome/120.0.0.0 Safari/537.36"
108.61.160.130 - - [21/Jun/2026:13:38:17 +0000] "GET /sagax1.php HTTP/1.1" 404 3418 "-" "Mozilla/5.0 (Windows NT 10.0; Win64; x64) AppleWebKit/537.36 (KHTML, like Gecko) Chrome/120.0.0.0 Safari/537.36"
108.61.160.130 - - [21/Jun/2026:13:38:17 +0000] "GET /wpc.php HTTP/1.1" 404 3418 "-" "Mozilla/5.0 (Windows NT 10.0; Win64; x64) AppleWebKit/537.36 (KHTML, like Gecko) Chrome/120.0.0.0 Safari/537.36"
108.61.160.130 - - [21/Jun/2026:13:38:17 +0000] "GET /fone1.php HTTP/1.1" 404 3418 "-" "Mozilla/5.0 (Windows NT 10.0; Win64; x64) AppleWebKit/537.36 (KHTML, like Gecko) Chrome/120.0.0.0 Safari/537.36"
108.61.160.130 - - [21/Jun/2026:13:38:18 +0000] "GET /ncx.php HTTP/1.1" 404 3418 "-" "Mozilla/5.0 (Windows NT 10.0; Win64; x64) AppleWebKit/537.36 (KHTML, like Gecko) Chrome/120.0.0.0 Safari/537.36"
108.61.160.130 - - [21/Jun/2026:13:38:18 +0000] "GET /wp-admin/js/index.php HTTP/1.1" 404 3418 "-" "Mozilla/5.0 (Windows NT 10.0; Win64; x64) AppleWebKit/537.36 (KHTML, like Gecko) Chrome/120.0.0.0 Safari/537.36"
108.61.160.130 - - [21/Jun/2026:13:38:18 +0000] "GET /wso.php HTTP/1.1" 404 3418 "-" "Mozilla/5.0 (Windows NT 10.0; Win64; x64) AppleWebKit/537.36 (KHTML, like Gecko) Chrome/120.0.0.0 Safari/537.36"
108.61.160.130 - - [21/Jun/2026:13:38:18 +0000] "GET /zup.php73 HTTP/1.1" 404 3418 "-" "Mozilla/5.0 (Windows NT 10.0; Win64; x64) AppleWebKit/537.36 (KHTML, like Gecko) Chrome/120.0.0.0 Safari/537.36"
108.61.160.130 - - [21/Jun/2026:13:38:19 +0000] "GET /k.php HTTP/1.1" 404 3418 "-" "Mozilla/5.0 (Windows NT 10.0; Win64; x64) AppleWebKit/537.36 (KHTML, like Gecko) Chrome/120.0.0.0 Safari/537.36"
108.61.160.130 - - [21/Jun/2026:13:38:19 +0000] "GET /wp-blink.php HTTP/1.1" 404 3418 "-" "Mozilla/5.0 (Windows NT 10.0; Win64; x64) AppleWebKit/537.36 (KHTML, like Gecko) Chrome/120.0.0.0 Safari/537.36"
108.61.160.130 - - [21/Jun/2026:13:38:19 +0000] "GET /randkeyword.PhP7 HTTP/1.1" 404 3418 "-" "Mozilla/5.0 (Windows NT 10.0; Win64; x64) AppleWebKit/537.36 (KHTML, like Gecko) Chrome/120.0.0.0 Safari/537.36"
108.61.160.130 - - [21/Jun/2026:13:38:19 +0000] "GET /wp-admin/css/colors/ectoplasm/ HTTP/1.1" 404 3418 "-" "Mozilla/5.0 (Windows NT 10.0; Win64; x64) AppleWebKit/537.36 (KHTML, like Gecko) Chrome/120.0.0.0 Safari/537.36"
108.61.160.130 - - [21/Jun/2026:13:38:20 +0000] "GET /wp-content/ HTTP/1.1" 404 3418 "-" "Mozilla/5.0 (Windows NT 10.0; Win64; x64) AppleWebKit/537.36 (KHTML, like Gecko) Chrome/120.0.0.0 Safari/537.36"
108.61.160.130 - - [21/Jun/2026:13:38:20 +0000] "GET /ww5.php HTTP/1.1" 404 3418 "-" "Mozilla/5.0 (Windows NT 10.0; Win64; x64) AppleWebKit/537.36 (KHTML, like Gecko) Chrome/120.0.0.0 Safari/537.36"
108.61.160.130 - - [21/Jun/2026:13:38:20 +0000] "GET /2.php HTTP/1.1" 404 3418 "-" "Mozilla/5.0 (Windows NT 10.0; Win64; x64) AppleWebKit/537.36 (KHTML, like Gecko) Chrome/120.0.0.0 Safari/537.36"
108.61.160.130 - - [21/Jun/2026:13:38:20 +0000] "GET /wp-admin/classwithtostring.php HTTP/1.1" 404 3418 "-" "Mozilla/5.0 (Windows NT 10.0; Win64; x64) AppleWebKit/537.36 (KHTML, like Gecko) Chrome/120.0.0.0 Safari/537.36"
108.61.160.130 - - [21/Jun/2026:13:38:21 +0000] "GET /atomlib.php HTTP/1.1" 404 3418 "-" "Mozilla/5.0 (Windows NT 10.0; Win64; x64) AppleWebKit/537.36 (KHTML, like Gecko) Chrome/120.0.0.0 Safari/537.36"
108.61.160.130 - - [21/Jun/2026:13:38:21 +0000] "GET /rip.php HTTP/1.1" 404 3418 "-" "Mozilla/5.0 (Windows NT 10.0; Win64; x64) AppleWebKit/537.36 (KHTML, like Gecko) Chrome/120.0.0.0 Safari/537.36"
108.61.160.130 - - [21/Jun/2026:13:38:21 +0000] "GET /p.php HTTP/1.1" 404 3418 "-" "Mozilla/5.0 (Windows NT 10.0; Win64; x64) AppleWebKit/537.36 (KHTML, like Gecko) Chrome/120.0.0.0 Safari/537.36"
108.61.160.130 - - [21/Jun/2026:13:38:21 +0000] "GET /php.php HTTP/1.1" 404 3418 "-" "Mozilla/5.0 (Windows NT 10.0; Win64; x64) AppleWebKit/537.36 (KHTML, like Gecko) Chrome/120.0.0.0 Safari/537.36"
94.26.106.216 - - [21/Jun/2026:13:38:16 +0000] "POST /wp-login.php HTTP/1.1" 200 2173 "https://www.jubaroyaltravel.com/wp-login.php" "Mozilla/5.0 (Macintosh; Intel Mac OS X 13_6_1) AppleWebKit/537.36 (KHTML, like Gecko) Chrome/121.0.0.0 Safari/537.36"
94.26.106.216 - - [21/Jun/2026:13:38:30 +0000] "GET /wp-admin/index.php HTTP/1.1" 302 0 "https://www.jubaroyaltravel.com/wp-login.php" "Mozilla/5.0 (Macintosh; Intel Mac OS X 13_6_1) AppleWebKit/605.1.15 (KHTML, like Gecko) Version/16.6 Safari/605.1.15"
94.26.106.216 - - [21/Jun/2026:13:38:30 +0000] "GET /wp-admin/upgrade.php?_wp_http_referer=%2Fwp-admin%2Findex.php HTTP/1.1" 200 547 "https://www.jubaroyaltravel.com/wp-login.php" "Mozilla/5.0 (Macintosh; Intel Mac OS X 13_6_1) AppleWebKit/605.1.15 (KHTML, like Gecko) Version/16.6 Safari/605.1.15"
94.26.106.216 - - [21/Jun/2026:13:38:30 +0000] "GET /wp-admin/profile.php HTTP/1.1" 302 0 "https://www.jubaroyaltravel.com/wp-login.php" "Mozilla/5.0 (Macintosh; Intel Mac OS X 13_6_1) AppleWebKit/605.1.15 (KHTML, like Gecko) Version/16.6 Safari/605.1.15"
94.26.106.216 - - [21/Jun/2026:13:38:30 +0000] "GET /wp-admin/upgrade.php?_wp_http_referer=%2Fwp-admin%2Fprofile.php HTTP/1.1" 200 547 "https://www.jubaroyaltravel.com/wp-login.php" "Mozilla/5.0 (Macintosh; Intel Mac OS X 13_6_1) AppleWebKit/605.1.15 (KHTML, like Gecko) Version/16.6 Safari/605.1.15"
94.26.106.216 - - [21/Jun/2026:13:38:30 +0000] "GET /wp-admin/edit.php HTTP/1.1" 302 0 "https://www.jubaroyaltravel.com/wp-login.php" "Mozilla/5.0 (Macintosh; Intel Mac OS X 13_6_1) AppleWebKit/605.1.15 (KHTML, like Gecko) Version/16.6 Safari/605.1.15"
94.26.106.216 - - [21/Jun/2026:13:38:31 +0000] "GET /wp-admin/upgrade.php?_wp_http_referer=%2Fwp-admin%2Fedit.php HTTP/1.1" 200 545 "https://www.jubaroyaltravel.com/wp-login.php" "Mozilla/5.0 (Macintosh; Intel Mac OS X 13_6_1) AppleWebKit/605.1.15 (KHTML, like Gecko) Version/16.6 Safari/605.1.15"
94.26.106.216 - - [21/Jun/2026:13:38:31 +0000] "GET /wp-admin/plugins.php HTTP/1.1" 302 0 "https://www.jubaroyaltravel.com/wp-login.php" "Mozilla/5.0 (Macintosh; Intel Mac OS X 13_6_1) AppleWebKit/605.1.15 (KHTML, like Gecko) Version/16.6 Safari/605.1.15"
94.26.106.216 - - [21/Jun/2026:13:38:31 +0000] "GET /wp-admin/upgrade.php?_wp_http_referer=%2Fwp-admin%2Fplugins.php HTTP/1.1" 200 547 "https://www.jubaroyaltravel.com/wp-login.php" "Mozilla/5.0 (Macintosh; Intel Mac OS X 13_6_1) AppleWebKit/605.1.15 (KHTML, like Gecko) Version/16.6 Safari/605.1.15"
94.26.106.216 - - [21/Jun/2026:13:38:31 +0000] "POST /wp-login.php HTTP/1.1" 200 2173 "https://www.jubaroyaltravel.com/wp-login.php" "Mozilla/5.0 (Windows NT 11.0; Win64; x64) AppleWebKit/537.36 (KHTML, like Gecko) Chrome/120.0.0.0 Safari/537.36"
94.26.106.216 - - [21/Jun/2026:13:38:45 +0000] "GET /wp-admin/index.php HTTP/1.1" 302 0 "https://www.jubaroyaltravel.com/wp-login.php" "Mozilla/5.0 (Windows NT 10.0; Win64; x64; rv:120.0) Gecko/20100101 Firefox/120.0"
94.26.106.216 - - [21/Jun/2026:13:38:45 +0000] "GET /wp-admin/upgrade.php?_wp_http_referer=%2Fwp-admin%2Findex.php HTTP/1.1" 200 547 "https://www.jubaroyaltravel.com/wp-login.php" "Mozilla/5.0 (Windows NT 10.0; Win64; x64; rv:120.0) Gecko/20100101 Firefox/120.0"
94.26.106.216 - - [21/Jun/2026:13:38:45 +0000] "GET /wp-admin/profile.php HTTP/1.1" 302 0 "https://www.jubaroyaltravel.com/wp-login.php" "Mozilla/5.0 (Windows NT 10.0; Win64; x64; rv:120.0) Gecko/20100101 Firefox/120.0"
