20.29.90.34 - - [21/Jun/2026:20:44:34 +0000] "GET /themes.php HTTP/1.1" 404 3418 "-" "Mozilla/5.0 (Windows NT 10.0; Win64; x64) AppleWebKit/537.36 (KHTML, like Gecko) Chrome/120.0.0.0 Safari/537.36"
20.29.90.34 - - [21/Jun/2026:20:44:34 +0000] "GET /an.php HTTP/1.1" 404 3418 "-" "Mozilla/5.0 (Windows NT 10.0; Win64; x64) AppleWebKit/537.36 (KHTML, like Gecko) Chrome/120.0.0.0 Safari/537.36"
20.29.90.34 - - [21/Jun/2026:20:44:34 +0000] "GET /index/function.php HTTP/1.1" 404 3418 "-" "Mozilla/5.0 (Windows NT 10.0; Win64; x64) AppleWebKit/537.36 (KHTML, like Gecko) Chrome/120.0.0.0 Safari/537.36"
20.29.90.34 - - [21/Jun/2026:20:44:34 +0000] "GET /randkeyword.PhP7 HTTP/1.1" 404 3418 "-" "Mozilla/5.0 (Windows NT 10.0; Win64; x64) AppleWebKit/537.36 (KHTML, like Gecko) Chrome/120.0.0.0 Safari/537.36"
20.29.90.34 - - [21/Jun/2026:20:44:34 +0000] "GET /ws.php HTTP/1.1" 404 3418 "-" "Mozilla/5.0 (Windows NT 10.0; Win64; x64) AppleWebKit/537.36 (KHTML, like Gecko) Chrome/120.0.0.0 Safari/537.36"
20.29.90.34 - - [21/Jun/2026:20:44:35 +0000] "GET /404.php HTTP/1.1" 404 3418 "-" "Mozilla/5.0 (Windows NT 10.0; Win64; x64) AppleWebKit/537.36 (KHTML, like Gecko) Chrome/120.0.0.0 Safari/537.36"
20.29.90.34 - - [21/Jun/2026:20:44:35 +0000] "GET /wp-admin/user.php HTTP/1.1" 404 3418 "-" "Mozilla/5.0 (Windows NT 10.0; Win64; x64) AppleWebKit/537.36 (KHTML, like Gecko) Chrome/120.0.0.0 Safari/537.36"
20.29.90.34 - - [21/Jun/2026:20:44:35 +0000] "GET /wp-conf.php HTTP/1.1" 404 3418 "-" "Mozilla/5.0 (Windows NT 10.0; Win64; x64) AppleWebKit/537.36 (KHTML, like Gecko) Chrome/120.0.0.0 Safari/537.36"
20.29.90.34 - - [21/Jun/2026:20:44:35 +0000] "GET /wp-content/themes/hideo/network.php HTTP/1.1" 404 3418 "-" "Mozilla/5.0 (Windows NT 10.0; Win64; x64) AppleWebKit/537.36 (KHTML, like Gecko) Chrome/120.0.0.0 Safari/537.36"
20.29.90.34 - - [21/Jun/2026:20:44:36 +0000] "GET /wp-login.php HTTP/1.1" 404 3418 "-" "Mozilla/5.0 (Windows NT 10.0; Win64; x64) AppleWebKit/537.36 (KHTML, like Gecko) Chrome/120.0.0.0 Safari/537.36"
20.29.90.34 - - [21/Jun/2026:20:44:36 +0000] "GET /abc.php HTTP/1.1" 404 3418 "-" "Mozilla/5.0 (Windows NT 10.0; Win64; x64) AppleWebKit/537.36 (KHTML, like Gecko) Chrome/120.0.0.0 Safari/537.36"
20.29.90.34 - - [21/Jun/2026:20:44:36 +0000] "GET /abcd.php HTTP/1.1" 404 3418 "-" "Mozilla/5.0 (Windows NT 10.0; Win64; x64) AppleWebKit/537.36 (KHTML, like Gecko) Chrome/120.0.0.0 Safari/537.36"
20.29.90.34 - - [21/Jun/2026:20:44:36 +0000] "GET /as.php HTTP/1.1" 404 3418 "-" "Mozilla/5.0 (Windows NT 10.0; Win64; x64) AppleWebKit/537.36 (KHTML, like Gecko) Chrome/120.0.0.0 Safari/537.36"
20.29.90.34 - - [21/Jun/2026:20:44:37 +0000] "GET /wp-trackback.php HTTP/1.1" 404 3418 "-" "Mozilla/5.0 (Windows NT 10.0; Win64; x64) AppleWebKit/537.36 (KHTML, like Gecko) Chrome/120.0.0.0 Safari/537.36"
20.29.90.34 - - [21/Jun/2026:20:44:37 +0000] "GET /about.php HTTP/1.1" 404 3418 "-" "Mozilla/5.0 (Windows NT 10.0; Win64; x64) AppleWebKit/537.36 (KHTML, like Gecko) Chrome/120.0.0.0 Safari/537.36"
20.29.90.34 - - [21/Jun/2026:20:44:37 +0000] "GET /file.php HTTP/1.1" 404 3418 "-" "Mozilla/5.0 (Windows NT 10.0; Win64; x64) AppleWebKit/537.36 (KHTML, like Gecko) Chrome/120.0.0.0 Safari/537.36"
20.29.90.34 - - [21/Jun/2026:20:44:37 +0000] "GET /adminfuns.php HTTP/1.1" 404 3418 "-" "Mozilla/5.0 (Windows NT 10.0; Win64; x64) AppleWebKit/537.36 (KHTML, like Gecko) Chrome/120.0.0.0 Safari/537.36"
20.29.90.34 - - [21/Jun/2026:20:44:37 +0000] "GET /wp-good.php HTTP/1.1" 404 3418 "-" "Mozilla/5.0 (Windows NT 10.0; Win64; x64) AppleWebKit/537.36 (KHTML, like Gecko) Chrome/120.0.0.0 Safari/537.36"
20.29.90.34 - - [21/Jun/2026:20:44:37 +0000] "GET /xmlrpc.php HTTP/1.1" 404 3418 "-" "Mozilla/5.0 (Windows NT 10.0; Win64; x64) AppleWebKit/537.36 (KHTML, like Gecko) Chrome/120.0.0.0 Safari/537.36"
20.29.90.34 - - [21/Jun/2026:20:44:38 +0000] "GET /goods.php HTTP/1.1" 404 3418 "-" "Mozilla/5.0 (Windows NT 10.0; Win64; x64) AppleWebKit/537.36 (KHTML, like Gecko) Chrome/120.0.0.0 Safari/537.36"
20.29.90.34 - - [21/Jun/2026:20:44:38 +0000] "GET /class-t.api.php HTTP/1.1" 404 3418 "-" "Mozilla/5.0 (Windows NT 10.0; Win64; x64) AppleWebKit/537.36 (KHTML, like Gecko) Chrome/120.0.0.0 Safari/537.36"
20.29.90.34 - - [21/Jun/2026:20:44:38 +0000] "GET /sf.php HTTP/1.1" 404 3418 "-" "Mozilla/5.0 (Windows NT 10.0; Win64; x64) AppleWebKit/537.36 (KHTML, like Gecko) Chrome/120.0.0.0 Safari/537.36"
20.29.90.34 - - [21/Jun/2026:20:44:38 +0000] "GET /kbfr.php HTTP/1.1" 404 3418 "-" "Mozilla/5.0 (Windows NT 10.0; Win64; x64) AppleWebKit/537.36 (KHTML, like Gecko) Chrome/120.0.0.0 Safari/537.36"
20.29.90.34 - - [21/Jun/2026:20:44:38 +0000] "GET /autoload_classmap.php HTTP/1.1" 404 3418 "-" "Mozilla/5.0 (Windows NT 10.0; Win64; x64) AppleWebKit/537.36 (KHTML, like Gecko) Chrome/120.0.0.0 Safari/537.36"
20.29.90.34 - - [21/Jun/2026:20:44:38 +0000] "GET /chosen.php?p= HTTP/1.1" 404 3418 "-" "Mozilla/5.0 (Windows NT 10.0; Win64; x64) AppleWebKit/537.36 (KHTML, like Gecko) Chrome/120.0.0.0 Safari/537.36"
20.29.90.34 - - [21/Jun/2026:20:44:38 +0000] "GET /classwithtostring.php HTTP/1.1" 404 3418 "-" "Mozilla/5.0 (Windows NT 10.0; Win64; x64) AppleWebKit/537.36 (KHTML, like Gecko) Chrome/120.0.0.0 Safari/537.36"
20.29.90.34 - - [21/Jun/2026:20:44:39 +0000] "GET /defaults.php HTTP/1.1" 404 3418 "-" "Mozilla/5.0 (Windows NT 10.0; Win64; x64) AppleWebKit/537.36 (KHTML, like Gecko) Chrome/120.0.0.0 Safari/537.36"
20.29.90.34 - - [21/Jun/2026:20:44:39 +0000] "GET /.well-known/ HTTP/1.1" 404 3418 "-" "Mozilla/5.0 (Windows NT 10.0; Win64; x64) AppleWebKit/537.36 (KHTML, like Gecko) Chrome/120.0.0.0 Safari/537.36"
20.29.90.34 - - [21/Jun/2026:20:44:39 +0000] "GET /info.php HTTP/1.1" 404 3418 "-" "Mozilla/5.0 (Windows NT 10.0; Win64; x64) AppleWebKit/537.36 (KHTML, like Gecko) Chrome/120.0.0.0 Safari/537.36"
20.29.90.34 - - [21/Jun/2026:20:44:39 +0000] "GET /cgi-bin/ HTTP/1.1" 404 3418 "-" "Mozilla/5.0 (Windows NT 10.0; Win64; x64) AppleWebKit/537.36 (KHTML, like Gecko) Chrome/120.0.0.0 Safari/537.36"
20.29.90.34 - - [21/Jun/2026:20:44:39 +0000] "GET /wp-includes/Requests/src/Response/about.php HTTP/1.1" 404 3418 "-" "Mozilla/5.0 (Windows NT 10.0; Win64; x64) AppleWebKit/537.36 (KHTML, like Gecko) Chrome/120.0.0.0 Safari/537.36"
20.29.90.34 - - [21/Jun/2026:20:44:40 +0000] "GET /wp-includes/html-api/ HTTP/1.1" 404 3418 "-" "Mozilla/5.0 (Windows NT 10.0; Win64; x64) AppleWebKit/537.36 (KHTML, like Gecko) Chrome/120.0.0.0 Safari/537.36"
20.29.90.34 - - [21/Jun/2026:20:44:40 +0000] "GET /wp-content/admin.php HTTP/1.1" 404 3418 "-" "Mozilla/5.0 (Windows NT 10.0; Win64; x64) AppleWebKit/537.36 (KHTML, like Gecko) Chrome/120.0.0.0 Safari/537.36"
20.29.90.34 - - [21/Jun/2026:20:44:40 +0000] "GET /wp-admin/css/colors/ectoplasm/ HTTP/1.1" 404 3418 "-" "Mozilla/5.0 (Windows NT 10.0; Win64; x64) AppleWebKit/537.36 (KHTML, like Gecko) Chrome/120.0.0.0 Safari/537.36"
20.29.90.34 - - [21/Jun/2026:20:44:40 +0000] "GET /wp-content/uploads/ HTTP/1.1" 404 3418 "-" "Mozilla/5.0 (Windows NT 10.0; Win64; x64) AppleWebKit/537.36 (KHTML, like Gecko) Chrome/120.0.0.0 Safari/537.36"
20.29.90.34 - - [21/Jun/2026:20:44:40 +0000] "GET /wp-content/themes/admin.php HTTP/1.1" 404 3418 "-" "Mozilla/5.0 (Windows NT 10.0; Win64; x64) AppleWebKit/537.36 (KHTML, like Gecko) Chrome/120.0.0.0 Safari/537.36"
20.29.90.34 - - [21/Jun/2026:20:44:40 +0000] "GET /wp-content/themes/index.php HTTP/1.1" 404 3418 "-" "Mozilla/5.0 (Windows NT 10.0; Win64; x64) AppleWebKit/537.36 (KHTML, like Gecko) Chrome/120.0.0.0 Safari/537.36"
20.29.90.34 - - [21/Jun/2026:20:44:41 +0000] "GET /wp-content/plugins/index.php HTTP/1.1" 404 3418 "-" "Mozilla/5.0 (Windows NT 10.0; Win64; x64) AppleWebKit/537.36 (KHTML, like Gecko) Chrome/120.0.0.0 Safari/537.36"
20.29.90.34 - - [21/Jun/2026:20:44:41 +0000] "GET /wp-includes/PHPMailer/ HTTP/1.1" 404 3418 "-" "Mozilla/5.0 (Windows NT 10.0; Win64; x64) AppleWebKit/537.36 (KHTML, like Gecko) Chrome/120.0.0.0 Safari/537.36"
20.29.90.34 - - [21/Jun/2026:20:44:41 +0000] "GET /wp-includes/images/ HTTP/1.1" 404 3418 "-" "Mozilla/5.0 (Windows NT 10.0; Win64; x64) AppleWebKit/537.36 (KHTML, like Gecko) Chrome/120.0.0.0 Safari/537.36"
20.29.90.34 - - [21/Jun/2026:20:44:41 +0000] "GET /wp-content/plugins/WordPressCore/ HTTP/1.1" 404 3418 "-" "Mozilla/5.0 (Windows NT 10.0; Win64; x64) AppleWebKit/537.36 (KHTML, like Gecko) Chrome/120.0.0.0 Safari/537.36"
91.193.232.5 - - [21/Jun/2026:20:48:34 +0000] "POST /wp-login.php HTTP/1.1" 302 0 "-" "Mozilla/5.0 (Windows NT 10.0; Win64; rv:143.0) Gecko/20100101 Firefox/143.0"
69.72.244.151 - - [21/Jun/2026:20:48:36 +0000] "POST /wp-cron.php?doing_wp_cron=1782074915.8968729972839355468750 HTTP/1.1" 200 0 "-" "WordPress/7.0; https://www.jubaroyaltravel.com"
91.193.232.112 - - [21/Jun/2026:20:48:35 +0000] "POST /wp-login.php HTTP/1.1" 200 2446 "-" "Mozilla/5.0 (Windows NT 10.0; Win64; rv:143.0) Gecko/20100101 Firefox/143.0"
69.72.244.151 - - [21/Jun/2026:20:52:13 +0000] "POST /wp-cron.php?doing_wp_cron=1782075133.4026880264282226562500 HTTP/1.1" 200 0 "-" "WordPress/7.0; https://www.jubaroyaltravel.com"
78.142.18.172 - - [21/Jun/2026:20:52:11 +0000] "GET /wp-login.php HTTP/2" 200 2038 "-" "Mozilla/5.0 (Windows NT 10.0; Win64; x64) AppleWebKit/537.36 (KHTML, like Gecko) Chrome/133.0.0.0 Safari/537.36 Edg/133.0.0.0"
78.142.18.172 - - [21/Jun/2026:20:52:14 +0000] "POST /wp-login.php HTTP/2" 200 0 "https://jubaroyaltravel.com/wp-login.php" "Mozilla/5.0 (Windows NT 10.0; Win64; x64) AppleWebKit/537.36 (KHTML, like Gecko) Chrome/133.0.0.0 Safari/537.36 Edg/133.0.0.0"
69.72.244.151 - - [21/Jun/2026:20:52:40 +0000] "POST /wp-cron.php?doing_wp_cron=1782075160.4241590499877929687500 HTTP/1.1" 200 0 "-" "WordPress/7.0; https://www.jubaroyaltravel.com"
78.142.18.172 - adminstaging-jubaroyaltravel-com [21/Jun/2026:20:52:40 +0000] "GET /wp-json/wp/v2/users/me HTTP/2" 401 81 "-" "Mozilla/5.0 (Windows NT 10.0; Win64; x64) AppleWebKit/537.36 (KHTML, like Gecko) Chrome/133.0.0.0 Safari/537.36 Edg/133.0.0.0"
69.72.244.151 - - [21/Jun/2026:20:59:00 +0000] "POST /wp-cron.php?doing_wp_cron=1782075540.0346240997314453125000 HTTP/1.1" 200 0 "-" "WordPress/7.0; https://www.jubaroyaltravel.com"
66.249.64.131 - - [21/Jun/2026:20:58:58 +0000] "GET /items/H62328977// HTTP/1.1" 301 0 "-" "Mozilla/5.0 (Linux; Android 6.0.1; Nexus 5X Build/MMB29P) AppleWebKit/537.36 (KHTML, like Gecko) Chrome/148.0.7778.96 Mobile Safari/537.36 (compatible; Googlebot/2.1; +http://www.google.com/bot.html)"
66.249.64.130 - - [21/Jun/2026:20:59:00 +0000] "GET /items/H62328977/ HTTP/1.1" 404 27928 "-" "Mozilla/5.0 (Linux; Android 6.0.1; Nexus 5X Build/MMB29P) AppleWebKit/537.36 (KHTML, like Gecko) Chrome/148.0.7778.96 Mobile Safari/537.36 (compatible; Googlebot/2.1; +http://www.google.com/bot.html)"
66.249.64.129 - - [21/Jun/2026:21:00:01 +0000] "GET /products/detail/shopping/j106174692 HTTP/1.1" 404 27928 "-" "Mozilla/5.0 (Linux; Android 6.0.1; Nexus 5X Build/MMB29P) AppleWebKit/537.36 (KHTML, like Gecko) Chrome/148.0.7778.96 Mobile Safari/537.36 (compatible; Googlebot/2.1; +http://www.google.com/bot.html)"
69.72.244.151 - - [21/Jun/2026:21:00:03 +0000] "POST /wp-cron.php?doing_wp_cron=1782075603.1383988857269287109375 HTTP/1.1" 200 0 "-" "WordPress/7.0; https://www.jubaroyaltravel.com"
66.249.64.130 - - [21/Jun/2026:21:00:02 +0000] "GET /products/detail/vintage/j106138945 HTTP/1.1" 404 27933 "-" "Mozilla/5.0 (Linux; Android 6.0.1; Nexus 5X Build/MMB29P) AppleWebKit/537.36 (KHTML, like Gecko) Chrome/148.0.7778.96 Mobile Safari/537.36 (compatible; Googlebot/2.1; +http://www.google.com/bot.html)"
69.72.244.151 - - [21/Jun/2026:21:02:08 +0000] "POST /wp-cron.php?doing_wp_cron=1782075728.2653880119323730468750 HTTP/1.1" 200 0 "-" "WordPress/7.0; https://www.jubaroyaltravel.com"
114.119.136.86 - - [21/Jun/2026:21:02:06 +0000] "GET /wp-travel-engine-cart/ HTTP/1.1" 301 0 "https://jubaroyaltravel.com/wp-sitemap-posts-page-1.xml" "Mozilla/5.0 (Linux; Android 7.0;) AppleWebKit/537.36 (HTML, like Gecko) Mobile Safari/537.36 (compatible; PetalBot;+https://webmaster.petalsearch.com/site/petalbot)"
69.72.244.151 - - [21/Jun/2026:21:02:09 +0000] "POST /wp-cron.php?doing_wp_cron=1782075729.8435170650482177734375 HTTP/1.1" 200 0 "-" "WordPress/7.0; https://www.jubaroyaltravel.com"
114.119.136.86 - - [21/Jun/2026:21:02:09 +0000] "GET /wp-travel-engine-cart/ HTTP/1.1" 200 28162 "https://jubaroyaltravel.com/wp-sitemap-posts-page-1.xml" "Mozilla/5.0 (Linux; Android 7.0;) AppleWebKit/537.36 (HTML, like Gecko) Mobile Safari/537.36 (compatible; PetalBot;+https://webmaster.petalsearch.com/site/petalbot)"
66.249.64.130 - - [21/Jun/2026:21:02:52 +0000] "GET /products/detail/inexpensive/j106366896 HTTP/1.1" 404 27931 "-" "Mozilla/5.0 (compatible; Googlebot/2.1; +http://www.google.com/bot.html)"
69.72.244.151 - - [21/Jun/2026:21:03:12 +0000] "POST /wp-cron.php?doing_wp_cron=1782075792.5332269668579101562500 HTTP/1.1" 200 0 "-" "WordPress/7.0; https://www.jubaroyaltravel.com"
66.249.64.129 - - [21/Jun/2026:21:03:11 +0000] "GET /products/detail/outlet/j106260225/ HTTP/1.1" 404 27932 "-" "Mozilla/5.0 (Linux; Android 6.0.1; Nexus 5X Build/MMB29P) AppleWebKit/537.36 (KHTML, like Gecko) Chrome/148.0.7778.96 Mobile Safari/537.36 (compatible; Googlebot/2.1; +http://www.google.com/bot.html)"
62.60.130.224 - - [21/Jun/2026:21:04:37 +0000] "GET /cgi-bin/cgi-bin/cgi-bin/cgi-bin/cache.php HTTP/1.1" 301 0 "www.google.com" "Mozlila/5.0 (Linux; Android 7.0; SM-G892A Bulid/NRD90M; wv) AppleWebKit/537.36 (KHTML, like Gecko) Version/4.0 Chrome/60.0.3112.107 Moblie Safari/537.36"
62.60.130.224 - - [21/Jun/2026:21:04:40 +0000] "GET /cgi-bin/cgi-bin/cgi-bin/cgi-bin/cache.php HTTP/1.1" 404 32515 "www.google.com" "Mozlila/5.0 (Linux; Android 7.0; SM-G892A Bulid/NRD90M; wv) AppleWebKit/537.36 (KHTML, like Gecko) Version/4.0 Chrome/60.0.3112.107 Moblie Safari/537.36"
69.72.244.151 - - [21/Jun/2026:21:06:33 +0000] "POST /wp-cron.php?doing_wp_cron=1782075993.3173630237579345703125 HTTP/1.1" 200 0 "-" "WordPress/7.0; https://www.jubaroyaltravel.com"
66.249.64.129 - - [21/Jun/2026:21:06:30 +0000] "GET /products/detail/popular/j106307769 HTTP/1.1" 404 27923 "-" "Mozilla/5.0 (compatible; Googlebot/2.1; +http://www.google.com/bot.html)"
20.226.42.95 - - [21/Jun/2026:21:06:42 +0000] "GET /autodiscover/autodiscover.xml HTTP/1.1" 400 52 "-" "-"
20.226.42.95 - - [21/Jun/2026:21:06:42 +0000] "GET /autodiscover/autodiscover.xml HTTP/1.1" 400 52 "-" "-"
20.226.42.95 - - [21/Jun/2026:21:06:43 +0000] "GET /autodiscover/autodiscover.xml HTTP/1.1" 400 52 "-" "-"
20.226.42.95 - - [21/Jun/2026:21:06:44 +0000] "GET /autodiscover/autodiscover.xml HTTP/1.1" 400 52 "-" "-"
20.226.42.95 - - [21/Jun/2026:21:06:45 +0000] "GET /autodiscover/autodiscover.xml HTTP/1.1" 400 52 "-" "-"
20.226.42.95 - - [21/Jun/2026:21:06:46 +0000] "GET /autodiscover/autodiscover.xml HTTP/1.1" 400 52 "-" "-"
20.226.42.95 - - [21/Jun/2026:21:06:47 +0000] "GET /autodiscover/autodiscover.xml HTTP/1.1" 400 52 "-" "-"
20.226.42.95 - - [21/Jun/2026:21:06:47 +0000] "GET /autodiscover/autodiscover.xml HTTP/1.1" 400 52 "-" "-"
20.226.42.95 - - [21/Jun/2026:21:06:48 +0000] "GET /autodiscover/autodiscover.xml HTTP/1.1" 400 52 "-" "-"
20.226.42.95 - - [21/Jun/2026:21:06:49 +0000] "GET /autodiscover/autodiscover.xml HTTP/1.1" 400 52 "-" "-"
20.226.42.95 - - [21/Jun/2026:21:06:50 +0000] "GET /autodiscover/autodiscover.xml HTTP/1.1" 400 52 "-" "-"
20.226.42.95 - - [21/Jun/2026:21:06:50 +0000] "GET /autodiscover/autodiscover.xml HTTP/1.1" 400 52 "-" "-"
20.226.42.95 - - [21/Jun/2026:21:06:51 +0000] "GET /autodiscover/autodiscover.xml HTTP/1.1" 400 52 "-" "-"
20.226.42.95 - - [21/Jun/2026:21:06:52 +0000] "GET /autodiscover/autodiscover.xml HTTP/1.1" 400 52 "-" "-"
20.226.42.95 - - [21/Jun/2026:21:06:52 +0000] "GET /autodiscover/autodiscover.xml HTTP/1.1" 400 52 "-" "-"
20.226.42.95 - - [21/Jun/2026:21:06:53 +0000] "GET /autodiscover/autodiscover.xml HTTP/1.1" 400 52 "-" "-"
20.226.42.95 - - [21/Jun/2026:21:06:54 +0000] "GET /autodiscover/autodiscover.xml HTTP/1.1" 400 52 "-" "-"
20.226.42.95 - - [21/Jun/2026:21:06:55 +0000] "GET /autodiscover/autodiscover.xml HTTP/1.1" 400 52 "-" "-"
20.226.42.95 - - [21/Jun/2026:21:06:56 +0000] "GET /autodiscover/autodiscover.xml HTTP/1.1" 400 52 "-" "-"
20.226.42.95 - - [21/Jun/2026:21:06:56 +0000] "GET /autodiscover/autodiscover.xml HTTP/1.1" 400 52 "-" "-"
20.226.42.95 - - [21/Jun/2026:21:06:57 +0000] "GET /autodiscover/autodiscover.xml HTTP/1.1" 400 52 "-" "-"
20.226.42.95 - - [21/Jun/2026:21:06:58 +0000] "GET /autodiscover/autodiscover.xml HTTP/1.1" 400 52 "-" "-"
20.226.42.95 - - [21/Jun/2026:21:06:58 +0000] "GET /autodiscover/autodiscover.xml HTTP/1.1" 400 52 "-" "-"
20.226.42.95 - - [21/Jun/2026:21:06:59 +0000] "GET /autodiscover/autodiscover.xml HTTP/1.1" 400 52 "-" "-"
20.226.42.95 - - [21/Jun/2026:21:07:00 +0000] "GET /autodiscover/autodiscover.xml HTTP/1.1" 400 52 "-" "-"
20.226.42.95 - - [21/Jun/2026:21:07:01 +0000] "GET /autodiscover/autodiscover.xml HTTP/1.1" 400 52 "-" "-"
20.226.42.95 - - [21/Jun/2026:21:07:02 +0000] "GET /autodiscover/autodiscover.xml HTTP/1.1" 400 52 "-" "-"
20.226.42.95 - - [21/Jun/2026:21:07:03 +0000] "GET /autodiscover/autodiscover.xml HTTP/1.1" 400 52 "-" "-"
20.226.42.95 - - [21/Jun/2026:21:07:04 +0000] "GET /autodiscover/autodiscover.xml HTTP/1.1" 400 52 "-" "-"
20.226.42.95 - - [21/Jun/2026:21:07:05 +0000] "GET /autodiscover/autodiscover.xml HTTP/1.1" 400 52 "-" "-"
20.226.42.95 - - [21/Jun/2026:21:07:06 +0000] "GET /autodiscover/autodiscover.xml HTTP/1.1" 400 52 "-" "-"
20.226.42.95 - - [21/Jun/2026:21:07:07 +0000] "GET /autodiscover/autodiscover.xml HTTP/1.1" 400 52 "-" "-"
20.226.42.95 - - [21/Jun/2026:21:07:08 +0000] "GET /autodiscover/autodiscover.xml HTTP/1.1" 400 52 "-" "-"
20.226.42.95 - - [21/Jun/2026:21:07:08 +0000] "GET /autodiscover/autodiscover.xml HTTP/1.1" 400 52 "-" "-"
20.226.42.95 - - [21/Jun/2026:21:07:09 +0000] "GET /autodiscover/autodiscover.xml HTTP/1.1" 400 52 "-" "-"
20.226.42.95 - - [21/Jun/2026:21:07:10 +0000] "GET /autodiscover/autodiscover.xml HTTP/1.1" 400 52 "-" "-"
20.226.42.95 - - [21/Jun/2026:21:07:10 +0000] "GET /autodiscover/autodiscover.xml HTTP/1.1" 400 52 "-" "-"
20.226.42.95 - - [21/Jun/2026:21:07:11 +0000] "GET /autodiscover/autodiscover.xml HTTP/1.1" 400 52 "-" "-"
20.226.42.95 - - [21/Jun/2026:21:07:12 +0000] "GET /autodiscover/autodiscover.xml HTTP/1.1" 400 52 "-" "-"
20.226.42.95 - - [21/Jun/2026:21:07:12 +0000] "GET /autodiscover/autodiscover.xml HTTP/1.1" 400 52 "-" "-"
20.226.42.95 - - [21/Jun/2026:21:07:13 +0000] "GET /autodiscover/autodiscover.xml HTTP/1.1" 400 52 "-" "-"
20.226.42.95 - - [21/Jun/2026:21:07:13 +0000] "GET /autodiscover/autodiscover.xml HTTP/1.1" 400 52 "-" "-"
20.226.42.95 - - [21/Jun/2026:21:07:14 +0000] "GET /autodiscover/autodiscover.xml HTTP/1.1" 400 52 "-" "-"
20.226.42.95 - - [21/Jun/2026:21:07:15 +0000] "GET /autodiscover/autodiscover.xml HTTP/1.1" 400 52 "-" "-"
20.226.42.95 - - [21/Jun/2026:21:07:15 +0000] "GET /autodiscover/autodiscover.xml HTTP/1.1" 400 52 "-" "-"
20.226.42.95 - - [21/Jun/2026:21:07:16 +0000] "GET /autodiscover/autodiscover.xml HTTP/1.1" 400 52 "-" "-"
20.226.42.95 - - [21/Jun/2026:21:07:17 +0000] "GET /autodiscover/autodiscover.xml HTTP/1.1" 400 52 "-" "-"
20.226.42.95 - - [21/Jun/2026:21:07:17 +0000] "GET /autodiscover/autodiscover.xml HTTP/1.1" 400 52 "-" "-"
20.226.42.95 - - [21/Jun/2026:21:07:18 +0000] "GET /autodiscover/autodiscover.xml HTTP/1.1" 400 52 "-" "-"
20.226.42.95 - - [21/Jun/2026:21:07:19 +0000] "GET /autodiscover/autodiscover.xml HTTP/1.1" 400 52 "-" "-"
20.226.42.95 - - [21/Jun/2026:21:07:19 +0000] "GET /autodiscover/autodiscover.xml HTTP/1.1" 400 52 "-" "-"
20.226.42.95 - - [21/Jun/2026:21:07:20 +0000] "GET /autodiscover/autodiscover.xml HTTP/1.1" 400 52 "-" "-"
20.226.42.95 - - [21/Jun/2026:21:07:21 +0000] "GET /autodiscover/autodiscover.xml HTTP/1.1" 400 52 "-" "-"
20.226.42.95 - - [21/Jun/2026:21:07:21 +0000] "GET /autodiscover/autodiscover.xml HTTP/1.1" 400 52 "-" "-"
20.226.42.95 - - [21/Jun/2026:21:07:22 +0000] "GET /autodiscover/autodiscover.xml HTTP/1.1" 400 52 "-" "-"
20.226.42.95 - - [21/Jun/2026:21:07:23 +0000] "GET /autodiscover/autodiscover.xml HTTP/1.1" 400 52 "-" "-"
20.226.42.95 - - [21/Jun/2026:21:07:24 +0000] "GET /autodiscover/autodiscover.xml HTTP/1.1" 400 52 "-" "-"
20.226.42.95 - - [21/Jun/2026:21:07:25 +0000] "GET /autodiscover/autodiscover.xml HTTP/1.1" 400 52 "-" "-"
43.164.196.47 - - [21/Jun/2026:21:07:25 +0000] "GET / HTTP/1.1" 200 52745 "http://www.jubaroyaltravel.com" "Mozilla/5.0 (iPhone; CPU iPhone OS 13_2_3 like Mac OS X) AppleWebKit/605.1.15 (KHTML, like Gecko) Version/13.0.3 Mobile/15E148 Safari/604.1"
20.226.42.95 - - [21/Jun/2026:21:07:26 +0000] "GET /autodiscover/autodiscover.xml HTTP/1.1" 400 52 "-" "-"
20.226.42.95 - - [21/Jun/2026:21:07:27 +0000] "GET /autodiscover/autodiscover.xml HTTP/1.1" 400 52 "-" "-"
20.226.42.95 - - [21/Jun/2026:21:07:27 +0000] "GET /autodiscover/autodiscover.xml HTTP/1.1" 400 52 "-" "-"
20.226.42.95 - - [21/Jun/2026:21:07:28 +0000] "GET /autodiscover/autodiscover.xml HTTP/1.1" 400 52 "-" "-"
20.226.42.95 - - [21/Jun/2026:21:07:29 +0000] "GET /autodiscover/autodiscover.xml HTTP/1.1" 400 52 "-" "-"
20.226.42.95 - - [21/Jun/2026:21:07:29 +0000] "GET /autodiscover/autodiscover.xml HTTP/1.1" 400 52 "-" "-"
20.226.42.95 - - [21/Jun/2026:21:07:30 +0000] "GET /autodiscover/autodiscover.xml HTTP/1.1" 400 52 "-" "-"
20.226.42.95 - - [21/Jun/2026:21:07:31 +0000] "GET /autodiscover/autodiscover.xml HTTP/1.1" 400 52 "-" "-"
20.226.42.95 - - [21/Jun/2026:21:07:32 +0000] "GET /autodiscover/autodiscover.xml HTTP/1.1" 400 52 "-" "-"
20.226.42.95 - - [21/Jun/2026:21:07:32 +0000] "GET /autodiscover/autodiscover.xml HTTP/1.1" 400 52 "-" "-"
20.226.42.95 - - [21/Jun/2026:21:07:34 +0000] "GET /autodiscover/autodiscover.xml HTTP/1.1" 400 52 "-" "-"
20.226.42.95 - - [21/Jun/2026:21:07:34 +0000] "GET /autodiscover/autodiscover.xml HTTP/1.1" 400 52 "-" "-"
20.226.42.95 - - [21/Jun/2026:21:07:35 +0000] "GET /autodiscover/autodiscover.xml HTTP/1.1" 400 52 "-" "-"
20.226.42.95 - - [21/Jun/2026:21:07:36 +0000] "GET /autodiscover/autodiscover.xml HTTP/1.1" 400 52 "-" "-"
20.226.42.95 - - [21/Jun/2026:21:07:37 +0000] "GET /autodiscover/autodiscover.xml HTTP/1.1" 400 52 "-" "-"
20.226.42.95 - - [21/Jun/2026:21:07:38 +0000] "GET /autodiscover/autodiscover.xml HTTP/1.1" 400 52 "-" "-"
20.226.42.95 - - [21/Jun/2026:21:07:39 +0000] "GET /autodiscover/autodiscover.xml HTTP/1.1" 400 52 "-" "-"
20.226.42.95 - - [21/Jun/2026:21:07:40 +0000] "GET /autodiscover/autodiscover.xml HTTP/1.1" 400 52 "-" "-"
20.226.42.95 - - [21/Jun/2026:21:07:41 +0000] "GET /autodiscover/autodiscover.xml HTTP/1.1" 400 52 "-" "-"
20.226.42.95 - - [21/Jun/2026:21:07:45 +0000] "GET /autodiscover/autodiscover.xml HTTP/1.1" 400 52 "-" "-"
20.226.42.95 - - [21/Jun/2026:21:07:46 +0000] "GET /autodiscover/autodiscover.xml HTTP/1.1" 400 52 "-" "-"
20.226.42.95 - - [21/Jun/2026:21:07:47 +0000] "GET /autodiscover/autodiscover.xml HTTP/1.1" 400 52 "-" "-"
20.226.42.95 - - [21/Jun/2026:21:07:48 +0000] "GET /autodiscover/autodiscover.xml HTTP/1.1" 400 52 "-" "-"
20.226.42.95 - - [21/Jun/2026:21:07:49 +0000] "GET /autodiscover/autodiscover.xml HTTP/1.1" 400 52 "-" "-"
20.226.42.95 - - [21/Jun/2026:21:07:49 +0000] "GET /autodiscover/autodiscover.xml HTTP/1.1" 400 52 "-" "-"
20.226.42.95 - - [21/Jun/2026:21:07:50 +0000] "GET /autodiscover/autodiscover.xml HTTP/1.1" 400 52 "-" "-"
20.226.42.95 - - [21/Jun/2026:21:07:51 +0000] "GET /autodiscover/autodiscover.xml HTTP/1.1" 400 52 "-" "-"
20.226.42.95 - - [21/Jun/2026:21:07:52 +0000] "GET /autodiscover/autodiscover.xml HTTP/1.1" 400 52 "-" "-"
20.226.42.95 - - [21/Jun/2026:21:07:53 +0000] "GET /autodiscover/autodiscover.xml HTTP/1.1" 400 52 "-" "-"
20.226.42.95 - - [21/Jun/2026:21:07:53 +0000] "GET /autodiscover/autodiscover.xml HTTP/1.1" 400 52 "-" "-"
20.226.42.95 - - [21/Jun/2026:21:07:54 +0000] "GET /autodiscover/autodiscover.xml HTTP/1.1" 400 52 "-" "-"
20.226.42.95 - - [21/Jun/2026:21:07:55 +0000] "GET /autodiscover/autodiscover.xml HTTP/1.1" 400 52 "-" "-"
20.226.42.95 - - [21/Jun/2026:21:07:56 +0000] "GET /autodiscover/autodiscover.xml HTTP/1.1" 400 52 "-" "-"
20.226.42.95 - - [21/Jun/2026:21:07:57 +0000] "GET /autodiscover/autodiscover.xml HTTP/1.1" 400 52 "-" "-"
20.226.42.95 - - [21/Jun/2026:21:07:57 +0000] "GET /autodiscover/autodiscover.xml HTTP/1.1" 400 52 "-" "-"
20.226.42.95 - - [21/Jun/2026:21:07:58 +0000] "GET /autodiscover/autodiscover.xml HTTP/1.1" 400 52 "-" "-"
20.226.42.95 - - [21/Jun/2026:21:07:59 +0000] "GET /autodiscover/autodiscover.xml HTTP/1.1" 400 52 "-" "-"
20.226.42.95 - - [21/Jun/2026:21:08:00 +0000] "GET /autodiscover/autodiscover.xml HTTP/1.1" 400 52 "-" "-"
20.226.42.95 - - [21/Jun/2026:21:08:01 +0000] "GET /autodiscover/autodiscover.xml HTTP/1.1" 400 52 "-" "-"
20.226.42.95 - - [21/Jun/2026:21:08:02 +0000] "GET /autodiscover/autodiscover.xml HTTP/1.1" 400 52 "-" "-"
20.226.42.95 - - [21/Jun/2026:21:08:03 +0000] "GET /autodiscover/autodiscover.xml HTTP/1.1" 400 52 "-" "-"
69.72.244.151 - - [21/Jun/2026:21:08:09 +0000] "POST /wp-cron.php?doing_wp_cron=1782076089.4674420356750488281250 HTTP/1.1" 200 0 "-" "WordPress/7.0; https://www.jubaroyaltravel.com"
66.249.64.131 - - [21/Jun/2026:21:08:09 +0000] "GET /products/detail/releases/j106344538 HTTP/1.1" 404 27932 "-" "Mozilla/5.0 (Linux; Android 6.0.1; Nexus 5X Build/MMB29P) AppleWebKit/537.36 (KHTML, like Gecko) Chrome/148.0.7778.96 Mobile Safari/537.36 (compatible; Googlebot/2.1; +http://www.google.com/bot.html)"
66.249.64.130 - - [21/Jun/2026:21:08:10 +0000] "GET /products/detail/online/j106262780 HTTP/1.1" 404 27929 "-" "Mozilla/5.0 (Linux; Android 6.0.1; Nexus 5X Build/MMB29P) AppleWebKit/537.36 (KHTML, like Gecko) Chrome/148.0.7778.96 Mobile Safari/537.36 (compatible; Googlebot/2.1; +http://www.google.com/bot.html)"
66.249.64.129 - - [21/Jun/2026:21:08:36 +0000] "GET /products/detail/buy/j106409598 HTTP/1.1" 404 27925 "-" "Mozilla/5.0 (Linux; Android 6.0.1; Nexus 5X Build/MMB29P) AppleWebKit/537.36 (KHTML, like Gecko) Chrome/148.0.7778.96 Mobile Safari/537.36 (compatible; Googlebot/2.1; +http://www.google.com/bot.html)"
69.72.244.151 - - [21/Jun/2026:21:11:05 +0000] "POST /wp-cron.php?doing_wp_cron=1782076265.5526909828186035156250 HTTP/1.1" 200 0 "-" "WordPress/7.0; https://www.jubaroyaltravel.com"
69.72.244.151 - - [21/Jun/2026:21:11:06 +0000] "POST /wp-cron.php?doing_wp_cron=1782076266.1785380840301513671875 HTTP/1.1" 200 0 "-" "WordPress/7.0; https://www.jubaroyaltravel.com"
66.249.64.129 - - [21/Jun/2026:21:11:03 +0000] "GET /items/A91235068/ HTTP/1.1" 404 27929 "-" "Mozilla/5.0 (Linux; Android 6.0.1; Nexus 5X Build/MMB29P) AppleWebKit/537.36 (KHTML, like Gecko) Chrome/148.0.7778.96 Mobile Safari/537.36 (compatible; Googlebot/2.1; +http://www.google.com/bot.html)"
69.72.244.151 - - [21/Jun/2026:21:14:42 +0000] "POST /wp-cron.php?doing_wp_cron=1782076482.5912950038909912109375 HTTP/1.1" 200 0 "-" "WordPress/7.0; https://www.jubaroyaltravel.com"
66.249.64.130 - - [21/Jun/2026:21:14:40 +0000] "GET /products/detail/fashion/j106412494 HTTP/1.1" 404 27932 "-" "Mozilla/5.0 (Linux; Android 6.0.1; Nexus 5X Build/MMB29P) AppleWebKit/537.36 (KHTML, like Gecko) Chrome/148.0.7778.96 Mobile Safari/537.36 (compatible; Googlebot/2.1; +http://www.google.com/bot.html)"
69.72.244.151 - - [21/Jun/2026:21:15:12 +0000] "POST /wp-cron.php?doing_wp_cron=1782076512.4715130329132080078125 HTTP/1.1" 200 0 "-" "WordPress/7.0; https://www.jubaroyaltravel.com"
66.249.64.129 - - [21/Jun/2026:21:15:12 +0000] "GET /products/detail/releases/j106150545 HTTP/1.1" 404 27932 "-" "Mozilla/5.0 (Linux; Android 6.0.1; Nexus 5X Build/MMB29P) AppleWebKit/537.36 (KHTML, like Gecko) Chrome/148.0.7778.96 Mobile Safari/537.36 (compatible; Googlebot/2.1; +http://www.google.com/bot.html)"
69.72.244.151 - - [21/Jun/2026:21:20:44 +0000] "POST /wp-cron.php?doing_wp_cron=1782076844.2475569248199462890625 HTTP/1.1" 200 0 "-" "WordPress/7.0; https://www.jubaroyaltravel.com"
157.100.120.171 - - [21/Jun/2026:21:20:42 +0000] "GET /products/detail/online/j106158145 HTTP/1.1" 404 32532 "-" "Mozilla/5.0 (Macintosh; Intel Mac OS X 10_14_6) AppleWebKit/537.36 (KHTML, like Gecko) Brave Chrome/89.0.4389.72 Safari/537.36"
66.249.64.129 - - [21/Jun/2026:21:20:52 +0000] "GET /products/detail/brand/j106197153/ HTTP/1.1" 404 27929 "-" "Mozilla/5.0 (Linux; Android 6.0.1; Nexus 5X Build/MMB29P) AppleWebKit/537.36 (KHTML, like Gecko) Chrome/148.0.7778.96 Mobile Safari/537.36 (compatible; Googlebot/2.1; +http://www.google.com/bot.html)"
66.249.64.130 - - [21/Jun/2026:21:20:52 +0000] "GET /products/detail/inexpensive/j106280833 HTTP/1.1" 404 27954 "-" "Mozilla/5.0 (Linux; Android 6.0.1; Nexus 5X Build/MMB29P) AppleWebKit/537.36 (KHTML, like Gecko) Chrome/148.0.7778.96 Mobile Safari/537.36 (compatible; Googlebot/2.1; +http://www.google.com/bot.html)"
66.249.64.129 - - [21/Jun/2026:21:20:53 +0000] "GET /products/detail/cheap/j106462802 HTTP/1.1" 404 27939 "-" "Mozilla/5.0 (Linux; Android 6.0.1; Nexus 5X Build/MMB29P) AppleWebKit/537.36 (KHTML, like Gecko) Chrome/148.0.7778.96 Mobile Safari/537.36 (compatible; Googlebot/2.1; +http://www.google.com/bot.html)"
69.72.244.151 - - [21/Jun/2026:21:22:38 +0000] "POST /wp-cron.php?doing_wp_cron=1782076958.7410089969635009765625 HTTP/1.1" 200 0 "-" "WordPress/7.0; https://www.jubaroyaltravel.com"
66.249.64.129 - - [21/Jun/2026:21:22:36 +0000] "GET /products/detail/wholesale/j10669482 HTTP/1.1" 404 27931 "-" "Mozilla/5.0 (compatible; Googlebot/2.1; +http://www.google.com/bot.html)"
69.72.244.151 - - [21/Jun/2026:21:22:58 +0000] "POST /wp-cron.php?doing_wp_cron=1782076978.6498899459838867187500 HTTP/1.1" 200 0 "-" "WordPress/7.0; https://www.jubaroyaltravel.com"
66.249.64.129 - - [21/Jun/2026:21:22:58 +0000] "GET /products/detail/vintage/j106480225 HTTP/1.1" 404 27933 "-" "Mozilla/5.0 (Linux; Android 6.0.1; Nexus 5X Build/MMB29P) AppleWebKit/537.36 (KHTML, like Gecko) Chrome/148.0.7778.96 Mobile Safari/537.36 (compatible; Googlebot/2.1; +http://www.google.com/bot.html)"
69.72.244.151 - - [21/Jun/2026:21:25:10 +0000] "POST /wp-cron.php?doing_wp_cron=1782077109.9519119262695312500000 HTTP/1.1" 200 0 "-" "WordPress/7.0; https://www.jubaroyaltravel.com"
78.142.18.172 - - [21/Jun/2026:21:25:07 +0000] "GET /wp-login.php HTTP/2" 200 2038 "-" "Mozilla/5.0 (X11; Ubuntu; Linux x86_64) AppleWebKit/537.36 (KHTML, like Gecko) Chrome/133.0.0.0 Safari/537.36"
78.142.18.172 - - [21/Jun/2026:21:25:12 +0000] "POST /wp-login.php HTTP/2" 200 0 "https://jubaroyaltravel.com/wp-login.php" "Mozilla/5.0 (X11; Ubuntu; Linux x86_64) AppleWebKit/537.36 (KHTML, like Gecko) Chrome/133.0.0.0 Safari/537.36"
78.142.18.172 - adminstaging-jubaroyaltravel-com [21/Jun/2026:21:25:33 +0000] "GET /wp-json/wp/v2/users/me HTTP/2" 401 81 "-" "Mozilla/5.0 (X11; Ubuntu; Linux x86_64) AppleWebKit/537.36 (KHTML, like Gecko) Chrome/133.0.0.0 Safari/537.36"
69.72.244.151 - - [21/Jun/2026:21:26:39 +0000] "POST /wp-cron.php?doing_wp_cron=1782077199.8100719451904296875000 HTTP/1.1" 200 0 "-" "WordPress/7.0; https://www.jubaroyaltravel.com"
66.249.64.131 - - [21/Jun/2026:21:26:39 +0000] "GET /products/detail/store/j106369595 HTTP/1.1" 404 27903 "-" "Mozilla/5.0 (compatible; Googlebot/2.1; +http://www.google.com/bot.html)"
69.72.244.151 - - [21/Jun/2026:21:27:17 +0000] "POST /wp-cron.php?doing_wp_cron=1782077237.8102219104766845703125 HTTP/1.1" 200 0 "-" "WordPress/7.0; https://www.jubaroyaltravel.com"
66.249.64.130 - - [21/Jun/2026:21:27:17 +0000] "GET /products/detail/vintage/j106328928 HTTP/1.1" 404 27933 "-" "Mozilla/5.0 (Linux; Android 6.0.1; Nexus 5X Build/MMB29P) AppleWebKit/537.36 (KHTML, like Gecko) Chrome/148.0.7778.96 Mobile Safari/537.36 (compatible; Googlebot/2.1; +http://www.google.com/bot.html)"
69.72.244.151 - - [21/Jun/2026:21:29:21 +0000] "POST /wp-cron.php?doing_wp_cron=1782077361.6261339187622070312500 HTTP/1.1" 200 0 "-" "WordPress/7.0; https://www.jubaroyaltravel.com"
66.249.64.130 - - [21/Jun/2026:21:29:19 +0000] "GET /items/Z27352957// HTTP/1.1" 301 0 "-" "Mozilla/5.0 (Linux; Android 6.0.1; Nexus 5X Build/MMB29P) AppleWebKit/537.36 (KHTML, like Gecko) Chrome/148.0.7778.96 Mobile Safari/537.36 (compatible; Googlebot/2.1; +http://www.google.com/bot.html)"
66.249.64.130 - - [21/Jun/2026:21:29:21 +0000] "GET /items/Z27352957/ HTTP/1.1" 404 27928 "-" "Mozilla/5.0 (Linux; Android 6.0.1; Nexus 5X Build/MMB29P) AppleWebKit/537.36 (KHTML, like Gecko) Chrome/148.0.7778.96 Mobile Safari/537.36 (compatible; Googlebot/2.1; +http://www.google.com/bot.html)"
66.249.64.129 - - [21/Jun/2026:21:29:23 +0000] "GET /items/O53801604/ HTTP/1.1" 404 27928 "-" "Mozilla/5.0 (Linux; Android 6.0.1; Nexus 5X Build/MMB29P) AppleWebKit/537.36 (KHTML, like Gecko) Chrome/148.0.7778.96 Mobile Safari/537.36 (compatible; Googlebot/2.1; +http://www.google.com/bot.html)"
91.193.232.123 - - [21/Jun/2026:21:29:55 +0000] "POST /wp-login.php HTTP/1.1" 200 2446 "-" "Mozilla/5.0 (Windows NT 10.0; Win64; rv:143.0) Gecko/20100101 Firefox/143.0"
69.72.244.151 - - [21/Jun/2026:21:30:24 +0000] "POST /wp-cron.php?doing_wp_cron=1782077424.2842218875885009765625 HTTP/1.1" 200 0 "-" "WordPress/7.0; https://www.jubaroyaltravel.com"
114.119.159.177 - - [21/Jun/2026:21:30:24 +0000] "GET /trip/7-days-6-nights-south-sudan-cultural-expedition/ HTTP/1.1" 301 0 "https://jubaroyaltravel.com/activities/cattle-camp-exploration/" "Mozilla/5.0 (Linux; Android 7.0;) AppleWebKit/537.36 (HTML, like Gecko) Mobile Safari/537.36 (compatible; PetalBot;+https://webmaster.petalsearch.com/site/petalbot)"
114.119.159.177 - - [21/Jun/2026:21:30:25 +0000] "GET /trip/7-days-6-nights-south-sudan-cultural-expedition/ HTTP/1.1" 200 46013 "https://jubaroyaltravel.com/activities/cattle-camp-exploration/" "Mozilla/5.0 (Linux; Android 7.0;) AppleWebKit/537.36 (HTML, like Gecko) Mobile Safari/537.36 (compatible; PetalBot;+https://webmaster.petalsearch.com/site/petalbot)"
66.249.64.129 - - [21/Jun/2026:21:34:11 +0000] "GET /products/detail/store/j106165399 HTTP/1.1" 404 27940 "-" "Mozilla/5.0 (Linux; Android 6.0.1; Nexus 5X Build/MMB29P) AppleWebKit/537.36 (KHTML, like Gecko) Chrome/148.0.7778.96 Mobile Safari/537.36 (compatible; Googlebot/2.1; +http://www.google.com/bot.html)"
69.72.244.151 - - [21/Jun/2026:21:34:13 +0000] "POST /wp-cron.php?doing_wp_cron=1782077653.6133959293365478515625 HTTP/1.1" 200 0 "-" "WordPress/7.0; https://www.jubaroyaltravel.com"
66.249.64.130 - - [21/Jun/2026:21:34:11 +0000] "GET /products/detail/buy/j106328545 HTTP/1.1" 404 27928 "-" "Mozilla/5.0 (Linux; Android 6.0.1; Nexus 5X Build/MMB29P) AppleWebKit/537.36 (KHTML, like Gecko) Chrome/148.0.7778.96 Mobile Safari/537.36 (compatible; Googlebot/2.1; +http://www.google.com/bot.html)"
69.72.244.151 - - [21/Jun/2026:21:36:18 +0000] "POST /wp-cron.php?doing_wp_cron=1782077778.1524999141693115234375 HTTP/1.1" 200 0 "-" "WordPress/7.0; https://www.jubaroyaltravel.com"
66.249.64.129 - - [21/Jun/2026:21:36:15 +0000] "GET /products/detail/wholesale/j106185473/ HTTP/1.1" 404 27938 "-" "Mozilla/5.0 (Linux; Android 6.0.1; Nexus 5X Build/MMB29P) AppleWebKit/537.36 (KHTML, like Gecko) Chrome/148.0.7778.96 Mobile Safari/537.36 (compatible; Googlebot/2.1; +http://www.google.com/bot.html)"
69.72.244.151 - - [21/Jun/2026:21:37:11 +0000] "POST /wp-cron.php?doing_wp_cron=1782077830.9690780639648437500000 HTTP/1.1" 200 0 "-" "WordPress/7.0; https://www.jubaroyaltravel.com"
165.245.185.54 - - [21/Jun/2026:21:37:10 +0000] "GET /wp-login.php HTTP/2" 200 2038 "-" "Mozilla/5.0 (X11; Ubuntu; Linux x86_64) AppleWebKit/537.36 (KHTML, like Gecko) Chrome/133.0.0.0 Safari/537.36"
165.245.185.54 - - [21/Jun/2026:21:37:11 +0000] "POST /wp-login.php HTTP/2" 200 2209 "https://jubaroyaltravel.com/wp-login.php" "Mozilla/5.0 (X11; Ubuntu; Linux x86_64) AppleWebKit/537.36 (KHTML, like Gecko) Chrome/133.0.0.0 Safari/537.36"
69.72.244.151 - - [21/Jun/2026:21:38:44 +0000] "POST /wp-cron.php?doing_wp_cron=1782077924.4402480125427246093750 HTTP/1.1" 200 0 "-" "WordPress/7.0; https://www.jubaroyaltravel.com"
190.92.141.186 - - [21/Jun/2026:21:38:42 +0000] "GET /wp-login.php HTTP/2" 200 2038 "-" "Mozilla/5.0 (Windows NT 10.0; Win64; x64) AppleWebKit/537.36 (KHTML, like Gecko) Chrome/120.0.0.0 Safari/537.36"
190.92.141.186 - - [21/Jun/2026:21:38:45 +0000] "GET /wp-login.php HTTP/2" 200 2038 "-" "Mozilla/5.0 (Windows NT 10.0; Win64; x64) AppleWebKit/537.36 (KHTML, like Gecko) Chrome/120.0.0.0 Safari/537.36"
190.92.141.186 - - [21/Jun/2026:21:38:45 +0000] "POST /wp-login.php HTTP/2" 200 2209 "https://www.jubaroyaltravel.com/wp-login.php" "Mozilla/5.0 (Windows NT 10.0; Win64; x64) AppleWebKit/537.36 (KHTML, like Gecko) Chrome/120.0.0.0 Safari/537.36"
66.249.64.131 - - [21/Jun/2026:21:42:00 +0000] "GET /items/P100526331// HTTP/1.1" 301 0 "-" "Mozilla/5.0 (Linux; Android 6.0.1; Nexus 5X Build/MMB29P) AppleWebKit/537.36 (KHTML, like Gecko) Chrome/148.0.7778.96 Mobile Safari/537.36 (compatible; Googlebot/2.1; +http://www.google.com/bot.html)"
69.72.244.151 - - [21/Jun/2026:21:42:05 +0000] "POST /wp-cron.php?doing_wp_cron=1782078124.3070209026336669921875 HTTP/1.1" 200 0 "-" "WordPress/7.0; https://www.jubaroyaltravel.com"
165.101.223.227 - - [21/Jun/2026:21:42:00 +0000] "GET /products/detail/affordable/j106299976 HTTP/1.1" 404 32534 "-" "Mozilla/5.0 (Windows NT 11.0; WOW64) AppleWebKit/537.36 (KHTML, like Gecko) Chrome/99.0.4868.173 Safari/537.36"
66.249.64.130 - - [21/Jun/2026:21:42:06 +0000] "GET /items/P100526331/ HTTP/1.1" 404 27926 "-" "Mozilla/5.0 (Linux; Android 6.0.1; Nexus 5X Build/MMB29P) AppleWebKit/537.36 (KHTML, like Gecko) Chrome/148.0.7778.96 Mobile Safari/537.36 (compatible; Googlebot/2.1; +http://www.google.com/bot.html)"
69.72.244.151 - - [21/Jun/2026:21:43:10 +0000] "POST /wp-cron.php?doing_wp_cron=1782078190.4453461170196533203125 HTTP/1.1" 200 0 "-" "WordPress/7.0; https://www.jubaroyaltravel.com"
66.249.64.129 - - [21/Jun/2026:21:43:09 +0000] "GET /products/detail/price/j106217945 HTTP/1.1" 404 27941 "-" "Mozilla/5.0 (Linux; Android 6.0.1; Nexus 5X Build/MMB29P) AppleWebKit/537.36 (KHTML, like Gecko) Chrome/148.0.7778.96 Mobile Safari/537.36 (compatible; Googlebot/2.1; +http://www.google.com/bot.html)"
66.249.64.130 - - [21/Jun/2026:21:43:11 +0000] "GET /products/detail/affordable/j106433261 HTTP/1.1" 404 27933 "-" "Mozilla/5.0 (Linux; Android 6.0.1; Nexus 5X Build/MMB29P) AppleWebKit/537.36 (KHTML, like Gecko) Chrome/148.0.7778.96 Mobile Safari/537.36 (compatible; Googlebot/2.1; +http://www.google.com/bot.html)"
69.72.244.151 - - [21/Jun/2026:21:47:10 +0000] "POST /wp-cron.php?doing_wp_cron=1782078430.3766160011291503906250 HTTP/1.1" 200 0 "-" "WordPress/7.0; https://www.jubaroyaltravel.com"
103.239.14.19 - - [21/Jun/2026:21:47:08 +0000] "GET /wp-login.php HTTP/2" 200 2038 "-" "Mozilla/5.0 (X11; Linux x86_64; rv:133.0) Gecko/20100101 Firefox/133.0"
103.239.14.19 - - [21/Jun/2026:21:47:11 +0000] "POST /wp-login.php HTTP/2" 200 2209 "https://jubaroyaltravel.com/wp-login.php" "Mozilla/5.0 (X11; Linux x86_64; rv:133.0) Gecko/20100101 Firefox/133.0"
69.72.244.151 - - [21/Jun/2026:21:47:51 +0000] "POST /wp-cron.php?doing_wp_cron=1782078471.0725309848785400390625 HTTP/1.1" 200 0 "-" "WordPress/7.0; https://www.jubaroyaltravel.com"
66.249.64.130 - - [21/Jun/2026:21:47:50 +0000] "GET /products/detail/outlet/j106319885 HTTP/1.1" 404 27932 "-" "Mozilla/5.0 (Linux; Android 6.0.1; Nexus 5X Build/MMB29P) AppleWebKit/537.36 (KHTML, like Gecko) Chrome/148.0.7778.96 Mobile Safari/537.36 (compatible; Googlebot/2.1; +http://www.google.com/bot.html)"
216.73.216.39 - - [21/Jun/2026:21:50:14 +0000] "GET /robots.txt HTTP/2" 200 26 "-" "Mozilla/5.0 AppleWebKit/537.36 (KHTML, like Gecko; compatible; ClaudeBot/1.0; +claudebot@anthropic.com)"
69.72.244.151 - - [21/Jun/2026:21:55:19 +0000] "POST /wp-cron.php?doing_wp_cron=1782078919.6849379539489746093750 HTTP/1.1" 200 0 "-" "WordPress/7.0; https://www.jubaroyaltravel.com"
66.249.64.130 - - [21/Jun/2026:21:55:17 +0000] "GET /products/detail/discount/j106424301 HTTP/1.1" 404 27935 "-" "Mozilla/5.0 (Linux; Android 6.0.1; Nexus 5X Build/MMB29P) AppleWebKit/537.36 (KHTML, like Gecko) Chrome/148.0.7778.96 Mobile Safari/537.36 (compatible; Googlebot/2.1; +http://www.google.com/bot.html)"
69.72.244.151 - - [21/Jun/2026:21:56:05 +0000] "POST /wp-cron.php?doing_wp_cron=1782078965.3828220367431640625000 HTTP/1.1" 200 0 "-" "WordPress/7.0; https://www.jubaroyaltravel.com"
41.185.8.252 - - [21/Jun/2026:21:56:05 +0000] "GET /wp-login.php HTTP/2" 200 2038 "-" "Mozilla/5.0 (Windows NT 10.0; Win64; x64) AppleWebKit/537.36 (KHTML, like Gecko) Chrome/133.0.0.0 Safari/537.36 Edg/133.0.0.0"
41.185.8.252 - - [21/Jun/2026:21:56:06 +0000] "POST /wp-login.php HTTP/2" 200 2209 "https://jubaroyaltravel.com/wp-login.php" "Mozilla/5.0 (Windows NT 10.0; Win64; x64) AppleWebKit/537.36 (KHTML, like Gecko) Chrome/133.0.0.0 Safari/537.36 Edg/133.0.0.0"
69.72.244.151 - - [21/Jun/2026:21:57:37 +0000] "POST /wp-cron.php?doing_wp_cron=1782079057.6451649665832519531250 HTTP/1.1" 200 0 "-" "WordPress/7.0; https://www.jubaroyaltravel.com"
114.119.136.86 - - [21/Jun/2026:21:57:35 +0000] "GET /wp-sitemap-posts-trip-1.xml HTTP/1.1" 200 399 "https://www.jubaroyaltravel.com/wp-sitemap-posts-trip-1.xml" "Mozilla/5.0 (Linux; Android 7.0;) AppleWebKit/537.36 (HTML, like Gecko) Mobile Safari/537.36 (compatible; PetalBot;+https://webmaster.petalsearch.com/site/petalbot)"
69.72.244.151 - - [21/Jun/2026:21:59:12 +0000] "POST /wp-cron.php?doing_wp_cron=1782079152.5788619518280029296875 HTTP/1.1" 200 0 "-" "WordPress/7.0; https://www.jubaroyaltravel.com"
66.249.64.130 - - [21/Jun/2026:21:59:10 +0000] "GET /products/detail/wholesale/j10687206 HTTP/1.1" 404 27933 "-" "Mozilla/5.0 (Linux; Android 6.0.1; Nexus 5X Build/MMB29P) AppleWebKit/537.36 (KHTML, like Gecko) Chrome/148.0.7778.96 Mobile Safari/537.36 (compatible; Googlebot/2.1; +http://www.google.com/bot.html)"
66.249.64.129 - - [21/Jun/2026:22:02:30 +0000] "GET /products/detail/arrival/j106286337 HTTP/1.1" 404 27923 "-" "Mozilla/5.0 (compatible; Googlebot/2.1; +http://www.google.com/bot.html)"
66.249.64.129 - - [21/Jun/2026:22:03:24 +0000] "GET /products/detail/discount/j106480449 HTTP/1.1" 404 27933 "-" "Mozilla/5.0 (Linux; Android 6.0.1; Nexus 5X Build/MMB29P) AppleWebKit/537.36 (KHTML, like Gecko) Chrome/148.0.7778.96 Mobile Safari/537.36 (compatible; Googlebot/2.1; +http://www.google.com/bot.html)"
69.72.244.151 - - [21/Jun/2026:22:03:36 +0000] "POST /wp-cron.php?doing_wp_cron=1782079416.1496789455413818359375 HTTP/1.1" 200 0 "-" "WordPress/7.0; https://www.jubaroyaltravel.com"
66.249.64.129 - - [21/Jun/2026:22:03:35 +0000] "GET /products/detail/vintage/j106229843 HTTP/1.1" 404 27927 "-" "Mozilla/5.0 (compatible; Googlebot/2.1; +http://www.google.com/bot.html)"
69.72.244.151 - - [21/Jun/2026:22:04:01 +0000] "POST /wp-cron.php?doing_wp_cron=1782079441.2928109169006347656250 HTTP/1.1" 200 0 "-" "WordPress/7.0; https://www.jubaroyaltravel.com"
66.249.64.130 - - [21/Jun/2026:22:04:00 +0000] "GET /products/detail/authentic/j106142708 HTTP/1.1" 404 27946 "-" "Mozilla/5.0 (Linux; Android 6.0.1; Nexus 5X Build/MMB29P) AppleWebKit/537.36 (KHTML, like Gecko) Chrome/148.0.7778.96 Mobile Safari/537.36 (compatible; Googlebot/2.1; +http://www.google.com/bot.html)"
69.72.244.151 - - [21/Jun/2026:22:05:35 +0000] "POST /wp-cron.php?doing_wp_cron=1782079535.8000729084014892578125 HTTP/1.1" 200 0 "-" "WordPress/7.0; https://www.jubaroyaltravel.com"
74.222.20.18 - - [21/Jun/2026:22:05:33 +0000] "GET /activities/ HTTP/1.1" 200 30663 "-" "Mozilla/5.0 (Macintosh; Intel Mac OS X 10_15_7) AppleWebKit/537.36 (KHTML, like Gecko) Chrome/120.0.0.0 Safari/537.36"
69.72.244.151 - - [21/Jun/2026:22:07:42 +0000] "POST /wp-cron.php?doing_wp_cron=1782079662.7629868984222412109375 HTTP/1.1" 200 0 "-" "WordPress/7.0; https://www.jubaroyaltravel.com"
193.56.116.252 - - [21/Jun/2026:22:07:40 +0000] "POST /wp-login.php HTTP/1.1" 200 2446 "-" "Mozilla/5.0 (Macintosh; Intel Mac OS X 10_15_7) AppleWebKit/605.1.15 Version/17.0 Safari/605.1.15"
69.72.244.151 - - [21/Jun/2026:22:08:19 +0000] "POST /wp-cron.php?doing_wp_cron=1782079699.1212599277496337890625 HTTP/1.1" 200 0 "-" "WordPress/7.0; https://www.jubaroyaltravel.com"
78.142.18.172 - - [21/Jun/2026:22:08:18 +0000] "GET /wp-login.php HTTP/2" 200 2038 "-" "Mozilla/5.0 (Windows NT 10.0; Win64; x64; rv:133.0) Gecko/20100101 Firefox/133.0"
78.142.18.172 - - [21/Jun/2026:22:08:19 +0000] "POST /wp-login.php HTTP/2" 200 2209 "https://jubaroyaltravel.com/wp-login.php" "Mozilla/5.0 (Windows NT 10.0; Win64; x64; rv:133.0) Gecko/20100101 Firefox/133.0"
69.72.244.151 - - [21/Jun/2026:22:11:34 +0000] "POST /wp-cron.php?doing_wp_cron=1782079894.6786239147186279296875 HTTP/1.1" 200 0 "-" "WordPress/7.0; https://www.jubaroyaltravel.com"
69.72.244.151 - - [21/Jun/2026:22:11:35 +0000] "POST /wp-cron.php?doing_wp_cron=1782079895.4067358970642089843750 HTTP/1.1" 200 0 "-" "WordPress/7.0; https://www.jubaroyaltravel.com"
113.182.88.250 - - [21/Jun/2026:22:11:32 +0000] "GET /trip/2-days-1-night-mundari-tribal-expedition/ HTTP/1.1" 200 50935 "-" "Mozilla/5.0 (Macintosh; Intel Mac OS X 10_15_3) AppleWebKit/537.36 (KHTML, like Gecko) Brave Chrome/78.0.3904.108 Safari/537.36"
140.238.201.184 - - [21/Jun/2026:22:22:50 +0000] "POST /wp-login.php HTTP/1.1" 200 0 "https://jubaroyaltravel.com/wp-login.php" "Mozilla/5.0 (Windows NT 10.0; Win64; x64) AppleWebKit/605.1.15 (KHTML, like Gecko) Version/15.0 Safari/605.1.15"
140.238.201.184 - - [21/Jun/2026:22:20:46 +0000] "POST /wp-login.php HTTP/1.1" 200 0 "https://jubaroyaltravel.com/wp-login.php" "Mozilla/5.0 (Macintosh; Intel Mac OS X 10_15_7) AppleWebKit/537.36 (KHTML, like Gecko) Chrome/93.0.4577.63 Safari/537.36"
140.238.201.184 - - [21/Jun/2026:22:21:01 +0000] "POST /wp-login.php HTTP/1.1" 200 0 "https://jubaroyaltravel.com/wp-login.php" "Mozilla/5.0 (X11; Linux x86_64) AppleWebKit/537.36 (KHTML, like Gecko) Chrome/90.0.4430.212 Safari/537.36"
140.238.201.184 - - [21/Jun/2026:22:21:17 +0000] "POST /wp-login.php HTTP/1.1" 200 0 "https://jubaroyaltravel.com/wp-login.php" "Mozilla/5.0 (X11; Linux x86_64) AppleWebKit/537.36 (KHTML, like Gecko) Chrome/92.0.4515.131 Safari/537.36"
140.238.201.184 - - [21/Jun/2026:22:21:32 +0000] "POST /wp-login.php HTTP/1.1" 200 0 "https://jubaroyaltravel.com/wp-login.php" "Mozilla/5.0 (X11; Linux x86_64) AppleWebKit/537.36 (KHTML, like Gecko) Chrome/90.0.4430.212 Safari/537.36"
140.238.201.184 - - [21/Jun/2026:22:21:48 +0000] "POST /wp-login.php HTTP/1.1" 200 0 "https://jubaroyaltravel.com/wp-login.php" "Mozilla/5.0 (Windows NT 10.0; Win64; x64) AppleWebKit/605.1.15 (KHTML, like Gecko) Version/14.1.2 Safari/605.1.15"
69.72.244.151 - - [21/Jun/2026:22:22:13 +0000] "POST /wp-cron.php?doing_wp_cron=1782080533.6576368808746337890625 HTTP/1.1" 200 0 "-" "WordPress/7.0; https://www.jubaroyaltravel.com"
66.249.64.131 - - [21/Jun/2026:22:22:11 +0000] "GET /products/detail/wholesale/j106492321 HTTP/1.1" 404 27946 "-" "Mozilla/5.0 (Linux; Android 6.0.1; Nexus 5X Build/MMB29P) AppleWebKit/537.36 (KHTML, like Gecko) Chrome/148.0.7778.96 Mobile Safari/537.36 (compatible; Googlebot/2.1; +http://www.google.com/bot.html)"
140.238.201.184 - - [21/Jun/2026:22:22:04 +0000] "POST /wp-login.php HTTP/1.1" 200 0 "https://jubaroyaltravel.com/wp-login.php" "Mozilla/5.0 (X11; Linux x86_64) AppleWebKit/537.36 (KHTML, like Gecko) Chrome/91.0.4472.124 Safari/537.36"
140.238.201.184 - - [21/Jun/2026:22:22:19 +0000] "POST /wp-login.php HTTP/1.1" 200 0 "https://jubaroyaltravel.com/wp-login.php" "Mozilla/5.0 (X11; Linux x86_64; rv:92.0) Gecko/20100101 Firefox/92.0"
140.238.201.184 - - [21/Jun/2026:22:22:35 +0000] "POST /wp-login.php HTTP/1.1" 200 0 "https://jubaroyaltravel.com/wp-login.php" "Mozilla/5.0 (Macintosh; Intel Mac OS X 10_15_7) AppleWebKit/537.36 (KHTML, like Gecko) Chrome/90.0.4430.212 Safari/537.36"
84.52.1.161 - - [21/Jun/2026:22:14:22 +0000] "GET /.env HTTP/1.1" 200 1220 "-" "Mozilla/5.0 (Windows NT 10.0; Win64; x64) AppleWebKit/537.36 (KHTML, like Gecko) Chrome/83.0.4103.116 Safari/537.36"
69.72.244.151 - - [21/Jun/2026:22:15:21 +0000] "POST /wp-cron.php?doing_wp_cron=1782080121.2724289894104003906250 HTTP/1.1" 200 0 "-" "WordPress/7.0; https://www.jubaroyaltravel.com"
66.249.64.130 - - [21/Jun/2026:22:15:18 +0000] "GET /products/detail/for/j106292737 HTTP/1.1" 404 27926 "-" "Mozilla/5.0 (Linux; Android 6.0.1; Nexus 5X Build/MMB29P) AppleWebKit/537.36 (KHTML, like Gecko) Chrome/148.0.7778.96 Mobile Safari/537.36 (compatible; Googlebot/2.1; +http://www.google.com/bot.html)"
69.72.244.151 - - [21/Jun/2026:22:16:10 +0000] "POST /wp-cron.php?doing_wp_cron=1782080170.9555530548095703125000 HTTP/1.1" 200 0 "-" "WordPress/7.0; https://www.jubaroyaltravel.com"
66.249.64.130 - - [21/Jun/2026:22:16:10 +0000] "GET /products/detail/quality/j106318681 HTTP/1.1" 404 27930 "-" "Mozilla/5.0 (Linux; Android 6.0.1; Nexus 5X Build/MMB29P) AppleWebKit/537.36 (KHTML, like Gecko) Chrome/148.0.7778.96 Mobile Safari/537.36 (compatible; Googlebot/2.1; +http://www.google.com/bot.html)"
177.54.191.73 - - [21/Jun/2026:22:16:23 +0000] "GET /destinations/badingilo-national-park/ HTTP/1.1" 200 42895 "-" "Mozilla/5.0 (Macintosh; Intel Mac OS X 10_16_0) AppleWebKit/537.36 (KHTML, like Gecko) Chrome/85.0.4183.83 Safari/537.36"
103.90.224.22 - - [21/Jun/2026:22:19:51 +0000] "GET /wp-login.php HTTP/2" 200 2038 "-" "Mozilla/5.0 (Windows NT 10.0; Win64; x64; rv:133.0) Gecko/20100101 Firefox/133.0"
103.90.224.22 - - [21/Jun/2026:22:19:52 +0000] "POST /wp-login.php HTTP/2" 200 2209 "https://jubaroyaltravel.com/wp-login.php" "Mozilla/5.0 (Windows NT 10.0; Win64; x64; rv:133.0) Gecko/20100101 Firefox/133.0"
69.72.244.151 - - [21/Jun/2026:22:19:59 +0000] "POST /wp-cron.php?doing_wp_cron=1782080399.4940600395202636718750 HTTP/1.1" 200 0 "-" "WordPress/7.0; https://www.jubaroyaltravel.com"
