65.21.124.77 - - [21/Jun/2026:19:48:22 +0000] "GET /wp-content/uploads/essential-addons-elementor/eael-51.js?ver=1764603898 HTTP/1.1" 200 1994 "-" "Mozilla/5.0 (Windows NT 10.0; Win64; x64) AppleWebKit/537.36 (KHTML, like Gecko) Chrome/124.0.0.0 Safari/537.36"
65.21.124.77 - - [21/Jun/2026:19:48:22 +0000] "GET /wp-content/uploads/essential-addons-elementor/eael-53.js?ver=1764603898 HTTP/1.1" 200 0 "-" "Mozilla/5.0 (Windows NT 10.0; Win64; x64) AppleWebKit/537.36 (KHTML, like Gecko) Chrome/124.0.0.0 Safari/537.36"
65.21.124.77 - - [21/Jun/2026:19:48:22 +0000] "GET /wp-content/uploads/essential-addons-elementor/eael-51.js?ver=1764607498 HTTP/1.1" 200 1994 "-" "Mozilla/5.0 (Windows NT 10.0; Win64; x64) AppleWebKit/537.36 (KHTML, like Gecko) Chrome/124.0.0.0 Safari/537.36"
65.21.124.77 - - [21/Jun/2026:19:48:22 +0000] "GET /wp-content/uploads/essential-addons-elementor/eael-53.js?ver=1764607498 HTTP/1.1" 200 0 "-" "Mozilla/5.0 (Windows NT 10.0; Win64; x64) AppleWebKit/537.36 (KHTML, like Gecko) Chrome/124.0.0.0 Safari/537.36"
65.21.124.77 - - [21/Jun/2026:19:48:20 +0000] "GET /activities/maasai-cultural-experience-optional/ HTTP/1.1" 200 42973 "-" "Mozilla/5.0 (Windows NT 10.0; Win64; x64) AppleWebKit/537.36 (KHTML, like Gecko) Chrome/124.0.0.0 Safari/537.36"
65.21.124.77 - - [21/Jun/2026:19:48:20 +0000] "GET /activities/savannah-picnic-lunches/ HTTP/1.1" 200 42958 "-" "Mozilla/5.0 (Windows NT 10.0; Win64; x64) AppleWebKit/537.36 (KHTML, like Gecko) Chrome/124.0.0.0 Safari/537.36"
65.21.124.77 - - [21/Jun/2026:19:48:21 +0000] "GET /activities/local-cuisine-tasting-enjoy-authentic-south-sudanese-dishes-during-lunch/ HTTP/1.1" 200 43566 "-" "Mozilla/5.0 (Windows NT 10.0; Win64; x64) AppleWebKit/537.36 (KHTML, like Gecko) Chrome/124.0.0.0 Safari/537.36"
65.21.124.77 - - [21/Jun/2026:19:48:21 +0000] "GET /activities/guided-village-walk/ HTTP/1.1" 200 43921 "-" "Mozilla/5.0 (Windows NT 10.0; Win64; x64) AppleWebKit/537.36 (KHTML, like Gecko) Chrome/124.0.0.0 Safari/537.36"
65.21.124.77 - - [21/Jun/2026:19:48:21 +0000] "GET /activities/city-sightseeing-explore-major-landmarks-and-historical-sites-across-juba/ HTTP/1.1" 200 43171 "-" "Mozilla/5.0 (Windows NT 10.0; Win64; x64) AppleWebKit/537.36 (KHTML, like Gecko) Chrome/124.0.0.0 Safari/537.36"
65.21.124.77 - - [21/Jun/2026:19:48:21 +0000] "GET /activities/short-road-trip-adventure/ HTTP/1.1" 200 43052 "-" "Mozilla/5.0 (Windows NT 10.0; Win64; x64) AppleWebKit/537.36 (KHTML, like Gecko) Chrome/124.0.0.0 Safari/537.36"
65.21.124.77 - - [21/Jun/2026:19:48:21 +0000] "GET /activities/traditional-dance-experience/ HTTP/1.1" 200 43516 "-" "Mozilla/5.0 (Windows NT 10.0; Win64; x64) AppleWebKit/537.36 (KHTML, like Gecko) Chrome/124.0.0.0 Safari/537.36"
69.72.244.151 - - [21/Jun/2026:19:51:23 +0000] "POST /wp-cron.php?doing_wp_cron=1782071483.1419649124145507812500 HTTP/1.1" 200 0 "-" "WordPress/7.0; https://www.jubaroyaltravel.com"
66.249.64.129 - - [21/Jun/2026:19:51:20 +0000] "GET /products/detail/clearance/j106229452 HTTP/1.1" 404 27946 "-" "Mozilla/5.0 (Linux; Android 6.0.1; Nexus 5X Build/MMB29P) AppleWebKit/537.36 (KHTML, like Gecko) Chrome/148.0.7778.96 Mobile Safari/537.36 (compatible; Googlebot/2.1; +http://www.google.com/bot.html)"
91.92.241.196 - - [21/Jun/2026:19:53:03 +0000] "GET /.git/HEAD HTTP/1.1" 401 53 "-" "Mozilla/5.0 (Windows NT 10.0; Win64; x64) AppleWebKit/537.36"
91.92.241.196 - - [21/Jun/2026:19:53:05 +0000] "GET /.git/config HTTP/1.1" 401 53 "-" "Mozilla/5.0 (Windows NT 10.0; Win64; x64) AppleWebKit/537.36"
69.72.244.151 - - [21/Jun/2026:19:54:16 +0000] "POST /wp-cron.php?doing_wp_cron=1782071655.9601559638977050781250 HTTP/1.1" 200 0 "-" "WordPress/7.0; https://www.jubaroyaltravel.com"
51.79.17.60 - - [21/Jun/2026:19:54:14 +0000] "GET /wp-login.php HTTP/2" 200 2038 "-" "Mozilla/5.0 (Windows NT 10.0; Win64; x64) AppleWebKit/537.36 (KHTML, like Gecko) Chrome/133.0.0.0 Safari/537.36"
51.79.17.60 - - [21/Jun/2026:19:54:16 +0000] "POST /wp-login.php HTTP/2" 200 2209 "https://jubaroyaltravel.com/wp-login.php" "Mozilla/5.0 (Windows NT 10.0; Win64; x64) AppleWebKit/537.36 (KHTML, like Gecko) Chrome/133.0.0.0 Safari/537.36"
91.92.241.196 - - [21/Jun/2026:19:54:18 +0000] "GET /.git/HEAD HTTP/1.1" 403 1242 "-" "Mozilla/5.0 (Windows NT 10.0; Win64; x64) AppleWebKit/537.36"
91.92.241.196 - - [21/Jun/2026:19:54:19 +0000] "GET /.git/config HTTP/1.1" 403 1242 "-" "Mozilla/5.0 (Windows NT 10.0; Win64; x64) AppleWebKit/537.36"
69.72.244.151 - - [21/Jun/2026:19:57:44 +0000] "POST /wp-cron.php?doing_wp_cron=1782071864.8352520465850830078125 HTTP/1.1" 200 0 "-" "WordPress/7.0; https://www.jubaroyaltravel.com"
177.55.93.214 - - [21/Jun/2026:19:57:42 +0000] "GET /products/detail/sale/j106271233 HTTP/1.1" 404 32531 "-" "Mozilla/5.0 (Macintosh; Intel Mac OS X 11_2) AppleWebKit/537.36 (KHTML, like Gecko) Chrome/96.0.4702.147 Safari/537.36"
103.4.251.187 - - [21/Jun/2026:19:58:35 +0000] "GET / HTTP/1.1" 401 53 "-" "Mozilla/5.0 (Macintosh; Intel Mac OS X 10_15_7) AppleWebKit/537.36 (KHTML, like Gecko) Chrome/130.0.0.0 Safari/537.36"
104.164.173.134 - - [21/Jun/2026:19:58:35 +0000] "GET / HTTP/1.1" 401 53 "-" "Mozilla/5.0 (Macintosh; Intel Mac OS X 10_15_7) AppleWebKit/537.36 (KHTML, like Gecko) Chrome/131.0.0.0 Safari/537.36"
69.72.244.151 - - [21/Jun/2026:19:58:36 +0000] "POST /wp-cron.php?doing_wp_cron=1782071916.3266530036926269531250 HTTP/1.1" 200 0 "-" "WordPress/7.0; https://www.jubaroyaltravel.com"
103.4.250.110 - - [21/Jun/2026:19:58:36 +0000] "GET / HTTP/1.1" 301 0 "-" "Mozilla/5.0 (Windows NT 10.0; Win64; x64) AppleWebKit/537.36 (KHTML, like Gecko) Chrome/131.0.0.0 Safari/537.36"
103.4.250.2 - - [21/Jun/2026:19:58:38 +0000] "GET / HTTP/1.1" 401 53 "-" "Mozilla/5.0 (Windows NT 10.0; Win64; x64) AppleWebKit/537.36 (KHTML, like Gecko) Chrome/130.0.0.0 Safari/537.36"
104.164.126.166 - - [21/Jun/2026:19:58:37 +0000] "GET / HTTP/1.1" 301 0 "-" "Mozilla/5.0 (X11; Linux x86_64) AppleWebKit/537.36 (KHTML, like Gecko) Chrome/131.0.0.0 Safari/537.36"
103.4.251.27 - - [21/Jun/2026:19:58:39 +0000] "GET / HTTP/1.1" 400 52 "-" "Mozilla/5.0 (Macintosh; Intel Mac OS X 10_15_7) AppleWebKit/537.36 (KHTML, like Gecko) Chrome/131.0.0.0 Safari/537.36"
104.164.173.176 - - [21/Jun/2026:19:58:39 +0000] "GET / HTTP/1.1" 200 12491 "-" "Mozilla/5.0 (Windows NT 10.0; Win64; x64) AppleWebKit/537.36 (KHTML, like Gecko) Chrome/130.0.0.0 Safari/537.36"
103.196.9.197 - - [21/Jun/2026:19:58:40 +0000] "GET / HTTP/1.1" 401 53 "-" "Mozilla/5.0 (Windows NT 10.0; Win64; x64) AppleWebKit/537.36 (KHTML, like Gecko) Chrome/131.0.0.0 Safari/537.36"
104.164.173.146 - - [21/Jun/2026:19:58:40 +0000] "GET / HTTP/1.1" 401 53 "-" "Mozilla/5.0 (Macintosh; Intel Mac OS X 10_15_7) AppleWebKit/537.36 (KHTML, like Gecko) Chrome/131.0.0.0 Safari/537.36"
103.4.251.35 - - [21/Jun/2026:19:58:41 +0000] "GET / HTTP/1.1" 200 12497 "-" "Mozilla/5.0 (Macintosh; Intel Mac OS X 10_15_7) AppleWebKit/537.36 (KHTML, like Gecko) Chrome/130.0.0.0 Safari/537.36"
103.196.9.71 - - [21/Jun/2026:19:58:43 +0000] "GET / HTTP/1.1" 400 52 "-" "Mozilla/5.0 (X11; Linux x86_64) AppleWebKit/537.36 (KHTML, like Gecko) Chrome/131.0.0.0 Safari/537.36"
104.164.126.164 - - [21/Jun/2026:19:58:43 +0000] "GET / HTTP/1.1" 301 0 "-" "Mozilla/5.0 (Macintosh; Intel Mac OS X 10_15_7) AppleWebKit/537.36 (KHTML, like Gecko) Chrome/131.0.0.0 Safari/537.36"
104.164.126.252 - - [21/Jun/2026:19:58:43 +0000] "GET / HTTP/1.1" 200 12493 "-" "Mozilla/5.0 (X11; Linux x86_64) AppleWebKit/537.36 (KHTML, like Gecko) Chrome/131.0.0.0 Safari/537.36"
103.4.250.110 - - [21/Jun/2026:19:58:43 +0000] "GET / HTTP/1.1" 200 42902 "-" "Mozilla/5.0 (Windows NT 10.0; Win64; x64) AppleWebKit/537.36 (KHTML, like Gecko) Chrome/131.0.0.0 Safari/537.36"
104.252.191.100 - - [21/Jun/2026:19:58:45 +0000] "GET / HTTP/1.1" 301 0 "-" "Mozilla/5.0 (Macintosh; Intel Mac OS X 10_15_7) AppleWebKit/537.36 (KHTML, like Gecko) Chrome/131.0.0.0 Safari/537.36"
104.252.191.24 - - [21/Jun/2026:19:58:45 +0000] "GET / HTTP/1.1" 200 12491 "-" "Mozilla/5.0 (Macintosh; Intel Mac OS X 10_15_7) AppleWebKit/537.36 (KHTML, like Gecko) Chrome/131.0.0.0 Safari/537.36"
154.28.229.63 - - [21/Jun/2026:19:58:47 +0000] "GET / HTTP/1.1" 401 53 "-" "Mozilla/5.0 (Macintosh; Intel Mac OS X 10_15_7) AppleWebKit/537.36 (KHTML, like Gecko) Chrome/130.0.0.0 Safari/537.36"
104.164.126.166 - - [21/Jun/2026:19:58:48 +0000] "GET / HTTP/1.1" 200 42902 "-" "Mozilla/5.0 (X11; Linux x86_64) AppleWebKit/537.36 (KHTML, like Gecko) Chrome/131.0.0.0 Safari/537.36"
104.164.126.164 - - [21/Jun/2026:19:58:49 +0000] "GET / HTTP/1.1" 200 42899 "-" "Mozilla/5.0 (Macintosh; Intel Mac OS X 10_15_7) AppleWebKit/537.36 (KHTML, like Gecko) Chrome/131.0.0.0 Safari/537.36"
104.164.173.179 - - [21/Jun/2026:19:58:50 +0000] "GET / HTTP/1.1" 400 52 "-" "Mozilla/5.0 (Macintosh; Intel Mac OS X 10_15_7) AppleWebKit/537.36 (KHTML, like Gecko) Chrome/130.0.0.0 Safari/537.36"
104.252.191.112 - - [21/Jun/2026:19:58:52 +0000] "GET / HTTP/1.1" 401 53 "-" "Mozilla/5.0 (Macintosh; Intel Mac OS X 10_15_7) AppleWebKit/537.36 (KHTML, like Gecko) Chrome/131.0.0.0 Safari/537.36"
104.252.191.90 - - [21/Jun/2026:19:58:52 +0000] "GET / HTTP/1.1" 401 53 "-" "Mozilla/5.0 (Windows NT 10.0; Win64; x64) AppleWebKit/537.36 (KHTML, like Gecko) Chrome/130.0.0.0 Safari/537.36"
104.164.126.252 - - [21/Jun/2026:19:58:52 +0000] "GET / HTTP/1.1" 200 12498 "-" "Mozilla/5.0 (X11; Linux x86_64) AppleWebKit/537.36 (KHTML, like Gecko) Chrome/130.0.0.0 Safari/537.36"
104.164.126.166 - - [21/Jun/2026:19:58:52 +0000] "GET / HTTP/1.1" 301 0 "-" "Mozilla/5.0 (Windows NT 10.0; Win64; x64) AppleWebKit/537.36 (KHTML, like Gecko) Chrome/130.0.0.0 Safari/537.36"
104.252.191.100 - - [21/Jun/2026:19:58:52 +0000] "GET / HTTP/1.1" 200 42903 "-" "Mozilla/5.0 (Macintosh; Intel Mac OS X 10_15_7) AppleWebKit/537.36 (KHTML, like Gecko) Chrome/131.0.0.0 Safari/537.36"
104.164.173.176 - - [21/Jun/2026:19:58:55 +0000] "GET / HTTP/1.1" 200 12491 "-" "Mozilla/5.0 (Macintosh; Intel Mac OS X 10_15_7) AppleWebKit/537.36 (KHTML, like Gecko) Chrome/130.0.0.0 Safari/537.36"
69.72.244.151 - - [21/Jun/2026:19:58:58 +0000] "POST /wp-cron.php?doing_wp_cron=1782071938.7054209709167480468750 HTTP/1.1" 200 0 "-" "WordPress/7.0; https://www.jubaroyaltravel.com"
104.164.126.166 - - [21/Jun/2026:19:58:58 +0000] "GET / HTTP/1.1" 200 42904 "-" "Mozilla/5.0 (Windows NT 10.0; Win64; x64) AppleWebKit/537.36 (KHTML, like Gecko) Chrome/130.0.0.0 Safari/537.36"
104.164.126.164 - - [21/Jun/2026:19:59:00 +0000] "GET / HTTP/1.1" 301 0 "-" "Mozilla/5.0 (X11; Linux x86_64) AppleWebKit/537.36 (KHTML, like Gecko) Chrome/130.0.0.0 Safari/537.36"
66.249.64.131 - - [21/Jun/2026:19:59:02 +0000] "GET /products/detail/original/j106179201 HTTP/1.1" 404 27928 "-" "Mozilla/5.0 (Linux; Android 6.0.1; Nexus 5X Build/MMB29P) AppleWebKit/537.36 (KHTML, like Gecko) Chrome/148.0.7778.96 Mobile Safari/537.36 (compatible; Googlebot/2.1; +http://www.google.com/bot.html)"
104.252.191.133 - - [21/Jun/2026:19:59:05 +0000] "GET / HTTP/1.1" 401 53 "-" "Mozilla/5.0 (Windows NT 10.0; Win64; x64) AppleWebKit/537.36 (KHTML, like Gecko) Chrome/131.0.0.0 Safari/537.36"
69.72.244.151 - - [21/Jun/2026:19:59:10 +0000] "POST /wp-cron.php?doing_wp_cron=1782071950.6639690399169921875000 HTTP/1.1" 200 0 "-" "WordPress/7.0; https://www.jubaroyaltravel.com"
104.164.126.164 - - [21/Jun/2026:19:59:10 +0000] "GET / HTTP/1.1" 200 42902 "-" "Mozilla/5.0 (X11; Linux x86_64) AppleWebKit/537.36 (KHTML, like Gecko) Chrome/130.0.0.0 Safari/537.36"
69.72.244.151 - - [21/Jun/2026:20:00:28 +0000] "POST /wp-cron.php?doing_wp_cron=1782072028.8358280658721923828125 HTTP/1.1" 200 0 "-" "WordPress/7.0; https://www.jubaroyaltravel.com"
66.249.64.129 - - [21/Jun/2026:20:00:26 +0000] "GET /items/J127079583/ HTTP/1.1" 404 27928 "-" "Mozilla/5.0 (Linux; Android 6.0.1; Nexus 5X Build/MMB29P) AppleWebKit/537.36 (KHTML, like Gecko) Chrome/148.0.7778.96 Mobile Safari/537.36 (compatible; Googlebot/2.1; +http://www.google.com/bot.html)"
69.72.244.151 - - [21/Jun/2026:20:09:18 +0000] "POST /wp-cron.php?doing_wp_cron=1782072558.0875968933105468750000 HTTP/1.1" 200 0 "-" "WordPress/7.0; https://www.jubaroyaltravel.com"
69.72.244.151 - - [21/Jun/2026:20:09:19 +0000] "POST /wp-cron.php?doing_wp_cron=1782072558.9137959480285644531250 HTTP/1.1" 200 0 "-" "WordPress/7.0; https://www.jubaroyaltravel.com"
14.191.250.124 - - [21/Jun/2026:20:09:15 +0000] "GET /products/detail/for/j106124454 HTTP/1.1" 404 32529 "-" "Mozilla/5.0 (Windows NT 10.0; WOW64) AppleWebKit/537.36 (KHTML, like Gecko) Chrome/69.2.0.1713 Safari/537.36"
66.249.64.131 - - [21/Jun/2026:20:09:29 +0000] "GET /items/H64130775// HTTP/1.1" 301 0 "-" "Mozilla/5.0 (Linux; Android 6.0.1; Nexus 5X Build/MMB29P) AppleWebKit/537.36 (KHTML, like Gecko) Chrome/148.0.7778.96 Mobile Safari/537.36 (compatible; Googlebot/2.1; +http://www.google.com/bot.html)"
66.249.64.129 - - [21/Jun/2026:20:09:30 +0000] "GET /items/H64130775/ HTTP/1.1" 404 27929 "-" "Mozilla/5.0 (Linux; Android 6.0.1; Nexus 5X Build/MMB29P) AppleWebKit/537.36 (KHTML, like Gecko) Chrome/148.0.7778.96 Mobile Safari/537.36 (compatible; Googlebot/2.1; +http://www.google.com/bot.html)"
69.72.244.151 - - [21/Jun/2026:20:10:33 +0000] "POST /wp-cron.php?doing_wp_cron=1782072633.8929269313812255859375 HTTP/1.1" 200 0 "-" "WordPress/7.0; https://www.jubaroyaltravel.com"
66.249.64.129 - - [21/Jun/2026:20:10:33 +0000] "GET /items/N69292381/ HTTP/1.1" 404 27930 "-" "Mozilla/5.0 (Linux; Android 6.0.1; Nexus 5X Build/MMB29P) AppleWebKit/537.36 (KHTML, like Gecko) Chrome/148.0.7778.96 Mobile Safari/537.36 (compatible; Googlebot/2.1; +http://www.google.com/bot.html)"
66.249.64.130 - - [21/Jun/2026:20:10:34 +0000] "GET /products/detail/wholesale/j106177064/ HTTP/1.1" 404 27939 "-" "Mozilla/5.0 (Linux; Android 6.0.1; Nexus 5X Build/MMB29P) AppleWebKit/537.36 (KHTML, like Gecko) Chrome/148.0.7778.96 Mobile Safari/537.36 (compatible; Googlebot/2.1; +http://www.google.com/bot.html)"
66.249.64.129 - - [21/Jun/2026:20:10:35 +0000] "GET /products/detail/quality/j106152114 HTTP/1.1" 404 27928 "-" "Mozilla/5.0 (Linux; Android 6.0.1; Nexus 5X Build/MMB29P) AppleWebKit/537.36 (KHTML, like Gecko) Chrome/148.0.7778.96 Mobile Safari/537.36 (compatible; Googlebot/2.1; +http://www.google.com/bot.html)"
87.52.107.135 - - [21/Jun/2026:20:12:46 +0000] "HEAD / HTTP/1.1" 200 0 "-" "Go-http-client/1.1"
87.52.107.135 - - [21/Jun/2026:20:12:46 +0000] "HEAD / HTTP/1.1" 400 0 "-" "Go-http-client/1.1"
87.52.107.135 - - [21/Jun/2026:20:12:46 +0000] "HEAD / HTTP/1.1" 401 0 "-" "Go-http-client/1.1"
87.52.107.135 - - [21/Jun/2026:20:12:47 +0000] "HEAD / HTTP/1.1" 401 0 "-" "Go-http-client/1.1"
87.52.107.135 - - [21/Jun/2026:20:12:47 +0000] "HEAD / HTTP/1.1" 200 0 "-" "Go-http-client/1.1"
87.52.107.135 - - [21/Jun/2026:20:12:47 +0000] "HEAD / HTTP/1.1" 401 0 "-" "Go-http-client/1.1"
87.52.107.135 - - [21/Jun/2026:20:12:47 +0000] "HEAD / HTTP/1.1" 200 0 "-" "Go-http-client/1.1"
69.72.244.151 - - [21/Jun/2026:20:12:49 +0000] "POST /wp-cron.php?doing_wp_cron=1782072769.0847249031066894531250 HTTP/1.1" 200 0 "-" "WordPress/7.0; https://www.jubaroyaltravel.com"
69.72.244.151 - - [21/Jun/2026:20:12:49 +0000] "POST /wp-cron.php?doing_wp_cron=1782072769.0844221115112304687500 HTTP/1.1" 200 0 "-" "WordPress/7.0; https://www.jubaroyaltravel.com"
87.52.107.135 - - [21/Jun/2026:20:12:47 +0000] "HEAD / HTTP/1.1" 301 0 "-" "Go-http-client/1.1"
87.52.107.135 - - [21/Jun/2026:20:12:46 +0000] "HEAD / HTTP/1.1" 301 0 "-" "Go-http-client/1.1"
87.52.107.135 - - [21/Jun/2026:20:12:49 +0000] "HEAD / HTTP/1.1" 200 0 "https://mail.jubaroyaltravel.com" "Go-http-client/1.1"
87.52.107.135 - - [21/Jun/2026:20:12:49 +0000] "HEAD / HTTP/1.1" 200 0 "https://jubaroyaltravel.com" "Go-http-client/1.1"
69.72.244.151 - - [21/Jun/2026:20:14:13 +0000] "POST /wp-cron.php?doing_wp_cron=1782072853.5794088840484619140625 HTTP/1.1" 200 0 "-" "WordPress/7.0; https://www.jubaroyaltravel.com"
103.143.207.18 - - [21/Jun/2026:20:14:11 +0000] "GET /wp-login.php HTTP/2" 200 2038 "-" "Mozilla/5.0 (Macintosh; Intel Mac OS X 10_15_7) AppleWebKit/537.36 (KHTML, like Gecko) Chrome/133.0.0.0 Safari/537.36 Edg/133.0.0.0"
103.143.207.18 - - [21/Jun/2026:20:14:18 +0000] "POST /wp-login.php HTTP/2" 200 2209 "https://jubaroyaltravel.com/wp-login.php" "Mozilla/5.0 (Macintosh; Intel Mac OS X 10_15_7) AppleWebKit/537.36 (KHTML, like Gecko) Chrome/133.0.0.0 Safari/537.36 Edg/133.0.0.0"
43.153.87.54 - - [21/Jun/2026:20:18:36 +0000] "GET / HTTP/1.1" 200 52745 "http://jubaroyaltravel.com" "Mozilla/5.0 (iPhone; CPU iPhone OS 13_2_3 like Mac OS X) AppleWebKit/605.1.15 (KHTML, like Gecko) Version/13.0.3 Mobile/15E148 Safari/604.1"
74.7.244.41 - - [21/Jun/2026:20:18:51 +0000] "GET /robots.txt HTTP/2" 400 52 "-" "Mozilla/5.0 (Macintosh; Intel Mac OS X 10_15_7) AppleWebKit/537.36 (KHTML, like Gecko) Chrome/131.0.0.0 Safari/537.36; compatible; OAI-SearchBot/1.4; robots.txt; +https://openai.com/searchbot"
74.7.244.36 - - [21/Jun/2026:20:18:52 +0000] "GET /robots.txt HTTP/2" 200 26 "-" "Mozilla/5.0 (Macintosh; Intel Mac OS X 10_15_7) AppleWebKit/537.36 (KHTML, like Gecko) Chrome/131.0.0.0 Safari/537.36; compatible; OAI-SearchBot/1.4; robots.txt; +https://openai.com/searchbot"
74.7.230.59 - - [21/Jun/2026:20:18:52 +0000] "GET /robots.txt HTTP/2" 401 53 "-" "Mozilla/5.0 (Macintosh; Intel Mac OS X 10_15_7) AppleWebKit/537.36 (KHTML, like Gecko) Chrome/131.0.0.0 Safari/537.36; compatible; OAI-SearchBot/1.4; robots.txt; +https://openai.com/searchbot"
74.7.230.61 - - [21/Jun/2026:20:18:52 +0000] "GET /robots.txt HTTP/2" 401 53 "-" "Mozilla/5.0 (Macintosh; Intel Mac OS X 10_15_7) AppleWebKit/537.36 (KHTML, like Gecko) Chrome/131.0.0.0 Safari/537.36; compatible; OAI-SearchBot/1.4; robots.txt; +https://openai.com/searchbot"
69.72.244.151 - - [21/Jun/2026:20:19:05 +0000] "POST /wp-cron.php?doing_wp_cron=1782073145.6328389644622802734375 HTTP/1.1" 200 0 "-" "WordPress/7.0; https://www.jubaroyaltravel.com"
84.38.129.34 - - [21/Jun/2026:20:19:05 +0000] "GET / HTTP/1.1" 200 52756 "-" "Mozilla/5.0 (Windows NT 10.0; Win64; x64; rv:109.0) Gecko/20100101 Firefox/111.0"
74.7.244.35 - - [21/Jun/2026:20:19:22 +0000] "GET /robots.txt HTTP/2" 200 106 "-" "Mozilla/5.0 (Macintosh; Intel Mac OS X 10_15_7) AppleWebKit/537.36 (KHTML, like Gecko) Chrome/131.0.0.0 Safari/537.36; compatible; OAI-SearchBot/1.4; robots.txt; +https://openai.com/searchbot"
74.7.175.167 - - [21/Jun/2026:20:19:23 +0000] "GET /robots.txt HTTP/2" 200 106 "-" "Mozilla/5.0 (Macintosh; Intel Mac OS X 10_15_7) AppleWebKit/537.36 (KHTML, like Gecko) Chrome/131.0.0.0 Safari/537.36; compatible; OAI-SearchBot/1.4; robots.txt; +https://openai.com/searchbot"
74.7.230.18 - - [21/Jun/2026:20:20:27 +0000] "GET /robots.txt HTTP/2" 401 53 "-" "Mozilla/5.0 (Macintosh; Intel Mac OS X 10_15_7) AppleWebKit/537.36 (KHTML, like Gecko) Chrome/131.0.0.0 Safari/537.36; compatible; OAI-SearchBot/1.4; robots.txt; +https://openai.com/searchbot"
74.7.230.24 - - [21/Jun/2026:20:20:27 +0000] "GET /robots.txt HTTP/2" 200 26 "-" "Mozilla/5.0 (Macintosh; Intel Mac OS X 10_15_7) AppleWebKit/537.36 (KHTML, like Gecko) Chrome/131.0.0.0 Safari/537.36; compatible; OAI-SearchBot/1.4; robots.txt; +https://openai.com/searchbot"
69.72.244.151 - - [21/Jun/2026:20:20:46 +0000] "POST /wp-cron.php?doing_wp_cron=1782073246.8112990856170654296875 HTTP/1.1" 200 0 "-" "WordPress/7.0; https://www.jubaroyaltravel.com"
66.249.64.129 - - [21/Jun/2026:20:20:44 +0000] "GET /products/detail/online/j106435237 HTTP/1.1" 404 27930 "-" "Mozilla/5.0 (Linux; Android 6.0.1; Nexus 5X Build/MMB29P) AppleWebKit/537.36 (KHTML, like Gecko) Chrome/148.0.7778.96 Mobile Safari/537.36 (compatible; Googlebot/2.1; +http://www.google.com/bot.html)"
69.72.244.151 - - [21/Jun/2026:20:22:05 +0000] "POST /wp-cron.php?doing_wp_cron=1782073325.7286651134490966796875 HTTP/1.1" 200 0 "-" "WordPress/7.0; https://www.jubaroyaltravel.com"
50.87.144.87 - - [21/Jun/2026:20:22:04 +0000] "GET /wp-login.php HTTP/2" 200 2038 "-" "Mozilla/5.0 (Windows NT 10.0; Win64; x64) AppleWebKit/537.36 (KHTML, like Gecko) Chrome/120.0.0.0 Safari/537.36"
50.87.144.87 - - [21/Jun/2026:20:22:07 +0000] "GET /wp-login.php HTTP/2" 200 2038 "-" "Mozilla/5.0 (Windows NT 10.0; Win64; x64) AppleWebKit/537.36 (KHTML, like Gecko) Chrome/120.0.0.0 Safari/537.36"
69.72.244.151 - - [21/Jun/2026:20:22:09 +0000] "POST /wp-cron.php?doing_wp_cron=1782073329.1633479595184326171875 HTTP/1.1" 200 0 "-" "WordPress/7.0; https://www.jubaroyaltravel.com"
50.87.144.87 - - [21/Jun/2026:20:22:08 +0000] "POST /wp-login.php HTTP/2" 200 2209 "https://www.jubaroyaltravel.com/wp-login.php" "Mozilla/5.0 (Windows NT 10.0; Win64; x64) AppleWebKit/537.36 (KHTML, like Gecko) Chrome/120.0.0.0 Safari/537.36"
69.72.244.151 - - [21/Jun/2026:20:27:58 +0000] "POST /wp-cron.php?doing_wp_cron=1782073678.3013710975646972656250 HTTP/1.1" 200 0 "-" "WordPress/7.0; https://www.jubaroyaltravel.com"
66.249.64.131 - - [21/Jun/2026:20:27:55 +0000] "GET /products/detail/jp/j106485214 HTTP/1.1" 404 27920 "-" "Mozilla/5.0 (Linux; Android 6.0.1; Nexus 5X Build/MMB29P) AppleWebKit/537.36 (KHTML, like Gecko) Chrome/148.0.7778.96 Mobile Safari/537.36 (compatible; Googlebot/2.1; +http://www.google.com/bot.html)"
66.249.64.130 - - [21/Jun/2026:20:27:58 +0000] "GET /products/detail/best/j106318376 HTTP/1.1" 404 27966 "-" "Mozilla/5.0 (Linux; Android 6.0.1; Nexus 5X Build/MMB29P) AppleWebKit/537.36 (KHTML, like Gecko) Chrome/148.0.7778.96 Mobile Safari/537.36 (compatible; Googlebot/2.1; +http://www.google.com/bot.html)"
69.72.244.151 - - [21/Jun/2026:20:29:00 +0000] "POST /wp-cron.php?doing_wp_cron=1782073740.6141099929809570312500 HTTP/1.1" 200 0 "-" "WordPress/7.0; https://www.jubaroyaltravel.com"
66.249.64.130 - - [21/Jun/2026:20:29:00 +0000] "GET /products/detail/buy/j106330401/ HTTP/1.1" 404 27965 "-" "Mozilla/5.0 (Linux; Android 6.0.1; Nexus 5X Build/MMB29P) AppleWebKit/537.36 (KHTML, like Gecko) Chrome/148.0.7778.96 Mobile Safari/537.36 (compatible; Googlebot/2.1; +http://www.google.com/bot.html)"
66.249.64.129 - - [21/Jun/2026:20:29:01 +0000] "GET /products/detail/vintage/j106249248 HTTP/1.1" 404 27930 "-" "Mozilla/5.0 (Linux; Android 6.0.1; Nexus 5X Build/MMB29P) AppleWebKit/537.36 (KHTML, like Gecko) Chrome/148.0.7778.96 Mobile Safari/537.36 (compatible; Googlebot/2.1; +http://www.google.com/bot.html)"
66.249.64.129 - - [21/Jun/2026:20:29:01 +0000] "GET /products/detail/shopping/j106436385 HTTP/1.1" 404 27929 "-" "Mozilla/5.0 (Linux; Android 6.0.1; Nexus 5X Build/MMB29P) AppleWebKit/537.36 (KHTML, like Gecko) Chrome/148.0.7778.96 Mobile Safari/537.36 (compatible; Googlebot/2.1; +http://www.google.com/bot.html)"
66.249.64.129 - - [21/Jun/2026:20:29:03 +0000] "GET /products/detail/shop/j106451220 HTTP/1.1" 404 27909 "-" "Mozilla/5.0 (compatible; Googlebot/2.1; +http://www.google.com/bot.html)"
162.254.36.150 - - [21/Jun/2026:20:33:42 +0000] "GET /wp-login.php HTTP/2" 200 2038 "-" "Mozilla/5.0 (Macintosh; Intel Mac OS X 10_15_7) AppleWebKit/605.1.15 (KHTML, like Gecko) Version/18.3 Safari/605.1.15"
162.254.36.150 - - [21/Jun/2026:20:33:43 +0000] "POST /wp-login.php HTTP/2" 200 2209 "https://jubaroyaltravel.com/wp-login.php" "Mozilla/5.0 (Macintosh; Intel Mac OS X 10_15_7) AppleWebKit/605.1.15 (KHTML, like Gecko) Version/18.3 Safari/605.1.15"
85.132.127.68 - - [21/Jun/2026:20:33:46 +0000] "GET /destinations/juba-south-sudan/ HTTP/1.1" 200 43201 "-" "Mozilla/5.0 (Windows NT 6.1; WOW64) AppleWebKit/537.36 (KHTML, like Gecko) Chrome/90.0.4430.93 Safari/537.36"
40.77.167.241 - - [21/Jun/2026:20:34:13 +0000] "GET /public/about HTTP/2" 404 27879 "-" "Mozilla/5.0 AppleWebKit/537.36 (KHTML, like Gecko; compatible; bingbot/2.0; +http://www.bing.com/bingbot.htm) Chrome/116.0.1938.76 Safari/537.36"
66.249.64.130 - - [21/Jun/2026:20:36:22 +0000] "GET /products/detail/cheapest/j106232065 HTTP/1.1" 404 27932 "-" "Mozilla/5.0 (Linux; Android 6.0.1; Nexus 5X Build/MMB29P) AppleWebKit/537.36 (KHTML, like Gecko) Chrome/148.0.7778.96 Mobile Safari/537.36 (compatible; Googlebot/2.1; +http://www.google.com/bot.html)"
222.252.159.4 - - [21/Jun/2026:20:38:35 +0000] "GET /goods/online/j106115694 HTTP/1.1" 301 0 "-" "Mozilla/5.0 (Macintosh; Intel Mac OS X 15.2; rv:128.0) Gecko/20100101 Firefox/128.0"
186.216.129.227 - - [21/Jun/2026:20:38:39 +0000] "GET /goods/online/j106115694 HTTP/1.1" 404 32515 "-" "Mozilla/5.0 (Macintosh; Intel Mac OS X 15.2; rv:128.0) Gecko/20100101 Firefox/128.0"
161.153.115.193 - - [21/Jun/2026:20:39:10 +0000] "GET /activities/nile-boat-cruise HTTP/1.1" 301 0 "-" "Scrapy/2.16.0 (+https://scrapy.org)"
202.182.108.248 - - [21/Jun/2026:20:39:49 +0000] "GET /test1.php HTTP/1.1" 401 53 "-" "Mozilla/5.0 (Windows NT 10.0; Win64; x64) AppleWebKit/537.36 (KHTML, like Gecko) Chrome/120.0.0.0 Safari/537.36"
202.182.108.248 - - [21/Jun/2026:20:39:50 +0000] "GET /wp-admin/maint/index.php HTTP/1.1" 401 53 "-" "Mozilla/5.0 (Windows NT 10.0; Win64; x64) AppleWebKit/537.36 (KHTML, like Gecko) Chrome/120.0.0.0 Safari/537.36"
202.182.108.248 - - [21/Jun/2026:20:39:50 +0000] "GET /wp-content/uploads/min.php HTTP/1.1" 401 53 "-" "Mozilla/5.0 (Windows NT 10.0; Win64; x64) AppleWebKit/537.36 (KHTML, like Gecko) Chrome/120.0.0.0 Safari/537.36"
202.182.108.248 - - [21/Jun/2026:20:39:50 +0000] "GET /zoom1.php HTTP/1.1" 401 53 "-" "Mozilla/5.0 (Windows NT 10.0; Win64; x64) AppleWebKit/537.36 (KHTML, like Gecko) Chrome/120.0.0.0 Safari/537.36"
202.182.108.248 - - [21/Jun/2026:20:39:51 +0000] "GET /lock360.php HTTP/1.1" 401 53 "-" "Mozilla/5.0 (Windows NT 10.0; Win64; x64) AppleWebKit/537.36 (KHTML, like Gecko) Chrome/120.0.0.0 Safari/537.36"
202.182.108.248 - - [21/Jun/2026:20:39:51 +0000] "GET /r.php HTTP/1.1" 401 53 "-" "Mozilla/5.0 (Windows NT 10.0; Win64; x64) AppleWebKit/537.36 (KHTML, like Gecko) Chrome/120.0.0.0 Safari/537.36"
202.182.108.248 - - [21/Jun/2026:20:39:52 +0000] "GET /sf.php HTTP/1.1" 401 53 "-" "Mozilla/5.0 (Windows NT 10.0; Win64; x64) AppleWebKit/537.36 (KHTML, like Gecko) Chrome/120.0.0.0 Safari/537.36"
202.182.108.248 - - [21/Jun/2026:20:39:52 +0000] "GET /t.php HTTP/1.1" 401 53 "-" "Mozilla/5.0 (Windows NT 10.0; Win64; x64) AppleWebKit/537.36 (KHTML, like Gecko) Chrome/120.0.0.0 Safari/537.36"
202.182.108.248 - - [21/Jun/2026:20:39:52 +0000] "GET /7.php HTTP/1.1" 401 53 "-" "Mozilla/5.0 (Windows NT 10.0; Win64; x64) AppleWebKit/537.36 (KHTML, like Gecko) Chrome/120.0.0.0 Safari/537.36"
202.182.108.248 - - [21/Jun/2026:20:39:53 +0000] "GET /b.php HTTP/1.1" 401 53 "-" "Mozilla/5.0 (Windows NT 10.0; Win64; x64) AppleWebKit/537.36 (KHTML, like Gecko) Chrome/120.0.0.0 Safari/537.36"
202.182.108.248 - - [21/Jun/2026:20:39:53 +0000] "GET /buy.php HTTP/1.1" 401 53 "-" "Mozilla/5.0 (Windows NT 10.0; Win64; x64) AppleWebKit/537.36 (KHTML, like Gecko) Chrome/120.0.0.0 Safari/537.36"
202.182.108.248 - - [21/Jun/2026:20:39:53 +0000] "GET /config.php HTTP/1.1" 401 53 "-" "Mozilla/5.0 (Windows NT 10.0; Win64; x64) AppleWebKit/537.36 (KHTML, like Gecko) Chrome/120.0.0.0 Safari/537.36"
202.182.108.248 - - [21/Jun/2026:20:39:54 +0000] "GET /num.php HTTP/1.1" 401 53 "-" "Mozilla/5.0 (Windows NT 10.0; Win64; x64) AppleWebKit/537.36 (KHTML, like Gecko) Chrome/120.0.0.0 Safari/537.36"
202.182.108.248 - - [21/Jun/2026:20:39:54 +0000] "GET /areak1.php HTTP/1.1" 401 53 "-" "Mozilla/5.0 (Windows NT 10.0; Win64; x64) AppleWebKit/537.36 (KHTML, like Gecko) Chrome/120.0.0.0 Safari/537.36"
202.182.108.248 - - [21/Jun/2026:20:39:54 +0000] "GET /vc.php HTTP/1.1" 401 53 "-" "Mozilla/5.0 (Windows NT 10.0; Win64; x64) AppleWebKit/537.36 (KHTML, like Gecko) Chrome/120.0.0.0 Safari/537.36"
202.182.108.248 - - [21/Jun/2026:20:39:55 +0000] "GET /wp-content/plugins/admin.php HTTP/1.1" 401 53 "-" "Mozilla/5.0 (Windows NT 10.0; Win64; x64) AppleWebKit/537.36 (KHTML, like Gecko) Chrome/120.0.0.0 Safari/537.36"
202.182.108.248 - - [21/Jun/2026:20:39:55 +0000] "GET /core.php HTTP/1.1" 401 53 "-" "Mozilla/5.0 (Windows NT 10.0; Win64; x64) AppleWebKit/537.36 (KHTML, like Gecko) Chrome/120.0.0.0 Safari/537.36"
202.182.108.248 - - [21/Jun/2026:20:39:55 +0000] "GET /wp-admin/css/ HTTP/1.1" 401 53 "-" "Mozilla/5.0 (Windows NT 10.0; Win64; x64) AppleWebKit/537.36 (KHTML, like Gecko) Chrome/120.0.0.0 Safari/537.36"
202.182.108.248 - - [21/Jun/2026:20:39:56 +0000] "GET /wp-admin/css/colors/blue/ HTTP/1.1" 401 53 "-" "Mozilla/5.0 (Windows NT 10.0; Win64; x64) AppleWebKit/537.36 (KHTML, like Gecko) Chrome/120.0.0.0 Safari/537.36"
202.182.108.248 - - [21/Jun/2026:20:39:56 +0000] "GET /wp-content/min.php HTTP/1.1" 401 53 "-" "Mozilla/5.0 (Windows NT 10.0; Win64; x64) AppleWebKit/537.36 (KHTML, like Gecko) Chrome/120.0.0.0 Safari/537.36"
202.182.108.248 - - [21/Jun/2026:20:39:56 +0000] "GET /wp-content/plugins/beteng88/ws83.php HTTP/1.1" 401 53 "-" "Mozilla/5.0 (Windows NT 10.0; Win64; x64) AppleWebKit/537.36 (KHTML, like Gecko) Chrome/120.0.0.0 Safari/537.36"
202.182.108.248 - - [21/Jun/2026:20:39:57 +0000] "GET /ws37.php HTTP/1.1" 401 53 "-" "Mozilla/5.0 (Windows NT 10.0; Win64; x64) AppleWebKit/537.36 (KHTML, like Gecko) Chrome/120.0.0.0 Safari/537.36"
202.182.108.248 - - [21/Jun/2026:20:39:57 +0000] "GET /assets/ HTTP/1.1" 401 53 "-" "Mozilla/5.0 (Windows NT 10.0; Win64; x64) AppleWebKit/537.36 (KHTML, like Gecko) Chrome/120.0.0.0 Safari/537.36"
202.182.108.248 - - [21/Jun/2026:20:39:58 +0000] "GET /new.php HTTP/1.1" 401 53 "-" "Mozilla/5.0 (Windows NT 10.0; Win64; x64) AppleWebKit/537.36 (KHTML, like Gecko) Chrome/120.0.0.0 Safari/537.36"
202.182.108.248 - - [21/Jun/2026:20:39:58 +0000] "GET /wp-admin/js/widgets/ HTTP/1.1" 401 53 "-" "Mozilla/5.0 (Windows NT 10.0; Win64; x64) AppleWebKit/537.36 (KHTML, like Gecko) Chrome/120.0.0.0 Safari/537.36"
202.182.108.248 - - [21/Jun/2026:20:39:59 +0000] "GET /il.php HTTP/1.1" 401 53 "-" "Mozilla/5.0 (Windows NT 10.0; Win64; x64) AppleWebKit/537.36 (KHTML, like Gecko) Chrome/120.0.0.0 Safari/537.36"
202.182.108.248 - - [21/Jun/2026:20:39:59 +0000] "GET /images/index.php HTTP/1.1" 401 53 "-" "Mozilla/5.0 (Windows NT 10.0; Win64; x64) AppleWebKit/537.36 (KHTML, like Gecko) Chrome/120.0.0.0 Safari/537.36"
202.182.108.248 - - [21/Jun/2026:20:39:59 +0000] "GET /lite.php HTTP/1.1" 401 53 "-" "Mozilla/5.0 (Windows NT 10.0; Win64; x64) AppleWebKit/537.36 (KHTML, like Gecko) Chrome/120.0.0.0 Safari/537.36"
202.182.108.248 - - [21/Jun/2026:20:40:00 +0000] "GET /load.php HTTP/1.1" 401 53 "-" "Mozilla/5.0 (Windows NT 10.0; Win64; x64) AppleWebKit/537.36 (KHTML, like Gecko) Chrome/120.0.0.0 Safari/537.36"
202.182.108.248 - - [21/Jun/2026:20:40:00 +0000] "GET /wp-content/themes/ HTTP/1.1" 401 53 "-" "Mozilla/5.0 (Windows NT 10.0; Win64; x64) AppleWebKit/537.36 (KHTML, like Gecko) Chrome/120.0.0.0 Safari/537.36"
202.182.108.248 - - [21/Jun/2026:20:40:00 +0000] "GET /wp-themes.php HTTP/1.1" 401 53 "-" "Mozilla/5.0 (Windows NT 10.0; Win64; x64) AppleWebKit/537.36 (KHTML, like Gecko) Chrome/120.0.0.0 Safari/537.36"
202.182.108.248 - - [21/Jun/2026:20:40:01 +0000] "GET /xda.php HTTP/1.1" 401 53 "-" "Mozilla/5.0 (Windows NT 10.0; Win64; x64) AppleWebKit/537.36 (KHTML, like Gecko) Chrome/120.0.0.0 Safari/537.36"
202.182.108.248 - - [21/Jun/2026:20:40:01 +0000] "GET /.trash7206/index.php HTTP/1.1" 401 53 "-" "Mozilla/5.0 (Windows NT 10.0; Win64; x64) AppleWebKit/537.36 (KHTML, like Gecko) Chrome/120.0.0.0 Safari/537.36"
202.182.108.248 - - [21/Jun/2026:20:40:01 +0000] "GET /doc.php HTTP/1.1" 401 53 "-" "Mozilla/5.0 (Windows NT 10.0; Win64; x64) AppleWebKit/537.36 (KHTML, like Gecko) Chrome/120.0.0.0 Safari/537.36"
202.182.108.248 - - [21/Jun/2026:20:40:02 +0000] "GET /storage/index.php HTTP/1.1" 401 53 "-" "Mozilla/5.0 (Windows NT 10.0; Win64; x64) AppleWebKit/537.36 (KHTML, like Gecko) Chrome/120.0.0.0 Safari/537.36"
202.182.108.248 - - [21/Jun/2026:20:40:02 +0000] "GET /wp-content.php HTTP/1.1" 401 53 "-" "Mozilla/5.0 (Windows NT 10.0; Win64; x64) AppleWebKit/537.36 (KHTML, like Gecko) Chrome/120.0.0.0 Safari/537.36"
202.182.108.248 - - [21/Jun/2026:20:40:03 +0000] "GET /wp-includes/ID3/index.php HTTP/1.1" 401 53 "-" "Mozilla/5.0 (Windows NT 10.0; Win64; x64) AppleWebKit/537.36 (KHTML, like Gecko) Chrome/120.0.0.0 Safari/537.36"
202.182.108.248 - - [21/Jun/2026:20:40:03 +0000] "GET /wp-includes/block-bindings/ HTTP/1.1" 401 53 "-" "Mozilla/5.0 (Windows NT 10.0; Win64; x64) AppleWebKit/537.36 (KHTML, like Gecko) Chrome/120.0.0.0 Safari/537.36"
202.182.108.248 - - [21/Jun/2026:20:40:04 +0000] "GET /wp-includes/images/ HTTP/1.1" 401 53 "-" "Mozilla/5.0 (Windows NT 10.0; Win64; x64) AppleWebKit/537.36 (KHTML, like Gecko) Chrome/120.0.0.0 Safari/537.36"
202.182.108.248 - - [21/Jun/2026:20:40:04 +0000] "GET /wp-includes/min.php HTTP/1.1" 401 53 "-" "Mozilla/5.0 (Windows NT 10.0; Win64; x64) AppleWebKit/537.36 (KHTML, like Gecko) Chrome/120.0.0.0 Safari/537.36"
202.182.108.248 - - [21/Jun/2026:20:40:04 +0000] "GET /cache.php HTTP/1.1" 401 53 "-" "Mozilla/5.0 (Windows NT 10.0; Win64; x64) AppleWebKit/537.36 (KHTML, like Gecko) Chrome/120.0.0.0 Safari/537.36"
202.182.108.248 - - [21/Jun/2026:20:40:05 +0000] "GET /filemanager.php HTTP/1.1" 401 53 "-" "Mozilla/5.0 (Windows NT 10.0; Win64; x64) AppleWebKit/537.36 (KHTML, like Gecko) Chrome/120.0.0.0 Safari/537.36"
202.182.108.248 - - [21/Jun/2026:20:40:05 +0000] "GET /wp-blog.php HTTP/1.1" 401 53 "-" "Mozilla/5.0 (Windows NT 10.0; Win64; x64) AppleWebKit/537.36 (KHTML, like Gecko) Chrome/120.0.0.0 Safari/537.36"
202.182.108.248 - - [21/Jun/2026:20:40:06 +0000] "GET /wp-includes/ID3/ HTTP/1.1" 401 53 "-" "Mozilla/5.0 (Windows NT 10.0; Win64; x64) AppleWebKit/537.36 (KHTML, like Gecko) Chrome/120.0.0.0 Safari/537.36"
202.182.108.248 - - [21/Jun/2026:20:40:06 +0000] "GET /xmlrpc.php HTTP/1.1" 401 53 "-" "Mozilla/5.0 (Windows NT 10.0; Win64; x64) AppleWebKit/537.36 (KHTML, like Gecko) Chrome/120.0.0.0 Safari/537.36"
202.182.108.248 - - [21/Jun/2026:20:40:06 +0000] "GET /cd.php HTTP/1.1" 401 53 "-" "Mozilla/5.0 (Windows NT 10.0; Win64; x64) AppleWebKit/537.36 (KHTML, like Gecko) Chrome/120.0.0.0 Safari/537.36"
202.182.108.248 - - [21/Jun/2026:20:40:06 +0000] "GET /css.php HTTP/1.1" 401 53 "-" "Mozilla/5.0 (Windows NT 10.0; Win64; x64) AppleWebKit/537.36 (KHTML, like Gecko) Chrome/120.0.0.0 Safari/537.36"
202.182.108.248 - - [21/Jun/2026:20:40:07 +0000] "GET /lu4.php HTTP/1.1" 401 53 "-" "Mozilla/5.0 (Windows NT 10.0; Win64; x64) AppleWebKit/537.36 (KHTML, like Gecko) Chrome/120.0.0.0 Safari/537.36"
202.182.108.248 - - [21/Jun/2026:20:40:07 +0000] "GET /wp-admin/css/colors/blue/index.php HTTP/1.1" 401 53 "-" "Mozilla/5.0 (Windows NT 10.0; Win64; x64) AppleWebKit/537.36 (KHTML, like Gecko) Chrome/120.0.0.0 Safari/537.36"
202.182.108.248 - - [21/Jun/2026:20:40:08 +0000] "GET /wp-content/plugins/index.php HTTP/1.1" 401 53 "-" "Mozilla/5.0 (Windows NT 10.0; Win64; x64) AppleWebKit/537.36 (KHTML, like Gecko) Chrome/120.0.0.0 Safari/537.36"
202.182.108.248 - - [21/Jun/2026:20:40:08 +0000] "GET /wp-content/upgrade/index.php HTTP/1.1" 401 53 "-" "Mozilla/5.0 (Windows NT 10.0; Win64; x64) AppleWebKit/537.36 (KHTML, like Gecko) Chrome/120.0.0.0 Safari/537.36"
202.182.108.248 - - [21/Jun/2026:20:40:08 +0000] "GET /.well-known/gecko-litespeed.php HTTP/1.1" 401 53 "-" "Mozilla/5.0 (Windows NT 10.0; Win64; x64) AppleWebKit/537.36 (KHTML, like Gecko) Chrome/120.0.0.0 Safari/537.36"
202.182.108.248 - - [21/Jun/2026:20:40:09 +0000] "GET /ant.php HTTP/1.1" 401 53 "-" "Mozilla/5.0 (Windows NT 10.0; Win64; x64) AppleWebKit/537.36 (KHTML, like Gecko) Chrome/120.0.0.0 Safari/537.36"
202.182.108.248 - - [21/Jun/2026:20:40:09 +0000] "GET /autoload_classmap.php HTTP/1.1" 401 53 "-" "Mozilla/5.0 (Windows NT 10.0; Win64; x64) AppleWebKit/537.36 (KHTML, like Gecko) Chrome/120.0.0.0 Safari/537.36"
202.182.108.248 - - [21/Jun/2026:20:40:10 +0000] "GET /storage/rip.php HTTP/1.1" 401 53 "-" "Mozilla/5.0 (Windows NT 10.0; Win64; x64) AppleWebKit/537.36 (KHTML, like Gecko) Chrome/120.0.0.0 Safari/537.36"
202.182.108.248 - - [21/Jun/2026:20:40:10 +0000] "GET /tinyfilemanager.php HTTP/1.1" 401 53 "-" "Mozilla/5.0 (Windows NT 10.0; Win64; x64) AppleWebKit/537.36 (KHTML, like Gecko) Chrome/120.0.0.0 Safari/537.36"
202.182.108.248 - - [21/Jun/2026:20:40:11 +0000] "GET /wp-includes/bk/ HTTP/1.1" 401 53 "-" "Mozilla/5.0 (Windows NT 10.0; Win64; x64) AppleWebKit/537.36 (KHTML, like Gecko) Chrome/120.0.0.0 Safari/537.36"
202.182.108.248 - - [21/Jun/2026:20:40:11 +0000] "GET /403.php HTTP/1.1" 401 53 "-" "Mozilla/5.0 (Windows NT 10.0; Win64; x64) AppleWebKit/537.36 (KHTML, like Gecko) Chrome/120.0.0.0 Safari/537.36"
202.182.108.248 - - [21/Jun/2026:20:40:11 +0000] "GET /av.php HTTP/1.1" 401 53 "-" "Mozilla/5.0 (Windows NT 10.0; Win64; x64) AppleWebKit/537.36 (KHTML, like Gecko) Chrome/120.0.0.0 Safari/537.36"
202.182.108.248 - - [21/Jun/2026:20:40:12 +0000] "GET /tool.php HTTP/1.1" 401 53 "-" "Mozilla/5.0 (Windows NT 10.0; Win64; x64) AppleWebKit/537.36 (KHTML, like Gecko) Chrome/120.0.0.0 Safari/537.36"
202.182.108.248 - - [21/Jun/2026:20:40:12 +0000] "GET /wp-admin/includes/ HTTP/1.1" 401 53 "-" "Mozilla/5.0 (Windows NT 10.0; Win64; x64) AppleWebKit/537.36 (KHTML, like Gecko) Chrome/120.0.0.0 Safari/537.36"
202.182.108.248 - - [21/Jun/2026:20:40:12 +0000] "GET /wp-admin/index.php HTTP/1.1" 401 53 "-" "Mozilla/5.0 (Windows NT 10.0; Win64; x64) AppleWebKit/537.36 (KHTML, like Gecko) Chrome/120.0.0.0 Safari/537.36"
202.182.108.248 - - [21/Jun/2026:20:40:13 +0000] "GET /wp-content/plugins/core-plugin/include.php HTTP/1.1" 401 53 "-" "Mozilla/5.0 (Windows NT 10.0; Win64; x64) AppleWebKit/537.36 (KHTML, like Gecko) Chrome/120.0.0.0 Safari/537.36"
202.182.108.248 - - [21/Jun/2026:20:40:13 +0000] "GET /wp-content/themes/pridmag/b.php HTTP/1.1" 401 53 "-" "Mozilla/5.0 (Windows NT 10.0; Win64; x64) AppleWebKit/537.36 (KHTML, like Gecko) Chrome/120.0.0.0 Safari/537.36"
202.182.108.248 - - [21/Jun/2026:20:40:13 +0000] "GET /wp-includes/ HTTP/1.1" 401 53 "-" "Mozilla/5.0 (Windows NT 10.0; Win64; x64) AppleWebKit/537.36 (KHTML, like Gecko) Chrome/120.0.0.0 Safari/537.36"
202.182.108.248 - - [21/Jun/2026:20:40:14 +0000] "GET /wp-trackback.php HTTP/1.1" 401 53 "-" "Mozilla/5.0 (Windows NT 10.0; Win64; x64) AppleWebKit/537.36 (KHTML, like Gecko) Chrome/120.0.0.0 Safari/537.36"
202.182.108.248 - - [21/Jun/2026:20:40:14 +0000] "GET /ws.php HTTP/1.1" 401 53 "-" "Mozilla/5.0 (Windows NT 10.0; Win64; x64) AppleWebKit/537.36 (KHTML, like Gecko) Chrome/120.0.0.0 Safari/537.36"
202.182.108.248 - - [21/Jun/2026:20:40:15 +0000] "GET /.bod/.ll/ HTTP/1.1" 401 53 "-" "Mozilla/5.0 (Windows NT 10.0; Win64; x64) AppleWebKit/537.36 (KHTML, like Gecko) Chrome/120.0.0.0 Safari/537.36"
202.182.108.248 - - [21/Jun/2026:20:40:15 +0000] "GET /0.php HTTP/1.1" 401 53 "-" "Mozilla/5.0 (Windows NT 10.0; Win64; x64) AppleWebKit/537.36 (KHTML, like Gecko) Chrome/120.0.0.0 Safari/537.36"
202.182.108.248 - - [21/Jun/2026:20:40:15 +0000] "GET /1index.php HTTP/1.1" 401 53 "-" "Mozilla/5.0 (Windows NT 10.0; Win64; x64) AppleWebKit/537.36 (KHTML, like Gecko) Chrome/120.0.0.0 Safari/537.36"
202.182.108.248 - - [21/Jun/2026:20:40:16 +0000] "GET /autoload_classmap/function.php HTTP/1.1" 401 53 "-" "Mozilla/5.0 (Windows NT 10.0; Win64; x64) AppleWebKit/537.36 (KHTML, like Gecko) Chrome/120.0.0.0 Safari/537.36"
202.182.108.248 - - [21/Jun/2026:20:40:16 +0000] "GET /dvve.php HTTP/1.1" 401 53 "-" "Mozilla/5.0 (Windows NT 10.0; Win64; x64) AppleWebKit/537.36 (KHTML, like Gecko) Chrome/120.0.0.0 Safari/537.36"
202.182.108.248 - - [21/Jun/2026:20:40:16 +0000] "GET /wp-includes/PHPMailer/ HTTP/1.1" 401 53 "-" "Mozilla/5.0 (Windows NT 10.0; Win64; x64) AppleWebKit/537.36 (KHTML, like Gecko) Chrome/120.0.0.0 Safari/537.36"
202.182.108.248 - - [21/Jun/2026:20:40:17 +0000] "GET /ws77.php HTTP/1.1" 401 53 "-" "Mozilla/5.0 (Windows NT 10.0; Win64; x64) AppleWebKit/537.36 (KHTML, like Gecko) Chrome/120.0.0.0 Safari/537.36"
202.182.108.248 - - [21/Jun/2026:20:40:17 +0000] "GET /.well-known/acme-challenge/index.php HTTP/1.1" 401 53 "-" "Mozilla/5.0 (Windows NT 10.0; Win64; x64) AppleWebKit/537.36 (KHTML, like Gecko) Chrome/120.0.0.0 Safari/537.36"
202.182.108.248 - - [21/Jun/2026:20:40:18 +0000] "GET /admin/function.php HTTP/1.1" 401 53 "-" "Mozilla/5.0 (Windows NT 10.0; Win64; x64) AppleWebKit/537.36 (KHTML, like Gecko) Chrome/120.0.0.0 Safari/537.36"
202.182.108.248 - - [21/Jun/2026:20:40:18 +0000] "GET /wp-admin/css/index.php HTTP/1.1" 401 53 "-" "Mozilla/5.0 (Windows NT 10.0; Win64; x64) AppleWebKit/537.36 (KHTML, like Gecko) Chrome/120.0.0.0 Safari/537.36"
202.182.108.248 - - [21/Jun/2026:20:40:18 +0000] "GET /wp-includes/css/ HTTP/1.1" 401 53 "-" "Mozilla/5.0 (Windows NT 10.0; Win64; x64) AppleWebKit/537.36 (KHTML, like Gecko) Chrome/120.0.0.0 Safari/537.36"
202.182.108.248 - - [21/Jun/2026:20:40:19 +0000] "GET /xx.php HTTP/1.1" 401 53 "-" "Mozilla/5.0 (Windows NT 10.0; Win64; x64) AppleWebKit/537.36 (KHTML, like Gecko) Chrome/120.0.0.0 Safari/537.36"
202.182.108.248 - - [21/Jun/2026:20:40:19 +0000] "GET /wp-content/about.php HTTP/1.1" 401 53 "-" "Mozilla/5.0 (Windows NT 10.0; Win64; x64) AppleWebKit/537.36 (KHTML, like Gecko) Chrome/120.0.0.0 Safari/537.36"
202.182.108.248 - - [21/Jun/2026:20:40:20 +0000] "GET /wp-includes/assets/index.php HTTP/1.1" 401 53 "-" "Mozilla/5.0 (Windows NT 10.0; Win64; x64) AppleWebKit/537.36 (KHTML, like Gecko) Chrome/120.0.0.0 Safari/537.36"
202.182.108.248 - - [21/Jun/2026:20:40:20 +0000] "GET /wp-the.php HTTP/1.1" 401 53 "-" "Mozilla/5.0 (Windows NT 10.0; Win64; x64) AppleWebKit/537.36 (KHTML, like Gecko) Chrome/120.0.0.0 Safari/537.36"
161.153.115.193 - - [21/Jun/2026:20:40:20 +0000] "GET /activities/nile-boat-cruise/ HTTP/1.1" 200 42732 "https://www.jubaroyaltravel.com/activities/nile-boat-cruise" "Scrapy/2.16.0 (+https://scrapy.org)"
202.182.108.248 - - [21/Jun/2026:20:40:20 +0000] "GET /ws81.php HTTP/1.1" 401 53 "-" "Mozilla/5.0 (Windows NT 10.0; Win64; x64) AppleWebKit/537.36 (KHTML, like Gecko) Chrome/120.0.0.0 Safari/537.36"
202.182.108.248 - - [21/Jun/2026:20:40:21 +0000] "GET /3.php HTTP/1.1" 401 53 "-" "Mozilla/5.0 (Windows NT 10.0; Win64; x64) AppleWebKit/537.36 (KHTML, like Gecko) Chrome/120.0.0.0 Safari/537.36"
202.182.108.248 - - [21/Jun/2026:20:40:22 +0000] "GET /a1.php HTTP/1.1" 401 53 "-" "Mozilla/5.0 (Windows NT 10.0; Win64; x64) AppleWebKit/537.36 (KHTML, like Gecko) Chrome/120.0.0.0 Safari/537.36"
202.182.108.248 - - [21/Jun/2026:20:40:22 +0000] "GET /ca5.php HTTP/1.1" 401 53 "-" "Mozilla/5.0 (Windows NT 10.0; Win64; x64) AppleWebKit/537.36 (KHTML, like Gecko) Chrome/120.0.0.0 Safari/537.36"
202.182.108.248 - - [21/Jun/2026:20:40:23 +0000] "GET /install.php HTTP/1.1" 401 53 "-" "Mozilla/5.0 (Windows NT 10.0; Win64; x64) AppleWebKit/537.36 (KHTML, like Gecko) Chrome/120.0.0.0 Safari/537.36"
202.182.108.248 - - [21/Jun/2026:20:40:23 +0000] "GET /radio.php HTTP/1.1" 401 53 "-" "Mozilla/5.0 (Windows NT 10.0; Win64; x64) AppleWebKit/537.36 (KHTML, like Gecko) Chrome/120.0.0.0 Safari/537.36"
202.182.108.248 - - [21/Jun/2026:20:40:23 +0000] "GET /wp-admin/css/colors/modern/ HTTP/1.1" 401 53 "-" "Mozilla/5.0 (Windows NT 10.0; Win64; x64) AppleWebKit/537.36 (KHTML, like Gecko) Chrome/120.0.0.0 Safari/537.36"
202.182.108.248 - - [21/Jun/2026:20:40:24 +0000] "GET /wp-signin.php HTTP/1.1" 401 53 "-" "Mozilla/5.0 (Windows NT 10.0; Win64; x64) AppleWebKit/537.36 (KHTML, like Gecko) Chrome/120.0.0.0 Safari/537.36"
202.182.108.248 - - [21/Jun/2026:20:40:24 +0000] "GET /Ov-Simple1.php HTTP/1.1" 401 53 "-" "Mozilla/5.0 (Windows NT 10.0; Win64; x64) AppleWebKit/537.36 (KHTML, like Gecko) Chrome/120.0.0.0 Safari/537.36"
66.249.64.129 - - [21/Jun/2026:20:40:24 +0000] "GET /products/detail/fashion/j106163019 HTTP/1.1" 404 27931 "-" "Mozilla/5.0 (Linux; Android 6.0.1; Nexus 5X Build/MMB29P) AppleWebKit/537.36 (KHTML, like Gecko) Chrome/148.0.7778.96 Mobile Safari/537.36 (compatible; Googlebot/2.1; +http://www.google.com/bot.html)"
202.182.108.248 - - [21/Jun/2026:20:40:24 +0000] "GET /fm.php HTTP/1.1" 401 53 "-" "Mozilla/5.0 (Windows NT 10.0; Win64; x64) AppleWebKit/537.36 (KHTML, like Gecko) Chrome/120.0.0.0 Safari/537.36"
202.182.108.248 - - [21/Jun/2026:20:40:25 +0000] "GET /ftde.php HTTP/1.1" 401 53 "-" "Mozilla/5.0 (Windows NT 10.0; Win64; x64) AppleWebKit/537.36 (KHTML, like Gecko) Chrome/120.0.0.0 Safari/537.36"
202.182.108.248 - - [21/Jun/2026:20:40:25 +0000] "GET /hplfuns.php HTTP/1.1" 401 53 "-" "Mozilla/5.0 (Windows NT 10.0; Win64; x64) AppleWebKit/537.36 (KHTML, like Gecko) Chrome/120.0.0.0 Safari/537.36"
202.182.108.248 - - [21/Jun/2026:20:40:25 +0000] "GET /log.php HTTP/1.1" 401 53 "-" "Mozilla/5.0 (Windows NT 10.0; Win64; x64) AppleWebKit/537.36 (KHTML, like Gecko) Chrome/120.0.0.0 Safari/537.36"
202.182.108.248 - - [21/Jun/2026:20:40:26 +0000] "GET /test.php HTTP/1.1" 401 53 "-" "Mozilla/5.0 (Windows NT 10.0; Win64; x64) AppleWebKit/537.36 (KHTML, like Gecko) Chrome/120.0.0.0 Safari/537.36"
202.182.108.248 - - [21/Jun/2026:20:40:26 +0000] "GET /txets.php HTTP/1.1" 401 53 "-" "Mozilla/5.0 (Windows NT 10.0; Win64; x64) AppleWebKit/537.36 (KHTML, like Gecko) Chrome/120.0.0.0 Safari/537.36"
202.182.108.248 - - [21/Jun/2026:20:40:27 +0000] "GET /wp-admin.php HTTP/1.1" 401 53 "-" "Mozilla/5.0 (Windows NT 10.0; Win64; x64) AppleWebKit/537.36 (KHTML, like Gecko) Chrome/120.0.0.0 Safari/537.36"
202.182.108.248 - - [21/Jun/2026:20:40:27 +0000] "GET /wp-admin/images/ HTTP/1.1" 401 53 "-" "Mozilla/5.0 (Windows NT 10.0; Win64; x64) AppleWebKit/537.36 (KHTML, like Gecko) Chrome/120.0.0.0 Safari/537.36"
202.182.108.248 - - [21/Jun/2026:20:40:27 +0000] "GET /wp-admin/network/ HTTP/1.1" 401 53 "-" "Mozilla/5.0 (Windows NT 10.0; Win64; x64) AppleWebKit/537.36 (KHTML, like Gecko) Chrome/120.0.0.0 Safari/537.36"
202.182.108.248 - - [21/Jun/2026:20:40:28 +0000] "GET /wp-config-sample.php HTTP/1.1" 401 53 "-" "Mozilla/5.0 (Windows NT 10.0; Win64; x64) AppleWebKit/537.36 (KHTML, like Gecko) Chrome/120.0.0.0 Safari/537.36"
202.182.108.248 - - [21/Jun/2026:20:40:28 +0000] "GET /wp-content/packed.php HTTP/1.1" 401 53 "-" "Mozilla/5.0 (Windows NT 10.0; Win64; x64) AppleWebKit/537.36 (KHTML, like Gecko) Chrome/120.0.0.0 Safari/537.36"
202.182.108.248 - - [21/Jun/2026:20:40:28 +0000] "GET /wp-includes/IXR/ HTTP/1.1" 401 53 "-" "Mozilla/5.0 (Windows NT 10.0; Win64; x64) AppleWebKit/537.36 (KHTML, like Gecko) Chrome/120.0.0.0 Safari/537.36"
66.249.64.131 - - [21/Jun/2026:20:41:26 +0000] "GET /products/detail/the/j106205800 HTTP/1.1" 404 27926 "-" "Mozilla/5.0 (Linux; Android 6.0.1; Nexus 5X Build/MMB29P) AppleWebKit/537.36 (KHTML, like Gecko) Chrome/148.0.7778.96 Mobile Safari/537.36 (compatible; Googlebot/2.1; +http://www.google.com/bot.html)"
66.249.64.130 - - [21/Jun/2026:20:41:38 +0000] "GET /products/detail/discount/j10611617 HTTP/1.1" 404 27931 "-" "Mozilla/5.0 (Linux; Android 6.0.1; Nexus 5X Build/MMB29P) AppleWebKit/537.36 (KHTML, like Gecko) Chrome/148.0.7778.96 Mobile Safari/537.36 (compatible; Googlebot/2.1; +http://www.google.com/bot.html)"
66.249.64.130 - - [21/Jun/2026:20:41:41 +0000] "GET /products/detail/authentic/j10677001 HTTP/1.1" 404 27931 "-" "Mozilla/5.0 (Linux; Android 6.0.1; Nexus 5X Build/MMB29P) AppleWebKit/537.36 (KHTML, like Gecko) Chrome/148.0.7778.96 Mobile Safari/537.36 (compatible; Googlebot/2.1; +http://www.google.com/bot.html)"
66.249.64.129 - - [21/Jun/2026:20:41:41 +0000] "GET /items/T89786179/ HTTP/1.1" 404 27928 "-" "Mozilla/5.0 (Linux; Android 6.0.1; Nexus 5X Build/MMB29P) AppleWebKit/537.36 (KHTML, like Gecko) Chrome/148.0.7778.96 Mobile Safari/537.36 (compatible; Googlebot/2.1; +http://www.google.com/bot.html)"
66.249.64.129 - - [21/Jun/2026:20:41:46 +0000] "GET /products/detail/shopping/j106464759 HTTP/1.1" 404 27928 "-" "Mozilla/5.0 (Linux; Android 6.0.1; Nexus 5X Build/MMB29P) AppleWebKit/537.36 (KHTML, like Gecko) Chrome/148.0.7778.96 Mobile Safari/537.36 (compatible; Googlebot/2.1; +http://www.google.com/bot.html)"
69.72.244.151 - - [21/Jun/2026:20:42:05 +0000] "POST /wp-cron.php?doing_wp_cron=1782074525.6559889316558837890625 HTTP/1.1" 200 0 "-" "WordPress/7.0; https://www.jubaroyaltravel.com"
20.153.140.50 - - [21/Jun/2026:20:42:05 +0000] "GET /wp-login.php HTTP/2" 200 2038 "-" "Mozilla/5.0 (Macintosh; Intel Mac OS X 10_15_7) AppleWebKit/537.36 (KHTML, like Gecko) Chrome/133.0.0.0 Safari/537.36"
20.153.140.50 - - [21/Jun/2026:20:42:06 +0000] "POST /wp-login.php HTTP/2" 200 2209 "https://jubaroyaltravel.com/wp-login.php" "Mozilla/5.0 (Macintosh; Intel Mac OS X 10_15_7) AppleWebKit/537.36 (KHTML, like Gecko) Chrome/133.0.0.0 Safari/537.36"
20.29.90.34 - - [21/Jun/2026:20:44:33 +0000] "GET /inputs.php HTTP/1.1" 404 3418 "-" "Mozilla/5.0 (Windows NT 10.0; Win64; x64) AppleWebKit/537.36 (KHTML, like Gecko) Chrome/120.0.0.0 Safari/537.36"
20.29.90.34 - - [21/Jun/2026:20:44:33 +0000] "GET /ioxi-o.php HTTP/1.1" 404 3418 "-" "Mozilla/5.0 (Windows NT 10.0; Win64; x64) AppleWebKit/537.36 (KHTML, like Gecko) Chrome/120.0.0.0 Safari/537.36"
20.29.90.34 - - [21/Jun/2026:20:44:33 +0000] "GET /function/function.php HTTP/1.1" 404 3418 "-" "Mozilla/5.0 (Windows NT 10.0; Win64; x64) AppleWebKit/537.36 (KHTML, like Gecko) Chrome/120.0.0.0 Safari/537.36"
20.29.90.34 - - [21/Jun/2026:20:44:33 +0000] "GET /rip.php HTTP/1.1" 404 3418 "-" "Mozilla/5.0 (Windows NT 10.0; Win64; x64) AppleWebKit/537.36 (KHTML, like Gecko) Chrome/120.0.0.0 Safari/537.36"
20.29.90.34 - - [21/Jun/2026:20:44:33 +0000] "GET /admin.php HTTP/1.1" 404 3418 "-" "Mozilla/5.0 (Windows NT 10.0; Win64; x64) AppleWebKit/537.36 (KHTML, like Gecko) Chrome/120.0.0.0 Safari/537.36"
20.29.90.34 - - [21/Jun/2026:20:44:34 +0000] "GET /wp-content/uploads/index.php HTTP/1.1" 404 3418 "-" "Mozilla/5.0 (Windows NT 10.0; Win64; x64) AppleWebKit/537.36 (KHTML, like Gecko) Chrome/120.0.0.0 Safari/537.36"
20.29.90.34 - - [21/Jun/2026:20:44:34 +0000] "GET /cache.php HTTP/1.1" 404 3418 "-" "Mozilla/5.0 (Windows NT 10.0; Win64; x64) AppleWebKit/537.36 (KHTML, like Gecko) Chrome/120.0.0.0 Safari/537.36"
