108.61.160.130 - - [22/Jun/2026:00:12:22 +0000] "GET /.bod/.ll/ HTTP/1.1" 404 3418 "-" "Mozilla/5.0 (Windows NT 10.0; Win64; x64) AppleWebKit/537.36 (KHTML, like Gecko) Chrome/120.0.0.0 Safari/537.36"
108.61.160.130 - - [22/Jun/2026:00:12:22 +0000] "GET /0.php HTTP/1.1" 404 3418 "-" "Mozilla/5.0 (Windows NT 10.0; Win64; x64) AppleWebKit/537.36 (KHTML, like Gecko) Chrome/120.0.0.0 Safari/537.36"
108.61.160.130 - - [22/Jun/2026:00:12:22 +0000] "GET /1index.php HTTP/1.1" 404 3418 "-" "Mozilla/5.0 (Windows NT 10.0; Win64; x64) AppleWebKit/537.36 (KHTML, like Gecko) Chrome/120.0.0.0 Safari/537.36"
108.61.160.130 - - [22/Jun/2026:00:12:23 +0000] "GET /autoload_classmap/function.php HTTP/1.1" 404 3418 "-" "Mozilla/5.0 (Windows NT 10.0; Win64; x64) AppleWebKit/537.36 (KHTML, like Gecko) Chrome/120.0.0.0 Safari/537.36"
108.61.160.130 - - [22/Jun/2026:00:12:23 +0000] "GET /dvve.php HTTP/1.1" 404 3418 "-" "Mozilla/5.0 (Windows NT 10.0; Win64; x64) AppleWebKit/537.36 (KHTML, like Gecko) Chrome/120.0.0.0 Safari/537.36"
108.61.160.130 - - [22/Jun/2026:00:12:23 +0000] "GET /wp-includes/PHPMailer/ HTTP/1.1" 404 3418 "-" "Mozilla/5.0 (Windows NT 10.0; Win64; x64) AppleWebKit/537.36 (KHTML, like Gecko) Chrome/120.0.0.0 Safari/537.36"
108.61.160.130 - - [22/Jun/2026:00:12:23 +0000] "GET /ws77.php HTTP/1.1" 404 3418 "-" "Mozilla/5.0 (Windows NT 10.0; Win64; x64) AppleWebKit/537.36 (KHTML, like Gecko) Chrome/120.0.0.0 Safari/537.36"
108.61.160.130 - - [22/Jun/2026:00:12:24 +0000] "GET /.well-known/acme-challenge/index.php HTTP/1.1" 404 3418 "-" "Mozilla/5.0 (Windows NT 10.0; Win64; x64) AppleWebKit/537.36 (KHTML, like Gecko) Chrome/120.0.0.0 Safari/537.36"
108.61.160.130 - - [22/Jun/2026:00:12:24 +0000] "GET /admin/function.php HTTP/1.1" 404 3418 "-" "Mozilla/5.0 (Windows NT 10.0; Win64; x64) AppleWebKit/537.36 (KHTML, like Gecko) Chrome/120.0.0.0 Safari/537.36"
108.61.160.130 - - [22/Jun/2026:00:12:25 +0000] "GET /wp-admin/css/index.php HTTP/1.1" 404 3418 "-" "Mozilla/5.0 (Windows NT 10.0; Win64; x64) AppleWebKit/537.36 (KHTML, like Gecko) Chrome/120.0.0.0 Safari/537.36"
108.61.160.130 - - [22/Jun/2026:00:12:25 +0000] "GET /wp-includes/css/ HTTP/1.1" 404 3418 "-" "Mozilla/5.0 (Windows NT 10.0; Win64; x64) AppleWebKit/537.36 (KHTML, like Gecko) Chrome/120.0.0.0 Safari/537.36"
108.61.160.130 - - [22/Jun/2026:00:12:25 +0000] "GET /xx.php HTTP/1.1" 404 3418 "-" "Mozilla/5.0 (Windows NT 10.0; Win64; x64) AppleWebKit/537.36 (KHTML, like Gecko) Chrome/120.0.0.0 Safari/537.36"
108.61.160.130 - - [22/Jun/2026:00:12:25 +0000] "GET /wp-content/about.php HTTP/1.1" 404 3418 "-" "Mozilla/5.0 (Windows NT 10.0; Win64; x64) AppleWebKit/537.36 (KHTML, like Gecko) Chrome/120.0.0.0 Safari/537.36"
108.61.160.130 - - [22/Jun/2026:00:12:26 +0000] "GET /wp-includes/assets/index.php HTTP/1.1" 404 3418 "-" "Mozilla/5.0 (Windows NT 10.0; Win64; x64) AppleWebKit/537.36 (KHTML, like Gecko) Chrome/120.0.0.0 Safari/537.36"
108.61.160.130 - - [22/Jun/2026:00:12:26 +0000] "GET /wp-the.php HTTP/1.1" 404 3418 "-" "Mozilla/5.0 (Windows NT 10.0; Win64; x64) AppleWebKit/537.36 (KHTML, like Gecko) Chrome/120.0.0.0 Safari/537.36"
108.61.160.130 - - [22/Jun/2026:00:12:26 +0000] "GET /ws81.php HTTP/1.1" 404 3418 "-" "Mozilla/5.0 (Windows NT 10.0; Win64; x64) AppleWebKit/537.36 (KHTML, like Gecko) Chrome/120.0.0.0 Safari/537.36"
108.61.160.130 - - [22/Jun/2026:00:12:26 +0000] "GET /3.php HTTP/1.1" 404 3418 "-" "Mozilla/5.0 (Windows NT 10.0; Win64; x64) AppleWebKit/537.36 (KHTML, like Gecko) Chrome/120.0.0.0 Safari/537.36"
108.61.160.130 - - [22/Jun/2026:00:12:27 +0000] "GET /a1.php HTTP/1.1" 404 3418 "-" "Mozilla/5.0 (Windows NT 10.0; Win64; x64) AppleWebKit/537.36 (KHTML, like Gecko) Chrome/120.0.0.0 Safari/537.36"
108.61.160.130 - - [22/Jun/2026:00:12:27 +0000] "GET /ca5.php HTTP/1.1" 404 3418 "-" "Mozilla/5.0 (Windows NT 10.0; Win64; x64) AppleWebKit/537.36 (KHTML, like Gecko) Chrome/120.0.0.0 Safari/537.36"
108.61.160.130 - - [22/Jun/2026:00:12:27 +0000] "GET /install.php HTTP/1.1" 404 3418 "-" "Mozilla/5.0 (Windows NT 10.0; Win64; x64) AppleWebKit/537.36 (KHTML, like Gecko) Chrome/120.0.0.0 Safari/537.36"
108.61.160.130 - - [22/Jun/2026:00:12:27 +0000] "GET /radio.php HTTP/1.1" 404 3418 "-" "Mozilla/5.0 (Windows NT 10.0; Win64; x64) AppleWebKit/537.36 (KHTML, like Gecko) Chrome/120.0.0.0 Safari/537.36"
108.61.160.130 - - [22/Jun/2026:00:12:28 +0000] "GET /wp-admin/css/colors/modern/ HTTP/1.1" 404 3418 "-" "Mozilla/5.0 (Windows NT 10.0; Win64; x64) AppleWebKit/537.36 (KHTML, like Gecko) Chrome/120.0.0.0 Safari/537.36"
108.61.160.130 - - [22/Jun/2026:00:12:28 +0000] "GET /wp-signin.php HTTP/1.1" 404 3418 "-" "Mozilla/5.0 (Windows NT 10.0; Win64; x64) AppleWebKit/537.36 (KHTML, like Gecko) Chrome/120.0.0.0 Safari/537.36"
108.61.160.130 - - [22/Jun/2026:00:12:28 +0000] "GET /Ov-Simple1.php HTTP/1.1" 404 3418 "-" "Mozilla/5.0 (Windows NT 10.0; Win64; x64) AppleWebKit/537.36 (KHTML, like Gecko) Chrome/120.0.0.0 Safari/537.36"
108.61.160.130 - - [22/Jun/2026:00:12:28 +0000] "GET /fm.php HTTP/1.1" 404 3418 "-" "Mozilla/5.0 (Windows NT 10.0; Win64; x64) AppleWebKit/537.36 (KHTML, like Gecko) Chrome/120.0.0.0 Safari/537.36"
108.61.160.130 - - [22/Jun/2026:00:12:29 +0000] "GET /ftde.php HTTP/1.1" 404 3418 "-" "Mozilla/5.0 (Windows NT 10.0; Win64; x64) AppleWebKit/537.36 (KHTML, like Gecko) Chrome/120.0.0.0 Safari/537.36"
108.61.160.130 - - [22/Jun/2026:00:12:29 +0000] "GET /hplfuns.php HTTP/1.1" 404 3418 "-" "Mozilla/5.0 (Windows NT 10.0; Win64; x64) AppleWebKit/537.36 (KHTML, like Gecko) Chrome/120.0.0.0 Safari/537.36"
108.61.160.130 - - [22/Jun/2026:00:12:29 +0000] "GET /log.php HTTP/1.1" 404 3418 "-" "Mozilla/5.0 (Windows NT 10.0; Win64; x64) AppleWebKit/537.36 (KHTML, like Gecko) Chrome/120.0.0.0 Safari/537.36"
108.61.160.130 - - [22/Jun/2026:00:12:29 +0000] "GET /test.php HTTP/1.1" 404 3418 "-" "Mozilla/5.0 (Windows NT 10.0; Win64; x64) AppleWebKit/537.36 (KHTML, like Gecko) Chrome/120.0.0.0 Safari/537.36"
108.61.160.130 - - [22/Jun/2026:00:12:30 +0000] "GET /txets.php HTTP/1.1" 404 3418 "-" "Mozilla/5.0 (Windows NT 10.0; Win64; x64) AppleWebKit/537.36 (KHTML, like Gecko) Chrome/120.0.0.0 Safari/537.36"
108.61.160.130 - - [22/Jun/2026:00:12:30 +0000] "GET /wp-admin.php HTTP/1.1" 404 3418 "-" "Mozilla/5.0 (Windows NT 10.0; Win64; x64) AppleWebKit/537.36 (KHTML, like Gecko) Chrome/120.0.0.0 Safari/537.36"
108.61.160.130 - - [22/Jun/2026:00:12:30 +0000] "GET /wp-admin/images/ HTTP/1.1" 404 3418 "-" "Mozilla/5.0 (Windows NT 10.0; Win64; x64) AppleWebKit/537.36 (KHTML, like Gecko) Chrome/120.0.0.0 Safari/537.36"
108.61.160.130 - - [22/Jun/2026:00:12:30 +0000] "GET /wp-admin/network/ HTTP/1.1" 404 3418 "-" "Mozilla/5.0 (Windows NT 10.0; Win64; x64) AppleWebKit/537.36 (KHTML, like Gecko) Chrome/120.0.0.0 Safari/537.36"
108.61.160.130 - - [22/Jun/2026:00:12:31 +0000] "GET /wp-config-sample.php HTTP/1.1" 404 3418 "-" "Mozilla/5.0 (Windows NT 10.0; Win64; x64) AppleWebKit/537.36 (KHTML, like Gecko) Chrome/120.0.0.0 Safari/537.36"
108.61.160.130 - - [22/Jun/2026:00:12:31 +0000] "GET /wp-content/packed.php HTTP/1.1" 404 3418 "-" "Mozilla/5.0 (Windows NT 10.0; Win64; x64) AppleWebKit/537.36 (KHTML, like Gecko) Chrome/120.0.0.0 Safari/537.36"
108.61.160.130 - - [22/Jun/2026:00:12:31 +0000] "GET /wp-includes/IXR/ HTTP/1.1" 404 3418 "-" "Mozilla/5.0 (Windows NT 10.0; Win64; x64) AppleWebKit/537.36 (KHTML, like Gecko) Chrome/120.0.0.0 Safari/537.36"
67.205.134.81 - - [22/Jun/2026:00:14:13 +0000] "GET /wp-content/uploads/2025/12/pexels-iamllwyd-33761817-990x490.jpg HTTP/1.1" 200 74505 "https://www.jubaroyaltravel.com/" "Mozilla/5.0 (Windows NT 10.0; Win64; x64) AppleWebKit/537.36 (KHTML, like Gecko) Chrome/133.0.0.0 Safari/537.36"
2.78.60.10 - - [22/Jun/2026:00:14:36 +0000] "POST /wp-comments-post.php HTTP/1.1" 302 0 "-" "Mozilla/5.0 (Windows NT 10.0; Win64; x64) AppleWebKit/537.36 (KHTML, like Gecko) Chrome/120.0.0.0 Safari/537.36"
69.72.244.151 - - [22/Jun/2026:00:15:34 +0000] "POST /wp-cron.php?doing_wp_cron=1782087334.9576690196990966796875 HTTP/1.1" 200 0 "-" "WordPress/7.0; https://www.jubaroyaltravel.com"
78.142.18.172 - - [22/Jun/2026:00:15:34 +0000] "GET /wp-login.php HTTP/2" 200 2040 "-" "Mozilla/5.0 (Windows NT 10.0; WOW64) AppleWebKit/537.36 (KHTML, like Gecko) Chrome/133.0.0.0 Safari/537.36"
78.142.18.172 - - [22/Jun/2026:00:15:35 +0000] "POST /wp-login.php HTTP/2" 200 2209 "https://jubaroyaltravel.com/wp-login.php" "Mozilla/5.0 (Windows NT 10.0; WOW64) AppleWebKit/537.36 (KHTML, like Gecko) Chrome/133.0.0.0 Safari/537.36"
84.21.190.140 - - [22/Jun/2026:00:15:51 +0000] "GET / HTTP/1.1" 301 0 "-" "Mozilla/5.0 (Windows NT 10.0; Win64; x64) AppleWebKit/537.36 (KHTML, like Gecko) Chrome/131.0.0.0 Safari/537.36"
84.21.190.140 - - [22/Jun/2026:00:15:52 +0000] "GET / HTTP/1.1" 200 52755 "https://jubaroyaltravel.com/" "Mozilla/5.0 (Windows NT 10.0; Win64; x64) AppleWebKit/537.36 (KHTML, like Gecko) Chrome/131.0.0.0 Safari/537.36"
84.21.190.140 - - [22/Jun/2026:00:15:52 +0000] "GET /wp-content/plugins/wp-google-map-gold/Licensing/README_License.txt HTTP/1.1" 301 0 "-" "Mozilla/5.0 (Windows NT 10.0; Win64; x64) AppleWebKit/537.36 (KHTML, like Gecko) Chrome/131.0.0.0 Safari/537.36"
84.21.190.140 - - [22/Jun/2026:00:15:53 +0000] "GET /wp-content/plugins/wp-google-map-gold/Licensing/README_License.txt HTTP/1.1" 404 32530 "https://jubaroyaltravel.com/wp-content/plugins/wp-google-map-gold/Licensing/README_License.txt" "Mozilla/5.0 (Windows NT 10.0; Win64; x64) AppleWebKit/537.36 (KHTML, like Gecko) Chrome/131.0.0.0 Safari/537.36"
69.72.244.151 - - [22/Jun/2026:00:18:52 +0000] "POST /wp-cron.php?doing_wp_cron=1782087532.4925279617309570312500 HTTP/1.1" 200 0 "-" "WordPress/7.0; https://www.jubaroyaltravel.com"
34.78.81.209 - - [22/Jun/2026:00:18:50 +0000] "GET /wp-json/wp/v2/users HTTP/1.1" 200 429 "-" "Mozilla/5.0"
69.72.244.151 - - [22/Jun/2026:00:18:53 +0000] "POST /wp-cron.php?doing_wp_cron=1782087533.4473679065704345703125 HTTP/1.1" 200 0 "-" "WordPress/7.0; https://www.jubaroyaltravel.com"
66.249.64.129 - - [22/Jun/2026:00:18:53 +0000] "GET /products/detail/releases/j106238249 HTTP/1.1" 404 27929 "-" "Mozilla/5.0 (Linux; Android 6.0.1; Nexus 5X Build/MMB29P) AppleWebKit/537.36 (KHTML, like Gecko) Chrome/148.0.7778.96 Mobile Safari/537.36 (compatible; Googlebot/2.1; +http://www.google.com/bot.html)"
34.78.81.209 - - [22/Jun/2026:00:18:58 +0000] "POST /xmlrpc.php HTTP/1.1" 403 1242 "-" "Mozilla/5.0"
69.72.244.151 - - [22/Jun/2026:00:20:46 +0000] "POST /wp-cron.php?doing_wp_cron=1782087646.1303429603576660156250 HTTP/1.1" 200 0 "-" "WordPress/7.0; https://www.jubaroyaltravel.com"
167.71.136.93 - - [22/Jun/2026:00:20:44 +0000] "GET /wp-login.php HTTP/2" 200 2040 "-" "Mozilla/5.0 (Windows NT 10.0; Win64; x64; rv:133.0) Gecko/20100101 Firefox/133.0"
167.71.136.93 - - [22/Jun/2026:00:20:46 +0000] "POST /wp-login.php HTTP/2" 200 2209 "https://jubaroyaltravel.com/wp-login.php" "Mozilla/5.0 (Windows NT 10.0; Win64; x64; rv:133.0) Gecko/20100101 Firefox/133.0"
69.72.244.151 - - [22/Jun/2026:00:21:29 +0000] "POST /wp-cron.php?doing_wp_cron=1782087689.7398879528045654296875 HTTP/1.1" 200 0 "-" "WordPress/7.0; https://www.jubaroyaltravel.com"
66.249.64.131 - - [22/Jun/2026:00:21:29 +0000] "GET /products/detail/jp/j106168209 HTTP/1.1" 404 27923 "-" "Mozilla/5.0 (compatible; Googlebot/2.1; +http://www.google.com/bot.html)"
69.72.244.151 - - [22/Jun/2026:00:22:45 +0000] "POST /wp-cron.php?doing_wp_cron=1782087765.7382869720458984375000 HTTP/1.1" 200 0 "-" "WordPress/7.0; https://www.jubaroyaltravel.com"
66.249.64.131 - - [22/Jun/2026:00:22:43 +0000] "GET /products/detail/price/j106100769 HTTP/1.1" 404 27934 "-" "Mozilla/5.0 (Linux; Android 6.0.1; Nexus 5X Build/MMB29P) AppleWebKit/537.36 (KHTML, like Gecko) Chrome/148.0.7778.96 Mobile Safari/537.36 (compatible; Googlebot/2.1; +http://www.google.com/bot.html)"
66.249.64.130 - - [22/Jun/2026:00:22:46 +0000] "GET /products/detail/inexpensive/j106140929/ HTTP/1.1" 404 27980 "-" "Mozilla/5.0 (Linux; Android 6.0.1; Nexus 5X Build/MMB29P) AppleWebKit/537.36 (KHTML, like Gecko) Chrome/148.0.7778.96 Mobile Safari/537.36 (compatible; Googlebot/2.1; +http://www.google.com/bot.html)"
69.72.244.151 - - [22/Jun/2026:00:23:22 +0000] "POST /wp-cron.php?doing_wp_cron=1782087802.2528319358825683593750 HTTP/1.1" 200 0 "-" "WordPress/7.0; https://www.jubaroyaltravel.com"
189.203.148.187 - - [22/Jun/2026:00:23:22 +0000] "GET /dashboard HTTP/1.1" 301 0 "-" "Mozilla/5.0 (Macintosh; Intel Mac OS X 14_2_1) AppleWebKit/537.36 (KHTML, like Gecko) Chrome/125.0.6422.60 Safari/537.36"
185.24.61.51 - - [22/Jun/2026:00:23:28 +0000] "GET /dashboard HTTP/1.1" 302 0 "-" "Mozilla/5.0 (Macintosh; Intel Mac OS X 14_2_1) AppleWebKit/537.36 (KHTML, like Gecko) Chrome/125.0.6422.60 Safari/537.36"
185.24.61.51 - - [22/Jun/2026:00:23:29 +0000] "GET /wp-admin/ HTTP/1.1" 302 0 "-" "Mozilla/5.0 (Macintosh; Intel Mac OS X 14_2_1) AppleWebKit/537.36 (KHTML, like Gecko) Chrome/125.0.6422.60 Safari/537.36"
185.24.61.51 - - [22/Jun/2026:00:23:29 +0000] "GET /wp-admin/upgrade.php?_wp_http_referer=%2Fwp-admin%2F HTTP/1.1" 200 640 "-" "Mozilla/5.0 (Macintosh; Intel Mac OS X 14_2_1) AppleWebKit/537.36 (KHTML, like Gecko) Chrome/125.0.6422.60 Safari/537.36"
69.72.244.151 - - [22/Jun/2026:00:24:40 +0000] "POST /wp-cron.php?doing_wp_cron=1782087880.2023348808288574218750 HTTP/1.1" 200 0 "-" "WordPress/7.0; https://www.jubaroyaltravel.com"
66.249.64.131 - - [22/Jun/2026:00:24:39 +0000] "GET /products/detail/for/j106292936 HTTP/1.1" 404 27924 "-" "Mozilla/5.0 (Linux; Android 6.0.1; Nexus 5X Build/MMB29P) AppleWebKit/537.36 (KHTML, like Gecko) Chrome/148.0.7778.96 Mobile Safari/537.36 (compatible; Googlebot/2.1; +http://www.google.com/bot.html)"
162.254.36.150 - - [22/Jun/2026:00:24:53 +0000] "GET /wp-login.php HTTP/2" 200 2040 "-" "Mozilla/5.0 (Macintosh; Intel Mac OS X 10_15_7) AppleWebKit/537.36 (KHTML, like Gecko) Chrome/133.0.0.0 Safari/537.36 Edg/133.0.0.0"
162.254.36.150 - - [22/Jun/2026:00:24:54 +0000] "POST /wp-login.php HTTP/2" 200 2209 "https://jubaroyaltravel.com/wp-login.php" "Mozilla/5.0 (Macintosh; Intel Mac OS X 10_15_7) AppleWebKit/537.36 (KHTML, like Gecko) Chrome/133.0.0.0 Safari/537.36 Edg/133.0.0.0"
43.130.60.195 - - [22/Jun/2026:00:27:12 +0000] "GET / HTTP/1.1" 200 52751 "http://jubaroyaltravel.com" "Mozilla/5.0 (iPhone; CPU iPhone OS 13_2_3 like Mac OS X) AppleWebKit/605.1.15 (KHTML, like Gecko) Version/13.0.3 Mobile/15E148 Safari/604.1"
69.72.244.151 - - [22/Jun/2026:00:27:58 +0000] "POST /wp-cron.php?doing_wp_cron=1782088078.6651411056518554687500 HTTP/1.1" 200 0 "-" "WordPress/7.0; https://www.jubaroyaltravel.com"
78.142.18.172 - - [22/Jun/2026:00:27:58 +0000] "GET /wp-login.php HTTP/2" 200 2040 "-" "Mozilla/5.0 (Macintosh; Intel Mac OS X 11_7_10) AppleWebKit/537.36 (KHTML, like Gecko) Chrome/133.0.0.0 Safari/537.36"
78.142.18.172 - - [22/Jun/2026:00:28:01 +0000] "POST /wp-login.php HTTP/2" 200 2209 "https://jubaroyaltravel.com/wp-login.php" "Mozilla/5.0 (Macintosh; Intel Mac OS X 11_7_10) AppleWebKit/537.36 (KHTML, like Gecko) Chrome/133.0.0.0 Safari/537.36"
69.72.244.151 - - [22/Jun/2026:00:28:47 +0000] "POST /wp-cron.php?doing_wp_cron=1782088127.7263801097869873046875 HTTP/1.1" 200 0 "-" "WordPress/7.0; https://www.jubaroyaltravel.com"
43.173.173.69 - - [22/Jun/2026:00:28:47 +0000] "GET /destinations/murchison-falls-national-park HTTP/1.1" 301 0 "-" "Mozilla/5.0 (Windows NT 10.0; Win64; x64) AppleWebKit/537.36 (KHTML, like Gecko) Chrome/111.0.0.0 Safari/537.36"
43.172.195.121 - - [22/Jun/2026:00:28:48 +0000] "GET /destinations/murchison-falls-national-park/ HTTP/1.1" 200 42952 "-" "Mozilla/5.0 (Windows NT 10.0; Win64; x64) AppleWebKit/537.36 (KHTML, like Gecko) Chrome/111.0.0.0 Safari/537.36"
43.173.180.112 - - [22/Jun/2026:00:28:51 +0000] "GET /wp-content/plugins/elementskit-lite/widgets/init/assets/js/widget-scripts.js?ver=3.9.8 HTTP/1.1" 200 14067 "https://www.jubaroyaltravel.com/destinations/murchison-falls-national-park/" "Mozilla/5.0 (Windows NT 10.0; Win64; x64) AppleWebKit/537.36 (KHTML, like Gecko) Chrome/111.0.0.0 Safari/537.36"
69.72.244.151 - - [22/Jun/2026:00:30:27 +0000] "POST /wp-cron.php?doing_wp_cron=1782088227.2617199420928955078125 HTTP/1.1" 200 0 "-" "WordPress/7.0; https://www.jubaroyaltravel.com"
66.249.64.130 - - [22/Jun/2026:00:30:24 +0000] "GET /products/detail/authentic/j10647079 HTTP/1.1" 404 27930 "-" "Mozilla/5.0 (Linux; Android 6.0.1; Nexus 5X Build/MMB29P) AppleWebKit/537.36 (KHTML, like Gecko) Chrome/148.0.7778.96 Mobile Safari/537.36 (compatible; Googlebot/2.1; +http://www.google.com/bot.html)"
69.72.244.151 - - [22/Jun/2026:00:35:26 +0000] "POST /wp-cron.php?doing_wp_cron=1782088526.6351630687713623046875 HTTP/1.1" 200 0 "-" "WordPress/7.0; https://www.jubaroyaltravel.com"
185.56.137.249 - - [22/Jun/2026:00:35:24 +0000] "GET /wp-login.php HTTP/2" 200 2040 "-" "Mozilla/5.0 (X11; Linux i686) AppleWebKit/537.36 (KHTML, like Gecko) Chrome/133.0.0.0 Safari/537.36"
185.56.137.249 - - [22/Jun/2026:00:35:27 +0000] "POST /wp-login.php HTTP/2" 200 2209 "https://jubaroyaltravel.com/wp-login.php" "Mozilla/5.0 (X11; Linux i686) AppleWebKit/537.36 (KHTML, like Gecko) Chrome/133.0.0.0 Safari/537.36"
69.72.244.151 - - [22/Jun/2026:00:36:09 +0000] "POST /wp-cron.php?doing_wp_cron=1782088569.1850380897521972656250 HTTP/1.1" 200 0 "-" "WordPress/7.0; https://www.jubaroyaltravel.com"
66.249.64.130 - - [22/Jun/2026:00:36:08 +0000] "GET /products/detail/special/j106198177 HTTP/1.1" 404 27930 "-" "Mozilla/5.0 (Linux; Android 6.0.1; Nexus 5X Build/MMB29P) AppleWebKit/537.36 (KHTML, like Gecko) Chrome/148.0.7778.96 Mobile Safari/537.36 (compatible; Googlebot/2.1; +http://www.google.com/bot.html)"
69.72.244.151 - - [22/Jun/2026:00:37:01 +0000] "POST /wp-cron.php?doing_wp_cron=1782088621.1286110877990722656250 HTTP/1.1" 200 0 "-" "WordPress/7.0; https://www.jubaroyaltravel.com"
91.193.232.97 - - [22/Jun/2026:00:37:00 +0000] "POST /wp-login.php HTTP/1.1" 200 2446 "-" "Mozilla/5.0 (Macintosh; Intel Mac OS X 10_15_7) AppleWebKit/605.1.15 Version/17.0 Safari/605.1.15"
66.249.64.131 - - [22/Jun/2026:00:38:59 +0000] "GET /products/detail/arrival/j106108213 HTTP/1.1" 404 27928 "-" "Mozilla/5.0 (Linux; Android 6.0.1; Nexus 5X Build/MMB29P) AppleWebKit/537.36 (KHTML, like Gecko) Chrome/148.0.7778.96 Mobile Safari/537.36 (compatible; Googlebot/2.1; +http://www.google.com/bot.html)"
65.108.0.87 - - [22/Jun/2026:00:39:02 +0000] "GET / HTTP/2" 301 0 "-" "Mozilla/5.0 (X11; Linux x86_64) AppleWebKit/537.36 (KHTML, like Gecko) Chrome/124.0.0.0 Safari/537.36"
65.108.0.87 - - [22/Jun/2026:00:39:03 +0000] "GET / HTTP/2" 200 261685 "-" "Mozilla/5.0 (X11; Linux x86_64) AppleWebKit/537.36 (KHTML, like Gecko) Chrome/124.0.0.0 Safari/537.36"
69.72.244.151 - - [22/Jun/2026:00:40:00 +0000] "POST /wp-cron.php?doing_wp_cron=1782088800.5899879932403564453125 HTTP/1.1" 200 0 "-" "WordPress/7.0; https://www.jubaroyaltravel.com"
66.249.64.129 - - [22/Jun/2026:00:40:00 +0000] "GET /products/detail/brand/j106410785 HTTP/1.1" 404 27934 "-" "Mozilla/5.0 (Linux; Android 6.0.1; Nexus 5X Build/MMB29P) AppleWebKit/537.36 (KHTML, like Gecko) Chrome/148.0.7778.96 Mobile Safari/537.36 (compatible; Googlebot/2.1; +http://www.google.com/bot.html)"
69.72.244.151 - - [22/Jun/2026:00:41:27 +0000] "POST /wp-cron.php?doing_wp_cron=1782088887.1681120395660400390625 HTTP/1.1" 200 0 "-" "WordPress/7.0; https://www.jubaroyaltravel.com"
66.249.64.130 - - [22/Jun/2026:00:41:24 +0000] "GET /products/detail/online/j106223335 HTTP/1.1" 404 27926 "-" "Mozilla/5.0 (Linux; Android 6.0.1; Nexus 5X Build/MMB29P) AppleWebKit/537.36 (KHTML, like Gecko) Chrome/148.0.7778.96 Mobile Safari/537.36 (compatible; Googlebot/2.1; +http://www.google.com/bot.html)"
69.72.244.151 - - [22/Jun/2026:00:43:22 +0000] "POST /wp-cron.php?doing_wp_cron=1782089002.6744110584259033203125 HTTP/1.1" 200 0 "-" "WordPress/7.0; https://www.jubaroyaltravel.com"
66.249.64.129 - - [22/Jun/2026:00:43:20 +0000] "GET /products/detail/cheap/j106388588 HTTP/1.1" 404 27935 "-" "Mozilla/5.0 (Linux; Android 6.0.1; Nexus 5X Build/MMB29P) AppleWebKit/537.36 (KHTML, like Gecko) Chrome/148.0.7778.96 Mobile Safari/537.36 (compatible; Googlebot/2.1; +http://www.google.com/bot.html)"
69.72.244.151 - - [22/Jun/2026:00:44:20 +0000] "POST /wp-cron.php?doing_wp_cron=1782089060.9175200462341308593750 HTTP/1.1" 200 0 "-" "WordPress/7.0; https://www.jubaroyaltravel.com"
66.249.64.130 - - [22/Jun/2026:00:44:20 +0000] "GET /products/detail/on/j106490081 HTTP/1.1" 404 27916 "-" "Mozilla/5.0 (Linux; Android 6.0.1; Nexus 5X Build/MMB29P) AppleWebKit/537.36 (KHTML, like Gecko) Chrome/148.0.7778.96 Mobile Safari/537.36 (compatible; Googlebot/2.1; +http://www.google.com/bot.html)"
66.249.64.129 - - [22/Jun/2026:00:44:21 +0000] "GET /products/detail/on/j106344961 HTTP/1.1" 404 27915 "-" "Mozilla/5.0 (Linux; Android 6.0.1; Nexus 5X Build/MMB29P) AppleWebKit/537.36 (KHTML, like Gecko) Chrome/148.0.7778.96 Mobile Safari/537.36 (compatible; Googlebot/2.1; +http://www.google.com/bot.html)"
69.72.244.151 - - [22/Jun/2026:00:46:47 +0000] "POST /wp-cron.php?doing_wp_cron=1782089207.0952069759368896484375 HTTP/1.1" 200 0 "-" "WordPress/7.0; https://www.jubaroyaltravel.com"
78.142.18.172 - - [22/Jun/2026:00:46:45 +0000] "GET /wp-login.php HTTP/2" 200 2040 "-" "Mozilla/5.0 (Windows NT 10.0; Win64; x64) AppleWebKit/537.36 (KHTML, like Gecko) Chrome/133.0.0.0 Safari/537.36"
78.142.18.172 - - [22/Jun/2026:00:46:47 +0000] "POST /wp-login.php HTTP/2" 200 2209 "https://jubaroyaltravel.com/wp-login.php" "Mozilla/5.0 (Windows NT 10.0; Win64; x64) AppleWebKit/537.36 (KHTML, like Gecko) Chrome/133.0.0.0 Safari/537.36"
69.72.244.151 - - [22/Jun/2026:00:47:13 +0000] "POST /wp-cron.php?doing_wp_cron=1782089233.0745050907135009765625 HTTP/1.1" 200 0 "-" "WordPress/7.0; https://www.jubaroyaltravel.com"
66.249.64.129 - - [22/Jun/2026:00:47:12 +0000] "GET /products/detail/buy/j106189921 HTTP/1.1" 404 27926 "-" "Mozilla/5.0 (Linux; Android 6.0.1; Nexus 5X Build/MMB29P) AppleWebKit/537.36 (KHTML, like Gecko) Chrome/148.0.7778.96 Mobile Safari/537.36 (compatible; Googlebot/2.1; +http://www.google.com/bot.html)"
69.72.244.151 - - [22/Jun/2026:00:48:10 +0000] "POST /wp-cron.php?doing_wp_cron=1782089290.3505458831787109375000 HTTP/1.1" 200 0 "-" "WordPress/7.0; https://www.jubaroyaltravel.com"
66.249.64.130 - - [22/Jun/2026:00:48:09 +0000] "GET /products/detail/online/j106456412 HTTP/1.1" 404 27926 "-" "Mozilla/5.0 (Linux; Android 6.0.1; Nexus 5X Build/MMB29P) AppleWebKit/537.36 (KHTML, like Gecko) Chrome/148.0.7778.96 Mobile Safari/537.36 (compatible; Googlebot/2.1; +http://www.google.com/bot.html)"
192.185.4.166 - - [22/Jun/2026:00:50:17 +0000] "GET /wp-login.php HTTP/2" 200 2040 "-" "Mozilla/5.0 (Windows NT 10.0; Win64; x64) AppleWebKit/537.36 (KHTML, like Gecko) Chrome/120.0.0.0 Safari/537.36"
69.72.244.151 - - [22/Jun/2026:00:50:18 +0000] "POST /wp-cron.php?doing_wp_cron=1782089418.0985720157623291015625 HTTP/1.1" 200 0 "-" "WordPress/7.0; https://www.jubaroyaltravel.com"
163.223.13.54 - - [22/Jun/2026:00:50:16 +0000] "GET /wp-login.php HTTP/2" 200 2040 "-" "Mozilla/5.0 (Windows NT 10.0; WOW64) AppleWebKit/537.36 (KHTML, like Gecko) Chrome/133.0.0.0 Safari/537.36"
192.185.4.166 - - [22/Jun/2026:00:50:18 +0000] "GET /wp-login.php HTTP/2" 200 2040 "-" "Mozilla/5.0 (Windows NT 10.0; Win64; x64) AppleWebKit/537.36 (KHTML, like Gecko) Chrome/120.0.0.0 Safari/537.36"
163.223.13.54 - - [22/Jun/2026:00:50:18 +0000] "POST /wp-login.php HTTP/2" 200 2209 "https://jubaroyaltravel.com/wp-login.php" "Mozilla/5.0 (Windows NT 10.0; WOW64) AppleWebKit/537.36 (KHTML, like Gecko) Chrome/133.0.0.0 Safari/537.36"
192.185.4.166 - - [22/Jun/2026:00:50:18 +0000] "POST /wp-login.php HTTP/2" 200 2209 "https://www.jubaroyaltravel.com/wp-login.php" "Mozilla/5.0 (Windows NT 10.0; Win64; x64) AppleWebKit/537.36 (KHTML, like Gecko) Chrome/120.0.0.0 Safari/537.36"
66.249.64.229 - - [22/Jun/2026:00:51:04 +0000] "GET /robots.txt HTTP/1.1" 200 106 "-" "Mozilla/5.0 (compatible; Googlebot/2.1; +http://www.google.com/bot.html)"
69.72.244.151 - - [22/Jun/2026:00:51:05 +0000] "POST /wp-cron.php?doing_wp_cron=1782089465.0789170265197753906250 HTTP/1.1" 200 0 "-" "WordPress/7.0; https://www.jubaroyaltravel.com"
66.249.64.230 - - [22/Jun/2026:00:51:04 +0000] "GET /wp-content/themes/astra/* HTTP/1.1" 301 0 "-" "Mozilla/5.0 (Linux; Android 6.0.1; Nexus 5X Build/MMB29P) AppleWebKit/537.36 (KHTML, like Gecko) Chrome/148.0.7778.96 Mobile Safari/537.36 (compatible; Googlebot/2.1; +http://www.google.com/bot.html)"
66.249.64.131 - - [22/Jun/2026:00:51:05 +0000] "GET /wp-content/themes/astra/* HTTP/1.1" 404 27925 "-" "Mozilla/5.0 (Linux; Android 6.0.1; Nexus 5X Build/MMB29P) AppleWebKit/537.36 (KHTML, like Gecko) Chrome/148.0.7778.96 Mobile Safari/537.36 (compatible; Googlebot/2.1; +http://www.google.com/bot.html)"
195.178.110.199 - - [22/Jun/2026:00:52:33 +0000] "GET /.amplifyrc HTTP/2" 400 52 "-" "TLM-Audit-Scanner/1.0"
195.178.110.199 - - [22/Jun/2026:00:52:33 +0000] "GET /*/[slug] HTTP/2" 400 52 "-" "TLM-Audit-Scanner/1.0"
195.178.110.199 - - [22/Jun/2026:00:52:33 +0000] "GET /%2eenv HTTP/2" 400 52 "-" "TLM-Audit-Scanner/1.0"
195.178.110.199 - - [22/Jun/2026:00:52:33 +0000] "GET /%62ackend/%2eenv HTTP/2" 400 52 "-" "TLM-Audit-Scanner/1.0"
195.178.110.199 - - [22/Jun/2026:00:52:33 +0000] "GET /.boto HTTP/2" 400 52 "-" "TLM-Audit-Scanner/1.0"
195.178.110.199 - - [22/Jun/2026:00:52:33 +0000] "GET /* HTTP/2" 400 52 "-" "TLM-Audit-Scanner/1.0"
195.178.110.199 - - [22/Jun/2026:00:52:33 +0000] "GET /%2f%2eaws%2fcredentials HTTP/2" 400 52 "-" "TLM-Audit-Scanner/1.0"
195.178.110.199 - - [22/Jun/2026:00:52:33 +0000] "GET /%2f%2eenv HTTP/2" 400 52 "-" "TLM-Audit-Scanner/1.0"
195.178.110.199 - - [22/Jun/2026:00:52:33 +0000] "GET /.aws/config HTTP/2" 400 52 "-" "TLM-Audit-Scanner/1.0"
195.178.110.199 - - [22/Jun/2026:00:52:33 +0000] "GET /*update.cgi* HTTP/2" 400 52 "-" "TLM-Audit-Scanner/1.0"
195.178.110.199 - - [22/Jun/2026:00:52:33 +0000] "GET /*/[id] HTTP/2" 400 52 "-" "TLM-Audit-Scanner/1.0"
195.178.110.199 - - [22/Jun/2026:00:52:33 +0000] "GET / HTTP/2" 400 52 "-" "TLM-Audit-Scanner/1.0"
195.178.110.199 - - [22/Jun/2026:00:52:33 +0000] "GET /..%5c..%5c..%5c..%5c..%5c..%5cvar/log/apache2/access.log HTTP/2" 400 52 "-" "TLM-Audit-Scanner/1.0"
195.178.110.199 - - [22/Jun/2026:00:52:33 +0000] "GET /%2egit/%63onfig HTTP/2" 400 52 "-" "TLM-Audit-Scanner/1.0"
195.178.110.199 - - [22/Jun/2026:00:52:33 +0000] "GET /.aws/credentials HTTP/2" 400 52 "-" "TLM-Audit-Scanner/1.0"
195.178.110.199 - - [22/Jun/2026:00:52:33 +0000] "GET /%2fbackend%2f%2eenv HTTP/2" 400 52 "-" "TLM-Audit-Scanner/1.0"
195.178.110.199 - - [22/Jun/2026:00:52:33 +0000] "GET /.cache HTTP/2" 400 52 "-" "TLM-Audit-Scanner/1.0"
195.178.110.199 - - [22/Jun/2026:00:52:33 +0000] "GET /.docker/config.json HTTP/2" 400 52 "-" "TLM-Audit-Scanner/1.0"
195.178.110.199 - - [22/Jun/2026:00:52:33 +0000] "GET /.docker/laravel/app/.env HTTP/2" 400 52 "-" "TLM-Audit-Scanner/1.0"
195.178.110.199 - - [22/Jun/2026:00:52:33 +0000] "GET /.docker/.env HTTP/2" 400 52 "-" "TLM-Audit-Scanner/1.0"
195.178.110.199 - - [22/Jun/2026:00:52:33 +0000] "GET /.env.aws HTTP/2" 400 52 "-" "TLM-Audit-Scanner/1.0"
195.178.110.199 - - [22/Jun/2026:00:52:33 +0000] "GET /.env HTTP/2" 400 52 "-" "TLM-Audit-Scanner/1.0"
195.178.110.199 - - [22/Jun/2026:00:52:33 +0000] "GET /.dockerignore HTTP/2" 400 52 "-" "TLM-Audit-Scanner/1.0"
195.178.110.199 - - [22/Jun/2026:00:52:33 +0000] "GET /.env-example HTTP/2" 400 52 "-" "TLM-Audit-Scanner/1.0"
195.178.110.199 - - [22/Jun/2026:00:52:33 +0000] "GET /.env-sample HTTP/2" 400 52 "-" "TLM-Audit-Scanner/1.0"
195.178.110.199 - - [22/Jun/2026:00:52:33 +0000] "GET /.env.config HTTP/2" 400 52 "-" "TLM-Audit-Scanner/1.0"
195.178.110.199 - - [22/Jun/2026:00:52:33 +0000] "GET /.docker/secrets.json HTTP/2" 400 52 "-" "TLM-Audit-Scanner/1.0"
195.178.110.199 - - [22/Jun/2026:00:52:33 +0000] "GET /.env.backup HTTP/2" 400 52 "-" "TLM-Audit-Scanner/1.0"
195.178.110.199 - - [22/Jun/2026:00:52:33 +0000] "GET /.env.bak HTTP/2" 400 52 "-" "TLM-Audit-Scanner/1.0"
195.178.110.199 - - [22/Jun/2026:00:52:33 +0000] "GET /.env.dist HTTP/2" 400 52 "-" "TLM-Audit-Scanner/1.0"
195.178.110.199 - - [22/Jun/2026:00:52:33 +0000] "GET /.env.dev HTTP/2" 400 52 "-" "TLM-Audit-Scanner/1.0"
195.178.110.199 - - [22/Jun/2026:00:52:33 +0000] "GET /.env.development HTTP/2" 400 52 "-" "TLM-Audit-Scanner/1.0"
195.178.110.199 - - [22/Jun/2026:00:52:33 +0000] "GET /.env.docker HTTP/2" 400 52 "-" "TLM-Audit-Scanner/1.0"
195.178.110.199 - - [22/Jun/2026:00:52:33 +0000] "GET /.env.example HTTP/2" 400 52 "-" "TLM-Audit-Scanner/1.0"
195.178.110.199 - - [22/Jun/2026:00:52:33 +0000] "GET /.env.docker.dev HTTP/2" 400 52 "-" "TLM-Audit-Scanner/1.0"
195.178.110.199 - - [22/Jun/2026:00:52:33 +0000] "GET /.env.int HTTP/2" 400 52 "-" "TLM-Audit-Scanner/1.0"
195.178.110.199 - - [22/Jun/2026:00:52:33 +0000] "GET /.env.old HTTP/2" 400 52 "-" "TLM-Audit-Scanner/1.0"
195.178.110.199 - - [22/Jun/2026:00:52:33 +0000] "GET /.env.live HTTP/2" 400 52 "-" "TLM-Audit-Scanner/1.0"
195.178.110.199 - - [22/Jun/2026:00:52:33 +0000] "GET /.env.local HTTP/2" 400 52 "-" "TLM-Audit-Scanner/1.0"
195.178.110.199 - - [22/Jun/2026:00:52:33 +0000] "GET /.env.php HTTP/2" 400 52 "-" "TLM-Audit-Scanner/1.0"
195.178.110.199 - - [22/Jun/2026:00:52:33 +0000] "GET /.env.production HTTP/2" 400 52 "-" "TLM-Audit-Scanner/1.0"
195.178.110.199 - - [22/Jun/2026:00:52:33 +0000] "GET /.env.qa HTTP/2" 400 52 "-" "TLM-Audit-Scanner/1.0"
195.178.110.199 - - [22/Jun/2026:00:52:33 +0000] "GET /.env.project HTTP/2" 400 52 "-" "TLM-Audit-Scanner/1.0"
195.178.110.199 - - [22/Jun/2026:00:52:33 +0000] "GET /.env.prod HTTP/2" 400 52 "-" "TLM-Audit-Scanner/1.0"
195.178.110.199 - - [22/Jun/2026:00:52:33 +0000] "GET /.env.save HTTP/2" 400 52 "-" "TLM-Audit-Scanner/1.0"
195.178.110.199 - - [22/Jun/2026:00:52:33 +0000] "GET /.env.test HTTP/2" 400 52 "-" "TLM-Audit-Scanner/1.0"
195.178.110.199 - - [22/Jun/2026:00:52:33 +0000] "GET /.env.swp HTTP/2" 400 52 "-" "TLM-Audit-Scanner/1.0"
195.178.110.199 - - [22/Jun/2026:00:52:33 +0000] "GET /.env.sample HTTP/2" 400 52 "-" "TLM-Audit-Scanner/1.0"
195.178.110.199 - - [22/Jun/2026:00:52:33 +0000] "GET /.git-secret HTTP/2" 400 52 "-" "TLM-Audit-Scanner/1.0"
195.178.110.199 - - [22/Jun/2026:00:52:33 +0000] "GET /.git-credentials HTTP/2" 400 52 "-" "TLM-Audit-Scanner/1.0"
195.178.110.199 - - [22/Jun/2026:00:52:33 +0000] "GET /.env.testing HTTP/2" 400 52 "-" "TLM-Audit-Scanner/1.0"
195.178.110.199 - - [22/Jun/2026:00:52:33 +0000] "GET /.git HTTP/2" 400 52 "-" "TLM-Audit-Scanner/1.0"
195.178.110.199 - - [22/Jun/2026:00:52:33 +0000] "GET /.git-askpass.sh HTTP/2" 400 52 "-" "TLM-Audit-Scanner/1.0"
195.178.110.199 - - [22/Jun/2026:00:52:33 +0000] "GET /.git/ HTTP/2" 400 52 "-" "TLM-Audit-Scanner/1.0"
195.178.110.199 - - [22/Jun/2026:00:52:33 +0000] "GET /.env~ HTTP/2" 400 52 "-" "TLM-Audit-Scanner/1.0"
195.178.110.199 - - [22/Jun/2026:00:52:33 +0000] "GET /.git/COMMIT_EDITMSG HTTP/2" 400 52 "-" "TLM-Audit-Scanner/1.0"
195.178.110.199 - - [22/Jun/2026:00:52:33 +0000] "GET /.git/ORIG_HEAD HTTP/2" 400 52 "-" "TLM-Audit-Scanner/1.0"
195.178.110.199 - - [22/Jun/2026:00:52:33 +0000] "GET /.git/FETCH_HEAD HTTP/2" 400 52 "-" "TLM-Audit-Scanner/1.0"
195.178.110.199 - - [22/Jun/2026:00:52:33 +0000] "GET /.git/config.bak HTTP/2" 400 52 "-" "TLM-Audit-Scanner/1.0"
195.178.110.199 - - [22/Jun/2026:00:52:33 +0000] "GET /.git/config HTTP/2" 400 52 "-" "TLM-Audit-Scanner/1.0"
195.178.110.199 - - [22/Jun/2026:00:52:33 +0000] "GET /.git/description HTTP/2" 400 52 "-" "TLM-Audit-Scanner/1.0"
195.178.110.199 - - [22/Jun/2026:00:52:33 +0000] "GET /.git/config~ HTTP/2" 400 52 "-" "TLM-Audit-Scanner/1.0"
195.178.110.199 - - [22/Jun/2026:00:52:33 +0000] "GET /.git/config.old HTTP/2" 400 52 "-" "TLM-Audit-Scanner/1.0"
195.178.110.199 - - [22/Jun/2026:00:52:33 +0000] "GET /.git/hooks HTTP/2" 400 52 "-" "TLM-Audit-Scanner/1.0"
195.178.110.199 - - [22/Jun/2026:00:52:33 +0000] "GET /.git/HEAD HTTP/2" 400 52 "-" "TLM-Audit-Scanner/1.0"
195.178.110.199 - - [22/Jun/2026:00:52:33 +0000] "GET /.git/hooks/post-commit HTTP/2" 400 52 "-" "TLM-Audit-Scanner/1.0"
195.178.110.199 - - [22/Jun/2026:00:52:33 +0000] "GET /.git/hooks/pre-commit HTTP/2" 400 52 "-" "TLM-Audit-Scanner/1.0"
195.178.110.199 - - [22/Jun/2026:00:52:33 +0000] "GET /.git/index HTTP/2" 400 52 "-" "TLM-Audit-Scanner/1.0"
195.178.110.199 - - [22/Jun/2026:00:52:33 +0000] "GET /.git/logs/refs/heads/master HTTP/2" 400 52 "-" "TLM-Audit-Scanner/1.0"
195.178.110.199 - - [22/Jun/2026:00:52:33 +0000] "GET /.git/logs/HEAD HTTP/2" 400 52 "-" "TLM-Audit-Scanner/1.0"
195.178.110.199 - - [22/Jun/2026:00:52:33 +0000] "GET /.git/info/exclude HTTP/2" 400 52 "-" "TLM-Audit-Scanner/1.0"
195.178.110.199 - - [22/Jun/2026:00:52:33 +0000] "GET /.git/logs/refs/heads/main HTTP/2" 400 52 "-" "TLM-Audit-Scanner/1.0"
195.178.110.199 - - [22/Jun/2026:00:52:33 +0000] "GET /.git/info HTTP/2" 400 52 "-" "TLM-Audit-Scanner/1.0"
195.178.110.199 - - [22/Jun/2026:00:52:33 +0000] "GET /.git/logs/refs/remotes/origin/main HTTP/2" 400 52 "-" "TLM-Audit-Scanner/1.0"
195.178.110.199 - - [22/Jun/2026:00:52:33 +0000] "GET /.git/objects HTTP/2" 400 52 "-" "TLM-Audit-Scanner/1.0"
195.178.110.199 - - [22/Jun/2026:00:52:33 +0000] "GET /.git/logs/refs/remotes/origin/master HTTP/2" 400 52 "-" "TLM-Audit-Scanner/1.0"
195.178.110.199 - - [22/Jun/2026:00:52:33 +0000] "GET /.git/objects/info HTTP/2" 400 52 "-" "TLM-Audit-Scanner/1.0"
195.178.110.199 - - [22/Jun/2026:00:52:33 +0000] "GET /.git/refs/heads/main HTTP/2" 400 52 "-" "TLM-Audit-Scanner/1.0"
195.178.110.199 - - [22/Jun/2026:00:52:33 +0000] "GET /.git/objects/pack HTTP/2" 400 52 "-" "TLM-Audit-Scanner/1.0"
195.178.110.199 - - [22/Jun/2026:00:52:33 +0000] "GET /.git/refs/heads/master HTTP/2" 400 52 "-" "TLM-Audit-Scanner/1.0"
195.178.110.199 - - [22/Jun/2026:00:52:33 +0000] "GET /.git/packed-refs HTTP/2" 400 52 "-" "TLM-Audit-Scanner/1.0"
195.178.110.199 - - [22/Jun/2026:00:52:33 +0000] "GET /.gitattributes HTTP/2" 400 52 "-" "TLM-Audit-Scanner/1.0"
195.178.110.199 - - [22/Jun/2026:00:52:33 +0000] "GET /.git/refs/remotes/origin/HEAD HTTP/2" 400 52 "-" "TLM-Audit-Scanner/1.0"
195.178.110.199 - - [22/Jun/2026:00:52:33 +0000] "GET /.github/CODEOWNERS HTTP/2" 400 52 "-" "TLM-Audit-Scanner/1.0"
195.178.110.199 - - [22/Jun/2026:00:52:33 +0000] "GET /.github/funding.yml HTTP/2" 400 52 "-" "TLM-Audit-Scanner/1.0"
195.178.110.199 - - [22/Jun/2026:00:52:33 +0000] "GET /.github HTTP/2" 400 52 "-" "TLM-Audit-Scanner/1.0"
195.178.110.199 - - [22/Jun/2026:00:52:33 +0000] "GET /.github/ISSUE_TEMPLATE HTTP/2" 400 52 "-" "TLM-Audit-Scanner/1.0"
195.178.110.199 - - [22/Jun/2026:00:52:33 +0000] "GET /.github/workflows HTTP/2" 400 52 "-" "TLM-Audit-Scanner/1.0"
195.178.110.199 - - [22/Jun/2026:00:52:33 +0000] "GET /.gitlab-ci.yml HTTP/2" 400 52 "-" "TLM-Audit-Scanner/1.0"
195.178.110.199 - - [22/Jun/2026:00:52:33 +0000] "GET /.gitignore HTTP/2" 400 52 "-" "TLM-Audit-Scanner/1.0"
195.178.110.199 - - [22/Jun/2026:00:52:33 +0000] "GET /.github/PULL_REQUEST_TEMPLATE.md HTTP/2" 400 52 "-" "TLM-Audit-Scanner/1.0"
195.178.110.199 - - [22/Jun/2026:00:52:33 +0000] "GET /.github/workflows/main.yml HTTP/2" 400 52 "-" "TLM-Audit-Scanner/1.0"
195.178.110.199 - - [22/Jun/2026:00:52:33 +0000] "GET /.github/dependabot.yml HTTP/2" 400 52 "-" "TLM-Audit-Scanner/1.0"
195.178.110.199 - - [22/Jun/2026:00:52:33 +0000] "GET /.github/stale.yml HTTP/2" 400 52 "-" "TLM-Audit-Scanner/1.0"
195.178.110.199 - - [22/Jun/2026:00:52:33 +0000] "GET /.gitlab HTTP/2" 400 52 "-" "TLM-Audit-Scanner/1.0"
195.178.110.199 - - [22/Jun/2026:00:52:33 +0000] "GET /.github/workflows/ci.yml HTTP/2" 400 52 "-" "TLM-Audit-Scanner/1.0"
195.178.110.199 - - [22/Jun/2026:00:52:33 +0000] "GET /.gitlab/issue_templates HTTP/2" 400 52 "-" "TLM-Audit-Scanner/1.0"
195.178.110.199 - - [22/Jun/2026:00:52:33 +0000] "GET /.gitmodules HTTP/2" 400 52 "-" "TLM-Audit-Scanner/1.0"
195.178.110.199 - - [22/Jun/2026:00:52:33 +0000] "GET /.gitlab/merge_request_templates HTTP/2" 400 52 "-" "TLM-Audit-Scanner/1.0"
195.178.110.199 - - [22/Jun/2026:00:52:33 +0000] "GET /.netlify/functions/* HTTP/2" 400 52 "-" "TLM-Audit-Scanner/1.0"
195.178.110.199 - - [22/Jun/2026:00:52:33 +0000] "GET /.gitlab-ci HTTP/2" 400 52 "-" "TLM-Audit-Scanner/1.0"
195.178.110.199 - - [22/Jun/2026:00:52:33 +0000] "GET /.stripe/ HTTP/2" 400 52 "-" "TLM-Audit-Scanner/1.0"
195.178.110.199 - - [22/Jun/2026:00:52:33 +0000] "GET /.s3cfg HTTP/2" 400 52 "-" "TLM-Audit-Scanner/1.0"
195.178.110.199 - - [22/Jun/2026:00:52:33 +0000] "GET /.terraform.lock.hcl HTTP/2" 400 52 "-" "TLM-Audit-Scanner/1.0"
195.178.110.199 - - [22/Jun/2026:00:52:33 +0000] "GET /.vercel/functions/* HTTP/2" 400 52 "-" "TLM-Audit-Scanner/1.0"
195.178.110.199 - - [22/Jun/2026:00:52:33 +0000] "GET /.terraform/credentials.tfrc.json HTTP/2" 400 52 "-" "TLM-Audit-Scanner/1.0"
195.178.110.199 - - [22/Jun/2026:00:52:33 +0000] "GET /.terraform.tfstate HTTP/2" 400 52 "-" "TLM-Audit-Scanner/1.0"
195.178.110.199 - - [22/Jun/2026:00:52:33 +0000] "GET /.well-known/* HTTP/2" 400 52 "-" "TLM-Audit-Scanner/1.0"
195.178.110.199 - - [22/Jun/2026:00:52:33 +0000] "GET /.well-known/acme-challenge/ HTTP/2" 400 52 "-" "TLM-Audit-Scanner/1.0"
195.178.110.199 - - [22/Jun/2026:00:52:33 +0000] "GET /.well-known/acme-challenge/* HTTP/2" 400 52 "-" "TLM-Audit-Scanner/1.0"
195.178.110.199 - - [22/Jun/2026:00:52:33 +0000] "GET /.well-known/stripe.txt HTTP/2" 400 52 "-" "TLM-Audit-Scanner/1.0"
195.178.110.199 - - [22/Jun/2026:00:52:33 +0000] "GET /.well-known/stripe/ HTTP/2" 400 52 "-" "TLM-Audit-Scanner/1.0"
195.178.110.199 - - [22/Jun/2026:00:52:33 +0000] "GET /.wp-config.php.swp HTTP/2" 400 52 "-" "TLM-Audit-Scanner/1.0"
195.178.110.199 - - [22/Jun/2026:00:52:33 +0000] "GET /API.md HTTP/2" 400 52 "-" "TLM-Audit-Scanner/1.0"
195.178.110.199 - - [22/Jun/2026:00:52:33 +0000] "GET /?phpinfo=1 HTTP/2" 400 52 "-" "TLM-Audit-Scanner/1.0"
195.178.110.199 - - [22/Jun/2026:00:52:33 +0000] "GET /?pp=env&pp=env HTTP/2" 400 52 "-" "TLM-Audit-Scanner/1.0"
195.178.110.199 - - [22/Jun/2026:00:52:33 +0000] "GET /ADMIN/.env HTTP/2" 400 52 "-" "TLM-Audit-Scanner/1.0"
195.178.110.199 - - [22/Jun/2026:00:52:33 +0000] "GET /API/.env HTTP/2" 400 52 "-" "TLM-Audit-Scanner/1.0"
195.178.110.199 - - [22/Jun/2026:00:52:33 +0000] "GET /API/common.js HTTP/2" 400 52 "-" "TLM-Audit-Scanner/1.0"
195.178.110.199 - - [22/Jun/2026:00:52:33 +0000] "GET /API/config.js HTTP/2" 400 52 "-" "TLM-Audit-Scanner/1.0"
195.178.110.199 - - [22/Jun/2026:00:52:33 +0000] "GET /API/constants.js HTTP/2" 400 52 "-" "TLM-Audit-Scanner/1.0"
195.178.110.199 - - [22/Jun/2026:00:52:33 +0000] "GET /API/config/common.js HTTP/2" 400 52 "-" "TLM-Audit-Scanner/1.0"
195.178.110.199 - - [22/Jun/2026:00:52:33 +0000] "GET /API/config/database.js HTTP/2" 400 52 "-" "TLM-Audit-Scanner/1.0"
195.178.110.199 - - [22/Jun/2026:00:52:33 +0000] "GET /Api/.env HTTP/2" 400 52 "-" "TLM-Audit-Scanner/1.0"
195.178.110.199 - - [22/Jun/2026:00:52:33 +0000] "GET /API/config/constants.js HTTP/2" 400 52 "-" "TLM-Audit-Scanner/1.0"
195.178.110.199 - - [22/Jun/2026:00:52:33 +0000] "GET /APP/.env HTTP/2" 400 52 "-" "TLM-Audit-Scanner/1.0"
195.178.110.199 - - [22/Jun/2026:00:52:33 +0000] "GET /BE/.env HTTP/2" 400 52 "-" "TLM-Audit-Scanner/1.0"
195.178.110.199 - - [22/Jun/2026:00:52:33 +0000] "GET /BackEnd/config.js HTTP/2" 400 52 "-" "TLM-Audit-Scanner/1.0"
195.178.110.199 - - [22/Jun/2026:00:52:33 +0000] "GET /BACKEND/.env HTTP/2" 400 52 "-" "TLM-Audit-Scanner/1.0"
195.178.110.199 - - [22/Jun/2026:00:52:33 +0000] "GET /Be/.env HTTP/2" 400 52 "-" "TLM-Audit-Scanner/1.0"
195.178.110.199 - - [22/Jun/2026:00:52:33 +0000] "GET /BACK/.env HTTP/2" 400 52 "-" "TLM-Audit-Scanner/1.0"
195.178.110.199 - - [22/Jun/2026:00:52:33 +0000] "GET /Backend/.env HTTP/2" 400 52 "-" "TLM-Audit-Scanner/1.0"
195.178.110.199 - - [22/Jun/2026:00:52:33 +0000] "GET /IAM.md HTTP/2" 400 52 "-" "TLM-Audit-Scanner/1.0"
195.178.110.199 - - [22/Jun/2026:00:52:33 +0000] "GET /DOCS.md HTTP/2" 400 52 "-" "TLM-Audit-Scanner/1.0"
195.178.110.199 - - [22/Jun/2026:00:52:33 +0000] "GET /Dockerfile HTTP/2" 400 52 "-" "TLM-Audit-Scanner/1.0"
195.178.110.199 - - [22/Jun/2026:00:52:33 +0000] "GET /Docker.md HTTP/2" 400 52 "-" "TLM-Audit-Scanner/1.0"
195.178.110.199 - - [22/Jun/2026:00:52:33 +0000] "GET /NOTES.md HTTP/2" 400 52 "-" "TLM-Audit-Scanner/1.0"
195.178.110.199 - - [22/Jun/2026:00:52:33 +0000] "GET /LOG.md HTTP/2" 400 52 "-" "TLM-Audit-Scanner/1.0"
195.178.110.199 - - [22/Jun/2026:00:52:33 +0000] "GET /[...catchAll] HTTP/2" 400 52 "-" "TLM-Audit-Scanner/1.0"
195.178.110.199 - - [22/Jun/2026:00:52:33 +0000] "GET /README.md HTTP/2" 400 52 "-" "TLM-Audit-Scanner/1.0"
195.178.110.199 - - [22/Jun/2026:00:52:33 +0000] "GET /[id] HTTP/2" 400 52 "-" "TLM-Audit-Scanner/1.0"
195.178.110.199 - - [22/Jun/2026:00:52:33 +0000] "GET /[[...optional]] HTTP/2" 400 52 "-" "TLM-Audit-Scanner/1.0"
195.178.110.199 - - [22/Jun/2026:00:52:33 +0000] "GET /[tenant]/* HTTP/2" 400 52 "-" "TLM-Audit-Scanner/1.0"
195.178.110.199 - - [22/Jun/2026:00:52:33 +0000] "GET /[slug] HTTP/2" 400 52 "-" "TLM-Audit-Scanner/1.0"
195.178.110.199 - - [22/Jun/2026:00:52:33 +0000] "GET /[workspace]/* HTTP/2" 400 52 "-" "TLM-Audit-Scanner/1.0"
195.178.110.199 - - [22/Jun/2026:00:52:33 +0000] "GET /[locale]/* HTTP/2" 400 52 "-" "TLM-Audit-Scanner/1.0"
195.178.110.199 - - [22/Jun/2026:00:52:33 +0000] "GET /__debug HTTP/2" 400 52 "-" "TLM-Audit-Scanner/1.0"
195.178.110.199 - - [22/Jun/2026:00:52:33 +0000] "GET /__nextjs_action HTTP/2" 400 52 "-" "TLM-Audit-Scanner/1.0"
195.178.110.199 - - [22/Jun/2026:00:52:33 +0000] "GET /_layouts/15/* HTTP/2" 400 52 "-" "TLM-Audit-Scanner/1.0"
195.178.110.199 - - [22/Jun/2026:00:52:33 +0000] "GET /_layouts/* HTTP/2" 400 52 "-" "TLM-Audit-Scanner/1.0"
195.178.110.199 - - [22/Jun/2026:00:52:33 +0000] "GET /_api/* HTTP/2" 400 52 "-" "TLM-Audit-Scanner/1.0"
195.178.110.199 - - [22/Jun/2026:00:52:33 +0000] "GET /__nextjs_action/* HTTP/2" 400 52 "-" "TLM-Audit-Scanner/1.0"
195.178.110.199 - - [22/Jun/2026:00:52:33 +0000] "GET /_next/data/*/index.json HTTP/2" 400 52 "-" "TLM-Audit-Scanner/1.0"
195.178.110.199 - - [22/Jun/2026:00:52:33 +0000] "GET /_next/data/*/about.json HTTP/2" 400 52 "-" "TLM-Audit-Scanner/1.0"
195.178.110.199 - - [22/Jun/2026:00:52:33 +0000] "GET /_next/data/*/*.json HTTP/2" 400 52 "-" "TLM-Audit-Scanner/1.0"
195.178.110.199 - - [22/Jun/2026:00:52:33 +0000] "GET /_next/static/* HTTP/2" 400 52 "-" "TLM-Audit-Scanner/1.0"
195.178.110.199 - - [22/Jun/2026:00:52:33 +0000] "GET /_profiler/phpinfo HTTP/2" 400 52 "-" "TLM-Audit-Scanner/1.0"
195.178.110.199 - - [22/Jun/2026:00:52:33 +0000] "GET /_profiler/phpinfo.php HTTP/2" 400 52 "-" "TLM-Audit-Scanner/1.0"
195.178.110.199 - - [22/Jun/2026:00:52:33 +0000] "GET /_react/action/* HTTP/2" 400 52 "-" "TLM-Audit-Scanner/1.0"
195.178.110.199 - - [22/Jun/2026:00:52:33 +0000] "GET /_waku/* HTTP/2" 400 52 "-" "TLM-Audit-Scanner/1.0"
195.178.110.199 - - [22/Jun/2026:00:52:33 +0000] "GET /_vercel/insights HTTP/2" 400 52 "-" "TLM-Audit-Scanner/1.0"
195.178.110.199 - - [22/Jun/2026:00:52:33 +0000] "GET /about HTTP/2" 400 52 "-" "TLM-Audit-Scanner/1.0"
195.178.110.199 - - [22/Jun/2026:00:52:33 +0000] "GET /admin.html HTTP/2" 400 52 "-" "TLM-Audit-Scanner/1.0"
195.178.110.199 - - [22/Jun/2026:00:52:33 +0000] "GET /admin-app/.env HTTP/2" 400 52 "-" "TLM-Audit-Scanner/1.0"
195.178.110.199 - - [22/Jun/2026:00:52:33 +0000] "GET /admin/* HTTP/2" 400 52 "-" "TLM-Audit-Scanner/1.0"
195.178.110.199 - - [22/Jun/2026:00:52:33 +0000] "GET /_vti_bin/* HTTP/2" 400 52 "-" "TLM-Audit-Scanner/1.0"
195.178.110.199 - - [22/Jun/2026:00:52:33 +0000] "GET /_react/data/* HTTP/2" 400 52 "-" "TLM-Audit-Scanner/1.0"
195.178.110.199 - - [22/Jun/2026:00:52:33 +0000] "GET /actions/* HTTP/2" 400 52 "-" "TLM-Audit-Scanner/1.0"
195.178.110.199 - - [22/Jun/2026:00:52:33 +0000] "GET /admin/.env HTTP/2" 400 52 "-" "TLM-Audit-Scanner/1.0"
195.178.110.199 - - [22/Jun/2026:00:52:33 +0000] "GET /admin/config/database.js HTTP/2" 400 52 "-" "TLM-Audit-Scanner/1.0"
195.178.110.199 - - [22/Jun/2026:00:52:33 +0000] "GET /admin/config/constants.js HTTP/2" 400 52 "-" "TLM-Audit-Scanner/1.0"
195.178.110.199 - - [22/Jun/2026:00:52:33 +0000] "GET /admin/config/common.js HTTP/2" 400 52 "-" "TLM-Audit-Scanner/1.0"
195.178.110.199 - - [22/Jun/2026:00:52:33 +0000] "GET /admin/constant.js HTTP/2" 400 52 "-" "TLM-Audit-Scanner/1.0"
195.178.110.199 - - [22/Jun/2026:00:52:33 +0000] "GET /admin/config?cmd=cat%20/root/.aws/credentials HTTP/2" 400 52 "-" "TLM-Audit-Scanner/1.0"
195.178.110.199 - - [22/Jun/2026:00:52:33 +0000] "GET /admin/server.js HTTP/2" 400 52 "-" "TLM-Audit-Scanner/1.0"
195.178.110.199 - - [22/Jun/2026:00:52:33 +0000] "GET /admin/constants.js HTTP/2" 400 52 "-" "TLM-Audit-Scanner/1.0"
195.178.110.199 - - [22/Jun/2026:00:52:33 +0000] "GET /admin/phpinfo.php HTTP/2" 400 52 "-" "TLM-Audit-Scanner/1.0"
195.178.110.199 - - [22/Jun/2026:00:52:33 +0000] "GET /admin/utils.js HTTP/2" 400 52 "-" "TLM-Audit-Scanner/1.0"
195.178.110.199 - - [22/Jun/2026:00:52:33 +0000] "GET /administrator/.env HTTP/2" 400 52 "-" "TLM-Audit-Scanner/1.0"
195.178.110.199 - - [22/Jun/2026:00:52:33 +0000] "GET /admin_phpinfo.php HTTP/2" 400 52 "-" "TLM-Audit-Scanner/1.0"
195.178.110.199 - - [22/Jun/2026:00:52:33 +0000] "GET /api-backend/.env HTTP/2" 400 52 "-" "TLM-Audit-Scanner/1.0"
195.178.110.199 - - [22/Jun/2026:00:52:33 +0000] "GET /amplify/team-provider-info.json HTTP/2" 400 52 "-" "TLM-Audit-Scanner/1.0"
195.178.110.199 - - [22/Jun/2026:00:52:33 +0000] "GET /api-node/.env HTTP/2" 400 52 "-" "TLM-Audit-Scanner/1.0"
195.178.110.199 - - [22/Jun/2026:00:52:33 +0000] "GET /api/* HTTP/2" 400 52 "-" "TLM-Audit-Scanner/1.0"
195.178.110.199 - - [22/Jun/2026:00:52:33 +0000] "GET /api/.env HTTP/2" 400 52 "-" "TLM-Audit-Scanner/1.0"
195.178.110.199 - - [22/Jun/2026:00:52:33 +0000] "GET /api/config/constants.js HTTP/2" 400 52 "-" "TLM-Audit-Scanner/1.0"
195.178.110.199 - - [22/Jun/2026:00:52:33 +0000] "GET /api/common.js HTTP/2" 400 52 "-" "TLM-Audit-Scanner/1.0"
195.178.110.199 - - [22/Jun/2026:00:52:33 +0000] "GET /api/config.js HTTP/2" 400 52 "-" "TLM-Audit-Scanner/1.0"
195.178.110.199 - - [22/Jun/2026:00:52:33 +0000] "GET /api/config/common.js HTTP/2" 400 52 "-" "TLM-Audit-Scanner/1.0"
195.178.110.199 - - [22/Jun/2026:00:52:33 +0000] "GET /api/constant.js HTTP/2" 400 52 "-" "TLM-Audit-Scanner/1.0"
195.178.110.199 - - [22/Jun/2026:00:52:33 +0000] "GET /api/credentials HTTP/2" 400 52 "-" "TLM-Audit-Scanner/1.0"
195.178.110.199 - - [22/Jun/2026:00:52:33 +0000] "GET /api/auth/* HTTP/2" 400 52 "-" "TLM-Audit-Scanner/1.0"
195.178.110.199 - - [22/Jun/2026:00:52:33 +0000] "GET /api/constants.js HTTP/2" 400 52 "-" "TLM-Audit-Scanner/1.0"
195.178.110.199 - - [22/Jun/2026:00:52:33 +0000] "GET /api/data/* HTTP/2" 400 52 "-" "TLM-Audit-Scanner/1.0"
195.178.110.199 - - [22/Jun/2026:00:52:33 +0000] "GET /api/env.js HTTP/2" 400 52 "-" "TLM-Audit-Scanner/1.0"
195.178.110.199 - - [22/Jun/2026:00:52:33 +0000] "GET /api/login HTTP/2" 400 52 "-" "TLM-Audit-Scanner/1.0"
195.178.110.199 - - [22/Jun/2026:00:52:33 +0000] "GET /api/info.php HTTP/2" 400 52 "-" "TLM-Audit-Scanner/1.0"
195.178.110.199 - - [22/Jun/2026:00:52:33 +0000] "GET /api/node/common.js HTTP/2" 400 52 "-" "TLM-Audit-Scanner/1.0"
195.178.110.199 - - [22/Jun/2026:00:52:33 +0000] "GET /api/node/constants.js HTTP/2" 400 52 "-" "TLM-Audit-Scanner/1.0"
195.178.110.199 - - [22/Jun/2026:00:52:33 +0000] "GET /api/node/constant.js HTTP/2" 400 52 "-" "TLM-Audit-Scanner/1.0"
195.178.110.199 - - [22/Jun/2026:00:52:33 +0000] "GET /api/node/config.js HTTP/2" 400 52 "-" "TLM-Audit-Scanner/1.0"
195.178.110.199 - - [22/Jun/2026:00:52:33 +0000] "GET /api/serverless/* HTTP/2" 400 52 "-" "TLM-Audit-Scanner/1.0"
195.178.110.199 - - [22/Jun/2026:00:52:33 +0000] "GET /api/settings.py HTTP/2" 400 52 "-" "TLM-Audit-Scanner/1.0"
195.178.110.199 - - [22/Jun/2026:00:52:33 +0000] "GET /api/phpinfo.php HTTP/2" 400 52 "-" "TLM-Audit-Scanner/1.0"
195.178.110.199 - - [22/Jun/2026:00:52:33 +0000] "GET /api/user HTTP/2" 400 52 "-" "TLM-Audit-Scanner/1.0"
195.178.110.199 - - [22/Jun/2026:00:52:33 +0000] "GET /api/server.js HTTP/2" 400 52 "-" "TLM-Audit-Scanner/1.0"
195.178.110.199 - - [22/Jun/2026:00:52:33 +0000] "GET /api/webhook/* HTTP/2" 400 52 "-" "TLM-Audit-Scanner/1.0"
195.178.110.199 - - [22/Jun/2026:00:52:33 +0000] "GET /api/v1/credentials HTTP/2" 400 52 "-" "TLM-Audit-Scanner/1.0"
195.178.110.199 - - [22/Jun/2026:00:52:33 +0000] "GET /api/v1/* HTTP/2" 400 52 "-" "TLM-Audit-Scanner/1.0"
195.178.110.199 - - [22/Jun/2026:00:52:33 +0000] "GET /api/v1/executions HTTP/2" 400 52 "-" "TLM-Audit-Scanner/1.0"
195.178.110.199 - - [22/Jun/2026:00:52:33 +0000] "GET /api/v1/workflows HTTP/2" 400 52 "-" "TLM-Audit-Scanner/1.0"
195.178.110.199 - - [22/Jun/2026:00:52:33 +0000] "GET /apis/index.js HTTP/2" 400 52 "-" "TLM-Audit-Scanner/1.0"
195.178.110.199 - - [22/Jun/2026:00:52:33 +0000] "GET /api/users/* HTTP/2" 400 52 "-" "TLM-Audit-Scanner/1.0"
195.178.110.199 - - [22/Jun/2026:00:52:33 +0000] "GET /apis/.env HTTP/2" 400 52 "-" "TLM-Audit-Scanner/1.0"
195.178.110.199 - - [22/Jun/2026:00:52:33 +0000] "GET /app.js HTTP/2" 400 52 "-" "TLM-Audit-Scanner/1.0"
195.178.110.199 - - [22/Jun/2026:00:52:33 +0000] "GET /app.yaml HTTP/2" 400 52 "-" "TLM-Audit-Scanner/1.0"
195.178.110.199 - - [22/Jun/2026:00:52:33 +0000] "GET /app.yml HTTP/2" 400 52 "-" "TLM-Audit-Scanner/1.0"
195.178.110.199 - - [22/Jun/2026:00:52:33 +0000] "GET /app/.env HTTP/2" 400 52 "-" "TLM-Audit-Scanner/1.0"
195.178.110.199 - - [22/Jun/2026:00:52:33 +0000] "GET /app/* HTTP/2" 400 52 "-" "TLM-Audit-Scanner/1.0"
195.178.110.199 - - [22/Jun/2026:00:52:33 +0000] "GET /app/.env.local HTTP/2" 400 52 "-" "TLM-Audit-Scanner/1.0"
195.178.110.199 - - [22/Jun/2026:00:52:33 +0000] "GET /app/.git/config HTTP/2" 400 52 "-" "TLM-Audit-Scanner/1.0"
195.178.110.199 - - [22/Jun/2026:00:52:33 +0000] "GET /app/.env.production HTTP/2" 400 52 "-" "TLM-Audit-Scanner/1.0"
