66.249.89.66 - - [21/Jun/2026:16:06:38 +0000] "GET /wp-content/plugins/elementskit-lite/widgets/init/assets/js/widget-scripts.js?ver=3.9.8 HTTP/1.1" 200 13580 "https://www.jubaroyaltravel.com/products/detail/wholesale/j106109249" "Mozilla/5.0 (X11; Linux x86_64) AppleWebKit/537.36 (KHTML, like Gecko) Chrome/148.0.7778.96 Safari/537.36"
66.249.89.65 - - [21/Jun/2026:16:06:38 +0000] "GET /wp-content/plugins/wp-travel-engine/assets/lib/flatpickr-4.6.9/l10n/en.js?ver=4.6.9 HTTP/1.1" 200 713 "https://www.jubaroyaltravel.com/products/detail/wholesale/j106109249" "Mozilla/5.0 (X11; Linux x86_64) AppleWebKit/537.36 (KHTML, like Gecko) Chrome/148.0.7778.96 Safari/537.36"
66.249.89.66 - - [21/Jun/2026:16:06:38 +0000] "GET /wp-content/plugins/elementor/assets/js/section-frontend-handlers.d85ab872da118940910d.bundle.min.js HTTP/1.1" 200 229 "https://www.jubaroyaltravel.com/products/detail/wholesale/j106109249" "Mozilla/5.0 (X11; Linux x86_64) AppleWebKit/537.36 (KHTML, like Gecko) Chrome/148.0.7778.96 Safari/537.36"
66.249.89.65 - - [21/Jun/2026:16:06:39 +0000] "GET /wp-content/plugins/elementor/assets/js/shared-frontend-handlers.03caa53373b56d3bab67.bundle.min.js HTTP/1.1" 200 2511 "https://www.jubaroyaltravel.com/products/detail/wholesale/j106109249" "Mozilla/5.0 (X11; Linux x86_64) AppleWebKit/537.36 (KHTML, like Gecko) Chrome/148.0.7778.96 Safari/537.36"
43.153.123.4 - - [21/Jun/2026:16:07:06 +0000] "GET / HTTP/1.1" 200 52754 "http://jubaroyaltravel.com" "Mozilla/5.0 (iPhone; CPU iPhone OS 13_2_3 like Mac OS X) AppleWebKit/605.1.15 (KHTML, like Gecko) Version/13.0.3 Mobile/15E148 Safari/604.1"
187.120.19.128 - - [21/Jun/2026:16:10:44 +0000] "GET / HTTP/1.1" 200 52757 "-" "Mozilla/5.0 (Macintosh; Intel Mac OS X 12_7_3) AppleWebKit/537.36 (KHTML, like Gecko) Chrome/132.0.6834.83 Safari/537.36"
69.72.244.151 - - [21/Jun/2026:16:11:39 +0000] "POST /wp-cron.php?doing_wp_cron=1782058299.0310831069946289062500 HTTP/1.1" 200 0 "-" "WordPress/7.0; https://www.jubaroyaltravel.com"
136.144.35.46 - - [21/Jun/2026:16:11:38 +0000] "POST /wp-login.php HTTP/1.1" 200 6742 "-" "Mozilla/5.0"
69.72.244.151 - - [21/Jun/2026:16:11:39 +0000] "POST /wp-cron.php?doing_wp_cron=1782058299.4437680244445800781250 HTTP/1.1" 200 0 "-" "WordPress/7.0; https://www.jubaroyaltravel.com"
66.249.64.129 - - [21/Jun/2026:16:11:38 +0000] "GET /products/detail/new/j10637793 HTTP/1.1" 404 27921 "-" "Mozilla/5.0 (Linux; Android 6.0.1; Nexus 5X Build/MMB29P) AppleWebKit/537.36 (KHTML, like Gecko) Chrome/148.0.7778.96 Mobile Safari/537.36 (compatible; Googlebot/2.1; +http://www.google.com/bot.html)"
69.72.244.151 - - [21/Jun/2026:16:18:43 +0000] "POST /wp-cron.php?doing_wp_cron=1782058723.0405271053314208984375 HTTP/1.1" 200 0 "-" "WordPress/7.0; https://www.jubaroyaltravel.com"
66.249.64.129 - - [21/Jun/2026:16:18:40 +0000] "GET /items/V57639977/ HTTP/1.1" 404 27931 "-" "Mozilla/5.0 (Linux; Android 6.0.1; Nexus 5X Build/MMB29P) AppleWebKit/537.36 (KHTML, like Gecko) Chrome/148.0.7778.96 Mobile Safari/537.36 (compatible; Googlebot/2.1; +http://www.google.com/bot.html)"
69.72.244.151 - - [21/Jun/2026:16:19:15 +0000] "POST /wp-cron.php?doing_wp_cron=1782058755.6654779911041259765625 HTTP/1.1" 200 0 "-" "WordPress/7.0; https://www.jubaroyaltravel.com"
136.144.35.34 - - [21/Jun/2026:16:19:15 +0000] "POST /wp-login.php HTTP/1.1" 200 6742 "-" "Mozilla/5.0"
66.249.64.131 - - [21/Jun/2026:16:19:43 +0000] "GET /items/G72692472/ HTTP/1.1" 404 27931 "-" "Mozilla/5.0 (Linux; Android 6.0.1; Nexus 5X Build/MMB29P) AppleWebKit/537.36 (KHTML, like Gecko) Chrome/148.0.7778.96 Mobile Safari/537.36 (compatible; Googlebot/2.1; +http://www.google.com/bot.html)"
69.72.244.151 - - [21/Jun/2026:16:19:59 +0000] "POST /wp-cron.php?doing_wp_cron=1782058799.3967249393463134765625 HTTP/1.1" 200 0 "-" "WordPress/7.0; https://www.jubaroyaltravel.com"
66.249.64.129 - - [21/Jun/2026:16:19:58 +0000] "GET /products/detail/original/j106296705 HTTP/1.1" 404 27930 "-" "Mozilla/5.0 (Linux; Android 6.0.1; Nexus 5X Build/MMB29P) AppleWebKit/537.36 (KHTML, like Gecko) Chrome/148.0.7778.96 Mobile Safari/537.36 (compatible; Googlebot/2.1; +http://www.google.com/bot.html)"
69.72.244.151 - - [21/Jun/2026:16:21:34 +0000] "POST /wp-cron.php?doing_wp_cron=1782058894.8966670036315917968750 HTTP/1.1" 200 0 "-" "WordPress/7.0; https://www.jubaroyaltravel.com"
40.77.167.27 - - [21/Jun/2026:16:21:33 +0000] "GET /air-ticket-booking HTTP/2" 301 0 "-" "Mozilla/5.0 AppleWebKit/537.36 (KHTML, like Gecko; compatible; bingbot/2.0; +http://www.bing.com/bingbot.htm) Chrome/116.0.1938.76 Safari/537.36"
40.77.167.35 - - [21/Jun/2026:16:21:43 +0000] "GET /air-ticket-booking/ HTTP/2" 200 32351 "-" "Mozilla/5.0 AppleWebKit/537.36 (KHTML, like Gecko; compatible; bingbot/2.0; +http://www.bing.com/bingbot.htm) Chrome/116.0.1938.76 Safari/537.36"
69.72.244.151 - - [21/Jun/2026:16:22:13 +0000] "POST /wp-cron.php?doing_wp_cron=1782058933.6375930309295654296875 HTTP/1.1" 200 0 "-" "WordPress/7.0; https://www.jubaroyaltravel.com"
103.138.120.45 - - [21/Jun/2026:16:22:13 +0000] "GET /products/detail/discount/j106466625 HTTP/1.1" 404 32538 "-" "Mozilla/5.0 (Macintosh; Intel Mac OS X 10_15_2) AppleWebKit/537.36 (KHTML, like Gecko) Chrome/79.0.3945.79 Safari/537.36"
66.249.64.131 - - [21/Jun/2026:16:22:19 +0000] "GET /products/detail/the/j106114342 HTTP/1.1" 404 27937 "-" "Mozilla/5.0 (compatible; Googlebot/2.1; +http://www.google.com/bot.html)"
69.72.244.151 - - [21/Jun/2026:16:23:15 +0000] "POST /wp-cron.php?doing_wp_cron=1782058995.2336399555206298828125 HTTP/1.1" 200 0 "-" "WordPress/7.0; https://www.jubaroyaltravel.com"
66.249.64.129 - - [21/Jun/2026:16:23:14 +0000] "GET /products/detail/shopping/j1066465 HTTP/1.1" 404 27930 "-" "Mozilla/5.0 (Linux; Android 6.0.1; Nexus 5X Build/MMB29P) AppleWebKit/537.36 (KHTML, like Gecko) Chrome/148.0.7778.96 Mobile Safari/537.36 (compatible; Googlebot/2.1; +http://www.google.com/bot.html)"
74.7.230.10 - - [21/Jun/2026:16:24:14 +0000] "GET /robots.txt HTTP/2" 200 106 "-" "Mozilla/5.0 (Macintosh; Intel Mac OS X 10_15_7) AppleWebKit/537.36 (KHTML, like Gecko) Chrome/131.0.0.0 Safari/537.36; compatible; OAI-SearchBot/1.4; robots.txt; +https://openai.com/searchbot"
69.72.244.151 - - [21/Jun/2026:16:24:14 +0000] "POST /wp-cron.php?doing_wp_cron=1782059054.2029049396514892578125 HTTP/1.1" 200 0 "-" "WordPress/7.0; https://www.jubaroyaltravel.com"
74.7.241.1 - - [21/Jun/2026:16:24:13 +0000] "GET /wp-sitemap.xml HTTP/2" 200 242 "-" "Mozilla/5.0 AppleWebKit/537.36 (KHTML, like Gecko; compatible; GPTBot/1.4; +https://openai.com/gptbot)"
144.16.144.93 - - [21/Jun/2026:16:25:41 +0000] "GET /wp-login.php HTTP/2" 200 2038 "-" "Mozilla/5.0 (Windows NT 10.0; Win64; x64) AppleWebKit/537.36 (KHTML, like Gecko) Chrome/120.0.0.0 Safari/537.36"
103.87.212.38 - - [21/Jun/2026:16:25:56 +0000] "GET /wp-login.php HTTP/2" 200 2289 "http://mail.jubaroyaltravel.com/login.php" "Go-http-client/2.0"
144.16.144.93 - - [21/Jun/2026:16:26:02 +0000] "GET /wp-login.php HTTP/2" 200 2038 "-" "Mozilla/5.0 (Windows NT 10.0; Win64; x64) AppleWebKit/537.36 (KHTML, like Gecko) Chrome/120.0.0.0 Safari/537.36"
144.16.144.93 - - [21/Jun/2026:16:26:06 +0000] "GET /wp-login.php HTTP/2" 200 2038 "-" "Mozilla/5.0 (Windows NT 10.0; Win64; x64) AppleWebKit/537.36 (KHTML, like Gecko) Chrome/120.0.0.0 Safari/537.36"
144.16.144.93 - - [21/Jun/2026:16:26:06 +0000] "POST /wp-login.php HTTP/2" 200 2209 "https://www.jubaroyaltravel.com/wp-login.php" "Mozilla/5.0 (Windows NT 10.0; Win64; x64) AppleWebKit/537.36 (KHTML, like Gecko) Chrome/120.0.0.0 Safari/537.36"
103.87.212.38 - - [21/Jun/2026:16:26:22 +0000] "GET /wp-admin/upgrade.php?_wp_http_referer=%2Fwp-admin%2Fadmin.php HTTP/2" 200 643 "http://mail.jubaroyaltravel.com/wp-admin/admin.php" "Go-http-client/2.0"
103.87.212.38 - - [21/Jun/2026:16:26:31 +0000] "GET /wp-admin/ HTTP/2" 302 0 "http://mail.jubaroyaltravel.com/wp-login.php" "Go-http-client/2.0"
103.87.212.38 - - [21/Jun/2026:16:26:32 +0000] "GET /wp-admin/upgrade.php?_wp_http_referer=%2Fwp-admin%2F HTTP/2" 200 640 "https://www.jubaroyaltravel.com/wp-admin/" "Go-http-client/2.0"
136.144.35.60 - - [21/Jun/2026:16:26:42 +0000] "POST /wp-login.php HTTP/1.1" 200 6742 "-" "Mozilla/5.0"
103.87.212.38 - - [21/Jun/2026:16:26:52 +0000] "GET /wp-admin/upgrade.php?_wp_http_referer=%2Fwp-admin%2Findex.php HTTP/2" 200 644 "http://mail.jubaroyaltravel.com/wp-admin/index.php" "Go-http-client/2.0"
103.87.212.38 - - [21/Jun/2026:16:27:06 +0000] "GET /wp-admin/upgrade.php?_wp_http_referer=%2Fwp-admin%2Fuser%2Findex.php HTTP/2" 200 650 "http://mail.jubaroyaltravel.com/wp-admin/user/index.php" "Go-http-client/2.0"
103.87.212.38 - - [21/Jun/2026:16:27:12 +0000] "GET /wp-admin/upgrade.php?_wp_http_referer=%2Fwp-admin%2Fnetwork%2Findex.php HTTP/2" 200 652 "http://mail.jubaroyaltravel.com/wp-admin/network/index.php" "Go-http-client/2.0"
66.249.64.131 - - [21/Jun/2026:16:27:56 +0000] "GET /products/detail/inexpensive/j106294177/ HTTP/1.1" 404 27976 "-" "Mozilla/5.0 (Linux; Android 6.0.1; Nexus 5X Build/MMB29P) AppleWebKit/537.36 (KHTML, like Gecko) Chrome/148.0.7778.96 Mobile Safari/537.36 (compatible; Googlebot/2.1; +http://www.google.com/bot.html)"
69.72.244.151 - - [21/Jun/2026:16:30:44 +0000] "POST /wp-cron.php?doing_wp_cron=1782059444.1375279426574707031250 HTTP/1.1" 200 0 "-" "WordPress/7.0; https://www.jubaroyaltravel.com"
31.187.166.77 - - [21/Jun/2026:16:30:42 +0000] "GET /blogs HTTP/1.1" 301 0 "-" "Mozilla/5.0 (Macintosh; Intel Mac OS X 13.4; rv:132.0) Gecko/20100101 Firefox/132.0"
69.72.244.151 - - [21/Jun/2026:16:30:44 +0000] "POST /wp-cron.php?doing_wp_cron=1782059444.7399780750274658203125 HTTP/1.1" 200 0 "-" "WordPress/7.0; https://www.jubaroyaltravel.com"
47.128.63.32 - - [21/Jun/2026:16:30:43 +0000] "GET /activities/nature-viewing/ HTTP/2" 200 38346 "-" "Mozilla/5.0 (Linux; Android 5.0) AppleWebKit/537.36 (KHTML, like Gecko) Mobile Safari/537.36 (compatible; Bytespider; spider-feedback@bytedance.com)"
47.128.63.32 - - [21/Jun/2026:16:30:46 +0000] "GET /wp-content/plugins/fluentform/assets/css/fluentform-public-default.css?ver=6.2.5 HTTP/2" 200 1036 "https://www.jubaroyaltravel.com/activities/nature-viewing/" "Mozilla/5.0 (Linux; Android 5.0) AppleWebKit/537.36 (KHTML, like Gecko) Mobile Safari/537.36 (compatible; Bytespider; spider-feedback@bytedance.com)"
47.128.63.32 - - [21/Jun/2026:16:30:46 +0000] "GET /wp-content/plugins/wp-travel-engine/dist/public/wte-public.css?ver=1778495164 HTTP/2" 200 45269 "https://www.jubaroyaltravel.com/activities/nature-viewing/" "Mozilla/5.0 (Linux; Android 5.0) AppleWebKit/537.36 (KHTML, like Gecko) Mobile Safari/537.36 (compatible; Bytespider; spider-feedback@bytedance.com)"
47.128.63.32 - - [21/Jun/2026:16:30:46 +0000] "GET /wp-content/plugins/elementor/assets/lib/font-awesome/css/all.min.css?ver=6.6.7 HTTP/2" 200 12380 "https://www.jubaroyaltravel.com/activities/nature-viewing/" "Mozilla/5.0 (Linux; Android 5.0) AppleWebKit/537.36 (KHTML, like Gecko) Mobile Safari/537.36 (compatible; Bytespider; spider-feedback@bytedance.com)"
47.128.63.32 - - [21/Jun/2026:16:30:46 +0000] "GET /wp-content/uploads/elementor/css/post-55.css?ver=1781220171 HTTP/2" 200 705 "https://www.jubaroyaltravel.com/activities/nature-viewing/" "Mozilla/5.0 (Linux; Android 5.0) AppleWebKit/537.36 (KHTML, like Gecko) Mobile Safari/537.36 (compatible; Bytespider; spider-feedback@bytedance.com)"
47.128.63.32 - - [21/Jun/2026:16:30:47 +0000] "GET /wp-content/uploads/2025/12/pexels-shakurleni-32868958-374x226.jpg HTTP/2" 206 500 "https://www.jubaroyaltravel.com/activities/nature-viewing/" "Mozilla/5.0 (Linux; Android 5.0) AppleWebKit/537.36 (KHTML, like Gecko) Mobile Safari/537.36 (compatible; Bytespider; spider-feedback@bytedance.com)"
47.128.63.32 - - [21/Jun/2026:16:30:47 +0000] "GET /wp-content/uploads/2025/12/pexels-iamllwyd-33761817-374x226.jpg HTTP/2" 206 500 "https://www.jubaroyaltravel.com/activities/nature-viewing/" "Mozilla/5.0 (Linux; Android 5.0) AppleWebKit/537.36 (KHTML, like Gecko) Mobile Safari/537.36 (compatible; Bytespider; spider-feedback@bytedance.com)"
47.128.63.32 - - [21/Jun/2026:16:30:47 +0000] "GET /wp-content/uploads/2025/12/WhatsApp-Image-2025-11-30-at-12.44.11-374x226.jpeg HTTP/2" 206 500 "https://www.jubaroyaltravel.com/activities/nature-viewing/" "Mozilla/5.0 (Linux; Android 5.0) AppleWebKit/537.36 (KHTML, like Gecko) Mobile Safari/537.36 (compatible; Bytespider; spider-feedback@bytedance.com)"
47.128.63.32 - - [21/Jun/2026:16:30:47 +0000] "GET /wp-content/uploads/2025/12/WhatsApp-Image-2025-11-30-at-12.43.57-374x226.jpeg HTTP/2" 206 500 "https://www.jubaroyaltravel.com/activities/nature-viewing/" "Mozilla/5.0 (Linux; Android 5.0) AppleWebKit/537.36 (KHTML, like Gecko) Mobile Safari/537.36 (compatible; Bytespider; spider-feedback@bytedance.com)"
47.128.63.32 - - [21/Jun/2026:16:30:47 +0000] "GET /wp-content/uploads/2025/12/WhatsApp-Image-2025-11-30-at-12.44.11-374x226.png HTTP/2" 206 500 "https://www.jubaroyaltravel.com/activities/nature-viewing/" "Mozilla/5.0 (Linux; Android 5.0) AppleWebKit/537.36 (KHTML, like Gecko) Mobile Safari/537.36 (compatible; Bytespider; spider-feedback@bytedance.com)"
47.128.63.32 - - [21/Jun/2026:16:30:47 +0000] "GET /wp-content/uploads/2025/11/WhatsApp-Image-2025-11-30-at-12.44.09-374x226.png HTTP/2" 206 500 "https://www.jubaroyaltravel.com/activities/nature-viewing/" "Mozilla/5.0 (Linux; Android 5.0) AppleWebKit/537.36 (KHTML, like Gecko) Mobile Safari/537.36 (compatible; Bytespider; spider-feedback@bytedance.com)"
38.92.20.89 - - [21/Jun/2026:16:30:48 +0000] "GET /blogs HTTP/1.1" 404 32504 "-" "Mozilla/5.0 (Macintosh; Intel Mac OS X 13.4; rv:132.0) Gecko/20100101 Firefox/132.0"
104.210.140.132 - - [21/Jun/2026:16:31:31 +0000] "GET /robots.txt HTTP/2" 200 106 "-" "Mozilla/5.0 (Macintosh; Intel Mac OS X 10_15_7) AppleWebKit/537.36 (KHTML, like Gecko) Chrome/131.0.0.0 Safari/537.36; compatible; OAI-SearchBot/1.0; +https://openai.com/searchbot"
69.72.244.151 - - [21/Jun/2026:16:34:15 +0000] "POST /wp-cron.php?doing_wp_cron=1782059655.9020519256591796875000 HTTP/1.1" 200 0 "-" "WordPress/7.0; https://www.jubaroyaltravel.com"
136.144.35.46 - - [21/Jun/2026:16:34:13 +0000] "POST /wp-login.php HTTP/1.1" 200 6742 "-" "Mozilla/5.0"
69.72.244.151 - - [21/Jun/2026:16:35:19 +0000] "POST /wp-cron.php?doing_wp_cron=1782059719.3811850547790527343750 HTTP/1.1" 200 0 "-" "WordPress/7.0; https://www.jubaroyaltravel.com"
66.249.64.129 - - [21/Jun/2026:16:35:19 +0000] "GET /items/A113813472// HTTP/1.1" 301 0 "-" "Mozilla/5.0 (Linux; Android 6.0.1; Nexus 5X Build/MMB29P) AppleWebKit/537.36 (KHTML, like Gecko) Chrome/148.0.7778.96 Mobile Safari/537.36 (compatible; Googlebot/2.1; +http://www.google.com/bot.html)"
69.72.244.151 - - [21/Jun/2026:16:35:19 +0000] "POST /wp-cron.php?doing_wp_cron=1782059719.8362660408020019531250 HTTP/1.1" 200 0 "-" "WordPress/7.0; https://www.jubaroyaltravel.com"
66.249.64.131 - - [21/Jun/2026:16:35:18 +0000] "GET /products/detail/releases/j10620801 HTTP/1.1" 404 27932 "-" "Mozilla/5.0 (Linux; Android 6.0.1; Nexus 5X Build/MMB29P) AppleWebKit/537.36 (KHTML, like Gecko) Chrome/148.0.7778.96 Mobile Safari/537.36 (compatible; Googlebot/2.1; +http://www.google.com/bot.html)"
66.249.64.129 - - [21/Jun/2026:16:35:19 +0000] "GET /products/detail/buy/j106305322 HTTP/1.1" 404 27926 "-" "Mozilla/5.0 (Linux; Android 6.0.1; Nexus 5X Build/MMB29P) AppleWebKit/537.36 (KHTML, like Gecko) Chrome/148.0.7778.96 Mobile Safari/537.36 (compatible; Googlebot/2.1; +http://www.google.com/bot.html)"
66.249.64.130 - - [21/Jun/2026:16:35:20 +0000] "GET /products/detail/popular/j10617035 HTTP/1.1" 404 27929 "-" "Mozilla/5.0 (Linux; Android 6.0.1; Nexus 5X Build/MMB29P) AppleWebKit/537.36 (KHTML, like Gecko) Chrome/148.0.7778.96 Mobile Safari/537.36 (compatible; Googlebot/2.1; +http://www.google.com/bot.html)"
66.249.64.129 - - [21/Jun/2026:16:35:20 +0000] "GET /products/detail/expensive/j106290467 HTTP/1.1" 404 27951 "-" "Mozilla/5.0 (Linux; Android 6.0.1; Nexus 5X Build/MMB29P) AppleWebKit/537.36 (KHTML, like Gecko) Chrome/148.0.7778.96 Mobile Safari/537.36 (compatible; Googlebot/2.1; +http://www.google.com/bot.html)"
66.249.64.129 - - [21/Jun/2026:16:35:21 +0000] "GET /items/A113813472/ HTTP/1.1" 404 27923 "-" "Mozilla/5.0 (Linux; Android 6.0.1; Nexus 5X Build/MMB29P) AppleWebKit/537.36 (KHTML, like Gecko) Chrome/148.0.7778.96 Mobile Safari/537.36 (compatible; Googlebot/2.1; +http://www.google.com/bot.html)"
66.249.64.130 - - [21/Jun/2026:16:35:21 +0000] "GET /items/D89360715/ HTTP/1.1" 404 27930 "-" "Mozilla/5.0 (Linux; Android 6.0.1; Nexus 5X Build/MMB29P) AppleWebKit/537.36 (KHTML, like Gecko) Chrome/148.0.7778.96 Mobile Safari/537.36 (compatible; Googlebot/2.1; +http://www.google.com/bot.html)"
66.249.64.129 - - [21/Jun/2026:16:35:21 +0000] "GET /products/detail/affordable/j106123946 HTTP/1.1" 404 27934 "-" "Mozilla/5.0 (Linux; Android 6.0.1; Nexus 5X Build/MMB29P) AppleWebKit/537.36 (KHTML, like Gecko) Chrome/148.0.7778.96 Mobile Safari/537.36 (compatible; Googlebot/2.1; +http://www.google.com/bot.html)"
66.249.64.131 - - [21/Jun/2026:16:35:22 +0000] "GET /items/H93838321/ HTTP/1.1" 404 27930 "-" "Mozilla/5.0 (Linux; Android 6.0.1; Nexus 5X Build/MMB29P) AppleWebKit/537.36 (KHTML, like Gecko) Chrome/148.0.7778.96 Mobile Safari/537.36 (compatible; Googlebot/2.1; +http://www.google.com/bot.html)"
66.249.64.130 - - [21/Jun/2026:16:35:23 +0000] "GET /products/detail/for/j106206512 HTTP/1.1" 404 27931 "-" "Mozilla/5.0 (Linux; Android 6.0.1; Nexus 5X Build/MMB29P) AppleWebKit/537.36 (KHTML, like Gecko) Chrome/148.0.7778.96 Mobile Safari/537.36 (compatible; Googlebot/2.1; +http://www.google.com/bot.html)"
66.249.64.130 - - [21/Jun/2026:16:35:25 +0000] "GET /items/B144675503/ HTTP/1.1" 404 27925 "-" "Mozilla/5.0 (Linux; Android 6.0.1; Nexus 5X Build/MMB29P) AppleWebKit/537.36 (KHTML, like Gecko) Chrome/148.0.7778.96 Mobile Safari/537.36 (compatible; Googlebot/2.1; +http://www.google.com/bot.html)"
69.72.244.151 - - [21/Jun/2026:16:36:49 +0000] "POST /wp-cron.php?doing_wp_cron=1782059809.2753601074218750000000 HTTP/1.1" 200 0 "-" "WordPress/7.0; https://www.jubaroyaltravel.com"
78.142.18.172 - - [21/Jun/2026:16:36:47 +0000] "GET /wp-login.php HTTP/2" 200 2038 "-" "Mozilla/5.0 (X11; Linux x86_64; rv:133.0) Gecko/20100101 Firefox/133.0"
78.142.18.172 - - [21/Jun/2026:16:36:49 +0000] "POST /wp-login.php HTTP/2" 200 2209 "https://jubaroyaltravel.com/wp-login.php" "Mozilla/5.0 (X11; Linux x86_64; rv:133.0) Gecko/20100101 Firefox/133.0"
104.210.140.128 - - [21/Jun/2026:16:37:58 +0000] "GET /robots.txt HTTP/2" 200 106 "-" "Mozilla/5.0 (Macintosh; Intel Mac OS X 10_15_7) AppleWebKit/537.36 (KHTML, like Gecko) Chrome/131.0.0.0 Safari/537.36; compatible; OAI-SearchBot/1.0; +https://openai.com/searchbot"
69.72.244.151 - - [21/Jun/2026:16:39:56 +0000] "POST /wp-cron.php?doing_wp_cron=1782059996.9718739986419677734375 HTTP/1.1" 200 0 "-" "WordPress/7.0; https://www.jubaroyaltravel.com"
66.249.64.131 - - [21/Jun/2026:16:39:54 +0000] "GET /products/detail/latest/j106380034 HTTP/1.1" 404 27933 "-" "Mozilla/5.0 (Linux; Android 6.0.1; Nexus 5X Build/MMB29P) AppleWebKit/537.36 (KHTML, like Gecko) Chrome/148.0.7778.96 Mobile Safari/537.36 (compatible; Googlebot/2.1; +http://www.google.com/bot.html)"
69.72.244.151 - - [21/Jun/2026:16:40:49 +0000] "POST /wp-cron.php?doing_wp_cron=1782060049.5196950435638427734375 HTTP/1.1" 200 0 "-" "WordPress/7.0; https://www.jubaroyaltravel.com"
66.249.64.131 - - [21/Jun/2026:16:40:48 +0000] "GET /items/M95924068/ HTTP/1.1" 404 27929 "-" "Mozilla/5.0 (Linux; Android 6.0.1; Nexus 5X Build/MMB29P) AppleWebKit/537.36 (KHTML, like Gecko) Chrome/148.0.7778.96 Mobile Safari/537.36 (compatible; Googlebot/2.1; +http://www.google.com/bot.html)"
69.72.244.151 - - [21/Jun/2026:16:41:42 +0000] "POST /wp-cron.php?doing_wp_cron=1782060102.8471748828887939453125 HTTP/1.1" 200 0 "-" "WordPress/7.0; https://www.jubaroyaltravel.com"
136.144.35.43 - - [21/Jun/2026:16:41:42 +0000] "POST /wp-login.php HTTP/1.1" 200 6742 "-" "Mozilla/5.0"
69.72.244.151 - - [21/Jun/2026:16:43:18 +0000] "POST /wp-cron.php?doing_wp_cron=1782060198.4856441020965576171875 HTTP/1.1" 200 0 "-" "WordPress/7.0; https://www.jubaroyaltravel.com"
185.176.8.77 - - [21/Jun/2026:16:43:16 +0000] "GET /wp-login.php HTTP/2" 200 2038 "-" "Mozilla/5.0 (Windows NT 10.0; Win64; x64) AppleWebKit/537.36 (KHTML, like Gecko) Chrome/120.0.0.0 Safari/537.36"
185.176.8.77 - - [21/Jun/2026:16:43:18 +0000] "GET /wp-login.php HTTP/2" 200 2038 "-" "Mozilla/5.0 (Windows NT 10.0; Win64; x64) AppleWebKit/537.36 (KHTML, like Gecko) Chrome/120.0.0.0 Safari/537.36"
185.176.8.77 - - [21/Jun/2026:16:43:18 +0000] "POST /wp-login.php HTTP/2" 200 2209 "https://www.jubaroyaltravel.com/wp-login.php" "Mozilla/5.0 (Windows NT 10.0; Win64; x64) AppleWebKit/537.36 (KHTML, like Gecko) Chrome/120.0.0.0 Safari/537.36"
173.252.83.16 - - [21/Jun/2026:16:47:41 +0000] "GET /robots.txt HTTP/2" 206 433 "-" "facebookexternalhit/1.1 (+http://www.facebook.com/externalhit_uatext.php)"
69.72.244.151 - - [21/Jun/2026:16:49:17 +0000] "POST /wp-cron.php?doing_wp_cron=1782060557.2218189239501953125000 HTTP/1.1" 200 0 "-" "WordPress/7.0; https://www.jubaroyaltravel.com"
136.144.35.61 - - [21/Jun/2026:16:49:15 +0000] "POST /wp-login.php HTTP/1.1" 200 6742 "-" "Mozilla/5.0"
69.72.244.151 - - [21/Jun/2026:16:50:43 +0000] "POST /wp-cron.php?doing_wp_cron=1782060643.7390849590301513671875 HTTP/1.1" 200 0 "-" "WordPress/7.0; https://www.jubaroyaltravel.com"
103.151.213.27 - - [21/Jun/2026:16:50:42 +0000] "GET /goods/clearance/j106247550 HTTP/1.1" 301 0 "-" "Mozilla/5.0 (Macintosh; Intel Mac OS X 11_5_2) AppleWebKit/537.36 (KHTML, like Gecko) Chrome/124.0.6367.82 Safari/537.36"
137.255.41.52 - - [21/Jun/2026:16:50:46 +0000] "GET /goods/clearance/j106247550 HTTP/1.1" 404 32520 "-" "Mozilla/5.0 (Macintosh; Intel Mac OS X 11_5_2) AppleWebKit/537.36 (KHTML, like Gecko) Chrome/124.0.6367.82 Safari/537.36"
69.72.244.151 - - [21/Jun/2026:16:51:07 +0000] "POST /wp-cron.php?doing_wp_cron=1782060667.9032409191131591796875 HTTP/1.1" 200 0 "-" "WordPress/7.0; https://www.jubaroyaltravel.com"
167.71.136.93 - - [21/Jun/2026:16:51:07 +0000] "GET /wp-login.php HTTP/2" 200 2038 "-" "Mozilla/5.0 (Windows NT 10.0; Win64; x64; rv:133.0) Gecko/20100101 Firefox/133.0"
69.72.244.151 - - [21/Jun/2026:16:51:11 +0000] "POST /wp-cron.php?doing_wp_cron=1782060671.7635738849639892578125 HTTP/1.1" 200 0 "-" "WordPress/7.0; https://www.jubaroyaltravel.com"
167.71.136.93 - - [21/Jun/2026:16:51:11 +0000] "POST /wp-login.php HTTP/2" 200 2209 "https://jubaroyaltravel.com/wp-login.php" "Mozilla/5.0 (Windows NT 10.0; Win64; x64; rv:133.0) Gecko/20100101 Firefox/133.0"
66.249.64.130 - - [21/Jun/2026:16:55:43 +0000] "GET /products/detail/buy/j106464042// HTTP/1.1" 301 0 "-" "Mozilla/5.0 (Linux; Android 6.0.1; Nexus 5X Build/MMB29P) AppleWebKit/537.36 (KHTML, like Gecko) Chrome/148.0.7778.96 Mobile Safari/537.36 (compatible; Googlebot/2.1; +http://www.google.com/bot.html)"
66.249.64.130 - - [21/Jun/2026:16:55:43 +0000] "GET /items/D83939775/ HTTP/1.1" 404 27929 "-" "Mozilla/5.0 (Linux; Android 6.0.1; Nexus 5X Build/MMB29P) AppleWebKit/537.36 (KHTML, like Gecko) Chrome/148.0.7778.96 Mobile Safari/537.36 (compatible; Googlebot/2.1; +http://www.google.com/bot.html)"
66.249.64.130 - - [21/Jun/2026:16:55:44 +0000] "GET /products/detail/buy/j106464042/ HTTP/1.1" 404 27963 "-" "Mozilla/5.0 (Linux; Android 6.0.1; Nexus 5X Build/MMB29P) AppleWebKit/537.36 (KHTML, like Gecko) Chrome/148.0.7778.96 Mobile Safari/537.36 (compatible; Googlebot/2.1; +http://www.google.com/bot.html)"
69.72.244.151 - - [21/Jun/2026:16:56:40 +0000] "POST /wp-cron.php?doing_wp_cron=1782061000.4484701156616210937500 HTTP/1.1" 200 0 "-" "WordPress/7.0; https://www.jubaroyaltravel.com"
136.144.35.51 - - [21/Jun/2026:16:56:40 +0000] "POST /wp-login.php HTTP/1.1" 200 6742 "-" "Mozilla/5.0"
66.249.64.130 - - [21/Jun/2026:16:56:46 +0000] "GET /products/detail/arrival/j106111349/ HTTP/1.1" 404 27929 "-" "Mozilla/5.0 (Linux; Android 6.0.1; Nexus 5X Build/MMB29P) AppleWebKit/537.36 (KHTML, like Gecko) Chrome/148.0.7778.96 Mobile Safari/537.36 (compatible; Googlebot/2.1; +http://www.google.com/bot.html)"
66.249.64.129 - - [21/Jun/2026:16:58:16 +0000] "GET /products/detail/store/j10680865 HTTP/1.1" 404 27966 "-" "Mozilla/5.0 (Linux; Android 6.0.1; Nexus 5X Build/MMB29P) AppleWebKit/537.36 (KHTML, like Gecko) Chrome/148.0.7778.96 Mobile Safari/537.36 (compatible; Googlebot/2.1; +http://www.google.com/bot.html)"
43.130.78.203 - - [21/Jun/2026:16:58:18 +0000] "GET / HTTP/1.1" 200 52746 "http://www.jubaroyaltravel.com" "Mozilla/5.0 (iPhone; CPU iPhone OS 13_2_3 like Mac OS X) AppleWebKit/605.1.15 (KHTML, like Gecko) Version/13.0.3 Mobile/15E148 Safari/604.1"
69.72.244.151 - - [21/Jun/2026:16:59:45 +0000] "POST /wp-cron.php?doing_wp_cron=1782061185.4838590621948242187500 HTTP/1.1" 200 0 "-" "WordPress/7.0; https://www.jubaroyaltravel.com"
103.154.176.224 - - [21/Jun/2026:16:59:43 +0000] "GET /wp-login.php HTTP/2" 200 2038 "-" "Mozilla/5.0 (Macintosh; Intel Mac OS X 14_7_4) AppleWebKit/537.36 (KHTML, like Gecko) Chrome/133.0.0.0 Safari/537.36"
69.72.244.151 - - [21/Jun/2026:17:00:08 +0000] "POST /wp-cron.php?doing_wp_cron=1782061208.4465010166168212890625 HTTP/1.1" 200 0 "-" "WordPress/7.0; https://www.jubaroyaltravel.com"
103.154.176.224 - adminstaging-jubaroyaltravel-com [21/Jun/2026:17:00:08 +0000] "GET /wp-json/wp/v2/users/me HTTP/2" 401 81 "-" "Mozilla/5.0 (Macintosh; Intel Mac OS X 14_7_4) AppleWebKit/537.36 (KHTML, like Gecko) Chrome/133.0.0.0 Safari/537.36"
69.72.244.151 - - [21/Jun/2026:17:01:10 +0000] "POST /wp-cron.php?doing_wp_cron=1782061270.9088571071624755859375 HTTP/1.1" 200 0 "-" "WordPress/7.0; https://www.jubaroyaltravel.com"
66.249.89.66 - - [21/Jun/2026:17:01:10 +0000] "GET /products/detail/special/j106121929 HTTP/1.1" 404 27926 "-" "Mozilla/5.0 (X11; Linux x86_64) AppleWebKit/537.36 (KHTML, like Gecko) Chrome/148.0.7778.96 Safari/537.36"
69.72.244.151 - - [21/Jun/2026:17:04:17 +0000] "POST /wp-cron.php?doing_wp_cron=1782061457.8880589008331298828125 HTTP/1.1" 200 0 "-" "WordPress/7.0; https://www.jubaroyaltravel.com"
136.144.35.53 - - [21/Jun/2026:17:04:16 +0000] "POST /wp-login.php HTTP/1.1" 200 6742 "-" "Mozilla/5.0"
216.73.216.39 - - [21/Jun/2026:17:05:02 +0000] "GET /robots.txt HTTP/2" 200 106 "-" "Mozilla/5.0 AppleWebKit/537.36 (KHTML, like Gecko; compatible; ClaudeBot/1.0; +claudebot@anthropic.com)"
69.72.244.151 - - [21/Jun/2026:17:05:04 +0000] "POST /wp-cron.php?doing_wp_cron=1782061504.0706639289855957031250 HTTP/1.1" 200 0 "-" "WordPress/7.0; https://www.jubaroyaltravel.com"
216.73.216.39 - - [21/Jun/2026:17:05:02 +0000] "GET / HTTP/2" 200 42964 "-" "Mozilla/5.0 AppleWebKit/537.36 (KHTML, like Gecko; compatible; ClaudeBot/1.0; +claudebot@anthropic.com)"
69.72.244.151 - - [21/Jun/2026:17:05:13 +0000] "POST /wp-cron.php?doing_wp_cron=1782061513.5434269905090332031250 HTTP/1.1" 200 0 "-" "WordPress/7.0; https://www.jubaroyaltravel.com"
80.78.28.84 - - [21/Jun/2026:17:05:13 +0000] "GET /wp-login.php HTTP/2" 200 2038 "-" "Mozilla/5.0 (Windows NT 10.0; Win64; x64) AppleWebKit/537.36 (KHTML, like Gecko) Chrome/120.0.0.0 Safari/537.36"
80.78.28.84 - - [21/Jun/2026:17:05:13 +0000] "GET /wp-login.php HTTP/2" 200 2038 "-" "Mozilla/5.0 (Windows NT 10.0; Win64; x64) AppleWebKit/537.36 (KHTML, like Gecko) Chrome/120.0.0.0 Safari/537.36"
80.78.28.84 - - [21/Jun/2026:17:05:13 +0000] "POST /wp-login.php HTTP/2" 200 2209 "https://www.jubaroyaltravel.com/wp-login.php" "Mozilla/5.0 (Windows NT 10.0; Win64; x64) AppleWebKit/537.36 (KHTML, like Gecko) Chrome/120.0.0.0 Safari/537.36"
66.249.64.130 - - [21/Jun/2026:17:05:39 +0000] "GET /products/detail/popular/j106328385/ HTTP/1.1" 404 27931 "-" "Mozilla/5.0 (Linux; Android 6.0.1; Nexus 5X Build/MMB29P) AppleWebKit/537.36 (KHTML, like Gecko) Chrome/148.0.7778.96 Mobile Safari/537.36 (compatible; Googlebot/2.1; +http://www.google.com/bot.html)"
66.249.64.130 - - [21/Jun/2026:17:05:39 +0000] "GET /products/detail/affordable/j106187649 HTTP/1.1" 404 27935 "-" "Mozilla/5.0 (Linux; Android 6.0.1; Nexus 5X Build/MMB29P) AppleWebKit/537.36 (KHTML, like Gecko) Chrome/148.0.7778.96 Mobile Safari/537.36 (compatible; Googlebot/2.1; +http://www.google.com/bot.html)"
66.249.64.129 - - [21/Jun/2026:17:05:40 +0000] "GET /products/detail/shop/j106297511 HTTP/1.1" 404 27965 "-" "Mozilla/5.0 (Linux; Android 6.0.1; Nexus 5X Build/MMB29P) AppleWebKit/537.36 (KHTML, like Gecko) Chrome/148.0.7778.96 Mobile Safari/537.36 (compatible; Googlebot/2.1; +http://www.google.com/bot.html)"
52.167.144.56 - - [21/Jun/2026:17:06:20 +0000] "GET /robots.txt HTTP/2" 200 106 "-" "Mozilla/5.0 AppleWebKit/537.36 (KHTML, like Gecko; compatible; bingbot/2.0; +http://www.bing.com/bingbot.htm) Chrome/116.0.1938.76 Safari/537.36"
69.72.244.151 - - [21/Jun/2026:17:06:30 +0000] "POST /wp-cron.php?doing_wp_cron=1782061590.3874061107635498046875 HTTP/1.1" 200 0 "-" "WordPress/7.0; https://www.jubaroyaltravel.com"
69.72.244.151 - - [21/Jun/2026:17:06:30 +0000] "POST /wp-cron.php?doing_wp_cron=1782061590.4104499816894531250000 HTTP/1.1" 200 0 "-" "WordPress/7.0; https://www.jubaroyaltravel.com"
40.77.167.224 - - [21/Jun/2026:17:06:30 +0000] "GET /destinations/kigali HTTP/2" 301 0 "-" "Mozilla/5.0 AppleWebKit/537.36 (KHTML, like Gecko; compatible; bingbot/2.0; +http://www.bing.com/bingbot.htm) Chrome/116.0.1938.76 Safari/537.36"
40.77.167.78 - - [21/Jun/2026:17:06:40 +0000] "GET /destinations/kigali/ HTTP/2" 200 36876 "-" "Mozilla/5.0 AppleWebKit/537.36 (KHTML, like Gecko; compatible; bingbot/2.0; +http://www.bing.com/bingbot.htm) Chrome/116.0.1938.76 Safari/537.36"
198.235.24.28 - - [21/Jun/2026:17:08:10 +0000] "GET / HTTP/1.1" 401 36 "http://cpcontacts.jubaroyaltravel.com/" "Hello from Palo Alto Networks, find out more about our scans in https://docs-cortex.paloaltonetworks.com/r/1/Cortex-Xpanse/Scanning-activity"
69.72.244.151 - - [21/Jun/2026:17:11:32 +0000] "POST /wp-cron.php?doing_wp_cron=1782061892.0293710231781005859375 HTTP/1.1" 200 0 "-" "WordPress/7.0; https://www.jubaroyaltravel.com"
173.236.215.92 - - [21/Jun/2026:17:11:30 +0000] "GET /wp-login.php HTTP/2" 200 2038 "-" "Mozilla/5.0 (Windows NT 10.0; Win64; x64) AppleWebKit/537.36 (KHTML, like Gecko) Chrome/120.0.0.0 Safari/537.36"
173.236.215.92 - - [21/Jun/2026:17:11:32 +0000] "GET /wp-login.php HTTP/2" 200 2038 "-" "Mozilla/5.0 (Windows NT 10.0; Win64; x64) AppleWebKit/537.36 (KHTML, like Gecko) Chrome/120.0.0.0 Safari/537.36"
173.236.215.92 - - [21/Jun/2026:17:11:32 +0000] "POST /wp-login.php HTTP/2" 200 2209 "https://www.jubaroyaltravel.com/wp-login.php" "Mozilla/5.0 (Windows NT 10.0; Win64; x64) AppleWebKit/537.36 (KHTML, like Gecko) Chrome/120.0.0.0 Safari/537.36"
136.144.35.35 - - [21/Jun/2026:17:11:49 +0000] "POST /wp-login.php HTTP/1.1" 200 6742 "-" "Mozilla/5.0"
20.226.42.95 - - [21/Jun/2026:17:12:57 +0000] "GET /wp-content/plugins/hellopress/wp_filemanager.php HTTP/1.1" 401 36 "-" "-"
20.226.42.95 - - [21/Jun/2026:17:12:57 +0000] "GET /this_is_a_new_hello_world.php HTTP/1.1" 401 36 "-" "-"
20.226.42.95 - - [21/Jun/2026:17:12:58 +0000] "GET /1.php HTTP/1.1" 401 36 "-" "-"
20.226.42.95 - - [21/Jun/2026:17:12:59 +0000] "GET /dropdown.php HTTP/1.1" 401 36 "-" "-"
20.226.42.95 - - [21/Jun/2026:17:12:59 +0000] "GET /wp-content/languages/index.php HTTP/1.1" 401 36 "-" "-"
20.226.42.95 - - [21/Jun/2026:17:12:59 +0000] "GET /wen.php HTTP/1.1" 401 36 "-" "-"
20.226.42.95 - - [21/Jun/2026:17:13:00 +0000] "GET /zfe.php HTTP/1.1" 401 36 "-" "-"
69.72.244.151 - - [21/Jun/2026:17:13:00 +0000] "POST /wp-cron.php?doing_wp_cron=1782061980.6840078830718994140625 HTTP/1.1" 200 0 "-" "WordPress/7.0; https://www.jubaroyaltravel.com"
66.249.64.130 - - [21/Jun/2026:17:12:59 +0000] "GET /items/W100906684/ HTTP/1.1" 404 27926 "-" "Mozilla/5.0 (Linux; Android 6.0.1; Nexus 5X Build/MMB29P) AppleWebKit/537.36 (KHTML, like Gecko) Chrome/148.0.7778.96 Mobile Safari/537.36 (compatible; Googlebot/2.1; +http://www.google.com/bot.html)"
20.226.42.95 - - [21/Jun/2026:17:13:00 +0000] "GET /city-ajax.php HTTP/1.1" 401 36 "-" "-"
20.226.42.95 - - [21/Jun/2026:17:13:01 +0000] "GET /pp.php HTTP/1.1" 401 36 "-" "-"
66.249.64.130 - - [21/Jun/2026:17:13:01 +0000] "GET /products/detail/jp/j106371157 HTTP/1.1" 404 27920 "-" "Mozilla/5.0 (Linux; Android 6.0.1; Nexus 5X Build/MMB29P) AppleWebKit/537.36 (KHTML, like Gecko) Chrome/148.0.7778.96 Mobile Safari/537.36 (compatible; Googlebot/2.1; +http://www.google.com/bot.html)"
20.226.42.95 - - [21/Jun/2026:17:13:01 +0000] "GET /crgio.php HTTP/1.1" 401 36 "-" "-"
20.226.42.95 - - [21/Jun/2026:17:13:02 +0000] "GET /z.php HTTP/1.1" 401 36 "-" "-"
20.226.42.95 - - [21/Jun/2026:17:13:03 +0000] "GET /x.php HTTP/1.1" 401 36 "-" "-"
20.226.42.95 - - [21/Jun/2026:17:13:03 +0000] "GET /00:.php HTTP/1.1" 401 36 "-" "-"
20.226.42.95 - - [21/Jun/2026:17:13:04 +0000] "GET /edit-css.php HTTP/1.1" 401 36 "-" "-"
20.226.42.95 - - [21/Jun/2026:17:13:04 +0000] "GET /rip.php HTTP/1.1" 401 36 "-" "-"
20.226.42.95 - - [21/Jun/2026:17:13:05 +0000] "GET /phpinfo.php HTTP/1.1" 401 36 "-" "-"
20.226.42.95 - - [21/Jun/2026:17:13:05 +0000] "GET /cv.php HTTP/1.1" 401 36 "-" "-"
20.226.42.95 - - [21/Jun/2026:17:13:06 +0000] "GET /0byte.php HTTP/1.1" 401 36 "-" "-"
20.226.42.95 - - [21/Jun/2026:17:13:06 +0000] "GET /amax.php HTTP/1.1" 401 36 "-" "-"
20.226.42.95 - - [21/Jun/2026:17:13:07 +0000] "GET /a4.php HTTP/1.1" 401 36 "-" "-"
20.226.42.95 - - [21/Jun/2026:17:13:07 +0000] "GET /01.php HTTP/1.1" 401 36 "-" "-"
20.226.42.95 - - [21/Jun/2026:17:13:08 +0000] "GET /atomlib.php HTTP/1.1" 401 36 "-" "-"
20.226.42.95 - - [21/Jun/2026:17:13:08 +0000] "GET /r.php HTTP/1.1" 401 36 "-" "-"
20.226.42.95 - - [21/Jun/2026:17:13:09 +0000] "GET /class.1.php HTTP/1.1" 401 36 "-" "-"
20.226.42.95 - - [21/Jun/2026:17:13:09 +0000] "GET /mh.php HTTP/1.1" 401 36 "-" "-"
20.226.42.95 - - [21/Jun/2026:17:13:10 +0000] "GET /op.php HTTP/1.1" 401 36 "-" "-"
20.226.42.95 - - [21/Jun/2026:17:13:11 +0000] "GET /shell.php HTTP/1.1" 401 36 "-" "-"
20.226.42.95 - - [21/Jun/2026:17:13:11 +0000] "GET /bb.php HTTP/1.1" 401 36 "-" "-"
20.226.42.95 - - [21/Jun/2026:17:13:12 +0000] "GET /se/name.php HTTP/1.1" 401 36 "-" "-"
69.72.244.151 - - [21/Jun/2026:17:13:12 +0000] "POST /wp-cron.php?doing_wp_cron=1782061992.4061839580535888671875 HTTP/1.1" 200 0 "-" "WordPress/7.0; https://www.jubaroyaltravel.com"
66.249.64.129 - - [21/Jun/2026:17:13:11 +0000] "GET /products/detail/sale/j106146349 HTTP/1.1" 404 27967 "-" "Mozilla/5.0 (Linux; Android 6.0.1; Nexus 5X Build/MMB29P) AppleWebKit/537.36 (KHTML, like Gecko) Chrome/148.0.7778.96 Mobile Safari/537.36 (compatible; Googlebot/2.1; +http://www.google.com/bot.html)"
20.226.42.95 - - [21/Jun/2026:17:13:12 +0000] "GET /fetch.php HTTP/1.1" 401 36 "-" "-"
20.226.42.95 - - [21/Jun/2026:17:13:13 +0000] "GET /bgymj.php HTTP/1.1" 401 36 "-" "-"
20.226.42.95 - - [21/Jun/2026:17:13:13 +0000] "GET /ta.php HTTP/1.1" 401 36 "-" "-"
20.226.42.95 - - [21/Jun/2026:17:13:14 +0000] "GET /wp-load.php HTTP/1.1" 401 36 "-" "-"
20.226.42.95 - - [21/Jun/2026:17:13:15 +0000] "GET /lp6.php HTTP/1.1" 401 36 "-" "-"
20.226.42.95 - - [21/Jun/2026:17:13:15 +0000] "GET /wp-good.php HTTP/1.1" 401 36 "-" "-"
20.226.42.95 - - [21/Jun/2026:17:13:16 +0000] "GET /ffd.php HTTP/1.1" 401 36 "-" "-"
20.226.42.95 - - [21/Jun/2026:17:13:16 +0000] "GET /ole.php HTTP/1.1" 401 36 "-" "-"
20.226.42.95 - - [21/Jun/2026:17:13:17 +0000] "GET /3301.php HTTP/1.1" 401 36 "-" "-"
20.226.42.95 - - [21/Jun/2026:17:13:18 +0000] "GET /lang/en.php HTTP/1.1" 401 36 "-" "-"
20.226.42.95 - - [21/Jun/2026:17:13:18 +0000] "GET /wso1337.php HTTP/1.1" 401 36 "-" "-"
20.226.42.95 - - [21/Jun/2026:17:13:18 +0000] "GET /class-t.api.php HTTP/1.1" 401 36 "-" "-"
20.226.42.95 - - [21/Jun/2026:17:13:19 +0000] "GET /samll.php HTTP/1.1" 401 36 "-" "-"
20.226.42.95 - - [21/Jun/2026:17:13:20 +0000] "GET /ract.php HTTP/1.1" 401 36 "-" "-"
20.226.42.95 - - [21/Jun/2026:17:13:20 +0000] "GET /luuf.php HTTP/1.1" 401 36 "-" "-"
20.226.42.95 - - [21/Jun/2026:17:13:21 +0000] "GET /la.php HTTP/1.1" 401 36 "-" "-"
20.226.42.95 - - [21/Jun/2026:17:13:21 +0000] "GET /xx.php HTTP/1.1" 401 36 "-" "-"
20.226.42.95 - - [21/Jun/2026:17:13:22 +0000] "GET /mal.php HTTP/1.1" 401 36 "-" "-"
20.226.42.95 - - [21/Jun/2026:17:13:22 +0000] "GET /bnn_.php HTTP/1.1" 401 36 "-" "-"
20.226.42.95 - - [21/Jun/2026:17:13:23 +0000] "GET /wp-admin/network/edit.php HTTP/1.1" 401 36 "-" "-"
20.226.42.95 - - [21/Jun/2026:17:13:24 +0000] "GET /x.php HTTP/1.1" 401 36 "-" "-"
20.226.42.95 - - [21/Jun/2026:17:13:24 +0000] "GET /wp-includes/css/ HTTP/1.1" 401 36 "-" "-"
20.226.42.95 - - [21/Jun/2026:17:13:24 +0000] "GET /xml.php HTTP/1.1" 401 36 "-" "-"
20.226.42.95 - - [21/Jun/2026:17:13:25 +0000] "GET /wp HTTP/1.1" 401 36 "-" "-"
20.226.42.95 - - [21/Jun/2026:17:13:26 +0000] "GET /41.php HTTP/1.1" 401 36 "-" "-"
20.226.42.95 - - [21/Jun/2026:17:13:26 +0000] "GET /ellv3.php HTTP/1.1" 401 36 "-" "-"
20.226.42.95 - - [21/Jun/2026:17:13:26 +0000] "GET /Update/f35.php HTTP/1.1" 401 36 "-" "-"
20.226.42.95 - - [21/Jun/2026:17:13:27 +0000] "GET /o.php HTTP/1.1" 401 36 "-" "-"
20.226.42.95 - - [21/Jun/2026:17:13:27 +0000] "GET /shell20211028.php HTTP/1.1" 401 36 "-" "-"
20.226.42.95 - - [21/Jun/2026:17:13:28 +0000] "GET /wp-sign.php HTTP/1.1" 401 36 "-" "-"
20.226.42.95 - - [21/Jun/2026:17:13:28 +0000] "GET /as.php HTTP/1.1" 401 36 "-" "-"
20.226.42.95 - - [21/Jun/2026:17:13:29 +0000] "GET /mamzi.php HTTP/1.1" 401 36 "-" "-"
20.226.42.95 - - [21/Jun/2026:17:13:29 +0000] "GET /bk.php HTTP/1.1" 401 36 "-" "-"
20.226.42.95 - - [21/Jun/2026:17:13:30 +0000] "GET /wp4.php HTTP/1.1" 401 36 "-" "-"
20.226.42.95 - - [21/Jun/2026:17:13:30 +0000] "GET /.tmb/LA.php HTTP/1.1" 401 36 "-" "-"
20.226.42.95 - - [21/Jun/2026:17:13:31 +0000] "GET /am.php HTTP/1.1" 401 36 "-" "-"
20.226.42.95 - - [21/Jun/2026:17:13:32 +0000] "GET /sid3.php HTTP/1.1" 401 36 "-" "-"
20.226.42.95 - - [21/Jun/2026:17:13:32 +0000] "GET /elect.php HTTP/1.1" 401 36 "-" "-"
20.226.42.95 - - [21/Jun/2026:17:13:33 +0000] "GET /lala.php HTTP/1.1" 401 36 "-" "-"
20.226.42.95 - - [21/Jun/2026:17:13:33 +0000] "GET /f.php HTTP/1.1" 401 36 "-" "-"
20.226.42.95 - - [21/Jun/2026:17:13:34 +0000] "GET /wp-admin/ HTTP/1.1" 401 36 "-" "-"
20.226.42.95 - - [21/Jun/2026:17:13:34 +0000] "GET /wp-content/shell.php HTTP/1.1" 401 36 "-" "-"
20.226.42.95 - - [21/Jun/2026:17:13:35 +0000] "GET /jindex.php HTTP/1.1" 401 36 "-" "-"
20.226.42.95 - - [21/Jun/2026:17:13:35 +0000] "GET /anone.php HTTP/1.1" 401 36 "-" "-"
20.226.42.95 - - [21/Jun/2026:17:13:36 +0000] "GET /ffile.php HTTP/1.1" 401 36 "-" "-"
20.226.42.95 - - [21/Jun/2026:17:13:36 +0000] "GET /8xyz.php HTTP/1.1" 401 36 "-" "-"
20.226.42.95 - - [21/Jun/2026:17:13:37 +0000] "GET /wp-conflg.php HTTP/1.1" 401 36 "-" "-"
20.226.42.95 - - [21/Jun/2026:17:13:37 +0000] "GET /jp.php HTTP/1.1" 401 36 "-" "-"
20.226.42.95 - - [21/Jun/2026:17:13:38 +0000] "GET /revealability.php HTTP/1.1" 401 36 "-" "-"
20.226.42.95 - - [21/Jun/2026:17:13:39 +0000] "GET /t.php HTTP/1.1" 401 36 "-" "-"
20.226.42.95 - - [21/Jun/2026:17:13:39 +0000] "GET /s.php HTTP/1.1" 401 36 "-" "-"
20.226.42.95 - - [21/Jun/2026:17:13:40 +0000] "GET /wp_wlx.php HTTP/1.1" 401 36 "-" "-"
20.226.42.95 - - [21/Jun/2026:17:13:42 +0000] "GET /ct.php HTTP/1.1" 401 36 "-" "-"
20.226.42.95 - - [21/Jun/2026:17:13:43 +0000] "GET /wp-conflg.php HTTP/1.1" 401 36 "-" "-"
20.226.42.95 - - [21/Jun/2026:17:13:43 +0000] "GET /ver.php HTTP/1.1" 401 36 "-" "-"
20.226.42.95 - - [21/Jun/2026:17:13:44 +0000] "GET /il.php HTTP/1.1" 401 36 "-" "-"
20.226.42.95 - - [21/Jun/2026:17:13:44 +0000] "GET /tphp.php HTTP/1.1" 401 36 "-" "-"
20.226.42.95 - - [21/Jun/2026:17:13:45 +0000] "GET /blog.php HTTP/1.1" 401 36 "-" "-"
20.226.42.95 - - [21/Jun/2026:17:13:45 +0000] "GET /shell.php HTTP/1.1" 401 36 "-" "-"
20.226.42.95 - - [21/Jun/2026:17:13:46 +0000] "GET /x_3.php HTTP/1.1" 401 36 "-" "-"
20.226.42.95 - - [21/Jun/2026:17:13:47 +0000] "GET /cache.php HTTP/1.1" 401 36 "-" "-"
20.226.42.95 - - [21/Jun/2026:17:13:47 +0000] "GET /ccou.php HTTP/1.1" 401 36 "-" "-"
20.226.42.95 - - [21/Jun/2026:17:13:48 +0000] "GET /wso2.php HTTP/1.1" 401 36 "-" "-"
20.226.42.95 - - [21/Jun/2026:17:13:48 +0000] "GET /environment.php HTTP/1.1" 401 36 "-" "-"
20.226.42.95 - - [21/Jun/2026:17:13:49 +0000] "GET /wp-ver.php HTTP/1.1" 401 36 "-" "-"
20.226.42.95 - - [21/Jun/2026:17:13:49 +0000] "GET /wso.php HTTP/1.1" 401 36 "-" "-"
20.226.42.95 - - [21/Jun/2026:17:13:49 +0000] "GET /wp-is.php HTTP/1.1" 401 36 "-" "-"
20.226.42.95 - - [21/Jun/2026:17:13:50 +0000] "GET /ff1.php HTTP/1.1" 401 36 "-" "-"
20.226.42.95 - - [21/Jun/2026:17:13:50 +0000] "GET /assacc.php HTTP/1.1" 401 36 "-" "-"
20.226.42.95 - - [21/Jun/2026:17:13:51 +0000] "GET /data.php HTTP/1.1" 401 36 "-" "-"
20.226.42.95 - - [21/Jun/2026:17:13:51 +0000] "GET /xa.php HTTP/1.1" 401 36 "-" "-"
20.226.42.95 - - [21/Jun/2026:17:13:52 +0000] "GET /pass4.php HTTP/1.1" 401 36 "-" "-"
20.226.42.95 - - [21/Jun/2026:17:13:52 +0000] "GET /drykl.php HTTP/1.1" 401 36 "-" "-"
20.226.42.95 - - [21/Jun/2026:17:13:53 +0000] "GET /mar.php HTTP/1.1" 401 36 "-" "-"
20.226.42.95 - - [21/Jun/2026:17:13:54 +0000] "GET /index_w.php HTTP/1.1" 401 36 "-" "-"
20.226.42.95 - - [21/Jun/2026:17:13:54 +0000] "GET /Geforce.php HTTP/1.1" 401 36 "-" "-"
20.226.42.95 - - [21/Jun/2026:17:13:55 +0000] "GET /sterJs.php HTTP/1.1" 401 36 "-" "-"
20.226.42.95 - - [21/Jun/2026:17:13:55 +0000] "GET /plugins.php HTTP/1.1" 401 36 "-" "-"
20.226.42.95 - - [21/Jun/2026:17:13:56 +0000] "GET /lala.php HTTP/1.1" 401 36 "-" "-"
20.226.42.95 - - [21/Jun/2026:17:13:56 +0000] "GET /contact-demo.php HTTP/1.1" 401 36 "-" "-"
20.226.42.95 - - [21/Jun/2026:17:13:57 +0000] "GET /ms-edit.php HTTP/1.1" 401 36 "-" "-"
20.226.42.95 - - [21/Jun/2026:17:13:57 +0000] "GET /06.php HTTP/1.1" 401 36 "-" "-"
20.226.42.95 - - [21/Jun/2026:17:13:58 +0000] "GET /sf.php HTTP/1.1" 401 36 "-" "-"
20.226.42.95 - - [21/Jun/2026:17:13:59 +0000] "GET /900.php HTTP/1.1" 401 36 "-" "-"
20.226.42.95 - - [21/Jun/2026:17:13:59 +0000] "GET /lf.php HTTP/1.1" 401 36 "-" "-"
20.226.42.95 - - [21/Jun/2026:17:14:00 +0000] "GET /wmore1.php HTTP/1.1" 401 36 "-" "-"
20.226.42.95 - - [21/Jun/2026:17:14:00 +0000] "GET /larva.php HTTP/1.1" 401 36 "-" "-"
20.226.42.95 - - [21/Jun/2026:17:14:01 +0000] "GET /wp-content/themes/about.php HTTP/1.1" 401 36 "-" "-"
20.226.42.95 - - [21/Jun/2026:17:14:01 +0000] "GET /i.php HTTP/1.1" 401 36 "-" "-"
20.226.42.95 - - [21/Jun/2026:17:14:02 +0000] "GET /file.php HTTP/1.1" 401 36 "-" "-"
20.226.42.95 - - [21/Jun/2026:17:14:02 +0000] "GET /nyan.php HTTP/1.1" 401 36 "-" "-"
20.226.42.95 - - [21/Jun/2026:17:14:03 +0000] "GET /ak.php HTTP/1.1" 401 36 "-" "-"
20.226.42.95 - - [21/Jun/2026:17:14:03 +0000] "GET /fun.php HTTP/1.1" 401 36 "-" "-"
20.226.42.95 - - [21/Jun/2026:17:14:04 +0000] "GET /ap.php HTTP/1.1" 401 36 "-" "-"
20.226.42.95 - - [21/Jun/2026:17:14:04 +0000] "GET /flower.php HTTP/1.1" 401 36 "-" "-"
20.226.42.95 - - [21/Jun/2026:17:14:05 +0000] "GET /wp-rss2.php HTTP/1.1" 401 36 "-" "-"
20.226.42.95 - - [21/Jun/2026:17:14:05 +0000] "GET /eetu.php HTTP/1.1" 401 36 "-" "-"
20.226.42.95 - - [21/Jun/2026:17:14:06 +0000] "GET /contact-us.php HTTP/1.1" 401 36 "-" "-"
20.226.42.95 - - [21/Jun/2026:17:14:07 +0000] "GET /ph33w.php HTTP/1.1" 401 36 "-" "-"
20.226.42.95 - - [21/Jun/2026:17:14:08 +0000] "GET /cs.php HTTP/1.1" 401 36 "-" "-"
20.226.42.95 - - [21/Jun/2026:17:14:08 +0000] "GET /at/name.php HTTP/1.1" 401 36 "-" "-"
20.226.42.95 - - [21/Jun/2026:17:14:09 +0000] "GET /rJs.php HTTP/1.1" 401 36 "-" "-"
20.226.42.95 - - [21/Jun/2026:17:14:09 +0000] "GET /fi.php HTTP/1.1" 401 36 "-" "-"
20.226.42.95 - - [21/Jun/2026:17:14:10 +0000] "GET /5index.php HTTP/1.1" 401 36 "-" "-"
20.226.42.95 - - [21/Jun/2026:17:14:10 +0000] "GET /wp-update.php HTTP/1.1" 401 36 "-" "-"
20.226.42.95 - - [21/Jun/2026:17:14:11 +0000] "GET /2026.php HTTP/1.1" 401 36 "-" "-"
20.226.42.95 - - [21/Jun/2026:17:14:11 +0000] "GET /Wp-good.php HTTP/1.1" 401 36 "-" "-"
20.226.42.95 - - [21/Jun/2026:17:14:12 +0000] "GET /rip.php HTTP/1.1" 401 36 "-" "-"
20.226.42.95 - - [21/Jun/2026:17:14:12 +0000] "GET /c99.php HTTP/1.1" 401 36 "-" "-"
20.226.42.95 - - [21/Jun/2026:17:14:13 +0000] "GET /system.php HTTP/1.1" 401 36 "-" "-"
20.226.42.95 - - [21/Jun/2026:17:14:13 +0000] "GET /wp-content/ HTTP/1.1" 401 36 "-" "-"
20.226.42.95 - - [21/Jun/2026:17:14:14 +0000] "GET /shx.php HTTP/1.1" 401 36 "-" "-"
20.226.42.95 - - [21/Jun/2026:17:14:14 +0000] "GET /8.php HTTP/1.1" 401 36 "-" "-"
20.226.42.95 - - [21/Jun/2026:17:14:15 +0000] "GET /wp-tivate.php HTTP/1.1" 401 36 "-" "-"
69.72.244.151 - - [21/Jun/2026:17:15:19 +0000] "POST /wp-cron.php?doing_wp_cron=1782062119.2821071147918701171875 HTTP/1.1" 200 0 "-" "WordPress/7.0; https://www.jubaroyaltravel.com"
181.224.66.234 - - [21/Jun/2026:17:15:16 +0000] "GET /activities/culture/ HTTP/1.1" 200 42698 "-" "Mozilla/5.0 (Windows NT 6.3; Win64; x64) AppleWebKit/537.36 (KHTML, like Gecko) Brave Chrome/84.0.4147.105 Safari/537.36"
196.64.209.93 - - [21/Jun/2026:17:15:54 +0000] "GET /.env HTTP/1.1" 404 5749 "-" "-"
196.64.209.93 - - [21/Jun/2026:17:15:54 +0000] "GET /.env HTTP/1.1" 400 52 "-" "-"
196.64.209.93 - - [21/Jun/2026:17:15:54 +0000] "GET /.env HTTP/1.1" 401 36 "-" "-"
196.64.209.93 - - [21/Jun/2026:17:15:54 +0000] "GET /.env HTTP/1.1" 404 5750 "-" "-"
196.64.209.93 - - [21/Jun/2026:17:15:54 +0000] "GET /.env HTTP/1.1" 401 36 "-" "-"
196.64.209.93 - - [21/Jun/2026:17:15:54 +0000] "GET /.env HTTP/1.1" 200 1220 "-" "-"
196.64.209.93 - - [21/Jun/2026:17:15:54 +0000] "GET /.env HTTP/1.1" 200 1220 "-" "-"
196.64.209.93 - - [21/Jun/2026:17:15:54 +0000] "GET /.env HTTP/1.1" 200 1220 "-" "-"
196.64.209.93 - - [21/Jun/2026:17:15:54 +0000] "GET /.env HTTP/1.1" 200 1220 "-" "-"
69.72.244.151 - - [21/Jun/2026:17:19:28 +0000] "POST /wp-cron.php?doing_wp_cron=1782062368.6735689640045166015625 HTTP/1.1" 200 0 "-" "WordPress/7.0; https://www.jubaroyaltravel.com"
136.144.35.56 - - [21/Jun/2026:17:19:26 +0000] "POST /wp-login.php HTTP/1.1" 200 6742 "-" "Mozilla/5.0"
69.72.244.151 - - [21/Jun/2026:17:21:28 +0000] "POST /wp-cron.php?doing_wp_cron=1782062488.9612469673156738281250 HTTP/1.1" 200 0 "-" "WordPress/7.0; https://www.jubaroyaltravel.com"
66.249.64.130 - - [21/Jun/2026:17:21:26 +0000] "GET /products/detail/clearance/j10634407 HTTP/1.1" 404 27930 "-" "Mozilla/5.0 (Linux; Android 6.0.1; Nexus 5X Build/MMB29P) AppleWebKit/537.36 (KHTML, like Gecko) Chrome/148.0.7778.96 Mobile Safari/537.36 (compatible; Googlebot/2.1; +http://www.google.com/bot.html)"
69.72.244.151 - - [21/Jun/2026:17:23:10 +0000] "POST /wp-cron.php?doing_wp_cron=1782062590.4405930042266845703125 HTTP/1.1" 200 0 "-" "WordPress/7.0; https://www.jubaroyaltravel.com"
91.196.231.175 - - [21/Jun/2026:17:23:08 +0000] "GET /products/detail/quality/j106214305 HTTP/1.1" 404 32534 "-" "Mozilla/5.0 (Windows NT 6.3) AppleWebKit/537.36 (KHTML, like Gecko) Chrome/107.0.0.0 Safari/537.36"
69.72.244.151 - - [21/Jun/2026:17:26:16 +0000] "POST /wp-cron.php?doing_wp_cron=1782062776.2498691082000732421875 HTTP/1.1" 200 0 "-" "WordPress/7.0; https://www.jubaroyaltravel.com"
66.249.64.131 - - [21/Jun/2026:17:26:14 +0000] "GET /products/detail/the/j106381512 HTTP/1.1" 404 27930 "-" "Mozilla/5.0 (Linux; Android 6.0.1; Nexus 5X Build/MMB29P) AppleWebKit/537.36 (KHTML, like Gecko) Chrome/148.0.7778.96 Mobile Safari/537.36 (compatible; Googlebot/2.1; +http://www.google.com/bot.html)"
80.78.28.84 - - [21/Jun/2026:17:26:27 +0000] "GET /wp-login.php HTTP/2" 200 2038 "-" "Mozilla/5.0 (Windows NT 10.0; Win64; x64) AppleWebKit/537.36 (KHTML, like Gecko) Chrome/120.0.0.0 Safari/537.36"
80.78.28.84 - - [21/Jun/2026:17:26:28 +0000] "GET /wp-login.php HTTP/2" 200 2038 "-" "Mozilla/5.0 (Windows NT 10.0; Win64; x64) AppleWebKit/537.36 (KHTML, like Gecko) Chrome/120.0.0.0 Safari/537.36"
80.78.28.84 - - [21/Jun/2026:17:26:29 +0000] "POST /wp-login.php HTTP/2" 200 2209 "https://www.jubaroyaltravel.com/wp-login.php" "Mozilla/5.0 (Windows NT 10.0; Win64; x64) AppleWebKit/537.36 (KHTML, like Gecko) Chrome/120.0.0.0 Safari/537.36"
66.249.64.130 - - [21/Jun/2026:17:26:29 +0000] "GET /products/detail/shopping/j10681047 HTTP/1.1" 404 27930 "-" "Mozilla/5.0 (Linux; Android 6.0.1; Nexus 5X Build/MMB29P) AppleWebKit/537.36 (KHTML, like Gecko) Chrome/148.0.7778.96 Mobile Safari/537.36 (compatible; Googlebot/2.1; +http://www.google.com/bot.html)"
69.72.244.151 - - [21/Jun/2026:17:27:00 +0000] "POST /wp-cron.php?doing_wp_cron=1782062820.7830219268798828125000 HTTP/1.1" 200 0 "-" "WordPress/7.0; https://www.jubaroyaltravel.com"
136.144.35.57 - - [21/Jun/2026:17:27:00 +0000] "POST /wp-login.php HTTP/1.1" 200 6742 "-" "Mozilla/5.0"
69.72.244.151 - - [21/Jun/2026:17:27:53 +0000] "POST /wp-cron.php?doing_wp_cron=1782062873.6325180530548095703125 HTTP/1.1" 200 0 "-" "WordPress/7.0; https://www.jubaroyaltravel.com"
66.249.89.65 - - [21/Jun/2026:17:27:53 +0000] "GET /products/detail/arrival/j106208119 HTTP/1.1" 404 27923 "-" "Mozilla/5.0 (X11; Linux x86_64) AppleWebKit/537.36 (KHTML, like Gecko) Chrome/148.0.7778.96 Safari/537.36"
69.72.244.151 - - [21/Jun/2026:17:29:19 +0000] "POST /wp-cron.php?doing_wp_cron=1782062959.0150470733642578125000 HTTP/1.1" 200 0 "-" "WordPress/7.0; https://www.jubaroyaltravel.com"
66.249.64.130 - - [21/Jun/2026:17:29:16 +0000] "GET /products/detail/brand/j106458081 HTTP/1.1" 404 27942 "-" "Mozilla/5.0 (Linux; Android 6.0.1; Nexus 5X Build/MMB29P) AppleWebKit/537.36 (KHTML, like Gecko) Chrome/148.0.7778.96 Mobile Safari/537.36 (compatible; Googlebot/2.1; +http://www.google.com/bot.html)"
69.72.244.151 - - [21/Jun/2026:17:30:29 +0000] "POST /wp-cron.php?doing_wp_cron=1782063029.9771111011505126953125 HTTP/1.1" 200 0 "-" "WordPress/7.0; https://www.jubaroyaltravel.com"
