103.13.193.85 - - [22/Jun/2026:02:52:54 +0000] "GET /vrjtc.php HTTP/1.1" 404 27883 "https://www.google.com/" "Mozilla/5.0 (Windows NT 10.0; Win64; x64) AppleWebKit/537.36 (KHTML, like Gecko) Chrome/91.0.4472.124 Safari/537.36"
103.13.193.85 - - [22/Jun/2026:02:52:56 +0000] "GET /wp-admin/theme-install.php?tab=upload HTTP/1.1" 200 73419 "https://www.google.com/" "Mozilla/5.0 (Windows NT 10.0; Win64; x64) AppleWebKit/537.36 (KHTML, like Gecko) Chrome/91.0.4472.124 Safari/537.36"
69.72.244.151 - - [22/Jun/2026:02:52:58 +0000] "POST /wp-cron.php?doing_wp_cron=1782096778.9481389522552490234375 HTTP/1.1" 200 0 "-" "WordPress/7.0; https://www.jubaroyaltravel.com"
103.13.193.85 - - [22/Jun/2026:02:52:57 +0000] "POST /wp-admin/update.php?action=upload-theme HTTP/1.1" 200 68717 "https://jubaroyaltravel.com/wp-admin/theme-install.php" "Mozilla/5.0 (Windows NT 10.0; Win64; x64) AppleWebKit/537.36 (KHTML, like Gecko) Chrome/132.0.0.0 Safari/537.36"
103.13.193.85 - - [22/Jun/2026:02:52:59 +0000] "GET /wp-content/themes/ybtzi/index.php HTTP/1.1" 301 0 "https://www.google.com/" "Mozilla/5.0 (Windows NT 10.0; Win64; x64) AppleWebKit/537.36 (KHTML, like Gecko) Chrome/91.0.4472.124 Safari/537.36"
103.13.193.85 - - [22/Jun/2026:02:53:01 +0000] "GET /wp-content/themes/ybtzi/ HTTP/1.1" 404 1251 "https://www.google.com/" "Mozilla/5.0 (Windows NT 10.0; Win64; x64) AppleWebKit/537.36 (KHTML, like Gecko) Chrome/91.0.4472.124 Safari/537.36"
103.13.193.85 - - [22/Jun/2026:02:53:01 +0000] "GET /wp-admin/ HTTP/1.1" 200 97291 "-" "Mozilla/5.0 (Windows NT 10.0; Win64; x64) AppleWebKit/537.36 (KHTML, like Gecko) Chrome/133.0.0.0 Safari/537.36"
103.13.193.85 - - [22/Jun/2026:02:53:03 +0000] "GET /wp-admin/plugin-editor.php?plugin=wp-file-manager%2Ffile_folder_manager.php&Submit=Select HTTP/1.1" 200 100145 "-" "Mozilla/5.0 (Windows NT 10.0; Win64; x64) AppleWebKit/537.36 (KHTML, like Gecko) Chrome/133.0.0.0 Safari/537.36"
69.72.244.151 - - [22/Jun/2026:02:53:04 +0000] "GET /wp-admin/plugin-editor.php?plugin=wp-file-manager%2Ffile_folder_manager.php&file=wp-file-manager%2Ffile_folder_manager.php&wp_scrape_key=afe42230744dc3782a2bb6f5dbcf113f&wp_scrape_nonce=1696389669 HTTP/1.1" 200 6288 "-" "WordPress/7.0; https://www.jubaroyaltravel.com"
69.72.244.151 - - [22/Jun/2026:02:53:05 +0000] "GET /?wp_scrape_key=afe42230744dc3782a2bb6f5dbcf113f&wp_scrape_nonce=1696389669 HTTP/1.1" 200 5127 "-" "WordPress/7.0; https://www.jubaroyaltravel.com"
103.13.193.85 - - [22/Jun/2026:02:53:04 +0000] "POST /wp-admin/admin-ajax.php HTTP/1.1" 200 56 "-" "Mozilla/5.0 (Windows NT 10.0; Win64; x64) AppleWebKit/537.36 (KHTML, like Gecko) Chrome/133.0.0.0 Safari/537.36"
103.13.193.85 - - [22/Jun/2026:02:53:05 +0000] "GET /wp-content/plugins/wp-file-manager/file_folder_manager.php HTTP/1.1" 200 3187 "https://www.google.com/" "Mozilla/5.0 (Windows NT 10.0; Win64; x64) AppleWebKit/537.36 (KHTML, like Gecko) Chrome/91.0.4472.124 Safari/537.36"
66.249.64.131 - - [22/Jun/2026:02:53:13 +0000] "GET /products/detail/comfortable/j10616856 HTTP/1.1" 200 5102 "-" "Mozilla/5.0 (Linux; Android 6.0.1; Nexus 5X Build/MMB29P) AppleWebKit/537.36 (KHTML, like Gecko) Chrome/148.0.7778.96 Mobile Safari/537.36 (compatible; Googlebot/2.1; +http://www.google.com/bot.html)"
137.184.115.126 - - [22/Jun/2026:02:53:43 +0000] "POST /wp-login.php HTTP/1.1" 200 105840 "-" "Mozilla/5.0"
66.249.64.130 - - [22/Jun/2026:02:54:02 +0000] "GET /products/detail/brand/j106236967 HTTP/1.1" 200 4893 "-" "Mozilla/5.0 (Linux; Android 6.0.1; Nexus 5X Build/MMB29P) AppleWebKit/537.36 (KHTML, like Gecko) Chrome/148.0.7778.96 Mobile Safari/537.36 (compatible; Googlebot/2.1; +http://www.google.com/bot.html)"
66.249.64.129 - - [22/Jun/2026:02:54:02 +0000] "GET /products/detail/classic/j10691104 HTTP/1.1" 200 4893 "-" "Mozilla/5.0 (Linux; Android 6.0.1; Nexus 5X Build/MMB29P) AppleWebKit/537.36 (KHTML, like Gecko) Chrome/148.0.7778.96 Mobile Safari/537.36 (compatible; Googlebot/2.1; +http://www.google.com/bot.html)"
66.249.64.130 - - [22/Jun/2026:02:54:02 +0000] "GET /products/detail/arrival/j106438345 HTTP/1.1" 200 4902 "-" "Mozilla/5.0 (Linux; Android 6.0.1; Nexus 5X Build/MMB29P) AppleWebKit/537.36 (KHTML, like Gecko) Chrome/148.0.7778.96 Mobile Safari/537.36 (compatible; Googlebot/2.1; +http://www.google.com/bot.html)"
66.249.64.129 - - [22/Jun/2026:02:47:48 +0000] "GET /products/detail/expensive/j106311235 HTTP/1.1" 404 27943 "-" "Mozilla/5.0 (Linux; Android 6.0.1; Nexus 5X Build/MMB29P) AppleWebKit/537.36 (KHTML, like Gecko) Chrome/148.0.7778.96 Mobile Safari/537.36 (compatible; Googlebot/2.1; +http://www.google.com/bot.html)"
137.184.115.126 - - [22/Jun/2026:02:47:50 +0000] "POST /wp-login.php HTTP/1.1" 200 6764 "-" "Mozilla/5.0"
69.72.244.151 - - [22/Jun/2026:02:48:18 +0000] "POST /wp-cron.php?doing_wp_cron=1782096498.4469149112701416015625 HTTP/1.1" 200 0 "-" "WordPress/7.0; https://www.jubaroyaltravel.com"
66.249.64.131 - - [22/Jun/2026:02:48:17 +0000] "GET /products/detail/cheap/j106328161 HTTP/1.1" 404 27934 "-" "Mozilla/5.0 (Linux; Android 6.0.1; Nexus 5X Build/MMB29P) AppleWebKit/537.36 (KHTML, like Gecko) Chrome/148.0.7778.96 Mobile Safari/537.36 (compatible; Googlebot/2.1; +http://www.google.com/bot.html)"
66.249.64.130 - - [22/Jun/2026:02:48:47 +0000] "GET /products/detail/cheapest/j106209569 HTTP/1.1" 404 27929 "-" "Mozilla/5.0 (Linux; Android 6.0.1; Nexus 5X Build/MMB29P) AppleWebKit/537.36 (KHTML, like Gecko) Chrome/148.0.7778.96 Mobile Safari/537.36 (compatible; Googlebot/2.1; +http://www.google.com/bot.html)"
69.72.244.151 - - [22/Jun/2026:02:49:26 +0000] "POST /wp-cron.php?doing_wp_cron=1782096566.0050320625305175781250 HTTP/1.1" 200 0 "-" "WordPress/7.0; https://www.jubaroyaltravel.com"
103.13.193.85 - - [22/Jun/2026:02:49:25 +0000] "HEAD / HTTP/1.1" 301 0 "https://jubaroyaltravel.com/" "Mozilla/5.0 (Windows NT 10.0; Win64; x64) AppleWebKit/537.36 (KHTML, like Gecko) Chrome/91.0.4472.124 Safari/537.36"
103.13.193.85 - - [22/Jun/2026:02:49:26 +0000] "HEAD / HTTP/1.1" 200 0 "https://jubaroyaltravel.com/" "Mozilla/5.0 (Windows NT 10.0; Win64; x64) AppleWebKit/537.36 (KHTML, like Gecko) Chrome/91.0.4472.124 Safari/537.36"
103.13.193.85 - - [22/Jun/2026:02:49:27 +0000] "HEAD / HTTP/1.1" 200 0 "https://jubaroyaltravel.com/" "Mozilla/5.0 (Windows NT 10.0; Win64; x64) AppleWebKit/537.36 (KHTML, like Gecko) Chrome/91.0.4472.124 Safari/537.36"
103.13.193.85 - - [22/Jun/2026:02:49:28 +0000] "POST /wp-login.php HTTP/1.1" 200 2040 "https://www.google.com/" "Mozilla/5.0 (Windows NT 10.0; Win64; x64) AppleWebKit/537.36 (KHTML, like Gecko) Chrome/91.0.4472.124 Safari/537.36"
103.13.193.85 - - [22/Jun/2026:02:49:28 +0000] "POST /wp-login.php HTTP/1.1" 302 0 "https://jubaroyaltravel.com/wp-admin/" "Mozilla/5.0 (Windows NT 10.0; Win64; x64) AppleWebKit/537.36 (KHTML, like Gecko) Chrome/90.0.4430.85 Safari/537.36"
103.13.193.85 - - [22/Jun/2026:02:49:29 +0000] "GET /wp-admin/ HTTP/1.1" 200 111483 "https://jubaroyaltravel.com/wp-admin/" "Mozilla/5.0 (Windows NT 10.0; Win64; x64) AppleWebKit/537.36 (KHTML, like Gecko) Chrome/90.0.4430.85 Safari/537.36"
69.72.244.151 - - [22/Jun/2026:02:49:33 +0000] "POST /wp-admin/admin-ajax.php?action=as_async_request_queue_runner&nonce=5155ff41ab HTTP/1.1" 200 0 "-" "WordPress/7.0; https://www.jubaroyaltravel.com"
66.249.64.130 - - [22/Jun/2026:02:49:44 +0000] "GET /products/detail/store/j106486945 HTTP/1.1" 404 27932 "-" "Mozilla/5.0 (Linux; Android 6.0.1; Nexus 5X Build/MMB29P) AppleWebKit/537.36 (KHTML, like Gecko) Chrome/148.0.7778.96 Mobile Safari/537.36 (compatible; Googlebot/2.1; +http://www.google.com/bot.html)"
103.13.193.85 - - [22/Jun/2026:02:49:34 +0000] "GET /wp-admin/ HTTP/1.1" 200 96896 "https://www.google.com/" "Mozilla/5.0 (Windows NT 10.0; Win64; x64) AppleWebKit/537.36 (KHTML, like Gecko) Chrome/91.0.4472.124 Safari/537.36"
103.153.211.234 - - [22/Jun/2026:02:54:18 +0000] "GET /service/details/3/visas HTTP/1.1" 200 6370 "-" "Mozilla/5.0 (Macintosh; Intel Mac OS X 10_12_6) AppleWebKit/537.36 (KHTML, like Gecko) Chrome/79.0.3945.130 Safari/537.36"
66.249.64.130 - - [22/Jun/2026:02:54:51 +0000] "GET /products/detail/cheap/j106227538 HTTP/1.1" 200 4946 "-" "Mozilla/5.0 (Linux; Android 6.0.1; Nexus 5X Build/MMB29P) AppleWebKit/537.36 (KHTML, like Gecko) Chrome/148.0.7778.96 Mobile Safari/537.36 (compatible; Googlebot/2.1; +http://www.google.com/bot.html)"
66.249.64.129 - - [22/Jun/2026:02:55:31 +0000] "GET /products/detail/vintage/j106311377 HTTP/1.1" 200 4927 "-" "Mozilla/5.0 (compatible; Googlebot/2.1; +http://www.google.com/bot.html)"
66.249.64.130 - - [22/Jun/2026:02:55:40 +0000] "GET /products/detail/cheapest/j106379713 HTTP/1.1" 200 4902 "-" "Mozilla/5.0 (Linux; Android 6.0.1; Nexus 5X Build/MMB29P) AppleWebKit/537.36 (KHTML, like Gecko) Chrome/148.0.7778.96 Mobile Safari/537.36 (compatible; Googlebot/2.1; +http://www.google.com/bot.html)"
103.13.193.85 - - [22/Jun/2026:02:55:44 +0000] "GET /wp-login.php HTTP/1.1" 200 6180 "-" "Mozilla/5.0 (Windows NT 10.0; WOW64) AppleWebKit/537.36 (KHTML, like Gecko) Chrome/84.0.4147.105 Safari/537.36"
46.203.52.148 - - [22/Jun/2026:02:57:04 +0000] "GET /wp-login.php HTTP/2" 200 4904 "-" "Mozilla/5.0 (Windows NT 10.0; Win64; x64) AppleWebKit/537.36 (KHTML, like Gecko) Chrome/145.0.0.0 Safari/537.36"
46.203.52.148 - - [22/Jun/2026:02:57:07 +0000] "POST /wp-login.php HTTP/2" 200 4989 "https://jubaroyaltravel.com/wp-login.php" "Mozilla/5.0 (Windows NT 10.0; Win64; x64) AppleWebKit/537.36 (KHTML, like Gecko) Chrome/145.0.0.0 Safari/537.36"
66.249.64.129 - - [22/Jun/2026:02:57:17 +0000] "GET /products/detail/new/j106249921 HTTP/1.1" 200 4927 "-" "Mozilla/5.0 (Linux; Android 6.0.1; Nexus 5X Build/MMB29P) AppleWebKit/537.36 (KHTML, like Gecko) Chrome/148.0.7778.96 Mobile Safari/537.36 (compatible; Googlebot/2.1; +http://www.google.com/bot.html)"
66.249.64.129 - - [22/Jun/2026:02:58:06 +0000] "GET /products/detail/price/j10612942 HTTP/1.1" 200 5214 "-" "Mozilla/5.0 (Linux; Android 6.0.1; Nexus 5X Build/MMB29P) AppleWebKit/537.36 (KHTML, like Gecko) Chrome/148.0.7778.96 Mobile Safari/537.36 (compatible; Googlebot/2.1; +http://www.google.com/bot.html)"
66.249.64.129 - - [22/Jun/2026:02:58:56 +0000] "GET /products/detail/releases/j106416097 HTTP/1.1" 200 4902 "-" "Mozilla/5.0 (Linux; Android 6.0.1; Nexus 5X Build/MMB29P) AppleWebKit/537.36 (KHTML, like Gecko) Chrome/148.0.7778.96 Mobile Safari/537.36 (compatible; Googlebot/2.1; +http://www.google.com/bot.html)"
66.249.64.131 - - [22/Jun/2026:02:59:44 +0000] "GET /products/detail/original/j106278689 HTTP/1.1" 200 4912 "-" "Mozilla/5.0 (Linux; Android 6.0.1; Nexus 5X Build/MMB29P) AppleWebKit/537.36 (KHTML, like Gecko) Chrome/148.0.7778.96 Mobile Safari/537.36 (compatible; Googlebot/2.1; +http://www.google.com/bot.html)"
66.249.64.131 - - [22/Jun/2026:02:59:45 +0000] "GET /items/A197195442/ HTTP/1.1" 200 4946 "-" "Mozilla/5.0 (Linux; Android 6.0.1; Nexus 5X Build/MMB29P) AppleWebKit/537.36 (KHTML, like Gecko) Chrome/148.0.7778.96 Mobile Safari/537.36 (compatible; Googlebot/2.1; +http://www.google.com/bot.html)"
137.184.115.126 - - [22/Jun/2026:02:59:46 +0000] "POST /wp-login.php HTTP/1.1" 200 105840 "-" "Mozilla/5.0"
103.13.193.85 - - [22/Jun/2026:02:59:56 +0000] "GET /wp-login.php HTTP/1.1" 200 6357 "-" "Mozilla/5.0 (Windows NT 10.0; Win64; x64) AppleWebKit/537.36 (KHTML, like Gecko) Chrome/74.0.3729.169 Safari/537.36"
66.249.64.131 - - [22/Jun/2026:03:00:34 +0000] "GET /products/detail/releases/j106333601 HTTP/1.1" 200 4913 "-" "Mozilla/5.0 (Linux; Android 6.0.1; Nexus 5X Build/MMB29P) AppleWebKit/537.36 (KHTML, like Gecko) Chrome/148.0.7778.96 Mobile Safari/537.36 (compatible; Googlebot/2.1; +http://www.google.com/bot.html)"
66.249.89.66 - - [22/Jun/2026:03:00:38 +0000] "GET /products/detail/arrival/j106208119 HTTP/1.1" 200 5027 "-" "Mozilla/5.0 (X11; Linux x86_64) AppleWebKit/537.36 (KHTML, like Gecko) Chrome/148.0.7778.96 Safari/537.36"
103.13.193.85 - - [22/Jun/2026:03:01:02 +0000] "HEAD / HTTP/1.1" 200 0 "https://jubaroyaltravel.com/" "Mozilla/5.0 (Windows NT 10.0; Win64; x64) AppleWebKit/537.36 (KHTML, like Gecko) Chrome/91.0.4472.124 Safari/537.36"
103.13.193.85 - - [22/Jun/2026:03:01:04 +0000] "POST /wp-login.php HTTP/1.1" 200 4875 "https://www.google.com/" "Mozilla/5.0 (Windows NT 10.0; Win64; x64) AppleWebKit/537.36 (KHTML, like Gecko) Chrome/91.0.4472.124 Safari/537.36"
103.13.193.85 - - [22/Jun/2026:03:01:04 +0000] "POST /wp-login.php HTTP/1.1" 200 6188 "https://jubaroyaltravel.com/wp-admin/" "Mozilla/5.0 (Windows NT 10.0; Win64; x64) AppleWebKit/537.36 (KHTML, like Gecko) Chrome/90.0.4430.85 Safari/537.36"
103.13.193.85 - - [22/Jun/2026:03:01:04 +0000] "GET /wp-admin/ HTTP/1.1" 200 6564 "https://www.google.com/" "Mozilla/5.0 (Windows NT 10.0; Win64; x64) AppleWebKit/537.36 (KHTML, like Gecko) Chrome/91.0.4472.124 Safari/537.36"
103.13.193.85 - - [22/Jun/2026:03:01:04 +0000] "GET /wp-admin/plugin-install.php?tab=upload HTTP/1.1" 200 6375 "https://www.google.com/" "Mozilla/5.0 (Windows NT 10.0; Win64; x64) AppleWebKit/537.36 (KHTML, like Gecko) Chrome/91.0.4472.124 Safari/537.36"
103.13.193.85 - - [22/Jun/2026:03:01:05 +0000] "GET /wp-admin/ HTTP/1.1" 200 6157 "-" "Mozilla/5.0 (Windows NT 10.0; Win64; x64) AppleWebKit/537.36 (KHTML, like Gecko) Chrome/133.0.0.0 Safari/537.36"
103.13.193.85 - - [22/Jun/2026:03:01:05 +0000] "GET /wp-admin/plugin-install.php HTTP/1.1" 200 6354 "-" "Mozilla/5.0 (Windows NT 10.0; Win64; x64) AppleWebKit/537.36 (KHTML, like Gecko) Chrome/133.0.0.0 Safari/537.36"
103.13.193.85 - - [22/Jun/2026:03:01:05 +0000] "GET /wp-admin/theme-install.php?tab=upload HTTP/1.1" 200 6371 "https://www.google.com/" "Mozilla/5.0 (Windows NT 10.0; Win64; x64) AppleWebKit/537.36 (KHTML, like Gecko) Chrome/91.0.4472.124 Safari/537.36"
103.13.193.85 - - [22/Jun/2026:03:01:05 +0000] "GET /wp-admin/ HTTP/1.1" 200 6189 "-" "Mozilla/5.0 (Windows NT 10.0; Win64; x64) AppleWebKit/537.36 (KHTML, like Gecko) Chrome/133.0.0.0 Safari/537.36"
103.13.193.85 - - [22/Jun/2026:03:01:06 +0000] "GET /wp-admin/plugin-install.php HTTP/1.1" 200 6383 "-" "Mozilla/5.0 (Windows NT 10.0; Win64; x64) AppleWebKit/537.36 (KHTML, like Gecko) Chrome/133.0.0.0 Safari/537.36"
103.13.193.85 - - [22/Jun/2026:03:01:06 +0000] "POST /wp-admin/admin-ajax.php HTTP/1.1" 200 6163 "https://jubaroyaltravel.com/wp-admin/plugin-editor.php" "Mozilla/5.0 (Windows NT 10.0; Win64; x64) AppleWebKit/537.36 (KHTML, like Gecko) Chrome/138.0.0.0 Safari/537.36"
103.13.193.85 - - [22/Jun/2026:03:01:06 +0000] "GET /wp-admin/plugin-editor.php HTTP/1.1" 200 6269 "https://jubaroyaltravel.com/wp-admin/plugin-editor.php" "Mozilla/5.0 (Windows NT 10.0; Win64; x64) AppleWebKit/537.36 (KHTML, like Gecko) Chrome/138.0.0.0 Safari/537.36"
66.249.64.129 - - [22/Jun/2026:03:01:23 +0000] "GET /products/detail/store/j10679745 HTTP/1.1" 200 4893 "-" "Mozilla/5.0 (Linux; Android 6.0.1; Nexus 5X Build/MMB29P) AppleWebKit/537.36 (KHTML, like Gecko) Chrome/148.0.7778.96 Mobile Safari/537.36 (compatible; Googlebot/2.1; +http://www.google.com/bot.html)"
66.249.64.129 - - [22/Jun/2026:03:01:26 +0000] "GET /products/detail/price/j106226260 HTTP/1.1" 200 5115 "-" "Mozilla/5.0 (Linux; Android 6.0.1; Nexus 5X Build/MMB29P) AppleWebKit/537.36 (KHTML, like Gecko) Chrome/148.0.7778.96 Mobile Safari/537.36 (compatible; Googlebot/2.1; +http://www.google.com/bot.html)"
66.249.64.129 - - [22/Jun/2026:03:03:23 +0000] "GET /products/detail/cheapest/j106267489 HTTP/1.1" 200 4987 "-" "Mozilla/5.0 (Linux; Android 6.0.1; Nexus 5X Build/MMB29P) AppleWebKit/537.36 (KHTML, like Gecko) Chrome/148.0.7778.96 Mobile Safari/537.36 (compatible; Googlebot/2.1; +http://www.google.com/bot.html)"
66.249.64.131 - - [22/Jun/2026:03:04:21 +0000] "GET /products/detail/wholesale/j106290049 HTTP/1.1" 200 4913 "-" "Mozilla/5.0 (Linux; Android 6.0.1; Nexus 5X Build/MMB29P) AppleWebKit/537.36 (KHTML, like Gecko) Chrome/148.0.7778.96 Mobile Safari/537.36 (compatible; Googlebot/2.1; +http://www.google.com/bot.html)"
66.249.64.130 - - [22/Jun/2026:03:05:19 +0000] "GET /products/detail/store/j106353121 HTTP/1.1" 200 5001 "-" "Mozilla/5.0 (Linux; Android 6.0.1; Nexus 5X Build/MMB29P) AppleWebKit/537.36 (KHTML, like Gecko) Chrome/148.0.7778.96 Mobile Safari/537.36 (compatible; Googlebot/2.1; +http://www.google.com/bot.html)"
66.249.64.129 - - [22/Jun/2026:03:05:54 +0000] "GET /products/detail/popular/j106134081 HTTP/1.1" 200 5104 "-" "Mozilla/5.0 (Linux; Android 6.0.1; Nexus 5X Build/MMB29P) AppleWebKit/537.36 (KHTML, like Gecko) Chrome/148.0.7778.96 Mobile Safari/537.36 (compatible; Googlebot/2.1; +http://www.google.com/bot.html)"
137.184.115.126 - - [22/Jun/2026:03:06:37 +0000] "POST /wp-login.php HTTP/1.1" 200 105840 "-" "Mozilla/5.0"
66.249.64.130 - - [22/Jun/2026:03:06:41 +0000] "GET /products/detail/affordable/j106339077 HTTP/1.1" 200 4987 "-" "Mozilla/5.0 (Linux; Android 6.0.1; Nexus 5X Build/MMB29P) AppleWebKit/537.36 (KHTML, like Gecko) Chrome/148.0.7778.96 Mobile Safari/537.36 (compatible; Googlebot/2.1; +http://www.google.com/bot.html)"
66.249.64.131 - - [22/Jun/2026:03:07:46 +0000] "GET /products/detail/inexpensive/j106386401 HTTP/1.1" 200 4902 "-" "Mozilla/5.0 (Linux; Android 6.0.1; Nexus 5X Build/MMB29P) AppleWebKit/537.36 (KHTML, like Gecko) Chrome/148.0.7778.96 Mobile Safari/537.36 (compatible; Googlebot/2.1; +http://www.google.com/bot.html)"
66.249.64.130 - - [22/Jun/2026:03:09:36 +0000] "GET /products/detail/on/j106400577 HTTP/1.1" 200 4992 "-" "Mozilla/5.0 (Linux; Android 6.0.1; Nexus 5X Build/MMB29P) AppleWebKit/537.36 (KHTML, like Gecko) Chrome/148.0.7778.96 Mobile Safari/537.36 (compatible; Googlebot/2.1; +http://www.google.com/bot.html)"
66.249.64.130 - - [22/Jun/2026:03:09:46 +0000] "GET /products/detail/discount/j106364872 HTTP/1.1" 200 4904 "-" "Mozilla/5.0 (Linux; Android 6.0.1; Nexus 5X Build/MMB29P) AppleWebKit/537.36 (KHTML, like Gecko) Chrome/148.0.7778.96 Mobile Safari/537.36 (compatible; Googlebot/2.1; +http://www.google.com/bot.html)"
66.249.64.131 - - [22/Jun/2026:03:10:03 +0000] "GET /products/detail/inexpensive/j106179486 HTTP/1.1" 200 4917 "-" "Mozilla/5.0 (Linux; Android 6.0.1; Nexus 5X Build/MMB29P) AppleWebKit/537.36 (KHTML, like Gecko) Chrome/148.0.7778.96 Mobile Safari/537.36 (compatible; Googlebot/2.1; +http://www.google.com/bot.html)"
66.249.64.129 - - [22/Jun/2026:03:10:24 +0000] "GET /products/detail/on/j106127589 HTTP/1.1" 200 5080 "-" "Mozilla/5.0 (Linux; Android 6.0.1; Nexus 5X Build/MMB29P) AppleWebKit/537.36 (KHTML, like Gecko) Chrome/148.0.7778.96 Mobile Safari/537.36 (compatible; Googlebot/2.1; +http://www.google.com/bot.html)"
66.249.64.129 - - [22/Jun/2026:03:10:32 +0000] "GET /products/detail/special/j106247489 HTTP/1.1" 200 4917 "-" "Mozilla/5.0 (Linux; Android 6.0.1; Nexus 5X Build/MMB29P) AppleWebKit/537.36 (KHTML, like Gecko) Chrome/148.0.7778.96 Mobile Safari/537.36 (compatible; Googlebot/2.1; +http://www.google.com/bot.html)"
66.249.64.129 - - [22/Jun/2026:03:11:19 +0000] "GET /products/detail/high/j10669570 HTTP/1.1" 200 4900 "-" "Mozilla/5.0 (Linux; Android 6.0.1; Nexus 5X Build/MMB29P) AppleWebKit/537.36 (KHTML, like Gecko) Chrome/148.0.7778.96 Mobile Safari/537.36 (compatible; Googlebot/2.1; +http://www.google.com/bot.html)"
66.249.64.131 - - [22/Jun/2026:03:12:05 +0000] "GET /products/detail/popular/j106192769 HTTP/1.1" 200 4914 "-" "Mozilla/5.0 (Linux; Android 6.0.1; Nexus 5X Build/MMB29P) AppleWebKit/537.36 (KHTML, like Gecko) Chrome/148.0.7778.96 Mobile Safari/537.36 (compatible; Googlebot/2.1; +http://www.google.com/bot.html)"
137.184.115.126 - - [22/Jun/2026:03:13:51 +0000] "POST /wp-login.php HTTP/1.1" 200 105840 "-" "Mozilla/5.0"
66.249.64.130 - - [22/Jun/2026:03:14:16 +0000] "GET /products/detail/classic/j106450465 HTTP/1.1" 200 4894 "-" "Mozilla/5.0 (Linux; Android 6.0.1; Nexus 5X Build/MMB29P) AppleWebKit/537.36 (KHTML, like Gecko) Chrome/148.0.7778.96 Mobile Safari/537.36 (compatible; Googlebot/2.1; +http://www.google.com/bot.html)"
66.249.64.130 - - [22/Jun/2026:03:14:20 +0000] "GET /products/detail/brand/j106246824 HTTP/1.1" 200 5039 "-" "Mozilla/5.0 (compatible; Googlebot/2.1; +http://www.google.com/bot.html)"
66.249.64.129 - - [22/Jun/2026:03:14:57 +0000] "GET /products/detail/cheapest/j106401249 HTTP/1.1" 200 4890 "-" "Mozilla/5.0 (Linux; Android 6.0.1; Nexus 5X Build/MMB29P) AppleWebKit/537.36 (KHTML, like Gecko) Chrome/148.0.7778.96 Mobile Safari/537.36 (compatible; Googlebot/2.1; +http://www.google.com/bot.html)"
66.249.64.130 - - [22/Jun/2026:03:15:20 +0000] "GET /products/detail/brand/j106190446 HTTP/1.1" 200 5111 "-" "Mozilla/5.0 (compatible; Googlebot/2.1; +http://www.google.com/bot.html)"
66.249.64.131 - - [22/Jun/2026:03:15:20 +0000] "GET /products/detail/sale/j106482721 HTTP/1.1" 200 4902 "-" "Mozilla/5.0 (Linux; Android 6.0.1; Nexus 5X Build/MMB29P) AppleWebKit/537.36 (KHTML, like Gecko) Chrome/148.0.7778.96 Mobile Safari/537.36 (compatible; Googlebot/2.1; +http://www.google.com/bot.html)"
66.249.64.129 - - [22/Jun/2026:03:15:57 +0000] "GET /products/detail/wholesale/j106388097 HTTP/1.1" 200 4902 "-" "Mozilla/5.0 (Linux; Android 6.0.1; Nexus 5X Build/MMB29P) AppleWebKit/537.36 (KHTML, like Gecko) Chrome/148.0.7778.96 Mobile Safari/537.36 (compatible; Googlebot/2.1; +http://www.google.com/bot.html)"
66.249.64.131 - - [22/Jun/2026:03:16:17 +0000] "GET /products/detail/buy/j106385799 HTTP/1.1" 200 4927 "-" "Mozilla/5.0 (Linux; Android 6.0.1; Nexus 5X Build/MMB29P) AppleWebKit/537.36 (KHTML, like Gecko) Chrome/148.0.7778.96 Mobile Safari/537.36 (compatible; Googlebot/2.1; +http://www.google.com/bot.html)"
66.249.64.130 - - [22/Jun/2026:03:16:27 +0000] "GET /products/detail/discount/j106499841 HTTP/1.1" 200 4914 "-" "Mozilla/5.0 (Linux; Android 6.0.1; Nexus 5X Build/MMB29P) AppleWebKit/537.36 (KHTML, like Gecko) Chrome/148.0.7778.96 Mobile Safari/537.36 (compatible; Googlebot/2.1; +http://www.google.com/bot.html)"
66.249.64.129 - - [22/Jun/2026:03:16:45 +0000] "GET /products/detail/latest/j106398581 HTTP/1.1" 200 4893 "-" "Mozilla/5.0 (Linux; Android 6.0.1; Nexus 5X Build/MMB29P) AppleWebKit/537.36 (KHTML, like Gecko) Chrome/148.0.7778.96 Mobile Safari/537.36 (compatible; Googlebot/2.1; +http://www.google.com/bot.html)"
66.249.64.130 - - [22/Jun/2026:03:18:16 +0000] "GET /products/detail/expensive/j10666081 HTTP/1.1" 200 4927 "-" "Mozilla/5.0 (Linux; Android 6.0.1; Nexus 5X Build/MMB29P) AppleWebKit/537.36 (KHTML, like Gecko) Chrome/148.0.7778.96 Mobile Safari/537.36 (compatible; Googlebot/2.1; +http://www.google.com/bot.html)"
66.249.64.129 - - [22/Jun/2026:03:19:03 +0000] "GET /products/detail/wholesale/j106382231 HTTP/1.1" 200 4927 "-" "Mozilla/5.0 (Linux; Android 6.0.1; Nexus 5X Build/MMB29P) AppleWebKit/537.36 (KHTML, like Gecko) Chrome/148.0.7778.96 Mobile Safari/537.36 (compatible; Googlebot/2.1; +http://www.google.com/bot.html)"
66.249.64.130 - - [22/Jun/2026:03:19:49 +0000] "GET /products/detail/classic/j10641825 HTTP/1.1" 200 4883 "-" "Mozilla/5.0 (Linux; Android 6.0.1; Nexus 5X Build/MMB29P) AppleWebKit/537.36 (KHTML, like Gecko) Chrome/148.0.7778.96 Mobile Safari/537.36 (compatible; Googlebot/2.1; +http://www.google.com/bot.html)"
82.215.83.193 - - [22/Jun/2026:03:20:02 +0000] "GET /shop/order/make_estimate.aspx?locker_flg=true HTTP/1.1" 200 6104 "-" "Mozilla/5.0 (Windows NT 6.1) AppleWebKit/537.36 (KHTML, like Gecko) Chrome/85.0.4183.121 Safari/537.36"
66.249.64.129 - - [22/Jun/2026:03:20:35 +0000] "GET /products/detail/wholesale/j106256961 HTTP/1.1" 200 4902 "-" "Mozilla/5.0 (Linux; Android 6.0.1; Nexus 5X Build/MMB29P) AppleWebKit/537.36 (KHTML, like Gecko) Chrome/148.0.7778.96 Mobile Safari/537.36 (compatible; Googlebot/2.1; +http://www.google.com/bot.html)"
137.184.115.126 - - [22/Jun/2026:03:22:10 +0000] "POST /wp-login.php HTTP/1.1" 200 105840 "-" "Mozilla/5.0"
66.249.64.131 - - [22/Jun/2026:03:22:44 +0000] "GET /products/detail/latest/j106170209 HTTP/1.1" 200 4902 "-" "Mozilla/5.0 (Linux; Android 6.0.1; Nexus 5X Build/MMB29P) AppleWebKit/537.36 (KHTML, like Gecko) Chrome/148.0.7778.96 Mobile Safari/537.36 (compatible; Googlebot/2.1; +http://www.google.com/bot.html)"
66.249.64.129 - - [22/Jun/2026:03:22:45 +0000] "GET /products/detail/shopping/j10690450 HTTP/1.1" 200 4993 "-" "Mozilla/5.0 (Linux; Android 6.0.1; Nexus 5X Build/MMB29P) AppleWebKit/537.36 (KHTML, like Gecko) Chrome/148.0.7778.96 Mobile Safari/537.36 (compatible; Googlebot/2.1; +http://www.google.com/bot.html)"
66.249.64.131 - - [22/Jun/2026:03:23:20 +0000] "GET /products/detail/vintage/j106455201 HTTP/1.1" 200 5025 "-" "Mozilla/5.0 (Linux; Android 6.0.1; Nexus 5X Build/MMB29P) AppleWebKit/537.36 (KHTML, like Gecko) Chrome/148.0.7778.96 Mobile Safari/537.36 (compatible; Googlebot/2.1; +http://www.google.com/bot.html)"
66.249.64.131 - - [22/Jun/2026:03:23:20 +0000] "GET /products/detail/vintage/j106455201 HTTP/1.1" 200 4902 "-" "Mozilla/5.0 (compatible; Googlebot/2.1; +http://www.google.com/bot.html)"
66.249.64.129 - - [22/Jun/2026:03:23:26 +0000] "GET /products/detail/price/j106217473 HTTP/1.1" 200 4902 "-" "Mozilla/5.0 (Linux; Android 6.0.1; Nexus 5X Build/MMB29P) AppleWebKit/537.36 (KHTML, like Gecko) Chrome/148.0.7778.96 Mobile Safari/537.36 (compatible; Googlebot/2.1; +http://www.google.com/bot.html)"
66.249.64.130 - - [22/Jun/2026:03:24:07 +0000] "GET /products/detail/jp/j10685825 HTTP/1.1" 200 4913 "-" "Mozilla/5.0 (Linux; Android 6.0.1; Nexus 5X Build/MMB29P) AppleWebKit/537.36 (KHTML, like Gecko) Chrome/148.0.7778.96 Mobile Safari/537.36 (compatible; Googlebot/2.1; +http://www.google.com/bot.html)"
66.249.64.129 - - [22/Jun/2026:03:24:48 +0000] "GET /products/detail/vintage/j106237217 HTTP/1.1" 200 4912 "-" "Mozilla/5.0 (Linux; Android 6.0.1; Nexus 5X Build/MMB29P) AppleWebKit/537.36 (KHTML, like Gecko) Chrome/148.0.7778.96 Mobile Safari/537.36 (compatible; Googlebot/2.1; +http://www.google.com/bot.html)"
66.249.64.130 - - [22/Jun/2026:03:25:29 +0000] "GET /products/detail/online/j10659265 HTTP/1.1" 200 4957 "-" "Mozilla/5.0 (Linux; Android 6.0.1; Nexus 5X Build/MMB29P) AppleWebKit/537.36 (KHTML, like Gecko) Chrome/148.0.7778.96 Mobile Safari/537.36 (compatible; Googlebot/2.1; +http://www.google.com/bot.html)"
66.249.64.130 - - [22/Jun/2026:03:25:29 +0000] "GET /products/detail/original/j106136889 HTTP/1.1" 200 4893 "-" "Mozilla/5.0 (Linux; Android 6.0.1; Nexus 5X Build/MMB29P) AppleWebKit/537.36 (KHTML, like Gecko) Chrome/148.0.7778.96 Mobile Safari/537.36 (compatible; Googlebot/2.1; +http://www.google.com/bot.html)"
66.249.64.130 - - [22/Jun/2026:03:26:00 +0000] "GET /products/detail/popular/j10696858 HTTP/1.1" 200 4956 "-" "Mozilla/5.0 (Linux; Android 6.0.1; Nexus 5X Build/MMB29P) AppleWebKit/537.36 (KHTML, like Gecko) Chrome/148.0.7778.96 Mobile Safari/537.36 (compatible; Googlebot/2.1; +http://www.google.com/bot.html)"
103.13.193.85 - - [22/Jun/2026:03:26:16 +0000] "GET /wp-login.php HTTP/1.1" 200 6275 "-" "Mozilla/5.0 (Windows NT 10.0; Win64; x64) AppleWebKit/537.36 (KHTML, like Gecko) Chrome/84.0.4147.105 Safari/537.36"
66.249.64.129 - - [22/Jun/2026:03:26:47 +0000] "GET /products/detail/fashion/j106412710 HTTP/1.1" 200 4899 "-" "Mozilla/5.0 (Linux; Android 6.0.1; Nexus 5X Build/MMB29P) AppleWebKit/537.36 (KHTML, like Gecko) Chrome/148.0.7778.96 Mobile Safari/537.36 (compatible; Googlebot/2.1; +http://www.google.com/bot.html)"
66.249.64.130 - - [22/Jun/2026:03:27:15 +0000] "GET /products/detail/shop/j10621109 HTTP/1.1" 200 4949 "-" "Mozilla/5.0 (Linux; Android 6.0.1; Nexus 5X Build/MMB29P) AppleWebKit/537.36 (KHTML, like Gecko) Chrome/148.0.7778.96 Mobile Safari/537.36 (compatible; Googlebot/2.1; +http://www.google.com/bot.html)"
66.249.64.130 - - [22/Jun/2026:03:28:06 +0000] "GET /products/detail/comfortable/j106452860 HTTP/1.1" 200 5076 "-" "Mozilla/5.0 (Linux; Android 6.0.1; Nexus 5X Build/MMB29P) AppleWebKit/537.36 (KHTML, like Gecko) Chrome/148.0.7778.96 Mobile Safari/537.36 (compatible; Googlebot/2.1; +http://www.google.com/bot.html)"
66.249.64.129 - - [22/Jun/2026:03:28:19 +0000] "GET /products/detail/latest/j10629499 HTTP/1.1" 200 4894 "-" "Mozilla/5.0 (Linux; Android 6.0.1; Nexus 5X Build/MMB29P) AppleWebKit/537.36 (KHTML, like Gecko) Chrome/148.0.7778.96 Mobile Safari/537.36 (compatible; Googlebot/2.1; +http://www.google.com/bot.html)"
66.249.64.129 - - [22/Jun/2026:03:29:11 +0000] "GET /products/detail/popular/j106207169 HTTP/1.1" 200 5214 "-" "Mozilla/5.0 (Linux; Android 6.0.1; Nexus 5X Build/MMB29P) AppleWebKit/537.36 (KHTML, like Gecko) Chrome/148.0.7778.96 Mobile Safari/537.36 (compatible; Googlebot/2.1; +http://www.google.com/bot.html)"
66.249.64.129 - - [22/Jun/2026:03:29:52 +0000] "GET /products/detail/releases/j106455160 HTTP/1.1" 200 4893 "-" "Mozilla/5.0 (Linux; Android 6.0.1; Nexus 5X Build/MMB29P) AppleWebKit/537.36 (KHTML, like Gecko) Chrome/148.0.7778.96 Mobile Safari/537.36 (compatible; Googlebot/2.1; +http://www.google.com/bot.html)"
66.249.64.129 - - [22/Jun/2026:03:30:29 +0000] "GET /products/detail/latest/j1068510 HTTP/1.1" 200 4913 "-" "Mozilla/5.0 (Linux; Android 6.0.1; Nexus 5X Build/MMB29P) AppleWebKit/537.36 (KHTML, like Gecko) Chrome/148.0.7778.96 Mobile Safari/537.36 (compatible; Googlebot/2.1; +http://www.google.com/bot.html)"
66.249.64.130 - - [22/Jun/2026:03:30:30 +0000] "GET /products/detail/latest/j1068510 HTTP/1.1" 200 5066 "-" "Mozilla/5.0 (compatible; Googlebot/2.1; +http://www.google.com/bot.html)"
66.249.64.129 - - [22/Jun/2026:03:30:33 +0000] "GET /products/detail/on/j10673475 HTTP/1.1" 200 4902 "-" "Mozilla/5.0 (Linux; Android 6.0.1; Nexus 5X Build/MMB29P) AppleWebKit/537.36 (KHTML, like Gecko) Chrome/148.0.7778.96 Mobile Safari/537.36 (compatible; Googlebot/2.1; +http://www.google.com/bot.html)"
137.184.115.126 - - [22/Jun/2026:03:30:52 +0000] "POST /wp-login.php HTTP/1.1" 200 105840 "-" "Mozilla/5.0"
66.249.64.130 - - [22/Jun/2026:03:31:56 +0000] "GET /products/detail/original/j10638433 HTTP/1.1" 200 4893 "-" "Mozilla/5.0 (Linux; Android 6.0.1; Nexus 5X Build/MMB29P) AppleWebKit/537.36 (KHTML, like Gecko) Chrome/148.0.7778.96 Mobile Safari/537.36 (compatible; Googlebot/2.1; +http://www.google.com/bot.html)"
66.249.64.131 - - [22/Jun/2026:03:32:32 +0000] "GET /products/detail/outlet/j106315358 HTTP/1.1" 200 4902 "-" "Mozilla/5.0 (compatible; Googlebot/2.1; +http://www.google.com/bot.html)"
66.249.64.129 - - [22/Jun/2026:03:32:37 +0000] "GET /products/detail/shop/j10656508 HTTP/1.1" 200 4902 "-" "Mozilla/5.0 (Linux; Android 6.0.1; Nexus 5X Build/MMB29P) AppleWebKit/537.36 (KHTML, like Gecko) Chrome/148.0.7778.96 Mobile Safari/537.36 (compatible; Googlebot/2.1; +http://www.google.com/bot.html)"
66.249.64.129 - - [22/Jun/2026:03:33:18 +0000] "GET /products/detail/releases/j10663222 HTTP/1.1" 200 4914 "-" "Mozilla/5.0 (Linux; Android 6.0.1; Nexus 5X Build/MMB29P) AppleWebKit/537.36 (KHTML, like Gecko) Chrome/148.0.7778.96 Mobile Safari/537.36 (compatible; Googlebot/2.1; +http://www.google.com/bot.html)"
103.13.193.85 - - [22/Jun/2026:03:33:24 +0000] "GET /wp-content/plugins/wp-file-manager/file_folder_manager.php HTTP/2" 200 3221 "-" "Mozilla/5.0 (Windows NT 10.0; Win64; x64) AppleWebKit/537.36 (KHTML, like Gecko) Chrome/149.0.0.0 Safari/537.36"
103.13.193.85 - - [22/Jun/2026:03:33:27 +0000] "GET /favicon.ico HTTP/2" 404 1251 "https://jubaroyaltravel.com/wp-content/plugins/wp-file-manager/file_folder_manager.php" "Mozilla/5.0 (Windows NT 10.0; Win64; x64) AppleWebKit/537.36 (KHTML, like Gecko) Chrome/149.0.0.0 Safari/537.36"
66.249.64.131 - - [22/Jun/2026:03:34:41 +0000] "GET /products/detail/expensive/j106492754 HTTP/1.1" 200 4902 "-" "Mozilla/5.0 (Linux; Android 6.0.1; Nexus 5X Build/MMB29P) AppleWebKit/537.36 (KHTML, like Gecko) Chrome/148.0.7778.96 Mobile Safari/537.36 (compatible; Googlebot/2.1; +http://www.google.com/bot.html)"
66.249.64.129 - - [22/Jun/2026:03:34:42 +0000] "GET /products/detail/best/j106483417 HTTP/1.1" 200 4894 "-" "Mozilla/5.0 (Linux; Android 6.0.1; Nexus 5X Build/MMB29P) AppleWebKit/537.36 (KHTML, like Gecko) Chrome/148.0.7778.96 Mobile Safari/537.36 (compatible; Googlebot/2.1; +http://www.google.com/bot.html)"
66.249.64.131 - - [22/Jun/2026:03:35:17 +0000] "GET /products/detail/arrival/j106182717 HTTP/1.1" 200 4904 "-" "Mozilla/5.0 (Linux; Android 6.0.1; Nexus 5X Build/MMB29P) AppleWebKit/537.36 (KHTML, like Gecko) Chrome/148.0.7778.96 Mobile Safari/537.36 (compatible; Googlebot/2.1; +http://www.google.com/bot.html)"
66.249.64.129 - - [22/Jun/2026:03:35:27 +0000] "GET /products/detail/comfortable/j10650721 HTTP/1.1" 200 4956 "-" "Mozilla/5.0 (Linux; Android 6.0.1; Nexus 5X Build/MMB29P) AppleWebKit/537.36 (KHTML, like Gecko) Chrome/148.0.7778.96 Mobile Safari/537.36 (compatible; Googlebot/2.1; +http://www.google.com/bot.html)"
66.249.64.130 - - [22/Jun/2026:03:35:28 +0000] "GET /products/detail/comfortable/j10650721 HTTP/1.1" 200 4893 "-" "Mozilla/5.0 (compatible; Googlebot/2.1; +http://www.google.com/bot.html)"
66.249.64.129 - - [22/Jun/2026:03:36:03 +0000] "GET /products/detail/authentic/j106346265 HTTP/1.1" 200 4890 "-" "Mozilla/5.0 (Linux; Android 6.0.1; Nexus 5X Build/MMB29P) AppleWebKit/537.36 (KHTML, like Gecko) Chrome/148.0.7778.96 Mobile Safari/537.36 (compatible; Googlebot/2.1; +http://www.google.com/bot.html)"
165.227.85.172 - - [22/Jun/2026:03:36:13 +0000] "POST /wp-login.php HTTP/1.1" 200 105840 "-" "Mozilla/5.0"
66.249.64.130 - - [22/Jun/2026:03:36:50 +0000] "GET /products/detail/jp/j106302817 HTTP/1.1" 200 4927 "-" "Mozilla/5.0 (Linux; Android 6.0.1; Nexus 5X Build/MMB29P) AppleWebKit/537.36 (KHTML, like Gecko) Chrome/148.0.7778.96 Mobile Safari/537.36 (compatible; Googlebot/2.1; +http://www.google.com/bot.html)"
66.249.64.131 - - [22/Jun/2026:03:37:36 +0000] "GET /products/detail/expensive/j106346699 HTTP/1.1" 200 4994 "-" "Mozilla/5.0 (Linux; Android 6.0.1; Nexus 5X Build/MMB29P) AppleWebKit/537.36 (KHTML, like Gecko) Chrome/148.0.7778.96 Mobile Safari/537.36 (compatible; Googlebot/2.1; +http://www.google.com/bot.html)"
66.249.89.65 - - [22/Jun/2026:03:37:36 +0000] "GET /products/detail/wholesale/j106109249 HTTP/1.1" 200 4959 "-" "Mozilla/5.0 (X11; Linux x86_64) AppleWebKit/537.36 (KHTML, like Gecko) Chrome/148.0.7778.96 Safari/537.36"
66.249.64.129 - - [22/Jun/2026:03:38:23 +0000] "GET /products/detail/expensive/j106170337 HTTP/1.1" 200 4954 "-" "Mozilla/5.0 (Linux; Android 6.0.1; Nexus 5X Build/MMB29P) AppleWebKit/537.36 (KHTML, like Gecko) Chrome/148.0.7778.96 Mobile Safari/537.36 (compatible; Googlebot/2.1; +http://www.google.com/bot.html)"
195.178.110.199 - - [22/Jun/2026:03:39:08 +0000] "GET /%2eenv HTTP/2" 200 1220 "-" "TLM-Audit-Scanner/1.0"
195.178.110.199 - - [22/Jun/2026:03:39:08 +0000] "GET /%2egit/%63onfig HTTP/2" 403 1242 "-" "TLM-Audit-Scanner/1.0"
195.178.110.199 - - [22/Jun/2026:03:39:08 +0000] "GET /.aws/config HTTP/2" 200 6188 "-" "TLM-Audit-Scanner/1.0"
195.178.110.199 - - [22/Jun/2026:03:39:08 +0000] "GET /..%5c..%5c..%5c..%5c..%5c..%5cvar/log/apache2/access.log HTTP/2" 200 6180 "-" "TLM-Audit-Scanner/1.0"
195.178.110.199 - - [22/Jun/2026:03:39:08 +0000] "GET /*/[slug] HTTP/2" 200 6180 "-" "TLM-Audit-Scanner/1.0"
195.178.110.199 - - [22/Jun/2026:03:39:08 +0000] "GET /%2fbackend%2f%2eenv HTTP/2" 200 6180 "-" "TLM-Audit-Scanner/1.0"
195.178.110.199 - - [22/Jun/2026:03:39:08 +0000] "GET /.amplifyrc HTTP/2" 200 6180 "-" "TLM-Audit-Scanner/1.0"
195.178.110.199 - - [22/Jun/2026:03:39:08 +0000] "GET /.boto HTTP/2" 200 6180 "-" "TLM-Audit-Scanner/1.0"
195.178.110.199 - - [22/Jun/2026:03:39:08 +0000] "GET /.cache HTTP/2" 200 6180 "-" "TLM-Audit-Scanner/1.0"
195.178.110.199 - - [22/Jun/2026:03:39:08 +0000] "GET /* HTTP/2" 200 6230 "-" "TLM-Audit-Scanner/1.0"
195.178.110.199 - - [22/Jun/2026:03:39:08 +0000] "GET / HTTP/2" 200 6188 "-" "TLM-Audit-Scanner/1.0"
195.178.110.199 - - [22/Jun/2026:03:39:08 +0000] "GET /.docker/.env HTTP/2" 200 6188 "-" "TLM-Audit-Scanner/1.0"
195.178.110.199 - - [22/Jun/2026:03:39:08 +0000] "GET /.env HTTP/2" 200 1220 "-" "TLM-Audit-Scanner/1.0"
195.178.110.199 - - [22/Jun/2026:03:39:08 +0000] "GET /.docker/laravel/app/.env HTTP/2" 200 6239 "-" "TLM-Audit-Scanner/1.0"
195.178.110.199 - - [22/Jun/2026:03:39:08 +0000] "GET /.docker/config.json HTTP/2" 200 6237 "-" "TLM-Audit-Scanner/1.0"
195.178.110.199 - - [22/Jun/2026:03:39:08 +0000] "GET /.docker/secrets.json HTTP/2" 200 6182 "-" "TLM-Audit-Scanner/1.0"
195.178.110.199 - - [22/Jun/2026:03:39:08 +0000] "GET /.dockerignore HTTP/2" 200 6188 "-" "TLM-Audit-Scanner/1.0"
195.178.110.199 - - [22/Jun/2026:03:39:08 +0000] "GET /.env-sample HTTP/2" 200 6235 "-" "TLM-Audit-Scanner/1.0"
195.178.110.199 - - [22/Jun/2026:03:39:08 +0000] "GET /.env.backup HTTP/2" 200 6139 "-" "TLM-Audit-Scanner/1.0"
195.178.110.199 - - [22/Jun/2026:03:39:08 +0000] "GET /.env.bak HTTP/2" 200 6188 "-" "TLM-Audit-Scanner/1.0"
195.178.110.199 - - [22/Jun/2026:03:39:08 +0000] "GET /.env-example HTTP/2" 200 6290 "-" "TLM-Audit-Scanner/1.0"
195.178.110.199 - - [22/Jun/2026:03:39:08 +0000] "GET /.env.example HTTP/2" 200 1069 "-" "TLM-Audit-Scanner/1.0"
195.178.110.199 - - [22/Jun/2026:03:39:08 +0000] "GET /%2f%2eenv HTTP/2" 200 1220 "-" "TLM-Audit-Scanner/1.0"
195.178.110.199 - - [22/Jun/2026:03:39:08 +0000] "GET /.env.aws HTTP/2" 200 6254 "-" "TLM-Audit-Scanner/1.0"
195.178.110.199 - - [22/Jun/2026:03:39:08 +0000] "GET /.env.config HTTP/2" 200 6263 "-" "TLM-Audit-Scanner/1.0"
195.178.110.199 - - [22/Jun/2026:03:39:08 +0000] "GET /.env.dev HTTP/2" 200 6248 "-" "TLM-Audit-Scanner/1.0"
195.178.110.199 - - [22/Jun/2026:03:39:08 +0000] "GET /.env.development HTTP/2" 200 6180 "-" "TLM-Audit-Scanner/1.0"
195.178.110.199 - - [22/Jun/2026:03:39:08 +0000] "GET /.env.dist HTTP/2" 200 6230 "-" "TLM-Audit-Scanner/1.0"
195.178.110.199 - - [22/Jun/2026:03:39:08 +0000] "GET /.env.docker.dev HTTP/2" 200 6188 "-" "TLM-Audit-Scanner/1.0"
195.178.110.199 - - [22/Jun/2026:03:39:08 +0000] "GET /%2f%2eaws%2fcredentials HTTP/2" 200 6188 "-" "TLM-Audit-Scanner/1.0"
195.178.110.199 - - [22/Jun/2026:03:39:08 +0000] "GET /.env.int HTTP/2" 200 6188 "-" "TLM-Audit-Scanner/1.0"
195.178.110.199 - - [22/Jun/2026:03:39:08 +0000] "GET /.env.docker HTTP/2" 200 6153 "-" "TLM-Audit-Scanner/1.0"
195.178.110.199 - - [22/Jun/2026:03:39:08 +0000] "GET /.env.live HTTP/2" 200 6188 "-" "TLM-Audit-Scanner/1.0"
195.178.110.199 - - [22/Jun/2026:03:39:08 +0000] "GET /%62ackend/%2eenv HTTP/2" 200 6188 "-" "TLM-Audit-Scanner/1.0"
195.178.110.199 - - [22/Jun/2026:03:39:08 +0000] "GET /.env.local HTTP/2" 200 6180 "-" "TLM-Audit-Scanner/1.0"
195.178.110.199 - - [22/Jun/2026:03:39:08 +0000] "GET /*update.cgi* HTTP/2" 200 6180 "-" "TLM-Audit-Scanner/1.0"
195.178.110.199 - - [22/Jun/2026:03:39:08 +0000] "GET /*/[id] HTTP/2" 200 6188 "-" "TLM-Audit-Scanner/1.0"
195.178.110.199 - - [22/Jun/2026:03:39:08 +0000] "GET /.git HTTP/2" 403 1242 "-" "TLM-Audit-Scanner/1.0"
195.178.110.199 - - [22/Jun/2026:03:39:08 +0000] "GET /.git-askpass.sh HTTP/2" 403 1242 "-" "TLM-Audit-Scanner/1.0"
195.178.110.199 - - [22/Jun/2026:03:39:08 +0000] "GET /.git-credentials HTTP/2" 403 1242 "-" "TLM-Audit-Scanner/1.0"
195.178.110.199 - - [22/Jun/2026:03:39:08 +0000] "GET /.git-secret HTTP/2" 403 1242 "-" "TLM-Audit-Scanner/1.0"
195.178.110.199 - - [22/Jun/2026:03:39:08 +0000] "GET /.git/ HTTP/2" 403 1242 "-" "TLM-Audit-Scanner/1.0"
195.178.110.199 - - [22/Jun/2026:03:39:08 +0000] "GET /.git/COMMIT_EDITMSG HTTP/2" 403 1242 "-" "TLM-Audit-Scanner/1.0"
195.178.110.199 - - [22/Jun/2026:03:39:08 +0000] "GET /.git/FETCH_HEAD HTTP/2" 403 1242 "-" "TLM-Audit-Scanner/1.0"
195.178.110.199 - - [22/Jun/2026:03:39:08 +0000] "GET /.git/HEAD HTTP/2" 403 1242 "-" "TLM-Audit-Scanner/1.0"
195.178.110.199 - - [22/Jun/2026:03:39:08 +0000] "GET /.git/ORIG_HEAD HTTP/2" 403 1242 "-" "TLM-Audit-Scanner/1.0"
195.178.110.199 - - [22/Jun/2026:03:39:08 +0000] "GET /.git/config HTTP/2" 403 1242 "-" "TLM-Audit-Scanner/1.0"
195.178.110.199 - - [22/Jun/2026:03:39:08 +0000] "GET /.git/config.bak HTTP/2" 403 1242 "-" "TLM-Audit-Scanner/1.0"
195.178.110.199 - - [22/Jun/2026:03:39:08 +0000] "GET /.git/config.old HTTP/2" 403 1242 "-" "TLM-Audit-Scanner/1.0"
195.178.110.199 - - [22/Jun/2026:03:39:08 +0000] "GET /.git/config~ HTTP/2" 403 1242 "-" "TLM-Audit-Scanner/1.0"
195.178.110.199 - - [22/Jun/2026:03:39:08 +0000] "GET /.git/description HTTP/2" 403 1242 "-" "TLM-Audit-Scanner/1.0"
195.178.110.199 - - [22/Jun/2026:03:39:08 +0000] "GET /.git/hooks HTTP/2" 403 1242 "-" "TLM-Audit-Scanner/1.0"
195.178.110.199 - - [22/Jun/2026:03:39:08 +0000] "GET /.git/hooks/post-commit HTTP/2" 403 1242 "-" "TLM-Audit-Scanner/1.0"
195.178.110.199 - - [22/Jun/2026:03:39:08 +0000] "GET /.git/hooks/pre-commit HTTP/2" 403 1242 "-" "TLM-Audit-Scanner/1.0"
195.178.110.199 - - [22/Jun/2026:03:39:08 +0000] "GET /.git/index HTTP/2" 403 1242 "-" "TLM-Audit-Scanner/1.0"
195.178.110.199 - - [22/Jun/2026:03:39:08 +0000] "GET /.git/info HTTP/2" 403 1242 "-" "TLM-Audit-Scanner/1.0"
195.178.110.199 - - [22/Jun/2026:03:39:08 +0000] "GET /.git/info/exclude HTTP/2" 403 1242 "-" "TLM-Audit-Scanner/1.0"
195.178.110.199 - - [22/Jun/2026:03:39:08 +0000] "GET /.aws/credentials HTTP/2" 200 6215 "-" "TLM-Audit-Scanner/1.0"
195.178.110.199 - - [22/Jun/2026:03:39:08 +0000] "GET /.env.old HTTP/2" 200 6180 "-" "TLM-Audit-Scanner/1.0"
195.178.110.199 - - [22/Jun/2026:03:39:08 +0000] "GET /.env.production HTTP/2" 200 6180 "-" "TLM-Audit-Scanner/1.0"
195.178.110.199 - - [22/Jun/2026:03:39:08 +0000] "GET /.env.prod HTTP/2" 200 6180 "-" "TLM-Audit-Scanner/1.0"
195.178.110.199 - - [22/Jun/2026:03:39:08 +0000] "GET /.env.qa HTTP/2" 200 6180 "-" "TLM-Audit-Scanner/1.0"
195.178.110.199 - - [22/Jun/2026:03:39:08 +0000] "GET /.env.project HTTP/2" 200 6180 "-" "TLM-Audit-Scanner/1.0"
195.178.110.199 - - [22/Jun/2026:03:39:08 +0000] "GET /.env.php HTTP/2" 200 6180 "-" "TLM-Audit-Scanner/1.0"
195.178.110.199 - - [22/Jun/2026:03:39:08 +0000] "GET /.env.test HTTP/2" 200 6180 "-" "TLM-Audit-Scanner/1.0"
195.178.110.199 - - [22/Jun/2026:03:39:08 +0000] "GET /.env.save HTTP/2" 200 6180 "-" "TLM-Audit-Scanner/1.0"
195.178.110.199 - - [22/Jun/2026:03:39:08 +0000] "GET /.env.swp HTTP/2" 200 6180 "-" "TLM-Audit-Scanner/1.0"
195.178.110.199 - - [22/Jun/2026:03:39:08 +0000] "GET /.env.sample HTTP/2" 200 6180 "-" "TLM-Audit-Scanner/1.0"
195.178.110.199 - - [22/Jun/2026:03:39:08 +0000] "GET /.env.testing HTTP/2" 200 6180 "-" "TLM-Audit-Scanner/1.0"
195.178.110.199 - - [22/Jun/2026:03:39:08 +0000] "GET /.env~ HTTP/2" 200 6188 "-" "TLM-Audit-Scanner/1.0"
195.178.110.199 - - [22/Jun/2026:03:39:09 +0000] "GET /.git/logs/HEAD HTTP/2" 403 1242 "-" "TLM-Audit-Scanner/1.0"
195.178.110.199 - - [22/Jun/2026:03:39:09 +0000] "GET /.github/PULL_REQUEST_TEMPLATE.md HTTP/2" 403 1242 "-" "TLM-Audit-Scanner/1.0"
66.249.64.131 - - [22/Jun/2026:03:39:09 +0000] "GET /products/detail/discount/j106469145 HTTP/1.1" 200 4902 "-" "Mozilla/5.0 (Linux; Android 6.0.1; Nexus 5X Build/MMB29P) AppleWebKit/537.36 (KHTML, like Gecko) Chrome/148.0.7778.96 Mobile Safari/537.36 (compatible; Googlebot/2.1; +http://www.google.com/bot.html)"
195.178.110.199 - - [22/Jun/2026:03:39:09 +0000] "GET /.git/logs/refs/heads/main HTTP/2" 403 1242 "-" "TLM-Audit-Scanner/1.0"
195.178.110.199 - - [22/Jun/2026:03:39:09 +0000] "GET /.git/logs/refs/heads/master HTTP/2" 403 1242 "-" "TLM-Audit-Scanner/1.0"
195.178.110.199 - - [22/Jun/2026:03:39:09 +0000] "GET /.github/funding.yml HTTP/2" 403 1242 "-" "TLM-Audit-Scanner/1.0"
195.178.110.199 - - [22/Jun/2026:03:39:09 +0000] "GET /.github/stale.yml HTTP/2" 403 1242 "-" "TLM-Audit-Scanner/1.0"
195.178.110.199 - - [22/Jun/2026:03:39:09 +0000] "GET /.github/workflows HTTP/2" 403 1242 "-" "TLM-Audit-Scanner/1.0"
195.178.110.199 - - [22/Jun/2026:03:39:09 +0000] "GET /.github/workflows/ci.yml HTTP/2" 403 1242 "-" "TLM-Audit-Scanner/1.0"
195.178.110.199 - - [22/Jun/2026:03:39:09 +0000] "GET /.git/objects HTTP/2" 403 1242 "-" "TLM-Audit-Scanner/1.0"
195.178.110.199 - - [22/Jun/2026:03:39:09 +0000] "GET /.git/objects/pack HTTP/2" 403 1242 "-" "TLM-Audit-Scanner/1.0"
195.178.110.199 - - [22/Jun/2026:03:39:09 +0000] "GET /.github/workflows/main.yml HTTP/2" 403 1242 "-" "TLM-Audit-Scanner/1.0"
195.178.110.199 - - [22/Jun/2026:03:39:09 +0000] "GET /.git/objects/info HTTP/2" 403 1242 "-" "TLM-Audit-Scanner/1.0"
195.178.110.199 - - [22/Jun/2026:03:39:09 +0000] "GET /.git/logs/refs/remotes/origin/main HTTP/2" 403 1242 "-" "TLM-Audit-Scanner/1.0"
195.178.110.199 - - [22/Jun/2026:03:39:09 +0000] "GET /.git/refs/remotes/origin/HEAD HTTP/2" 403 1242 "-" "TLM-Audit-Scanner/1.0"
195.178.110.199 - - [22/Jun/2026:03:39:09 +0000] "GET /.git/packed-refs HTTP/2" 403 1242 "-" "TLM-Audit-Scanner/1.0"
195.178.110.199 - - [22/Jun/2026:03:39:09 +0000] "GET /.git/refs/heads/main HTTP/2" 403 1242 "-" "TLM-Audit-Scanner/1.0"
195.178.110.199 - - [22/Jun/2026:03:39:09 +0000] "GET /.gitattributes HTTP/2" 403 1242 "-" "TLM-Audit-Scanner/1.0"
195.178.110.199 - - [22/Jun/2026:03:39:09 +0000] "GET /.git/refs/heads/master HTTP/2" 403 1242 "-" "TLM-Audit-Scanner/1.0"
195.178.110.199 - - [22/Jun/2026:03:39:09 +0000] "GET /.git/logs/refs/remotes/origin/master HTTP/2" 403 1242 "-" "TLM-Audit-Scanner/1.0"
195.178.110.199 - - [22/Jun/2026:03:39:09 +0000] "GET /.github HTTP/2" 403 1242 "-" "TLM-Audit-Scanner/1.0"
195.178.110.199 - - [22/Jun/2026:03:39:09 +0000] "GET /.gitlab HTTP/2" 403 1242 "-" "TLM-Audit-Scanner/1.0"
195.178.110.199 - - [22/Jun/2026:03:39:09 +0000] "GET /.github/ISSUE_TEMPLATE HTTP/2" 403 1242 "-" "TLM-Audit-Scanner/1.0"
195.178.110.199 - - [22/Jun/2026:03:39:09 +0000] "GET /.github/CODEOWNERS HTTP/2" 403 1242 "-" "TLM-Audit-Scanner/1.0"
195.178.110.199 - - [22/Jun/2026:03:39:09 +0000] "GET /.gitlab-ci HTTP/2" 403 1242 "-" "TLM-Audit-Scanner/1.0"
195.178.110.199 - - [22/Jun/2026:03:39:09 +0000] "GET /.gitlab/issue_templates HTTP/2" 403 1242 "-" "TLM-Audit-Scanner/1.0"
195.178.110.199 - - [22/Jun/2026:03:39:09 +0000] "GET /.gitlab-ci.yml HTTP/2" 403 1242 "-" "TLM-Audit-Scanner/1.0"
195.178.110.199 - - [22/Jun/2026:03:39:09 +0000] "GET /.gitlab/merge_request_templates HTTP/2" 403 1242 "-" "TLM-Audit-Scanner/1.0"
195.178.110.199 - - [22/Jun/2026:03:39:09 +0000] "GET /.gitmodules HTTP/2" 403 1242 "-" "TLM-Audit-Scanner/1.0"
195.178.110.199 - - [22/Jun/2026:03:39:09 +0000] "GET /.well-known/acme-challenge/ HTTP/2" 404 1251 "-" "TLM-Audit-Scanner/1.0"
195.178.110.199 - - [22/Jun/2026:03:39:09 +0000] "GET /.terraform.lock.hcl HTTP/2" 200 6197 "-" "TLM-Audit-Scanner/1.0"
195.178.110.199 - - [22/Jun/2026:03:39:09 +0000] "GET /.netlify/functions/* HTTP/2" 200 6139 "-" "TLM-Audit-Scanner/1.0"
195.178.110.199 - - [22/Jun/2026:03:39:09 +0000] "GET /.s3cfg HTTP/2" 200 6188 "-" "TLM-Audit-Scanner/1.0"
195.178.110.199 - - [22/Jun/2026:03:39:09 +0000] "GET /.terraform.tfstate HTTP/2" 200 6139 "-" "TLM-Audit-Scanner/1.0"
195.178.110.199 - - [22/Jun/2026:03:39:09 +0000] "GET /.stripe/ HTTP/2" 200 6188 "-" "TLM-Audit-Scanner/1.0"
195.178.110.199 - - [22/Jun/2026:03:39:09 +0000] "GET /.well-known/acme-challenge/* HTTP/2" 200 6188 "-" "TLM-Audit-Scanner/1.0"
195.178.110.199 - - [22/Jun/2026:03:39:09 +0000] "GET /.well-known/* HTTP/2" 200 6188 "-" "TLM-Audit-Scanner/1.0"
195.178.110.199 - - [22/Jun/2026:03:39:09 +0000] "GET /.terraform/credentials.tfrc.json HTTP/2" 200 6351 "-" "TLM-Audit-Scanner/1.0"
195.178.110.199 - - [22/Jun/2026:03:39:09 +0000] "GET /.vercel/functions/* HTTP/2" 200 6217 "-" "TLM-Audit-Scanner/1.0"
195.178.110.199 - - [22/Jun/2026:03:39:09 +0000] "GET /.well-known/stripe.txt HTTP/2" 200 6164 "-" "TLM-Audit-Scanner/1.0"
195.178.110.199 - - [22/Jun/2026:03:39:09 +0000] "GET /.gitignore HTTP/2" 403 1242 "-" "TLM-Audit-Scanner/1.0"
195.178.110.199 - - [22/Jun/2026:03:39:09 +0000] "GET /.github/dependabot.yml HTTP/2" 403 1242 "-" "TLM-Audit-Scanner/1.0"
195.178.110.199 - - [22/Jun/2026:03:39:09 +0000] "GET /.well-known/stripe/ HTTP/2" 200 6188 "-" "TLM-Audit-Scanner/1.0"
195.178.110.199 - - [22/Jun/2026:03:39:09 +0000] "GET /.wp-config.php.swp HTTP/2" 200 6188 "-" "TLM-Audit-Scanner/1.0"
195.178.110.199 - - [22/Jun/2026:03:39:09 +0000] "GET /?phpinfo=1 HTTP/2" 200 6180 "-" "TLM-Audit-Scanner/1.0"
195.178.110.199 - - [22/Jun/2026:03:39:09 +0000] "GET /?pp=env&pp=env HTTP/2" 200 6180 "-" "TLM-Audit-Scanner/1.0"
195.178.110.199 - - [22/Jun/2026:03:39:09 +0000] "GET /API.md HTTP/2" 200 6429 "-" "TLM-Audit-Scanner/1.0"
195.178.110.199 - - [22/Jun/2026:03:39:09 +0000] "GET /API/.env HTTP/2" 200 6398 "-" "TLM-Audit-Scanner/1.0"
195.178.110.199 - - [22/Jun/2026:03:39:09 +0000] "GET /API/config.js HTTP/2" 200 6429 "-" "TLM-Audit-Scanner/1.0"
195.178.110.199 - - [22/Jun/2026:03:39:09 +0000] "GET /ADMIN/.env HTTP/2" 200 6353 "-" "TLM-Audit-Scanner/1.0"
195.178.110.199 - - [22/Jun/2026:03:39:09 +0000] "GET /API/config/common.js HTTP/2" 200 6337 "-" "TLM-Audit-Scanner/1.0"
195.178.110.199 - - [22/Jun/2026:03:39:09 +0000] "GET /API/config/constants.js HTTP/2" 200 6188 "-" "TLM-Audit-Scanner/1.0"
195.178.110.199 - - [22/Jun/2026:03:39:09 +0000] "GET /API/constants.js HTTP/2" 200 6234 "-" "TLM-Audit-Scanner/1.0"
195.178.110.199 - - [22/Jun/2026:03:39:09 +0000] "GET /API/common.js HTTP/2" 200 6238 "-" "TLM-Audit-Scanner/1.0"
195.178.110.199 - - [22/Jun/2026:03:39:09 +0000] "GET /APP/.env HTTP/2" 200 6183 "-" "TLM-Audit-Scanner/1.0"
195.178.110.199 - - [22/Jun/2026:03:39:09 +0000] "GET /API/config/database.js HTTP/2" 200 6180 "-" "TLM-Audit-Scanner/1.0"
195.178.110.199 - - [22/Jun/2026:03:39:09 +0000] "GET /BACKEND/.env HTTP/2" 200 6180 "-" "TLM-Audit-Scanner/1.0"
195.178.110.199 - - [22/Jun/2026:03:39:09 +0000] "GET /Api/.env HTTP/2" 200 6180 "-" "TLM-Audit-Scanner/1.0"
195.178.110.199 - - [22/Jun/2026:03:39:09 +0000] "GET /BACK/.env HTTP/2" 200 6180 "-" "TLM-Audit-Scanner/1.0"
195.178.110.199 - - [22/Jun/2026:03:39:09 +0000] "GET /BE/.env HTTP/2" 200 6180 "-" "TLM-Audit-Scanner/1.0"
195.178.110.199 - - [22/Jun/2026:03:39:09 +0000] "GET /DOCS.md HTTP/2" 200 6227 "-" "TLM-Audit-Scanner/1.0"
195.178.110.199 - - [22/Jun/2026:03:39:09 +0000] "GET /Docker.md HTTP/2" 200 6138 "-" "TLM-Audit-Scanner/1.0"
195.178.110.199 - - [22/Jun/2026:03:39:09 +0000] "GET /Dockerfile HTTP/2" 200 6180 "-" "TLM-Audit-Scanner/1.0"
