140.238.201.184 - - [21/Jun/2026:22:19:59 +0000] "GET /wp-login.php HTTP/1.1" 200 2289 "-" "Mozilla/5.0 (Windows NT 10.0; Win64; x64) AppleWebKit/537.36 (KHTML, like Gecko) Chrome/92.0.4515.131 Safari/537.36"
140.238.201.184 - - [21/Jun/2026:22:19:59 +0000] "POST /wp-login.php HTTP/1.1" 200 2289 "https://jubaroyaltravel.com/wp-login.php" "Mozilla/5.0 (Windows NT 10.0; Win64; x64) AppleWebKit/605.1.15 (KHTML, like Gecko) Version/14.1 Safari/605.1.15"
140.238.201.184 - - [21/Jun/2026:22:20:15 +0000] "POST /wp-login.php HTTP/1.1" 200 0 "https://jubaroyaltravel.com/wp-login.php" "Mozilla/5.0 (Macintosh; Intel Mac OS X 10_15_7) AppleWebKit/605.1.15 (KHTML, like Gecko) Version/14.1.2 Safari/605.1.15"
140.238.201.184 - - [21/Jun/2026:22:20:30 +0000] "POST /wp-login.php HTTP/1.1" 200 0 "https://jubaroyaltravel.com/wp-login.php" "Mozilla/5.0 (Windows NT 6.1; Win64; x64) AppleWebKit/537.36 (KHTML, like Gecko) Chrome/93.0.4577.63 Safari/537.36"
140.238.201.184 - - [21/Jun/2026:22:23:21 +0000] "POST /wp-login.php HTTP/1.1" 200 0 "https://jubaroyaltravel.com/wp-login.php" "Mozilla/5.0 (Macintosh; Intel Mac OS X 10_15_7) AppleWebKit/537.36 (KHTML, like Gecko) Chrome/90.0.4430.212 Safari/537.36"
69.72.244.151 - - [21/Jun/2026:22:23:37 +0000] "POST /wp-cron.php?doing_wp_cron=1782080617.7567319869995117187500 HTTP/1.1" 200 0 "-" "WordPress/7.0; https://www.jubaroyaltravel.com"
66.249.64.129 - - [21/Jun/2026:22:23:35 +0000] "GET /products/detail/releases/j106476289 HTTP/1.1" 404 27933 "-" "Mozilla/5.0 (Linux; Android 6.0.1; Nexus 5X Build/MMB29P) AppleWebKit/537.36 (KHTML, like Gecko) Chrome/148.0.7778.96 Mobile Safari/537.36 (compatible; Googlebot/2.1; +http://www.google.com/bot.html)"
140.238.201.184 - - [21/Jun/2026:22:23:37 +0000] "POST /wp-login.php HTTP/1.1" 200 0 "https://jubaroyaltravel.com/wp-login.php" "Mozilla/5.0 (Macintosh; Intel Mac OS X 10_15_7) AppleWebKit/537.36 (KHTML, like Gecko) Chrome/94.0.4606.71 Safari/537.36"
66.249.64.129 - - [21/Jun/2026:22:23:53 +0000] "GET /products/detail/quality/j106437153 HTTP/1.1" 404 27930 "-" "Mozilla/5.0 (Linux; Android 6.0.1; Nexus 5X Build/MMB29P) AppleWebKit/537.36 (KHTML, like Gecko) Chrome/148.0.7778.96 Mobile Safari/537.36 (compatible; Googlebot/2.1; +http://www.google.com/bot.html)"
140.238.201.184 - - [21/Jun/2026:22:23:52 +0000] "POST /wp-login.php HTTP/1.1" 200 0 "https://jubaroyaltravel.com/wp-login.php" "Mozilla/5.0 (X11; Linux x86_64) AppleWebKit/537.36 (KHTML, like Gecko) Chrome/90.0.4430.212 Safari/537.36"
69.72.244.151 - - [21/Jun/2026:22:24:15 +0000] "POST /wp-cron.php?doing_wp_cron=1782080655.1667439937591552734375 HTTP/1.1" 200 0 "-" "WordPress/7.0; https://www.jubaroyaltravel.com"
66.249.64.129 - - [21/Jun/2026:22:24:14 +0000] "GET /products/detail/shop/j106369549 HTTP/1.1" 404 27912 "-" "Mozilla/5.0 (compatible; Googlebot/2.1; +http://www.google.com/bot.html)"
140.238.201.184 - - [21/Jun/2026:22:24:08 +0000] "POST /wp-login.php HTTP/1.1" 200 0 "https://jubaroyaltravel.com/wp-login.php" "Mozilla/5.0 (Windows NT 6.1; Win64; x64) AppleWebKit/537.36 (KHTML, like Gecko) Chrome/92.0.4515.131 Safari/537.36"
140.238.201.184 - - [21/Jun/2026:22:24:23 +0000] "POST /wp-login.php HTTP/1.1" 200 0 "https://jubaroyaltravel.com/wp-login.php" "Mozilla/5.0 (Windows NT 10.0; Win64; x64) AppleWebKit/605.1.15 (KHTML, like Gecko) Version/14.1.2 Safari/605.1.15"
140.238.201.184 - - [21/Jun/2026:22:24:39 +0000] "POST /wp-login.php HTTP/1.1" 200 0 "https://jubaroyaltravel.com/wp-login.php" "Mozilla/5.0 (X11; Linux x86_64) AppleWebKit/537.36 (KHTML, like Gecko) Chrome/94.0.4606.71 Safari/537.36"
140.238.201.184 - - [21/Jun/2026:22:23:06 +0000] "POST /wp-login.php HTTP/1.1" 200 0 "https://jubaroyaltravel.com/wp-login.php" "Mozilla/5.0 (Macintosh; Intel Mac OS X 10_15_7) AppleWebKit/605.1.15 (KHTML, like Gecko) Version/14.1.1 Safari/605.1.15"
140.238.201.184 - - [21/Jun/2026:22:24:54 +0000] "POST /wp-login.php HTTP/1.1" 200 0 "https://jubaroyaltravel.com/wp-login.php" "Mozilla/5.0 (Macintosh; Intel Mac OS X 10_15_7) AppleWebKit/605.1.15 (KHTML, like Gecko) Version/14.1.2 Safari/605.1.15"
140.238.201.184 - - [21/Jun/2026:22:25:10 +0000] "POST /wp-login.php HTTP/1.1" 200 0 "https://jubaroyaltravel.com/wp-login.php" "Mozilla/5.0 (Windows NT 6.1; Win64; x64) AppleWebKit/537.36 (KHTML, like Gecko) Chrome/91.0.4472.124 Safari/537.36"
140.238.201.184 - - [21/Jun/2026:22:25:25 +0000] "POST /wp-login.php HTTP/1.1" 200 0 "https://jubaroyaltravel.com/wp-login.php" "Mozilla/5.0 (Windows NT 6.1; Win64; x64) AppleWebKit/537.36 (KHTML, like Gecko) Chrome/91.0.4472.124 Safari/537.36"
140.238.201.184 - - [21/Jun/2026:22:25:41 +0000] "POST /wp-login.php HTTP/1.1" 200 0 "https://jubaroyaltravel.com/wp-login.php" "Mozilla/5.0 (Macintosh; Intel Mac OS X 10_15_7) AppleWebKit/537.36 (KHTML, like Gecko) Chrome/93.0.4577.63 Safari/537.36"
140.238.201.184 - - [21/Jun/2026:22:25:56 +0000] "POST /wp-login.php HTTP/1.1" 200 0 "https://jubaroyaltravel.com/wp-login.php" "Mozilla/5.0 (Macintosh; Intel Mac OS X 10_15_7) AppleWebKit/605.1.15 (KHTML, like Gecko) Version/14.1 Safari/605.1.15"
69.72.244.151 - - [21/Jun/2026:22:26:21 +0000] "POST /wp-cron.php?doing_wp_cron=1782080781.1254830360412597656250 HTTP/1.1" 200 0 "-" "WordPress/7.0; https://www.jubaroyaltravel.com"
66.249.64.130 - - [21/Jun/2026:22:26:18 +0000] "GET /products/detail/store/j106182977 HTTP/1.1" 404 27941 "-" "Mozilla/5.0 (Linux; Android 6.0.1; Nexus 5X Build/MMB29P) AppleWebKit/537.36 (KHTML, like Gecko) Chrome/148.0.7778.96 Mobile Safari/537.36 (compatible; Googlebot/2.1; +http://www.google.com/bot.html)"
140.238.201.184 - - [21/Jun/2026:22:26:12 +0000] "POST /wp-login.php HTTP/1.1" 200 0 "https://jubaroyaltravel.com/wp-login.php" "Mozilla/5.0 (Macintosh; Intel Mac OS X 10_15_7; rv:90.0) Gecko/20100101 Firefox/90.0.1"
140.238.201.184 - - [21/Jun/2026:22:26:27 +0000] "POST /wp-login.php HTTP/1.1" 200 0 "https://jubaroyaltravel.com/wp-login.php" "Mozilla/5.0 (Windows NT 10.0; Win64; x64) AppleWebKit/537.36 (KHTML, like Gecko) Chrome/90.0.4430.212 Safari/537.36"
140.238.201.184 - - [21/Jun/2026:22:26:43 +0000] "POST /wp-login.php HTTP/1.1" 200 0 "https://jubaroyaltravel.com/wp-login.php" "Mozilla/5.0 (Windows NT 10.0; Win64; x64) AppleWebKit/537.36 (KHTML, like Gecko) Chrome/94.0.4606.71 Safari/537.36"
140.238.201.184 - - [21/Jun/2026:22:26:58 +0000] "POST /wp-login.php HTTP/1.1" 200 0 "https://jubaroyaltravel.com/wp-login.php" "Mozilla/5.0 (Macintosh; Intel Mac OS X 10_15_7) AppleWebKit/605.1.15 (KHTML, like Gecko) Version/14.1 Safari/605.1.15"
140.238.201.184 - - [21/Jun/2026:22:27:14 +0000] "POST /wp-login.php HTTP/1.1" 200 0 "https://jubaroyaltravel.com/wp-login.php" "Mozilla/5.0 (Windows NT 10.0; Win64; x64) AppleWebKit/537.36 (KHTML, like Gecko) Chrome/90.0.4430.212 Safari/537.36"
140.238.201.184 - - [21/Jun/2026:22:27:29 +0000] "POST /wp-login.php HTTP/1.1" 200 0 "https://jubaroyaltravel.com/wp-login.php" "Mozilla/5.0 (Macintosh; Intel Mac OS X 10_15_7) AppleWebKit/605.1.15 (KHTML, like Gecko) Version/14.1.1 Safari/605.1.15"
140.238.201.184 - - [21/Jun/2026:22:27:45 +0000] "POST /wp-login.php HTTP/1.1" 200 0 "https://jubaroyaltravel.com/wp-login.php" "Mozilla/5.0 (Windows NT 10.0; Win64; x64) AppleWebKit/537.36 (KHTML, like Gecko) Chrome/94.0.4606.71 Safari/537.36"
140.238.201.184 - - [21/Jun/2026:22:28:00 +0000] "POST /wp-login.php HTTP/1.1" 200 0 "https://jubaroyaltravel.com/wp-login.php" "Mozilla/5.0 (Macintosh; Intel Mac OS X 10_15_7) AppleWebKit/605.1.15 (KHTML, like Gecko) Version/14.1 Safari/605.1.15"
140.238.201.184 - - [21/Jun/2026:22:28:16 +0000] "POST /wp-login.php HTTP/1.1" 200 0 "https://jubaroyaltravel.com/wp-login.php" "Mozilla/5.0 (Macintosh; Intel Mac OS X 10_15_7) AppleWebKit/605.1.15 (KHTML, like Gecko) Version/14.0.3 Safari/605.1.15"
140.238.201.184 - - [21/Jun/2026:22:28:47 +0000] "POST /wp-login.php HTTP/1.1" 200 0 "https://jubaroyaltravel.com/wp-login.php" "Mozilla/5.0 (X11; Linux x86_64; rv:91.0) Gecko/20100101 Firefox/91.0"
69.72.244.151 - - [21/Jun/2026:22:29:05 +0000] "POST /wp-cron.php?doing_wp_cron=1782080945.3685090541839599609375 HTTP/1.1" 200 0 "-" "WordPress/7.0; https://www.jubaroyaltravel.com"
66.249.64.131 - - [21/Jun/2026:22:29:02 +0000] "GET /products/detail/releases/j106486767 HTTP/1.1" 404 27933 "-" "Mozilla/5.0 (Linux; Android 6.0.1; Nexus 5X Build/MMB29P) AppleWebKit/537.36 (KHTML, like Gecko) Chrome/148.0.7778.96 Mobile Safari/537.36 (compatible; Googlebot/2.1; +http://www.google.com/bot.html)"
140.238.201.184 - - [21/Jun/2026:22:29:03 +0000] "POST /wp-login.php HTTP/1.1" 200 0 "https://jubaroyaltravel.com/wp-login.php" "Mozilla/5.0 (Windows NT 10.0; Win64; x64) AppleWebKit/537.36 (KHTML, like Gecko) Chrome/93.0.4577.63 Safari/537.36"
140.238.201.184 - - [21/Jun/2026:22:29:18 +0000] "POST /wp-login.php HTTP/1.1" 200 0 "https://jubaroyaltravel.com/wp-login.php" "Mozilla/5.0 (Windows NT 6.1; Win64; x64) AppleWebKit/537.36 (KHTML, like Gecko) Chrome/93.0.4577.63 Safari/537.36"
140.238.201.184 - - [21/Jun/2026:22:29:34 +0000] "POST /wp-login.php HTTP/1.1" 200 0 "https://jubaroyaltravel.com/wp-login.php" "Mozilla/5.0 (X11; Linux x86_64; rv:92.0) Gecko/20100101 Firefox/92.0"
69.72.244.151 - - [21/Jun/2026:22:29:55 +0000] "POST /wp-cron.php?doing_wp_cron=1782080995.5248219966888427734375 HTTP/1.1" 200 0 "-" "WordPress/7.0; https://www.jubaroyaltravel.com"
66.249.64.130 - - [21/Jun/2026:22:29:55 +0000] "GET /products/detail/classic/j106111713 HTTP/1.1" 404 27932 "-" "Mozilla/5.0 (Linux; Android 6.0.1; Nexus 5X Build/MMB29P) AppleWebKit/537.36 (KHTML, like Gecko) Chrome/148.0.7778.96 Mobile Safari/537.36 (compatible; Googlebot/2.1; +http://www.google.com/bot.html)"
140.238.201.184 - - [21/Jun/2026:22:29:49 +0000] "POST /wp-login.php HTTP/1.1" 200 0 "https://jubaroyaltravel.com/wp-login.php" "Mozilla/5.0 (Windows NT 6.1; Win64; x64) AppleWebKit/537.36 (KHTML, like Gecko) Chrome/94.0.4606.71 Safari/537.36"
140.238.201.184 - - [21/Jun/2026:22:30:05 +0000] "POST /wp-login.php HTTP/1.1" 200 0 "https://jubaroyaltravel.com/wp-login.php" "Mozilla/5.0 (Windows NT 10.0; Win64; x64) AppleWebKit/537.36 (KHTML, like Gecko) Chrome/94.0.4606.71 Safari/537.36"
140.238.201.184 - - [21/Jun/2026:22:28:31 +0000] "POST /wp-login.php HTTP/1.1" 200 0 "https://jubaroyaltravel.com/wp-login.php" "Mozilla/5.0 (X11; Linux x86_64) AppleWebKit/537.36 (KHTML, like Gecko) Chrome/94.0.4606.71 Safari/537.36"
140.238.201.184 - - [21/Jun/2026:22:30:20 +0000] "POST /wp-login.php HTTP/1.1" 200 0 "https://jubaroyaltravel.com/wp-login.php" "Mozilla/5.0 (X11; Linux x86_64) AppleWebKit/537.36 (KHTML, like Gecko) Chrome/93.0.4577.63 Safari/537.36"
69.72.244.151 - - [21/Jun/2026:22:30:48 +0000] "POST /wp-cron.php?doing_wp_cron=1782081048.5904319286346435546875 HTTP/1.1" 200 0 "-" "WordPress/7.0; https://www.jubaroyaltravel.com"
66.249.64.131 - - [21/Jun/2026:22:30:48 +0000] "GET /products/detail/online/j106100385 HTTP/1.1" 404 27929 "-" "Mozilla/5.0 (Linux; Android 6.0.1; Nexus 5X Build/MMB29P) AppleWebKit/537.36 (KHTML, like Gecko) Chrome/148.0.7778.96 Mobile Safari/537.36 (compatible; Googlebot/2.1; +http://www.google.com/bot.html)"
140.238.201.184 - - [21/Jun/2026:22:30:36 +0000] "POST /wp-login.php HTTP/1.1" 200 0 "https://jubaroyaltravel.com/wp-login.php" "Mozilla/5.0 (Macintosh; Intel Mac OS X 10_15_7) AppleWebKit/537.36 (KHTML, like Gecko) Chrome/93.0.4577.63 Safari/537.36"
140.238.201.184 - - [21/Jun/2026:22:30:51 +0000] "POST /wp-login.php HTTP/1.1" 200 0 "https://jubaroyaltravel.com/wp-login.php" "Mozilla/5.0 (X11; Linux x86_64) AppleWebKit/537.36 (KHTML, like Gecko) Chrome/93.0.4577.63 Safari/537.36"
140.238.201.184 - - [21/Jun/2026:22:31:07 +0000] "POST /wp-login.php HTTP/1.1" 200 0 "https://jubaroyaltravel.com/wp-login.php" "Mozilla/5.0 (X11; Linux x86_64) AppleWebKit/537.36 (KHTML, like Gecko) Chrome/90.0.4430.212 Safari/537.36"
140.238.201.184 - - [21/Jun/2026:22:31:22 +0000] "POST /wp-login.php HTTP/1.1" 200 0 "https://jubaroyaltravel.com/wp-login.php" "Mozilla/5.0 (Macintosh; Intel Mac OS X 10_15_7) AppleWebKit/605.1.15 (KHTML, like Gecko) Version/14.0.3 Safari/605.1.15"
140.238.201.184 - - [21/Jun/2026:22:31:38 +0000] "POST /wp-login.php HTTP/1.1" 200 0 "https://jubaroyaltravel.com/wp-login.php" "Mozilla/5.0 (Macintosh; Intel Mac OS X 10_15_7) AppleWebKit/605.1.15 (KHTML, like Gecko) Version/14.0.3 Safari/605.1.15"
140.238.201.184 - - [21/Jun/2026:22:31:53 +0000] "POST /wp-login.php HTTP/1.1" 200 0 "https://jubaroyaltravel.com/wp-login.php" "Mozilla/5.0 (Windows NT 6.1; Win64; x64) AppleWebKit/537.36 (KHTML, like Gecko) Chrome/92.0.4515.131 Safari/537.36"
176.65.139.236 - - [21/Jun/2026:22:35:30 +0000] "GET /.env HTTP/1.1" 200 1220 "-" "Mozilla/5.0 (Windows NT 10.0; Win64; x64) AppleWebKit/537.36 (KHTML, like Gecko) Chrome/147.0.0.0 Safari/537.36"
140.238.201.184 - - [21/Jun/2026:22:35:15 +0000] "POST /wp-login.php HTTP/1.1" 200 0 "https://jubaroyaltravel.com/wp-login.php" "Mozilla/5.0 (Windows NT 10.0; Win64; x64) AppleWebKit/537.36 (KHTML, like Gecko) Chrome/94.0.4606.71 Safari/537.36"
140.238.201.184 - - [21/Jun/2026:22:35:31 +0000] "POST /wp-login.php HTTP/1.1" 200 0 "https://jubaroyaltravel.com/wp-login.php" "Mozilla/5.0 (Windows NT 10.0; Win64; x64) AppleWebKit/537.36 (KHTML, like Gecko) Chrome/93.0.4577.63 Safari/537.36"
140.238.201.184 - - [21/Jun/2026:22:35:46 +0000] "POST /wp-login.php HTTP/1.1" 200 0 "https://jubaroyaltravel.com/wp-login.php" "Mozilla/5.0 (Macintosh; Intel Mac OS X 10_15_7) AppleWebKit/537.36 (KHTML, like Gecko) Chrome/94.0.4606.71 Safari/537.36"
140.238.201.184 - - [21/Jun/2026:22:36:02 +0000] "POST /wp-login.php HTTP/1.1" 200 0 "https://jubaroyaltravel.com/wp-login.php" "Mozilla/5.0 (Windows NT 10.0; Win64; x64) AppleWebKit/605.1.15 (KHTML, like Gecko) Version/14.1.1 Safari/605.1.15"
69.72.244.151 - - [21/Jun/2026:22:36:28 +0000] "POST /wp-cron.php?doing_wp_cron=1782081388.4703121185302734375000 HTTP/1.1" 200 0 "-" "WordPress/7.0; https://www.jubaroyaltravel.com"
66.249.64.129 - - [21/Jun/2026:22:36:26 +0000] "GET /products/detail/popular/j10681774 HTTP/1.1" 404 27930 "-" "Mozilla/5.0 (Linux; Android 6.0.1; Nexus 5X Build/MMB29P) AppleWebKit/537.36 (KHTML, like Gecko) Chrome/148.0.7778.96 Mobile Safari/537.36 (compatible; Googlebot/2.1; +http://www.google.com/bot.html)"
140.238.201.184 - - [21/Jun/2026:22:36:17 +0000] "POST /wp-login.php HTTP/1.1" 200 0 "https://jubaroyaltravel.com/wp-login.php" "Mozilla/5.0 (Macintosh; Intel Mac OS X 10_15_7) AppleWebKit/537.36 (KHTML, like Gecko) Chrome/94.0.4606.71 Safari/537.36"
140.238.201.184 - - [21/Jun/2026:22:36:33 +0000] "POST /wp-login.php HTTP/1.1" 200 0 "https://jubaroyaltravel.com/wp-login.php" "Mozilla/5.0 (Windows NT 6.1; Win64; x64; rv:93.0) Gecko/20100101 Firefox/93.0"
140.238.201.184 - - [21/Jun/2026:22:36:48 +0000] "POST /wp-login.php HTTP/1.1" 200 0 "https://jubaroyaltravel.com/wp-login.php" "Mozilla/5.0 (Windows NT 10.0; Win64; x64; rv:92.0) Gecko/20100101 Firefox/92.0"
140.238.201.184 - - [21/Jun/2026:22:37:04 +0000] "POST /wp-login.php HTTP/1.1" 200 0 "https://jubaroyaltravel.com/wp-login.php" "Mozilla/5.0 (Macintosh; Intel Mac OS X 10_15_7; rv:89.0) Gecko/20100101 Firefox/89.0.2"
140.238.201.184 - - [21/Jun/2026:22:37:35 +0000] "POST /wp-login.php HTTP/1.1" 200 0 "https://jubaroyaltravel.com/wp-login.php" "Mozilla/5.0 (Windows NT 10.0; Win64; x64) AppleWebKit/537.36 (KHTML, like Gecko) Chrome/92.0.4515.131 Safari/537.36"
140.238.201.184 - - [21/Jun/2026:22:37:50 +0000] "POST /wp-login.php HTTP/1.1" 200 0 "https://jubaroyaltravel.com/wp-login.php" "Mozilla/5.0 (Macintosh; Intel Mac OS X 10_15_7) AppleWebKit/537.36 (KHTML, like Gecko) Chrome/90.0.4430.212 Safari/537.36"
140.238.201.184 - - [21/Jun/2026:22:38:06 +0000] "POST /wp-login.php HTTP/1.1" 200 0 "https://jubaroyaltravel.com/wp-login.php" "Mozilla/5.0 (Macintosh; Intel Mac OS X 10_15_7; rv:90.0) Gecko/20100101 Firefox/90.0.1"
140.238.201.184 - - [21/Jun/2026:22:38:21 +0000] "POST /wp-login.php HTTP/1.1" 200 0 "https://jubaroyaltravel.com/wp-login.php" "Mozilla/5.0 (Macintosh; Intel Mac OS X 10_15_7) AppleWebKit/605.1.15 (KHTML, like Gecko) Version/15.0 Safari/605.1.15"
140.238.201.184 - - [21/Jun/2026:22:38:37 +0000] "POST /wp-login.php HTTP/1.1" 200 0 "https://jubaroyaltravel.com/wp-login.php" "Mozilla/5.0 (Windows NT 10.0; Win64; x64; rv:91.0) Gecko/20100101 Firefox/91.0"
140.238.201.184 - - [21/Jun/2026:22:38:52 +0000] "POST /wp-login.php HTTP/1.1" 200 0 "https://jubaroyaltravel.com/wp-login.php" "Mozilla/5.0 (Macintosh; Intel Mac OS X 10_15_7) AppleWebKit/605.1.15 (KHTML, like Gecko) Version/14.1 Safari/605.1.15"
140.238.201.184 - - [21/Jun/2026:22:32:09 +0000] "POST /wp-login.php HTTP/1.1" 200 0 "https://jubaroyaltravel.com/wp-login.php" "Mozilla/5.0 (Macintosh; Intel Mac OS X 10_15_7) AppleWebKit/537.36 (KHTML, like Gecko) Chrome/94.0.4606.71 Safari/537.36"
140.238.201.184 - - [21/Jun/2026:22:32:25 +0000] "POST /wp-login.php HTTP/1.1" 200 0 "https://jubaroyaltravel.com/wp-login.php" "Mozilla/5.0 (Windows NT 10.0; Win64; x64) AppleWebKit/605.1.15 (KHTML, like Gecko) Version/14.0.3 Safari/605.1.15"
140.238.201.184 - - [21/Jun/2026:22:32:40 +0000] "POST /wp-login.php HTTP/1.1" 200 0 "https://jubaroyaltravel.com/wp-login.php" "Mozilla/5.0 (Macintosh; Intel Mac OS X 10_15_7) AppleWebKit/537.36 (KHTML, like Gecko) Chrome/93.0.4577.63 Safari/537.36"
140.238.201.184 - - [21/Jun/2026:22:32:56 +0000] "POST /wp-login.php HTTP/1.1" 200 0 "https://jubaroyaltravel.com/wp-login.php" "Mozilla/5.0 (Macintosh; Intel Mac OS X 10_15_7) AppleWebKit/537.36 (KHTML, like Gecko) Chrome/94.0.4606.71 Safari/537.36"
140.238.201.184 - - [21/Jun/2026:22:33:11 +0000] "POST /wp-login.php HTTP/1.1" 200 0 "https://jubaroyaltravel.com/wp-login.php" "Mozilla/5.0 (Macintosh; Intel Mac OS X 10_15_7) AppleWebKit/605.1.15 (KHTML, like Gecko) Version/14.1.1 Safari/605.1.15"
140.238.201.184 - - [21/Jun/2026:22:33:27 +0000] "POST /wp-login.php HTTP/1.1" 200 0 "https://jubaroyaltravel.com/wp-login.php" "Mozilla/5.0 (Macintosh; Intel Mac OS X 10_15_7; rv:91.0) Gecko/20100101 Firefox/91.0"
140.238.201.184 - - [21/Jun/2026:22:33:42 +0000] "POST /wp-login.php HTTP/1.1" 200 0 "https://jubaroyaltravel.com/wp-login.php" "Mozilla/5.0 (Windows NT 10.0; Win64; x64) AppleWebKit/605.1.15 (KHTML, like Gecko) Version/14.0.3 Safari/605.1.15"
140.238.201.184 - - [21/Jun/2026:22:33:58 +0000] "POST /wp-login.php HTTP/1.1" 200 0 "https://jubaroyaltravel.com/wp-login.php" "Mozilla/5.0 (X11; Linux x86_64) AppleWebKit/537.36 (KHTML, like Gecko) Chrome/93.0.4577.63 Safari/537.36"
69.72.244.151 - - [21/Jun/2026:22:34:22 +0000] "POST /wp-cron.php?doing_wp_cron=1782081262.3980729579925537109375 HTTP/1.1" 200 0 "-" "WordPress/7.0; https://www.jubaroyaltravel.com"
66.249.64.130 - - [21/Jun/2026:22:34:20 +0000] "GET /products/detail/releases/j106444577 HTTP/1.1" 404 27931 "-" "Mozilla/5.0 (Linux; Android 6.0.1; Nexus 5X Build/MMB29P) AppleWebKit/537.36 (KHTML, like Gecko) Chrome/148.0.7778.96 Mobile Safari/537.36 (compatible; Googlebot/2.1; +http://www.google.com/bot.html)"
140.238.201.184 - - [21/Jun/2026:22:34:13 +0000] "POST /wp-login.php HTTP/1.1" 200 0 "https://jubaroyaltravel.com/wp-login.php" "Mozilla/5.0 (Windows NT 6.1; Win64; x64) AppleWebKit/537.36 (KHTML, like Gecko) Chrome/94.0.4606.71 Safari/537.36"
140.238.201.184 - - [21/Jun/2026:22:34:29 +0000] "POST /wp-login.php HTTP/1.1" 200 0 "https://jubaroyaltravel.com/wp-login.php" "Mozilla/5.0 (Windows NT 10.0; Win64; x64) AppleWebKit/605.1.15 (KHTML, like Gecko) Version/14.1.2 Safari/605.1.15"
140.238.201.184 - - [21/Jun/2026:22:34:44 +0000] "POST /wp-login.php HTTP/1.1" 200 0 "https://jubaroyaltravel.com/wp-login.php" "Mozilla/5.0 (X11; Linux x86_64) AppleWebKit/537.36 (KHTML, like Gecko) Chrome/93.0.4577.63 Safari/537.36"
140.238.201.184 - - [21/Jun/2026:22:35:00 +0000] "POST /wp-login.php HTTP/1.1" 200 0 "https://jubaroyaltravel.com/wp-login.php" "Mozilla/5.0 (Macintosh; Intel Mac OS X 10_15_7) AppleWebKit/537.36 (KHTML, like Gecko) Chrome/90.0.4430.212 Safari/537.36"
140.238.201.184 - - [21/Jun/2026:22:37:19 +0000] "POST /wp-login.php HTTP/1.1" 200 0 "https://jubaroyaltravel.com/wp-login.php" "Mozilla/5.0 (Windows NT 6.1; Win64; x64) AppleWebKit/537.36 (KHTML, like Gecko) Chrome/91.0.4472.124 Safari/537.36"
140.238.201.184 - - [21/Jun/2026:22:39:08 +0000] "POST /wp-login.php HTTP/1.1" 200 0 "https://jubaroyaltravel.com/wp-login.php" "Mozilla/5.0 (Windows NT 10.0; Win64; x64) AppleWebKit/605.1.15 (KHTML, like Gecko) Version/14.1.1 Safari/605.1.15"
140.238.201.184 - - [21/Jun/2026:22:39:23 +0000] "POST /wp-login.php HTTP/1.1" 200 0 "https://jubaroyaltravel.com/wp-login.php" "Mozilla/5.0 (Windows NT 10.0; Win64; x64) AppleWebKit/605.1.15 (KHTML, like Gecko) Version/14.0.3 Safari/605.1.15"
140.238.201.184 - - [21/Jun/2026:22:39:39 +0000] "POST /wp-login.php HTTP/1.1" 200 0 "https://jubaroyaltravel.com/wp-login.php" "Mozilla/5.0 (Windows NT 10.0; Win64; x64; rv:91.0) Gecko/20100101 Firefox/91.0"
140.238.201.184 - - [21/Jun/2026:22:39:55 +0000] "POST /wp-login.php HTTP/1.1" 200 0 "https://jubaroyaltravel.com/wp-login.php" "Mozilla/5.0 (Windows NT 10.0; Win64; x64) AppleWebKit/605.1.15 (KHTML, like Gecko) Version/14.0.3 Safari/605.1.15"
140.238.201.184 - - [21/Jun/2026:22:40:10 +0000] "POST /wp-login.php HTTP/1.1" 200 0 "https://jubaroyaltravel.com/wp-login.php" "Mozilla/5.0 (Macintosh; Intel Mac OS X 10_15_7) AppleWebKit/537.36 (KHTML, like Gecko) Chrome/90.0.4430.212 Safari/537.36"
140.238.201.184 - - [21/Jun/2026:22:40:26 +0000] "POST /wp-login.php HTTP/1.1" 200 0 "https://jubaroyaltravel.com/wp-login.php" "Mozilla/5.0 (Macintosh; Intel Mac OS X 10_15_7) AppleWebKit/605.1.15 (KHTML, like Gecko) Version/14.1 Safari/605.1.15"
140.238.201.184 - - [21/Jun/2026:22:40:41 +0000] "POST /wp-login.php HTTP/1.1" 200 0 "https://jubaroyaltravel.com/wp-login.php" "Mozilla/5.0 (Windows NT 10.0; Win64; x64) AppleWebKit/537.36 (KHTML, like Gecko) Chrome/92.0.4515.131 Safari/537.36"
69.72.244.151 - - [21/Jun/2026:22:41:10 +0000] "POST /wp-cron.php?doing_wp_cron=1782081670.9409799575805664062500 HTTP/1.1" 200 0 "-" "WordPress/7.0; https://www.jubaroyaltravel.com"
103.127.30.137 - - [21/Jun/2026:22:41:09 +0000] "GET /wp-login.php HTTP/2" 200 2038 "-" "Mozilla/5.0 (X11; Linux x86_64) AppleWebKit/537.36 (KHTML, like Gecko) Chrome/133.0.0.0 Safari/537.36"
103.127.30.137 - - [21/Jun/2026:22:41:11 +0000] "POST /wp-login.php HTTP/2" 200 2209 "https://jubaroyaltravel.com/wp-login.php" "Mozilla/5.0 (X11; Linux x86_64) AppleWebKit/537.36 (KHTML, like Gecko) Chrome/133.0.0.0 Safari/537.36"
140.238.201.184 - - [21/Jun/2026:22:40:57 +0000] "POST /wp-login.php HTTP/1.1" 200 0 "https://jubaroyaltravel.com/wp-login.php" "Mozilla/5.0 (Macintosh; Intel Mac OS X 10_15_7) AppleWebKit/605.1.15 (KHTML, like Gecko) Version/14.1.2 Safari/605.1.15"
66.249.64.130 - - [21/Jun/2026:22:41:18 +0000] "GET / HTTP/1.1" 200 42966 "-" "Mozilla/5.0 (compatible; Googlebot/2.1; +http://www.google.com/bot.html)"
140.238.201.184 - - [21/Jun/2026:22:41:12 +0000] "POST /wp-login.php HTTP/1.1" 200 0 "https://jubaroyaltravel.com/wp-login.php" "Mozilla/5.0 (Macintosh; Intel Mac OS X 10_15_7) AppleWebKit/537.36 (KHTML, like Gecko) Chrome/91.0.4472.124 Safari/537.36"
66.249.64.129 - - [21/Jun/2026:22:41:28 +0000] "GET /products/detail/cheapest/j106236769 HTTP/1.1" 404 27932 "-" "Mozilla/5.0 (Linux; Android 6.0.1; Nexus 5X Build/MMB29P) AppleWebKit/537.36 (KHTML, like Gecko) Chrome/148.0.7778.96 Mobile Safari/537.36 (compatible; Googlebot/2.1; +http://www.google.com/bot.html)"
66.249.64.129 - - [21/Jun/2026:22:41:43 +0000] "GET /wp-content/plugins/elementskit-lite/widgets/init/assets/css/responsive.css?ver=3.9.8 HTTP/1.1" 200 2707 "https://www.jubaroyaltravel.com/" "Mozilla/5.0 (compatible; Googlebot/2.1; +http://www.google.com/bot.html)"
66.249.64.129 - - [21/Jun/2026:22:41:43 +0000] "GET /wp-content/plugins/elementor/assets/css/widget-social-icons.min.css?ver=4.1.3 HTTP/1.1" 200 1039 "https://www.jubaroyaltravel.com/" "Mozilla/5.0 (compatible; Googlebot/2.1; +http://www.google.com/bot.html)"
66.249.64.129 - - [21/Jun/2026:22:41:43 +0000] "GET /wp-content/uploads/elementor/css/post-59.css?ver=1780704000 HTTP/1.1" 200 4253 "https://www.jubaroyaltravel.com/" "Mozilla/5.0 (compatible; Googlebot/2.1; +http://www.google.com/bot.html)"
140.238.201.184 - - [21/Jun/2026:22:41:28 +0000] "POST /wp-login.php HTTP/1.1" 200 0 "https://jubaroyaltravel.com/wp-login.php" "Mozilla/5.0 (Windows NT 6.1; Win64; x64) AppleWebKit/537.36 (KHTML, like Gecko) Chrome/91.0.4472.124 Safari/537.36"
66.249.64.129 - - [21/Jun/2026:22:41:44 +0000] "GET /wp-content/themes/astra/assets/css/minified/compatibility/contact-form-7-main.min.css?ver=4.13.4 HTTP/1.1" 200 344 "https://www.jubaroyaltravel.com/" "Mozilla/5.0 (compatible; Googlebot/2.1; +http://www.google.com/bot.html)"
66.249.64.129 - - [21/Jun/2026:22:41:46 +0000] "GET /wp-content/plugins/elementor/assets/css/widget-video.min.css?ver=4.1.3 HTTP/1.1" 200 328 "https://www.jubaroyaltravel.com/" "Mozilla/5.0 (compatible; Googlebot/2.1; +http://www.google.com/bot.html)"
66.249.64.129 - - [21/Jun/2026:22:41:47 +0000] "GET /wp-content/plugins/elementskit-lite/modules/elementskit-icon-pack/assets/css/ekiticons.css?ver=3.9.8 HTTP/1.1" 200 9832 "https://www.jubaroyaltravel.com/" "Mozilla/5.0 (compatible; Googlebot/2.1; +http://www.google.com/bot.html)"
66.249.64.129 - - [21/Jun/2026:22:41:48 +0000] "GET /wp-content/plugins/wte-elementor-widgets/dist/css/wpte-feat-trips.css?ver=1.5.3 HTTP/1.1" 200 1122 "https://www.jubaroyaltravel.com/" "Mozilla/5.0 (compatible; Googlebot/2.1; +http://www.google.com/bot.html)"
66.249.64.129 - - [21/Jun/2026:22:41:49 +0000] "GET /wp-content/plugins/wp-travel-engine/assets/lib/owl-carousel-2.3.4/owl.carousel.css?ver=2.3.4 HTTP/1.1" 200 914 "https://www.jubaroyaltravel.com/" "Mozilla/5.0 (compatible; Googlebot/2.1; +http://www.google.com/bot.html)"
66.249.64.129 - - [21/Jun/2026:22:41:51 +0000] "GET /wp-content/plugins/elementskit-lite/widgets/init/assets/css/widget-styles.css?ver=3.9.8 HTTP/1.1" 200 49249 "https://www.jubaroyaltravel.com/" "Mozilla/5.0 (compatible; Googlebot/2.1; +http://www.google.com/bot.html)"
66.249.64.129 - - [21/Jun/2026:22:41:52 +0000] "GET /wp-content/plugins/elementor/assets/css/frontend.min.css?ver=4.1.3 HTTP/1.1" 200 6613 "https://www.jubaroyaltravel.com/" "Mozilla/5.0 (compatible; Googlebot/2.1; +http://www.google.com/bot.html)"
66.249.64.129 - - [21/Jun/2026:22:41:53 +0000] "GET /wp-content/plugins/elementor/assets/css/widget-image-box.min.css?ver=4.1.3 HTTP/1.1" 200 297 "https://www.jubaroyaltravel.com/" "Mozilla/5.0 (compatible; Googlebot/2.1; +http://www.google.com/bot.html)"
66.249.64.129 - - [21/Jun/2026:22:41:54 +0000] "GET /wp-content/plugins/wte-elementor-widgets/dist/css/wpte-trips-slider.css?ver=1.5.3 HTTP/1.1" 200 1450 "https://www.jubaroyaltravel.com/" "Mozilla/5.0 (compatible; Googlebot/2.1; +http://www.google.com/bot.html)"
66.249.64.129 - - [21/Jun/2026:22:41:55 +0000] "GET /wp-content/themes/astra/assets/js/minified/frontend.min.js?ver=4.13.4 HTTP/1.1" 200 5693 "https://www.jubaroyaltravel.com/" "Mozilla/5.0 (compatible; Googlebot/2.1; +http://www.google.com/bot.html)"
66.249.64.129 - - [21/Jun/2026:22:41:57 +0000] "GET /wp-includes/js/masonry.min.js?ver=4.2.2 HTTP/1.1" 200 7117 "https://www.jubaroyaltravel.com/" "Mozilla/5.0 (compatible; Googlebot/2.1; +http://www.google.com/bot.html)"
66.249.64.129 - - [21/Jun/2026:22:41:58 +0000] "GET /wp-content/plugins/wp-travel-engine/assets/lib/flatpickr-4.6.9/fpickr.js?ver=4.6.9 HTTP/1.1" 200 13754 "https://www.jubaroyaltravel.com/" "Mozilla/5.0 (compatible; Googlebot/2.1; +http://www.google.com/bot.html)"
66.249.64.129 - - [21/Jun/2026:22:41:59 +0000] "GET /wp-includes/js/dist/i18n.min.js?ver=781d11515ad3d91786ec HTTP/1.1" 200 2330 "https://www.jubaroyaltravel.com/" "Mozilla/5.0 (compatible; Googlebot/2.1; +http://www.google.com/bot.html)"
140.238.201.184 - - [21/Jun/2026:22:41:43 +0000] "POST /wp-login.php HTTP/1.1" 200 0 "https://jubaroyaltravel.com/wp-login.php" "Mozilla/5.0 (Macintosh; Intel Mac OS X 10_15_7) AppleWebKit/605.1.15 (KHTML, like Gecko) Version/14.1.1 Safari/605.1.15"
66.249.64.129 - - [21/Jun/2026:22:42:00 +0000] "GET /wp-includes/js/dist/hooks.min.js?ver=7496969728ca0f95732d HTTP/1.1" 200 1712 "https://www.jubaroyaltravel.com/" "Mozilla/5.0 (compatible; Googlebot/2.1; +http://www.google.com/bot.html)"
66.249.64.129 - - [21/Jun/2026:22:42:01 +0000] "GET /wp-includes/js/imagesloaded.min.js?ver=5.0.0 HTTP/1.1" 200 1687 "https://www.jubaroyaltravel.com/" "Mozilla/5.0 (compatible; Googlebot/2.1; +http://www.google.com/bot.html)"
66.249.64.129 - - [21/Jun/2026:22:42:02 +0000] "GET /wp-content/plugins/wp-travel-engine/dist/public/trip-search/widgets-slider.js?ver=b993433282e271669541 HTTP/1.1" 200 7982 "https://www.jubaroyaltravel.com/" "Mozilla/5.0 (compatible; Googlebot/2.1; +http://www.google.com/bot.html)"
66.249.64.129 - - [21/Jun/2026:22:42:03 +0000] "GET /wp-content/plugins/wte-elementor-widgets/dist/js/frontend.js?ver=1777890184 HTTP/1.1" 200 1650 "https://www.jubaroyaltravel.com/" "Mozilla/5.0 (compatible; Googlebot/2.1; +http://www.google.com/bot.html)"
66.249.64.129 - - [21/Jun/2026:22:42:05 +0000] "GET /wp-content/plugins/wte-elementor-widgets/includes/widgets/trips-slider-three/thumb.js?ver=1.5.3 HTTP/1.1" 200 251 "https://www.jubaroyaltravel.com/" "Mozilla/5.0 (compatible; Googlebot/2.1; +http://www.google.com/bot.html)"
66.249.64.129 - - [21/Jun/2026:22:42:06 +0000] "GET /wp-content/plugins/contact-form-7/includes/swv/js/index.js?ver=6.1.6 HTTP/1.1" 200 3369 "https://www.jubaroyaltravel.com/" "Mozilla/5.0 (compatible; Googlebot/2.1; +http://www.google.com/bot.html)"
66.249.64.129 - - [21/Jun/2026:22:42:07 +0000] "GET /wp-content/plugins/elementor/assets/js/section-frontend-handlers.d85ab872da118940910d.bundle.min.js HTTP/1.1" 200 229 "https://www.jubaroyaltravel.com/" "Mozilla/5.0 (compatible; Googlebot/2.1; +http://www.google.com/bot.html)"
66.249.64.129 - - [21/Jun/2026:22:42:08 +0000] "GET /wp-content/plugins/elementor/assets/js/shared-frontend-handlers.03caa53373b56d3bab67.bundle.min.js HTTP/1.1" 200 2511 "https://www.jubaroyaltravel.com/" "Mozilla/5.0 (compatible; Googlebot/2.1; +http://www.google.com/bot.html)"
66.249.64.129 - - [21/Jun/2026:22:42:09 +0000] "GET /wp-content/plugins/elementor/assets/lib/swiper/v8/swiper.min.js?ver=8.4.5 HTTP/1.1" 200 38152 "https://www.jubaroyaltravel.com/" "Mozilla/5.0 (compatible; Googlebot/2.1; +http://www.google.com/bot.html)"
66.249.64.129 - - [21/Jun/2026:22:42:10 +0000] "GET /wp-content/plugins/elementor/assets/js/text-editor.45609661e409413f1cef.bundle.min.js HTTP/1.1" 200 592 "https://www.jubaroyaltravel.com/" "Mozilla/5.0 (compatible; Googlebot/2.1; +http://www.google.com/bot.html)"
140.238.201.184 - - [21/Jun/2026:22:41:59 +0000] "POST /wp-login.php HTTP/1.1" 200 0 "https://jubaroyaltravel.com/wp-login.php" "Mozilla/5.0 (Windows NT 10.0; Win64; x64) AppleWebKit/537.36 (KHTML, like Gecko) Chrome/93.0.4577.63 Safari/537.36"
140.238.201.184 - - [21/Jun/2026:22:42:14 +0000] "POST /wp-login.php HTTP/1.1" 200 0 "https://jubaroyaltravel.com/wp-login.php" "Mozilla/5.0 (Windows NT 6.1; Win64; x64) AppleWebKit/537.36 (KHTML, like Gecko) Chrome/93.0.4577.63 Safari/537.36"
140.238.201.184 - - [21/Jun/2026:22:42:30 +0000] "POST /wp-login.php HTTP/1.1" 200 0 "https://jubaroyaltravel.com/wp-login.php" "Mozilla/5.0 (Macintosh; Intel Mac OS X 10_15_7) AppleWebKit/605.1.15 (KHTML, like Gecko) Version/14.0.3 Safari/605.1.15"
140.238.201.184 - - [21/Jun/2026:22:42:45 +0000] "POST /wp-login.php HTTP/1.1" 200 0 "https://jubaroyaltravel.com/wp-login.php" "Mozilla/5.0 (Macintosh; Intel Mac OS X 10_15_7) AppleWebKit/537.36 (KHTML, like Gecko) Chrome/91.0.4472.124 Safari/537.36"
140.238.201.184 - - [21/Jun/2026:22:43:01 +0000] "POST /wp-login.php HTTP/1.1" 200 0 "https://jubaroyaltravel.com/wp-login.php" "Mozilla/5.0 (X11; Linux x86_64) AppleWebKit/537.36 (KHTML, like Gecko) Chrome/90.0.4430.212 Safari/537.36"
140.238.201.184 - - [21/Jun/2026:22:43:16 +0000] "POST /wp-login.php HTTP/1.1" 200 0 "https://jubaroyaltravel.com/wp-login.php" "Mozilla/5.0 (X11; Linux x86_64) AppleWebKit/537.36 (KHTML, like Gecko) Chrome/94.0.4606.71 Safari/537.36"
140.238.201.184 - - [21/Jun/2026:22:43:32 +0000] "POST /wp-login.php HTTP/1.1" 200 0 "https://jubaroyaltravel.com/wp-login.php" "Mozilla/5.0 (Macintosh; Intel Mac OS X 10_15_7) AppleWebKit/605.1.15 (KHTML, like Gecko) Version/15.0 Safari/605.1.15"
140.238.201.184 - - [21/Jun/2026:22:43:47 +0000] "POST /wp-login.php HTTP/1.1" 200 0 "https://jubaroyaltravel.com/wp-login.php" "Mozilla/5.0 (Windows NT 6.1; Win64; x64) AppleWebKit/537.36 (KHTML, like Gecko) Chrome/94.0.4606.71 Safari/537.36"
140.238.201.184 - - [21/Jun/2026:22:44:03 +0000] "POST /wp-login.php HTTP/1.1" 200 0 "https://jubaroyaltravel.com/wp-login.php" "Mozilla/5.0 (Windows NT 10.0; Win64; x64) AppleWebKit/605.1.15 (KHTML, like Gecko) Version/14.1 Safari/605.1.15"
69.72.244.151 - - [21/Jun/2026:22:44:24 +0000] "POST /wp-cron.php?doing_wp_cron=1782081864.6960940361022949218750 HTTP/1.1" 200 0 "-" "WordPress/7.0; https://www.jubaroyaltravel.com"
190.143.240.239 - - [21/Jun/2026:22:44:22 +0000] "GET /products/detail/store/j106210688 HTTP/1.1" 404 32532 "-" "Mozilla/5.0 (Windows NT 10.0; Win64; x64) AppleWebKit/537.36 (KHTML, like Gecko) Chrome/80.0.3987.116 Safari/537.36"
140.238.201.184 - - [21/Jun/2026:22:44:18 +0000] "POST /wp-login.php HTTP/1.1" 200 0 "https://jubaroyaltravel.com/wp-login.php" "Mozilla/5.0 (Windows NT 10.0; Win64; x64) AppleWebKit/605.1.15 (KHTML, like Gecko) Version/14.1 Safari/605.1.15"
140.238.201.184 - - [21/Jun/2026:22:44:34 +0000] "POST /wp-login.php HTTP/1.1" 200 0 "https://jubaroyaltravel.com/wp-login.php" "Mozilla/5.0 (Windows NT 6.1; Win64; x64; rv:90.0) Gecko/20100101 Firefox/90.0.1"
140.238.201.184 - - [21/Jun/2026:22:44:49 +0000] "POST /wp-login.php HTTP/1.1" 200 0 "https://jubaroyaltravel.com/wp-login.php" "Mozilla/5.0 (Macintosh; Intel Mac OS X 10_15_7) AppleWebKit/537.36 (KHTML, like Gecko) Chrome/92.0.4515.131 Safari/537.36"
140.238.201.184 - - [21/Jun/2026:22:45:05 +0000] "POST /wp-login.php HTTP/1.1" 200 0 "https://jubaroyaltravel.com/wp-login.php" "Mozilla/5.0 (Windows NT 10.0; Win64; x64) AppleWebKit/605.1.15 (KHTML, like Gecko) Version/14.1.2 Safari/605.1.15"
45.76.163.31 - - [21/Jun/2026:22:45:27 +0000] "GET /.env HTTP/1.1" 200 1220 "-" "Mozilla/5.0 (X11; Linux x86_64) AppleWebKit/537.36"
140.238.201.184 - - [21/Jun/2026:22:45:21 +0000] "POST /wp-login.php HTTP/1.1" 200 0 "https://jubaroyaltravel.com/wp-login.php" "Mozilla/5.0 (Macintosh; Intel Mac OS X 10_15_7) AppleWebKit/605.1.15 (KHTML, like Gecko) Version/14.1.1 Safari/605.1.15"
45.76.163.31 - - [21/Jun/2026:22:45:37 +0000] "GET /.env HTTP/1.1" 200 1220 "-" "Mozilla/5.0 (Windows NT 10.0; Win64; x64) AppleWebKit/537.36 (KHTML, like Gecko) Chrome/149.0.0.0 Safari/537.36"
140.238.201.184 - - [21/Jun/2026:22:45:36 +0000] "POST /wp-login.php HTTP/1.1" 200 0 "https://jubaroyaltravel.com/wp-login.php" "Mozilla/5.0 (Windows NT 10.0; Win64; x64) AppleWebKit/605.1.15 (KHTML, like Gecko) Version/15.0 Safari/605.1.15"
69.72.244.151 - - [21/Jun/2026:22:46:01 +0000] "POST /wp-cron.php?doing_wp_cron=1782081961.5351009368896484375000 HTTP/1.1" 200 0 "-" "WordPress/7.0; https://www.jubaroyaltravel.com"
91.193.232.119 - - [21/Jun/2026:22:45:59 +0000] "POST /wp-login.php HTTP/1.1" 200 2446 "-" "Mozilla/5.0 (Windows NT 10.0; Win64; rv:143.0) Gecko/20100101 Firefox/143.0"
140.238.201.184 - - [21/Jun/2026:22:45:52 +0000] "POST /wp-login.php HTTP/1.1" 200 0 "https://jubaroyaltravel.com/wp-login.php" "Mozilla/5.0 (Macintosh; Intel Mac OS X 10_15_7) AppleWebKit/537.36 (KHTML, like Gecko) Chrome/91.0.4472.124 Safari/537.36"
140.238.201.184 - - [21/Jun/2026:22:46:07 +0000] "POST /wp-login.php HTTP/1.1" 200 0 "https://jubaroyaltravel.com/wp-login.php" "Mozilla/5.0 (X11; Linux x86_64) AppleWebKit/537.36 (KHTML, like Gecko) Chrome/93.0.4577.63 Safari/537.36"
140.238.201.184 - - [21/Jun/2026:22:46:23 +0000] "POST /wp-login.php HTTP/1.1" 200 0 "https://jubaroyaltravel.com/wp-login.php" "Mozilla/5.0 (Macintosh; Intel Mac OS X 10_15_7; rv:91.0) Gecko/20100101 Firefox/91.0"
140.238.201.184 - - [21/Jun/2026:22:46:38 +0000] "POST /wp-login.php HTTP/1.1" 200 0 "https://jubaroyaltravel.com/wp-login.php" "Mozilla/5.0 (Macintosh; Intel Mac OS X 10_15_7; rv:91.0) Gecko/20100101 Firefox/91.0"
140.238.201.184 - - [21/Jun/2026:22:46:54 +0000] "POST /wp-login.php HTTP/1.1" 200 0 "https://jubaroyaltravel.com/wp-login.php" "Mozilla/5.0 (Windows NT 6.1; Win64; x64) AppleWebKit/537.36 (KHTML, like Gecko) Chrome/91.0.4472.124 Safari/537.36"
69.72.244.151 - - [21/Jun/2026:22:47:10 +0000] "POST /wp-cron.php?doing_wp_cron=1782082030.7968010902404785156250 HTTP/1.1" 200 0 "-" "WordPress/7.0; https://www.jubaroyaltravel.com"
66.249.64.129 - - [21/Jun/2026:22:47:10 +0000] "GET /products/detail/vintage/j106298002 HTTP/1.1" 404 27933 "-" "Mozilla/5.0 (Linux; Android 6.0.1; Nexus 5X Build/MMB29P) AppleWebKit/537.36 (KHTML, like Gecko) Chrome/148.0.7778.96 Mobile Safari/537.36 (compatible; Googlebot/2.1; +http://www.google.com/bot.html)"
140.238.201.184 - - [21/Jun/2026:22:47:09 +0000] "POST /wp-login.php HTTP/1.1" 200 0 "https://jubaroyaltravel.com/wp-login.php" "Mozilla/5.0 (Windows NT 10.0; Win64; x64) AppleWebKit/605.1.15 (KHTML, like Gecko) Version/14.1.1 Safari/605.1.15"
140.238.201.184 - - [21/Jun/2026:22:47:25 +0000] "POST /wp-login.php HTTP/1.1" 200 0 "https://jubaroyaltravel.com/wp-login.php" "Mozilla/5.0 (Macintosh; Intel Mac OS X 10_15_7) AppleWebKit/605.1.15 (KHTML, like Gecko) Version/15.0 Safari/605.1.15"
140.238.201.184 - - [21/Jun/2026:22:47:40 +0000] "POST /wp-login.php HTTP/1.1" 200 0 "https://jubaroyaltravel.com/wp-login.php" "Mozilla/5.0 (Windows NT 10.0; Win64; x64) AppleWebKit/537.36 (KHTML, like Gecko) Chrome/93.0.4577.63 Safari/537.36"
140.238.201.184 - - [21/Jun/2026:22:47:56 +0000] "POST /wp-login.php HTTP/1.1" 200 0 "https://jubaroyaltravel.com/wp-login.php" "Mozilla/5.0 (Windows NT 6.1; Win64; x64) AppleWebKit/537.36 (KHTML, like Gecko) Chrome/91.0.4472.124 Safari/537.36"
62.60.130.223 - - [21/Jun/2026:22:48:14 +0000] "GET /cgi-bin/cgi-bin/cgi-bin/cgi-bin/cache.php HTTP/1.1" 301 0 "www.google.com" "Mozlila/5.0 (Linux; Android 7.0; SM-G892A Bulid/NRD90M; wv) AppleWebKit/537.36 (KHTML, like Gecko) Version/4.0 Chrome/60.0.3112.107 Moblie Safari/537.36"
62.60.130.223 - - [21/Jun/2026:22:48:18 +0000] "GET /cgi-bin/cgi-bin/cgi-bin/cgi-bin/cache.php HTTP/1.1" 404 32514 "www.google.com" "Mozlila/5.0 (Linux; Android 7.0; SM-G892A Bulid/NRD90M; wv) AppleWebKit/537.36 (KHTML, like Gecko) Version/4.0 Chrome/60.0.3112.107 Moblie Safari/537.36"
140.238.201.184 - - [21/Jun/2026:22:48:27 +0000] "POST /wp-login.php HTTP/1.1" 200 0 "https://jubaroyaltravel.com/wp-login.php" "Mozilla/5.0 (Windows NT 6.1; Win64; x64; rv:92.0) Gecko/20100101 Firefox/92.0"
140.238.201.184 - - [21/Jun/2026:22:48:42 +0000] "POST /wp-login.php HTTP/1.1" 200 0 "https://jubaroyaltravel.com/wp-login.php" "Mozilla/5.0 (Windows NT 10.0; Win64; x64) AppleWebKit/605.1.15 (KHTML, like Gecko) Version/14.1 Safari/605.1.15"
69.72.244.151 - - [21/Jun/2026:22:48:59 +0000] "POST /wp-cron.php?doing_wp_cron=1782082139.5819730758666992187500 HTTP/1.1" 200 0 "-" "WordPress/7.0; https://www.jubaroyaltravel.com"
90.64.41.129 - - [21/Jun/2026:22:48:59 +0000] "GET /activities/rhino-tracking/ HTTP/1.1" 200 42727 "-" "Mozilla/5.0 (Windows NT 6.3; WOW64) AppleWebKit/537.36 (KHTML, like Gecko) Chrome/75.0.3770.100 ADG/11.0.2566 AOLBUILD/11.0.2566 Safari/537.36"
66.249.64.130 - - [21/Jun/2026:22:49:06 +0000] "GET /products/detail/discount/j106189712 HTTP/1.1" 404 27934 "-" "Mozilla/5.0 (Linux; Android 6.0.1; Nexus 5X Build/MMB29P) AppleWebKit/537.36 (KHTML, like Gecko) Chrome/148.0.7778.96 Mobile Safari/537.36 (compatible; Googlebot/2.1; +http://www.google.com/bot.html)"
140.238.201.184 - - [21/Jun/2026:22:48:58 +0000] "POST /wp-login.php HTTP/1.1" 200 0 "https://jubaroyaltravel.com/wp-login.php" "Mozilla/5.0 (Windows NT 6.1; Win64; x64) AppleWebKit/537.36 (KHTML, like Gecko) Chrome/90.0.4430.212 Safari/537.36"
140.238.201.184 - - [21/Jun/2026:22:49:13 +0000] "POST /wp-login.php HTTP/1.1" 200 0 "https://jubaroyaltravel.com/wp-login.php" "Mozilla/5.0 (Macintosh; Intel Mac OS X 10_15_7) AppleWebKit/537.36 (KHTML, like Gecko) Chrome/90.0.4430.212 Safari/537.36"
140.238.201.184 - - [21/Jun/2026:22:49:29 +0000] "POST /wp-login.php HTTP/1.1" 200 0 "https://jubaroyaltravel.com/wp-login.php" "Mozilla/5.0 (Windows NT 10.0; Win64; x64) AppleWebKit/537.36 (KHTML, like Gecko) Chrome/94.0.4606.71 Safari/537.36"
140.238.201.184 - - [21/Jun/2026:22:49:44 +0000] "POST /wp-login.php HTTP/1.1" 200 0 "https://jubaroyaltravel.com/wp-login.php" "Mozilla/5.0 (Windows NT 6.1; Win64; x64) AppleWebKit/537.36 (KHTML, like Gecko) Chrome/91.0.4472.124 Safari/537.36"
140.238.201.184 - - [21/Jun/2026:22:48:11 +0000] "POST /wp-login.php HTTP/1.1" 200 0 "https://jubaroyaltravel.com/wp-login.php" "Mozilla/5.0 (Windows NT 10.0; Win64; x64) AppleWebKit/537.36 (KHTML, like Gecko) Chrome/93.0.4577.63 Safari/537.36"
140.238.201.184 - - [21/Jun/2026:22:50:00 +0000] "POST /wp-login.php HTTP/1.1" 200 0 "https://jubaroyaltravel.com/wp-login.php" "Mozilla/5.0 (X11; Linux x86_64) AppleWebKit/537.36 (KHTML, like Gecko) Chrome/91.0.4472.124 Safari/537.36"
140.238.201.184 - - [21/Jun/2026:22:50:15 +0000] "POST /wp-login.php HTTP/1.1" 200 0 "https://jubaroyaltravel.com/wp-login.php" "Mozilla/5.0 (Windows NT 6.1; Win64; x64) AppleWebKit/537.36 (KHTML, like Gecko) Chrome/90.0.4430.212 Safari/537.36"
140.238.201.184 - - [21/Jun/2026:22:50:31 +0000] "POST /wp-login.php HTTP/1.1" 200 0 "https://jubaroyaltravel.com/wp-login.php" "Mozilla/5.0 (Windows NT 10.0; Win64; x64) AppleWebKit/537.36 (KHTML, like Gecko) Chrome/94.0.4606.71 Safari/537.36"
140.238.201.184 - - [21/Jun/2026:22:50:47 +0000] "POST /wp-login.php HTTP/1.1" 200 0 "https://jubaroyaltravel.com/wp-login.php" "Mozilla/5.0 (Windows NT 6.1; Win64; x64) AppleWebKit/537.36 (KHTML, like Gecko) Chrome/94.0.4606.71 Safari/537.36"
140.238.201.184 - - [21/Jun/2026:22:51:02 +0000] "POST /wp-login.php HTTP/1.1" 200 0 "https://jubaroyaltravel.com/wp-login.php" "Mozilla/5.0 (Macintosh; Intel Mac OS X 10_15_7) AppleWebKit/605.1.15 (KHTML, like Gecko) Version/14.1.1 Safari/605.1.15"
140.238.201.184 - - [21/Jun/2026:22:51:18 +0000] "POST /wp-login.php HTTP/1.1" 200 0 "https://jubaroyaltravel.com/wp-login.php" "Mozilla/5.0 (Macintosh; Intel Mac OS X 10_15_7) AppleWebKit/605.1.15 (KHTML, like Gecko) Version/14.1.1 Safari/605.1.15"
140.238.201.184 - - [21/Jun/2026:22:51:33 +0000] "POST /wp-login.php HTTP/1.1" 200 0 "https://jubaroyaltravel.com/wp-login.php" "Mozilla/5.0 (Windows NT 10.0; Win64; x64) AppleWebKit/605.1.15 (KHTML, like Gecko) Version/14.1.1 Safari/605.1.15"
140.238.201.184 - - [21/Jun/2026:22:51:49 +0000] "POST /wp-login.php HTTP/1.1" 200 0 "https://jubaroyaltravel.com/wp-login.php" "Mozilla/5.0 (Windows NT 6.1; Win64; x64) AppleWebKit/537.36 (KHTML, like Gecko) Chrome/94.0.4606.71 Safari/537.36"
140.238.201.184 - - [21/Jun/2026:22:52:04 +0000] "POST /wp-login.php HTTP/1.1" 200 0 "https://jubaroyaltravel.com/wp-login.php" "Mozilla/5.0 (X11; Linux x86_64; rv:91.0) Gecko/20100101 Firefox/91.0"
140.238.201.184 - - [21/Jun/2026:22:52:20 +0000] "POST /wp-login.php HTTP/1.1" 200 0 "https://jubaroyaltravel.com/wp-login.php" "Mozilla/5.0 (Windows NT 6.1; Win64; x64) AppleWebKit/537.36 (KHTML, like Gecko) Chrome/90.0.4430.212 Safari/537.36"
69.72.244.151 - - [21/Jun/2026:22:52:36 +0000] "POST /wp-cron.php?doing_wp_cron=1782082356.9276239871978759765625 HTTP/1.1" 200 0 "-" "WordPress/7.0; https://www.jubaroyaltravel.com"
168.63.79.147 - - [21/Jun/2026:22:52:35 +0000] "GET /wp-login.php HTTP/2" 200 2038 "-" "Mozilla/5.0 (X11; Fedora; Linux x86_64) AppleWebKit/537.36 (KHTML, like Gecko) Chrome/133.0.0.0 Safari/537.36"
168.63.79.147 - - [21/Jun/2026:22:52:41 +0000] "POST /wp-login.php HTTP/2" 200 2209 "https://jubaroyaltravel.com/wp-login.php" "Mozilla/5.0 (X11; Fedora; Linux x86_64) AppleWebKit/537.36 (KHTML, like Gecko) Chrome/133.0.0.0 Safari/537.36"
66.249.64.130 - - [21/Jun/2026:22:52:48 +0000] "GET /products/detail/best/j10660230 HTTP/1.1" 404 27928 "-" "Mozilla/5.0 (Linux; Android 6.0.1; Nexus 5X Build/MMB29P) AppleWebKit/537.36 (KHTML, like Gecko) Chrome/148.0.7778.96 Mobile Safari/537.36 (compatible; Googlebot/2.1; +http://www.google.com/bot.html)"
140.238.201.184 - - [21/Jun/2026:22:52:35 +0000] "POST /wp-login.php HTTP/1.1" 200 0 "https://jubaroyaltravel.com/wp-login.php" "Mozilla/5.0 (Macintosh; Intel Mac OS X 10_15_7) AppleWebKit/605.1.15 (KHTML, like Gecko) Version/15.0 Safari/605.1.15"
140.238.201.184 - - [21/Jun/2026:22:52:51 +0000] "POST /wp-login.php HTTP/1.1" 200 0 "https://jubaroyaltravel.com/wp-login.php" "Mozilla/5.0 (Macintosh; Intel Mac OS X 10_15_7) AppleWebKit/605.1.15 (KHTML, like Gecko) Version/14.0.3 Safari/605.1.15"
140.238.201.184 - - [21/Jun/2026:22:53:06 +0000] "POST /wp-login.php HTTP/1.1" 200 0 "https://jubaroyaltravel.com/wp-login.php" "Mozilla/5.0 (Macintosh; Intel Mac OS X 10_15_7) AppleWebKit/537.36 (KHTML, like Gecko) Chrome/91.0.4472.124 Safari/537.36"
69.72.244.151 - - [21/Jun/2026:22:53:28 +0000] "POST /wp-cron.php?doing_wp_cron=1782082408.3464639186859130859375 HTTP/1.1" 200 0 "-" "WordPress/7.0; https://www.jubaroyaltravel.com"
114.119.136.86 - - [21/Jun/2026:22:53:27 +0000] "GET /activities/big-five-viewing/ HTTP/1.1" 200 36942 "https://www.jubaroyaltravel.com/trip/5-days-4-nights-best-of-rwanda-tour/" "Mozilla/5.0 (Linux; Android 7.0;) AppleWebKit/537.36 (HTML, like Gecko) Mobile Safari/537.36 (compatible; PetalBot;+https://webmaster.petalsearch.com/site/petalbot)"
140.238.201.184 - - [21/Jun/2026:22:53:22 +0000] "POST /wp-login.php HTTP/1.1" 200 0 "https://jubaroyaltravel.com/wp-login.php" "Mozilla/5.0 (Macintosh; Intel Mac OS X 10_15_7) AppleWebKit/605.1.15 (KHTML, like Gecko) Version/15.0 Safari/605.1.15"
140.238.201.184 - - [21/Jun/2026:22:53:53 +0000] "POST /wp-login.php HTTP/1.1" 200 0 "https://jubaroyaltravel.com/wp-login.php" "Mozilla/5.0 (Macintosh; Intel Mac OS X 10_15_7) AppleWebKit/605.1.15 (KHTML, like Gecko) Version/14.1.2 Safari/605.1.15"
140.238.201.184 - - [21/Jun/2026:22:54:08 +0000] "POST /wp-login.php HTTP/1.1" 200 0 "https://jubaroyaltravel.com/wp-login.php" "Mozilla/5.0 (Windows NT 6.1; Win64; x64) AppleWebKit/537.36 (KHTML, like Gecko) Chrome/94.0.4606.71 Safari/537.36"
69.72.244.151 - - [21/Jun/2026:22:54:29 +0000] "POST /wp-cron.php?doing_wp_cron=1782082469.5868389606475830078125 HTTP/1.1" 200 0 "-" "WordPress/7.0; https://www.jubaroyaltravel.com"
66.249.64.131 - - [21/Jun/2026:22:54:29 +0000] "GET /items/B63272179/ HTTP/1.1" 404 27904 "-" "Mozilla/5.0 (compatible; Googlebot/2.1; +http://www.google.com/bot.html)"
140.238.201.184 - - [21/Jun/2026:22:54:24 +0000] "POST /wp-login.php HTTP/1.1" 200 0 "https://jubaroyaltravel.com/wp-login.php" "Mozilla/5.0 (X11; Linux x86_64) AppleWebKit/537.36 (KHTML, like Gecko) Chrome/92.0.4515.131 Safari/537.36"
140.238.201.184 - - [21/Jun/2026:22:54:39 +0000] "POST /wp-login.php HTTP/1.1" 200 0 "https://jubaroyaltravel.com/wp-login.php" "Mozilla/5.0 (Macintosh; Intel Mac OS X 10_15_7) AppleWebKit/605.1.15 (KHTML, like Gecko) Version/14.0.3 Safari/605.1.15"
140.238.201.184 - - [21/Jun/2026:22:54:55 +0000] "POST /wp-login.php HTTP/1.1" 200 0 "https://jubaroyaltravel.com/wp-login.php" "Mozilla/5.0 (Windows NT 10.0; Win64; x64) AppleWebKit/537.36 (KHTML, like Gecko) Chrome/92.0.4515.131 Safari/537.36"
69.72.244.151 - - [21/Jun/2026:22:55:17 +0000] "POST /wp-cron.php?doing_wp_cron=1782082517.0139870643615722656250 HTTP/1.1" 200 0 "-" "WordPress/7.0; https://www.jubaroyaltravel.com"
66.249.64.130 - - [21/Jun/2026:22:55:16 +0000] "GET /products/detail/on/j106293353 HTTP/1.1" 404 27919 "-" "Mozilla/5.0 (Linux; Android 6.0.1; Nexus 5X Build/MMB29P) AppleWebKit/537.36 (KHTML, like Gecko) Chrome/148.0.7778.96 Mobile Safari/537.36 (compatible; Googlebot/2.1; +http://www.google.com/bot.html)"
140.238.201.184 - - [21/Jun/2026:22:55:10 +0000] "POST /wp-login.php HTTP/1.1" 200 0 "https://jubaroyaltravel.com/wp-login.php" "Mozilla/5.0 (Windows NT 10.0; Win64; x64; rv:89.0) Gecko/20100101 Firefox/89.0.2"
140.238.201.184 - - [21/Jun/2026:22:53:37 +0000] "POST /wp-login.php HTTP/1.1" 200 0 "https://jubaroyaltravel.com/wp-login.php" "Mozilla/5.0 (Macintosh; Intel Mac OS X 10_15_7) AppleWebKit/537.36 (KHTML, like Gecko) Chrome/90.0.4430.212 Safari/537.36"
140.238.201.184 - - [21/Jun/2026:22:55:26 +0000] "POST /wp-login.php HTTP/1.1" 200 0 "https://jubaroyaltravel.com/wp-login.php" "Mozilla/5.0 (X11; Linux x86_64; rv:93.0) Gecko/20100101 Firefox/93.0"
140.238.201.184 - - [21/Jun/2026:22:55:41 +0000] "POST /wp-login.php HTTP/1.1" 200 0 "https://jubaroyaltravel.com/wp-login.php" "Mozilla/5.0 (Windows NT 10.0; Win64; x64) AppleWebKit/605.1.15 (KHTML, like Gecko) Version/14.0.3 Safari/605.1.15"
140.238.201.184 - - [21/Jun/2026:22:55:57 +0000] "POST /wp-login.php HTTP/1.1" 200 0 "https://jubaroyaltravel.com/wp-login.php" "Mozilla/5.0 (Macintosh; Intel Mac OS X 10_15_7) AppleWebKit/605.1.15 (KHTML, like Gecko) Version/14.1.2 Safari/605.1.15"
140.238.201.184 - - [21/Jun/2026:22:56:12 +0000] "POST /wp-login.php HTTP/1.1" 200 0 "https://jubaroyaltravel.com/wp-login.php" "Mozilla/5.0 (X11; Linux x86_64) AppleWebKit/537.36 (KHTML, like Gecko) Chrome/92.0.4515.131 Safari/537.36"
140.238.201.184 - - [21/Jun/2026:22:56:28 +0000] "POST /wp-login.php HTTP/1.1" 200 0 "https://jubaroyaltravel.com/wp-login.php" "Mozilla/5.0 (Windows NT 10.0; Win64; x64) AppleWebKit/605.1.15 (KHTML, like Gecko) Version/14.1.2 Safari/605.1.15"
140.238.201.184 - - [21/Jun/2026:22:56:43 +0000] "POST /wp-login.php HTTP/1.1" 200 0 "https://jubaroyaltravel.com/wp-login.php" "Mozilla/5.0 (Macintosh; Intel Mac OS X 10_15_7) AppleWebKit/537.36 (KHTML, like Gecko) Chrome/94.0.4606.71 Safari/537.36"
