4.232.80.255 - - [21/Jun/2026:22:57:11 +0000] "GET /wp-content/plugins/hellopress/wp_filemanager.php HTTP/1.1" 404 5750 "-" "-"
4.232.80.255 - - [21/Jun/2026:22:57:11 +0000] "GET /this_is_a_new_hello_world.php HTTP/1.1" 404 5750 "-" "-"
4.232.80.255 - - [21/Jun/2026:22:57:11 +0000] "GET /zr-257.php HTTP/1.1" 404 5750 "-" "-"
4.232.80.255 - - [21/Jun/2026:22:57:11 +0000] "GET /XrdbXydefault.php HTTP/1.1" 404 5750 "-" "-"
4.232.80.255 - - [21/Jun/2026:22:57:12 +0000] "GET /less.php HTTP/1.1" 404 5750 "-" "-"
4.232.80.255 - - [21/Jun/2026:22:57:12 +0000] "GET /bepass.php HTTP/1.1" 404 5750 "-" "-"
4.232.80.255 - - [21/Jun/2026:22:57:12 +0000] "GET /zc-113.php HTTP/1.1" 404 5750 "-" "-"
4.232.80.255 - - [21/Jun/2026:22:57:12 +0000] "GET /jac.php HTTP/1.1" 404 5750 "-" "-"
4.232.80.255 - - [21/Jun/2026:22:57:12 +0000] "GET /122.php HTTP/1.1" 404 5750 "-" "-"
4.232.80.255 - - [21/Jun/2026:22:57:12 +0000] "GET /install.php HTTP/1.1" 404 5750 "-" "-"
4.232.80.255 - - [21/Jun/2026:22:57:12 +0000] "GET /gptsh.php HTTP/1.1" 404 5750 "-" "-"
4.232.80.255 - - [21/Jun/2026:22:57:12 +0000] "GET /2ops.php HTTP/1.1" 404 5750 "-" "-"
4.232.80.255 - - [21/Jun/2026:22:57:13 +0000] "GET /new.php HTTP/1.1" 404 5750 "-" "-"
4.232.80.255 - - [21/Jun/2026:22:57:13 +0000] "GET /asd67.php HTTP/1.1" 404 5750 "-" "-"
4.232.80.255 - - [21/Jun/2026:22:57:13 +0000] "GET /aa.php HTTP/1.1" 404 5750 "-" "-"
4.232.80.255 - - [21/Jun/2026:22:57:13 +0000] "GET /1c.php HTTP/1.1" 404 5750 "-" "-"
4.232.80.255 - - [21/Jun/2026:22:57:13 +0000] "GET /ssg.php HTTP/1.1" 404 5750 "-" "-"
4.232.80.255 - - [21/Jun/2026:22:57:13 +0000] "GET /wplogbak.php HTTP/1.1" 404 5750 "-" "-"
4.232.80.255 - - [21/Jun/2026:22:57:13 +0000] "GET /dvjul.php HTTP/1.1" 404 5750 "-" "-"
4.232.80.255 - - [21/Jun/2026:22:57:13 +0000] "GET /adminner.php HTTP/1.1" 404 5750 "-" "-"
4.232.80.255 - - [21/Jun/2026:22:57:14 +0000] "GET /wp-gaib.php HTTP/1.1" 404 5750 "-" "-"
4.232.80.255 - - [21/Jun/2026:22:57:14 +0000] "GET /wp_E1iNrr8v.php HTTP/1.1" 404 5750 "-" "-"
4.232.80.255 - - [21/Jun/2026:22:57:14 +0000] "GET /track.php HTTP/1.1" 404 5750 "-" "-"
4.232.80.255 - - [21/Jun/2026:22:57:14 +0000] "GET /chosen.php HTTP/1.1" 404 5750 "-" "-"
4.232.80.255 - - [21/Jun/2026:22:57:14 +0000] "GET /wp_v3PLmiqy.php HTTP/1.1" 404 5750 "-" "-"
4.232.80.255 - - [21/Jun/2026:22:57:14 +0000] "GET /zdd.php HTTP/1.1" 404 5750 "-" "-"
4.232.80.255 - - [21/Jun/2026:22:57:14 +0000] "GET /ah25.php HTTP/1.1" 404 5750 "-" "-"
4.232.80.255 - - [21/Jun/2026:22:57:15 +0000] "GET /gettest.php HTTP/1.1" 404 5750 "-" "-"
140.238.201.184 - - [21/Jun/2026:22:56:59 +0000] "POST /wp-login.php HTTP/1.1" 200 0 "https://jubaroyaltravel.com/wp-login.php" "Mozilla/5.0 (Macintosh; Intel Mac OS X 10_15_7) AppleWebKit/605.1.15 (KHTML, like Gecko) Version/14.1 Safari/605.1.15"
4.232.80.255 - - [21/Jun/2026:22:57:15 +0000] "GET /lol.php HTTP/1.1" 404 5750 "-" "-"
4.232.80.255 - - [21/Jun/2026:22:57:15 +0000] "GET /as.php HTTP/1.1" 404 5750 "-" "-"
4.232.80.255 - - [21/Jun/2026:22:57:15 +0000] "GET /zoper.php HTTP/1.1" 404 5750 "-" "-"
4.232.80.255 - - [21/Jun/2026:22:57:15 +0000] "GET /nniwi.php HTTP/1.1" 404 5750 "-" "-"
4.232.80.255 - - [21/Jun/2026:22:57:15 +0000] "GET /esp.php HTTP/1.1" 404 5750 "-" "-"
4.232.80.255 - - [21/Jun/2026:22:57:15 +0000] "GET /s2.php HTTP/1.1" 404 5750 "-" "-"
4.232.80.255 - - [21/Jun/2026:22:57:16 +0000] "GET /mosty.php HTTP/1.1" 404 5750 "-" "-"
4.232.80.255 - - [21/Jun/2026:22:57:16 +0000] "GET /bakup.php HTTP/1.1" 404 5750 "-" "-"
4.232.80.255 - - [21/Jun/2026:22:57:16 +0000] "GET /hur.php HTTP/1.1" 404 5750 "-" "-"
4.232.80.255 - - [21/Jun/2026:22:57:16 +0000] "GET /class.php HTTP/1.1" 404 5750 "-" "-"
4.232.80.255 - - [21/Jun/2026:22:57:16 +0000] "GET /fix.php HTTP/1.1" 404 5750 "-" "-"
4.232.80.255 - - [21/Jun/2026:22:57:16 +0000] "GET /sixxis.php HTTP/1.1" 404 5750 "-" "-"
4.232.80.255 - - [21/Jun/2026:22:57:16 +0000] "GET /lgonuhol.php HTTP/1.1" 404 5750 "-" "-"
4.232.80.255 - - [21/Jun/2026:22:57:16 +0000] "GET /wp-curl-file.php HTTP/1.1" 404 5750 "-" "-"
4.232.80.255 - - [21/Jun/2026:22:57:16 +0000] "GET /edit.php HTTP/1.1" 404 5750 "-" "-"
4.232.80.255 - - [21/Jun/2026:22:57:16 +0000] "GET /Unlimited.php HTTP/1.1" 404 5750 "-" "-"
4.232.80.255 - - [21/Jun/2026:22:57:16 +0000] "GET /zwso.php HTTP/1.1" 404 5750 "-" "-"
4.232.80.255 - - [21/Jun/2026:22:57:17 +0000] "GET /300.php HTTP/1.1" 404 5750 "-" "-"
4.232.80.255 - - [21/Jun/2026:22:57:17 +0000] "GET /wp-acc.php HTTP/1.1" 404 5750 "-" "-"
4.232.80.255 - - [21/Jun/2026:22:57:17 +0000] "GET /chomu.php HTTP/1.1" 404 5750 "-" "-"
4.232.80.255 - - [21/Jun/2026:22:57:17 +0000] "GET /clouds.php HTTP/1.1" 404 5750 "-" "-"
4.232.80.255 - - [21/Jun/2026:22:57:17 +0000] "GET /wsoo.php HTTP/1.1" 404 5750 "-" "-"
4.232.80.255 - - [21/Jun/2026:22:57:17 +0000] "GET /atkno.php HTTP/1.1" 404 5750 "-" "-"
4.232.80.255 - - [21/Jun/2026:22:57:17 +0000] "GET /cmd.php HTTP/1.1" 404 5750 "-" "-"
4.232.80.255 - - [21/Jun/2026:22:57:18 +0000] "GET /sxlvb.php HTTP/1.1" 404 5750 "-" "-"
4.232.80.255 - - [21/Jun/2026:22:57:18 +0000] "GET /hosty.php HTTP/1.1" 404 5750 "-" "-"
4.232.80.255 - - [21/Jun/2026:22:57:18 +0000] "GET /lose.php HTTP/1.1" 404 5750 "-" "-"
4.232.80.255 - - [21/Jun/2026:22:57:18 +0000] "GET /wp-cache.php HTTP/1.1" 404 5750 "-" "-"
4.232.80.255 - - [21/Jun/2026:22:57:18 +0000] "GET /403.php HTTP/1.1" 404 5750 "-" "-"
4.232.80.255 - - [21/Jun/2026:22:57:18 +0000] "GET /wp-png.php HTTP/1.1" 404 5750 "-" "-"
4.232.80.255 - - [21/Jun/2026:22:57:18 +0000] "GET /blurbs.php HTTP/1.1" 404 5750 "-" "-"
4.232.80.255 - - [21/Jun/2026:22:57:18 +0000] "GET /wp-X1s2e6h3p7.php HTTP/1.1" 404 5750 "-" "-"
4.232.80.255 - - [21/Jun/2026:22:57:18 +0000] "GET /axcv.php HTTP/1.1" 404 5750 "-" "-"
4.232.80.255 - - [21/Jun/2026:22:57:18 +0000] "GET /w40.php HTTP/1.1" 404 5750 "-" "-"
69.72.244.151 - - [21/Jun/2026:22:57:19 +0000] "POST /wp-cron.php?doing_wp_cron=1782082639.7468109130859375000000 HTTP/1.1" 200 0 "-" "WordPress/7.0; https://www.jubaroyaltravel.com"
66.249.64.129 - - [21/Jun/2026:22:57:17 +0000] "GET /products/detail/discount/j106442806 HTTP/1.1" 404 27934 "-" "Mozilla/5.0 (Linux; Android 6.0.1; Nexus 5X Build/MMB29P) AppleWebKit/537.36 (KHTML, like Gecko) Chrome/148.0.7778.96 Mobile Safari/537.36 (compatible; Googlebot/2.1; +http://www.google.com/bot.html)"
185.220.101.27 - - [21/Jun/2026:22:57:20 +0000] "GET / HTTP/1.1" 301 0 "-" "Mozilla/5.0 (Linux; Android 10; K) AppleWebKit/537.36 (KHTML, like Gecko) Chrome/148.0.0.0 Mobile Safari/537.36"
171.25.193.77 - - [21/Jun/2026:22:57:23 +0000] "GET /PL-1466-160526/ HTTP/1.1" 301 0 "-" "Mozilla/5.0 (Linux; Android 10; K) AppleWebKit/537.36 (KHTML, like Gecko) Chrome/148.0.0.0 Mobile Safari/537.36"
192.42.116.17 - - [21/Jun/2026:22:57:24 +0000] "GET /?app_vl=ZoRwlHFpbWKEmLqxy5qmnnx0YsC2wa-TpaiVYsBxj2phmqOgnLFwrYw HTTP/1.1" 301 0 "-" "Mozilla/5.0 (Linux; Android 10; K) AppleWebKit/537.36 (KHTML, like Gecko) Chrome/148.0.0.0 Mobile Safari/537.36"
140.238.201.184 - - [21/Jun/2026:22:57:14 +0000] "POST /wp-login.php HTTP/1.1" 200 0 "https://jubaroyaltravel.com/wp-login.php" "Mozilla/5.0 (X11; Linux x86_64; rv:91.0) Gecko/20100101 Firefox/91.0"
140.238.201.184 - - [21/Jun/2026:22:57:30 +0000] "POST /wp-login.php HTTP/1.1" 200 0 "https://jubaroyaltravel.com/wp-login.php" "Mozilla/5.0 (Windows NT 10.0; Win64; x64) AppleWebKit/605.1.15 (KHTML, like Gecko) Version/14.1.1 Safari/605.1.15"
140.238.201.184 - - [21/Jun/2026:22:57:45 +0000] "POST /wp-login.php HTTP/1.1" 200 0 "https://jubaroyaltravel.com/wp-login.php" "Mozilla/5.0 (Windows NT 10.0; Win64; x64) AppleWebKit/605.1.15 (KHTML, like Gecko) Version/14.1.1 Safari/605.1.15"
140.238.201.184 - - [21/Jun/2026:22:58:01 +0000] "POST /wp-login.php HTTP/1.1" 200 0 "https://jubaroyaltravel.com/wp-login.php" "Mozilla/5.0 (Macintosh; Intel Mac OS X 10_15_7) AppleWebKit/537.36 (KHTML, like Gecko) Chrome/94.0.4606.71 Safari/537.36"
69.72.244.151 - - [21/Jun/2026:22:58:20 +0000] "POST /wp-cron.php?doing_wp_cron=1782082700.6405999660491943359375 HTTP/1.1" 200 0 "-" "WordPress/7.0; https://www.jubaroyaltravel.com"
66.249.64.129 - - [21/Jun/2026:22:58:20 +0000] "GET /products/detail/popular/j10659521/ HTTP/1.1" 404 27929 "-" "Mozilla/5.0 (Linux; Android 6.0.1; Nexus 5X Build/MMB29P) AppleWebKit/537.36 (KHTML, like Gecko) Chrome/148.0.7778.96 Mobile Safari/537.36 (compatible; Googlebot/2.1; +http://www.google.com/bot.html)"
140.238.201.184 - - [21/Jun/2026:22:58:16 +0000] "POST /wp-login.php HTTP/1.1" 200 0 "https://jubaroyaltravel.com/wp-login.php" "Mozilla/5.0 (Windows NT 6.1; Win64; x64) AppleWebKit/537.36 (KHTML, like Gecko) Chrome/93.0.4577.63 Safari/537.36"
140.238.201.184 - - [21/Jun/2026:22:58:32 +0000] "POST /wp-login.php HTTP/1.1" 200 0 "https://jubaroyaltravel.com/wp-login.php" "Mozilla/5.0 (Macintosh; Intel Mac OS X 10_15_7) AppleWebKit/605.1.15 (KHTML, like Gecko) Version/14.0.3 Safari/605.1.15"
140.238.201.184 - - [21/Jun/2026:22:58:47 +0000] "POST /wp-login.php HTTP/1.1" 200 0 "https://jubaroyaltravel.com/wp-login.php" "Mozilla/5.0 (X11; Linux x86_64) AppleWebKit/537.36 (KHTML, like Gecko) Chrome/91.0.4472.124 Safari/537.36"
140.238.201.184 - - [21/Jun/2026:22:59:03 +0000] "POST /wp-login.php HTTP/1.1" 200 0 "https://jubaroyaltravel.com/wp-login.php" "Mozilla/5.0 (X11; Linux x86_64) AppleWebKit/537.36 (KHTML, like Gecko) Chrome/92.0.4515.131 Safari/537.36"
69.72.244.151 - - [21/Jun/2026:22:59:30 +0000] "POST /wp-cron.php?doing_wp_cron=1782082770.5466840267181396484375 HTTP/1.1" 200 0 "-" "WordPress/7.0; https://www.jubaroyaltravel.com"
66.249.64.129 - - [21/Jun/2026:22:59:30 +0000] "GET /items/X107261149/ HTTP/1.1" 404 27925 "-" "Mozilla/5.0 (Linux; Android 6.0.1; Nexus 5X Build/MMB29P) AppleWebKit/537.36 (KHTML, like Gecko) Chrome/148.0.7778.96 Mobile Safari/537.36 (compatible; Googlebot/2.1; +http://www.google.com/bot.html)"
66.249.64.131 - - [21/Jun/2026:22:59:33 +0000] "GET /products/detail/affordable/j10618431 HTTP/1.1" 404 27925 "-" "Mozilla/5.0 (compatible; Googlebot/2.1; +http://www.google.com/bot.html)"
140.238.201.184 - - [21/Jun/2026:22:59:18 +0000] "POST /wp-login.php HTTP/1.1" 200 0 "https://jubaroyaltravel.com/wp-login.php" "Mozilla/5.0 (Macintosh; Intel Mac OS X 10_15_7; rv:89.0) Gecko/20100101 Firefox/89.0.2"
140.238.201.184 - - [21/Jun/2026:22:59:34 +0000] "POST /wp-login.php HTTP/1.1" 200 0 "https://jubaroyaltravel.com/wp-login.php" "Mozilla/5.0 (Macintosh; Intel Mac OS X 10_15_7) AppleWebKit/605.1.15 (KHTML, like Gecko) Version/14.0.3 Safari/605.1.15"
140.238.201.184 - - [21/Jun/2026:22:59:50 +0000] "POST /wp-login.php HTTP/1.1" 200 0 "https://jubaroyaltravel.com/wp-login.php" "Mozilla/5.0 (Windows NT 10.0; Win64; x64; rv:92.0) Gecko/20100101 Firefox/92.0"
140.238.201.184 - - [21/Jun/2026:23:00:05 +0000] "POST /wp-login.php HTTP/1.1" 200 0 "https://jubaroyaltravel.com/wp-login.php" "Mozilla/5.0 (Windows NT 10.0; Win64; x64) AppleWebKit/605.1.15 (KHTML, like Gecko) Version/14.0.3 Safari/605.1.15"
140.238.201.184 - - [21/Jun/2026:23:00:21 +0000] "POST /wp-login.php HTTP/1.1" 200 0 "https://jubaroyaltravel.com/wp-login.php" "Mozilla/5.0 (Macintosh; Intel Mac OS X 10_15_7) AppleWebKit/537.36 (KHTML, like Gecko) Chrome/93.0.4577.63 Safari/537.36"
140.238.201.184 - - [21/Jun/2026:23:00:36 +0000] "POST /wp-login.php HTTP/1.1" 200 0 "https://jubaroyaltravel.com/wp-login.php" "Mozilla/5.0 (Windows NT 10.0; Win64; x64) AppleWebKit/605.1.15 (KHTML, like Gecko) Version/15.0 Safari/605.1.15"
69.72.244.151 - - [21/Jun/2026:23:01:02 +0000] "POST /wp-cron.php?doing_wp_cron=1782082862.6256499290466308593750 HTTP/1.1" 200 0 "-" "WordPress/7.0; https://www.jubaroyaltravel.com"
162.254.36.150 - adminstaging-jubaroyaltravel-com [21/Jun/2026:23:01:00 +0000] "GET /wp-json/wp/v2/users/me HTTP/2" 401 81 "-" "Mozilla/5.0 (X11; Ubuntu; Linux x86_64; rv:133.0) Gecko/20100101 Firefox/133.0"
140.238.201.184 - - [21/Jun/2026:23:00:52 +0000] "POST /wp-login.php HTTP/1.1" 200 0 "https://jubaroyaltravel.com/wp-login.php" "Mozilla/5.0 (Macintosh; Intel Mac OS X 10_15_7) AppleWebKit/537.36 (KHTML, like Gecko) Chrome/90.0.4430.212 Safari/537.36"
140.238.201.184 - - [21/Jun/2026:23:01:07 +0000] "POST /wp-login.php HTTP/1.1" 200 0 "https://jubaroyaltravel.com/wp-login.php" "Mozilla/5.0 (Macintosh; Intel Mac OS X 10_15_7) AppleWebKit/605.1.15 (KHTML, like Gecko) Version/14.0.3 Safari/605.1.15"
140.238.201.184 - - [21/Jun/2026:23:01:23 +0000] "POST /wp-login.php HTTP/1.1" 200 0 "https://jubaroyaltravel.com/wp-login.php" "Mozilla/5.0 (Windows NT 10.0; Win64; x64) AppleWebKit/605.1.15 (KHTML, like Gecko) Version/14.1.1 Safari/605.1.15"
69.72.244.151 - - [21/Jun/2026:23:01:49 +0000] "POST /wp-cron.php?doing_wp_cron=1782082909.9710760116577148437500 HTTP/1.1" 200 0 "-" "WordPress/7.0; https://www.jubaroyaltravel.com"
161.153.115.193 - - [21/Jun/2026:23:01:49 +0000] "GET /activities/maasai-cultural-experience-optional HTTP/1.1" 301 0 "-" "Scrapy/2.16.0 (+https://scrapy.org)"
140.238.201.184 - - [21/Jun/2026:23:01:38 +0000] "POST /wp-login.php HTTP/1.1" 200 0 "https://jubaroyaltravel.com/wp-login.php" "Mozilla/5.0 (X11; Linux x86_64) AppleWebKit/537.36 (KHTML, like Gecko) Chrome/94.0.4606.71 Safari/537.36"
140.238.201.184 - - [21/Jun/2026:23:01:54 +0000] "POST /wp-login.php HTTP/1.1" 200 0 "https://jubaroyaltravel.com/wp-login.php" "Mozilla/5.0 (Windows NT 6.1; Win64; x64; rv:90.0) Gecko/20100101 Firefox/90.0.1"
140.238.201.184 - - [21/Jun/2026:23:02:09 +0000] "POST /wp-login.php HTTP/1.1" 200 0 "https://jubaroyaltravel.com/wp-login.php" "Mozilla/5.0 (Macintosh; Intel Mac OS X 10_15_7) AppleWebKit/537.36 (KHTML, like Gecko) Chrome/91.0.4472.124 Safari/537.36"
140.238.201.184 - - [21/Jun/2026:23:02:25 +0000] "POST /wp-login.php HTTP/1.1" 200 0 "https://jubaroyaltravel.com/wp-login.php" "Mozilla/5.0 (Windows NT 10.0; Win64; x64) AppleWebKit/605.1.15 (KHTML, like Gecko) Version/14.0.3 Safari/605.1.15"
140.238.201.184 - - [21/Jun/2026:23:02:40 +0000] "POST /wp-login.php HTTP/1.1" 200 0 "https://jubaroyaltravel.com/wp-login.php" "Mozilla/5.0 (Macintosh; Intel Mac OS X 10_15_7) AppleWebKit/605.1.15 (KHTML, like Gecko) Version/14.1.2 Safari/605.1.15"
69.72.244.151 - - [21/Jun/2026:23:03:01 +0000] "POST /wp-cron.php?doing_wp_cron=1782082981.4558830261230468750000 HTTP/1.1" 200 0 "-" "WordPress/7.0; https://www.jubaroyaltravel.com"
161.153.115.193 - - [21/Jun/2026:23:03:00 +0000] "GET /activities/maasai-cultural-experience-optional/ HTTP/1.1" 200 42979 "https://www.jubaroyaltravel.com/activities/maasai-cultural-experience-optional" "Scrapy/2.16.0 (+https://scrapy.org)"
140.238.201.184 - - [21/Jun/2026:23:02:56 +0000] "POST /wp-login.php HTTP/1.1" 200 0 "https://jubaroyaltravel.com/wp-login.php" "Mozilla/5.0 (Windows NT 6.1; Win64; x64; rv:92.0) Gecko/20100101 Firefox/92.0"
140.238.201.184 - - [21/Jun/2026:23:03:11 +0000] "POST /wp-login.php HTTP/1.1" 200 0 "https://jubaroyaltravel.com/wp-login.php" "Mozilla/5.0 (Windows NT 10.0; Win64; x64) AppleWebKit/537.36 (KHTML, like Gecko) Chrome/94.0.4606.71 Safari/537.36"
140.238.201.184 - - [21/Jun/2026:23:03:27 +0000] "POST /wp-login.php HTTP/1.1" 200 0 "https://jubaroyaltravel.com/wp-login.php" "Mozilla/5.0 (Windows NT 6.1; Win64; x64) AppleWebKit/537.36 (KHTML, like Gecko) Chrome/90.0.4430.212 Safari/537.36"
140.238.201.184 - - [21/Jun/2026:23:03:42 +0000] "POST /wp-login.php HTTP/1.1" 200 0 "https://jubaroyaltravel.com/wp-login.php" "Mozilla/5.0 (X11; Linux x86_64) AppleWebKit/537.36 (KHTML, like Gecko) Chrome/92.0.4515.131 Safari/537.36"
140.238.201.184 - - [21/Jun/2026:23:03:58 +0000] "POST /wp-login.php HTTP/1.1" 200 0 "https://jubaroyaltravel.com/wp-login.php" "Mozilla/5.0 (Windows NT 10.0; Win64; x64) AppleWebKit/605.1.15 (KHTML, like Gecko) Version/15.0 Safari/605.1.15"
69.72.244.151 - - [21/Jun/2026:23:04:15 +0000] "POST /wp-cron.php?doing_wp_cron=1782083055.6290190219879150390625 HTTP/1.1" 200 0 "-" "WordPress/7.0; https://www.jubaroyaltravel.com"
161.153.115.193 - - [21/Jun/2026:23:04:15 +0000] "GET /activities/market-visit-experience-local-life-through-a-guided-walk-inside-konyo-konyo-market HTTP/1.1" 301 0 "-" "Scrapy/2.16.0 (+https://scrapy.org)"
140.238.201.184 - - [21/Jun/2026:23:04:13 +0000] "POST /wp-login.php HTTP/1.1" 200 0 "https://jubaroyaltravel.com/wp-login.php" "Mozilla/5.0 (X11; Linux x86_64; rv:93.0) Gecko/20100101 Firefox/93.0"
140.238.201.184 - - [21/Jun/2026:23:04:29 +0000] "POST /wp-login.php HTTP/1.1" 200 0 "https://jubaroyaltravel.com/wp-login.php" "Mozilla/5.0 (Macintosh; Intel Mac OS X 10_15_7; rv:92.0) Gecko/20100101 Firefox/92.0"
140.238.201.184 - - [21/Jun/2026:23:04:44 +0000] "POST /wp-login.php HTTP/1.1" 200 0 "https://jubaroyaltravel.com/wp-login.php" "Mozilla/5.0 (Macintosh; Intel Mac OS X 10_15_7) AppleWebKit/537.36 (KHTML, like Gecko) Chrome/90.0.4430.212 Safari/537.36"
140.238.201.184 - - [21/Jun/2026:23:05:00 +0000] "POST /wp-login.php HTTP/1.1" 200 0 "https://jubaroyaltravel.com/wp-login.php" "Mozilla/5.0 (Windows NT 6.1; Win64; x64) AppleWebKit/537.36 (KHTML, like Gecko) Chrome/91.0.4472.124 Safari/537.36"
69.72.244.151 - - [21/Jun/2026:23:05:29 +0000] "POST /wp-cron.php?doing_wp_cron=1782083129.5578949451446533203125 HTTP/1.1" 200 0 "-" "WordPress/7.0; https://www.jubaroyaltravel.com"
161.153.115.193 - - [21/Jun/2026:23:05:27 +0000] "GET /activities/market-visit-experience-local-life-through-a-guided-walk-inside-konyo-konyo-market/ HTTP/1.1" 200 42840 "https://www.jubaroyaltravel.com/activities/market-visit-experience-local-life-through-a-guided-walk-inside-konyo-konyo-market" "Scrapy/2.16.0 (+https://scrapy.org)"
140.238.201.184 - - [21/Jun/2026:23:05:15 +0000] "POST /wp-login.php HTTP/1.1" 200 0 "https://jubaroyaltravel.com/wp-login.php" "Mozilla/5.0 (Windows NT 10.0; Win64; x64) AppleWebKit/605.1.15 (KHTML, like Gecko) Version/15.0 Safari/605.1.15"
140.238.201.184 - - [21/Jun/2026:23:05:31 +0000] "POST /wp-login.php HTTP/1.1" 200 0 "https://jubaroyaltravel.com/wp-login.php" "Mozilla/5.0 (Macintosh; Intel Mac OS X 10_15_7; rv:91.0) Gecko/20100101 Firefox/91.0"
140.238.201.184 - - [21/Jun/2026:23:05:47 +0000] "POST /wp-login.php HTTP/1.1" 200 0 "https://jubaroyaltravel.com/wp-login.php" "Mozilla/5.0 (Windows NT 6.1; Win64; x64; rv:91.0) Gecko/20100101 Firefox/91.0"
140.238.201.184 - - [21/Jun/2026:23:06:02 +0000] "POST /wp-login.php HTTP/1.1" 200 0 "https://jubaroyaltravel.com/wp-login.php" "Mozilla/5.0 (X11; Linux x86_64) AppleWebKit/537.36 (KHTML, like Gecko) Chrome/93.0.4577.63 Safari/537.36"
140.238.201.184 - - [21/Jun/2026:23:06:18 +0000] "POST /wp-login.php HTTP/1.1" 200 0 "https://jubaroyaltravel.com/wp-login.php" "Mozilla/5.0 (X11; Linux x86_64) AppleWebKit/537.36 (KHTML, like Gecko) Chrome/93.0.4577.63 Safari/537.36"
140.238.201.184 - - [21/Jun/2026:23:06:34 +0000] "POST /wp-login.php HTTP/1.1" 200 0 "https://jubaroyaltravel.com/wp-login.php" "Mozilla/5.0 (Windows NT 10.0; Win64; x64) AppleWebKit/605.1.15 (KHTML, like Gecko) Version/15.0 Safari/605.1.15"
140.238.201.184 - - [21/Jun/2026:23:06:49 +0000] "POST /wp-login.php HTTP/1.1" 200 0 "https://jubaroyaltravel.com/wp-login.php" "Mozilla/5.0 (Macintosh; Intel Mac OS X 10_15_7) AppleWebKit/605.1.15 (KHTML, like Gecko) Version/14.1.2 Safari/605.1.15"
69.72.244.151 - - [21/Jun/2026:23:07:05 +0000] "POST /wp-cron.php?doing_wp_cron=1782083225.7249119281768798828125 HTTP/1.1" 200 0 "-" "WordPress/7.0; https://www.jubaroyaltravel.com"
66.249.64.129 - - [21/Jun/2026:23:07:01 +0000] "GET /products/detail/for/j106263297 HTTP/1.1" 404 27927 "-" "Mozilla/5.0 (Linux; Android 6.0.1; Nexus 5X Build/MMB29P) AppleWebKit/537.36 (KHTML, like Gecko) Chrome/148.0.7778.96 Mobile Safari/537.36 (compatible; Googlebot/2.1; +http://www.google.com/bot.html)"
140.238.201.184 - - [21/Jun/2026:23:07:05 +0000] "POST /wp-login.php HTTP/1.1" 200 0 "https://jubaroyaltravel.com/wp-login.php" "Mozilla/5.0 (Windows NT 10.0; Win64; x64) AppleWebKit/605.1.15 (KHTML, like Gecko) Version/14.1.2 Safari/605.1.15"
140.238.201.184 - - [21/Jun/2026:23:07:20 +0000] "POST /wp-login.php HTTP/1.1" 200 0 "https://jubaroyaltravel.com/wp-login.php" "Mozilla/5.0 (Macintosh; Intel Mac OS X 10_15_7) AppleWebKit/537.36 (KHTML, like Gecko) Chrome/93.0.4577.63 Safari/537.36"
140.238.201.184 - - [21/Jun/2026:23:07:51 +0000] "POST /wp-login.php HTTP/1.1" 200 0 "https://jubaroyaltravel.com/wp-login.php" "Mozilla/5.0 (Macintosh; Intel Mac OS X 10_15_7) AppleWebKit/605.1.15 (KHTML, like Gecko) Version/14.1.1 Safari/605.1.15"
140.238.201.184 - - [21/Jun/2026:23:08:07 +0000] "POST /wp-login.php HTTP/1.1" 200 0 "https://jubaroyaltravel.com/wp-login.php" "Mozilla/5.0 (Windows NT 10.0; Win64; x64) AppleWebKit/605.1.15 (KHTML, like Gecko) Version/14.0.3 Safari/605.1.15"
140.238.201.184 - - [21/Jun/2026:23:08:22 +0000] "POST /wp-login.php HTTP/1.1" 200 0 "https://jubaroyaltravel.com/wp-login.php" "Mozilla/5.0 (X11; Linux x86_64; rv:92.0) Gecko/20100101 Firefox/92.0"
140.238.201.184 - - [21/Jun/2026:23:08:38 +0000] "POST /wp-login.php HTTP/1.1" 200 0 "https://jubaroyaltravel.com/wp-login.php" "Mozilla/5.0 (Windows NT 6.1; Win64; x64) AppleWebKit/537.36 (KHTML, like Gecko) Chrome/90.0.4430.212 Safari/537.36"
140.238.201.184 - - [21/Jun/2026:23:08:53 +0000] "POST /wp-login.php HTTP/1.1" 200 0 "https://jubaroyaltravel.com/wp-login.php" "Mozilla/5.0 (Macintosh; Intel Mac OS X 10_15_7) AppleWebKit/537.36 (KHTML, like Gecko) Chrome/91.0.4472.124 Safari/537.36"
140.238.201.184 - - [21/Jun/2026:23:09:09 +0000] "POST /wp-login.php HTTP/1.1" 200 0 "https://jubaroyaltravel.com/wp-login.php" "Mozilla/5.0 (Macintosh; Intel Mac OS X 10_15_7; rv:89.0) Gecko/20100101 Firefox/89.0.2"
140.238.201.184 - - [21/Jun/2026:23:07:36 +0000] "POST /wp-login.php HTTP/1.1" 200 0 "https://jubaroyaltravel.com/wp-login.php" "Mozilla/5.0 (Windows NT 10.0; Win64; x64) AppleWebKit/605.1.15 (KHTML, like Gecko) Version/14.0.3 Safari/605.1.15"
140.238.201.184 - - [21/Jun/2026:23:09:24 +0000] "POST /wp-login.php HTTP/1.1" 200 0 "https://jubaroyaltravel.com/wp-login.php" "Mozilla/5.0 (Windows NT 6.1; Win64; x64) AppleWebKit/537.36 (KHTML, like Gecko) Chrome/92.0.4515.131 Safari/537.36"
140.238.201.184 - - [21/Jun/2026:23:09:40 +0000] "POST /wp-login.php HTTP/1.1" 200 0 "https://jubaroyaltravel.com/wp-login.php" "Mozilla/5.0 (Windows NT 10.0; Win64; x64) AppleWebKit/605.1.15 (KHTML, like Gecko) Version/14.1 Safari/605.1.15"
140.238.201.184 - - [21/Jun/2026:23:09:55 +0000] "POST /wp-login.php HTTP/1.1" 200 0 "https://jubaroyaltravel.com/wp-login.php" "Mozilla/5.0 (X11; Linux x86_64) AppleWebKit/537.36 (KHTML, like Gecko) Chrome/93.0.4577.63 Safari/537.36"
140.238.201.184 - - [21/Jun/2026:23:10:11 +0000] "POST /wp-login.php HTTP/1.1" 200 0 "https://jubaroyaltravel.com/wp-login.php" "Mozilla/5.0 (X11; Linux x86_64; rv:91.0) Gecko/20100101 Firefox/91.0"
140.238.201.184 - - [21/Jun/2026:23:10:26 +0000] "POST /wp-login.php HTTP/1.1" 200 0 "https://jubaroyaltravel.com/wp-login.php" "Mozilla/5.0 (Windows NT 10.0; Win64; x64) AppleWebKit/537.36 (KHTML, like Gecko) Chrome/94.0.4606.71 Safari/537.36"
69.72.244.151 - - [21/Jun/2026:23:10:49 +0000] "POST /wp-cron.php?doing_wp_cron=1782083449.2935080528259277343750 HTTP/1.1" 200 0 "-" "WordPress/7.0; https://www.jubaroyaltravel.com"
66.249.64.130 - - [21/Jun/2026:23:10:46 +0000] "GET /products/detail/sale/j106230139 HTTP/1.1" 404 27965 "-" "Mozilla/5.0 (Linux; Android 6.0.1; Nexus 5X Build/MMB29P) AppleWebKit/537.36 (KHTML, like Gecko) Chrome/148.0.7778.96 Mobile Safari/537.36 (compatible; Googlebot/2.1; +http://www.google.com/bot.html)"
140.238.201.184 - - [21/Jun/2026:23:10:42 +0000] "POST /wp-login.php HTTP/1.1" 200 0 "https://jubaroyaltravel.com/wp-login.php" "Mozilla/5.0 (Macintosh; Intel Mac OS X 10_15_7) AppleWebKit/605.1.15 (KHTML, like Gecko) Version/14.1 Safari/605.1.15"
140.238.201.184 - - [21/Jun/2026:23:10:57 +0000] "POST /wp-login.php HTTP/1.1" 200 0 "https://jubaroyaltravel.com/wp-login.php" "Mozilla/5.0 (Macintosh; Intel Mac OS X 10_15_7) AppleWebKit/605.1.15 (KHTML, like Gecko) Version/15.0 Safari/605.1.15"
140.238.201.184 - - [21/Jun/2026:23:11:13 +0000] "POST /wp-login.php HTTP/1.1" 200 0 "https://jubaroyaltravel.com/wp-login.php" "Mozilla/5.0 (Macintosh; Intel Mac OS X 10_15_7) AppleWebKit/537.36 (KHTML, like Gecko) Chrome/92.0.4515.131 Safari/537.36"
140.238.201.184 - - [21/Jun/2026:23:11:28 +0000] "POST /wp-login.php HTTP/1.1" 200 0 "https://jubaroyaltravel.com/wp-login.php" "Mozilla/5.0 (Windows NT 6.1; Win64; x64) AppleWebKit/537.36 (KHTML, like Gecko) Chrome/94.0.4606.71 Safari/537.36"
140.238.201.184 - - [21/Jun/2026:23:11:44 +0000] "POST /wp-login.php HTTP/1.1" 200 0 "https://jubaroyaltravel.com/wp-login.php" "Mozilla/5.0 (X11; Linux x86_64) AppleWebKit/537.36 (KHTML, like Gecko) Chrome/94.0.4606.71 Safari/537.36"
140.238.201.184 - - [21/Jun/2026:23:11:59 +0000] "POST /wp-login.php HTTP/1.1" 200 0 "https://jubaroyaltravel.com/wp-login.php" "Mozilla/5.0 (Macintosh; Intel Mac OS X 10_15_7) AppleWebKit/537.36 (KHTML, like Gecko) Chrome/90.0.4430.212 Safari/537.36"
140.238.201.184 - - [21/Jun/2026:23:12:15 +0000] "POST /wp-login.php HTTP/1.1" 200 0 "https://jubaroyaltravel.com/wp-login.php" "Mozilla/5.0 (Windows NT 10.0; Win64; x64) AppleWebKit/537.36 (KHTML, like Gecko) Chrome/92.0.4515.131 Safari/537.36"
140.238.201.184 - - [21/Jun/2026:23:12:30 +0000] "POST /wp-login.php HTTP/1.1" 200 0 "https://jubaroyaltravel.com/wp-login.php" "Mozilla/5.0 (Windows NT 10.0; Win64; x64) AppleWebKit/537.36 (KHTML, like Gecko) Chrome/93.0.4577.63 Safari/537.36"
140.238.201.184 - - [21/Jun/2026:23:12:46 +0000] "POST /wp-login.php HTTP/1.1" 200 0 "https://jubaroyaltravel.com/wp-login.php" "Mozilla/5.0 (X11; Linux x86_64) AppleWebKit/537.36 (KHTML, like Gecko) Chrome/94.0.4606.71 Safari/537.36"
140.238.201.184 - - [21/Jun/2026:23:13:01 +0000] "POST /wp-login.php HTTP/1.1" 200 0 "https://jubaroyaltravel.com/wp-login.php" "Mozilla/5.0 (X11; Linux x86_64) AppleWebKit/537.36 (KHTML, like Gecko) Chrome/94.0.4606.71 Safari/537.36"
69.72.244.151 - - [21/Jun/2026:23:13:29 +0000] "POST /wp-cron.php?doing_wp_cron=1782083609.0550830364227294921875 HTTP/1.1" 200 0 "-" "WordPress/7.0; https://www.jubaroyaltravel.com"
167.99.197.34 - - [21/Jun/2026:23:13:27 +0000] "GET /wp-login.php HTTP/2" 200 2038 "-" "Mozilla/5.0 (Windows NT 10.0; WOW64) AppleWebKit/537.36 (KHTML, like Gecko) Chrome/133.0.0.0 Safari/537.36"
167.99.197.34 - - [21/Jun/2026:23:13:29 +0000] "POST /wp-login.php HTTP/2" 200 2209 "https://jubaroyaltravel.com/wp-login.php" "Mozilla/5.0 (Windows NT 10.0; WOW64) AppleWebKit/537.36 (KHTML, like Gecko) Chrome/133.0.0.0 Safari/537.36"
140.238.201.184 - - [21/Jun/2026:23:13:17 +0000] "POST /wp-login.php HTTP/1.1" 200 0 "https://jubaroyaltravel.com/wp-login.php" "Mozilla/5.0 (Windows NT 10.0; Win64; x64) AppleWebKit/537.36 (KHTML, like Gecko) Chrome/92.0.4515.131 Safari/537.36"
140.238.201.184 - - [21/Jun/2026:23:13:32 +0000] "POST /wp-login.php HTTP/1.1" 200 0 "https://jubaroyaltravel.com/wp-login.php" "Mozilla/5.0 (Windows NT 10.0; Win64; x64) AppleWebKit/605.1.15 (KHTML, like Gecko) Version/14.1.1 Safari/605.1.15"
140.238.201.184 - - [21/Jun/2026:23:14:03 +0000] "POST /wp-login.php HTTP/1.1" 200 0 "https://jubaroyaltravel.com/wp-login.php" "Mozilla/5.0 (Windows NT 10.0; Win64; x64) AppleWebKit/605.1.15 (KHTML, like Gecko) Version/14.1.2 Safari/605.1.15"
140.238.201.184 - - [21/Jun/2026:23:14:19 +0000] "POST /wp-login.php HTTP/1.1" 200 0 "https://jubaroyaltravel.com/wp-login.php" "Mozilla/5.0 (Windows NT 10.0; Win64; x64) AppleWebKit/605.1.15 (KHTML, like Gecko) Version/14.1.1 Safari/605.1.15"
140.238.201.184 - - [21/Jun/2026:23:14:35 +0000] "POST /wp-login.php HTTP/1.1" 200 0 "https://jubaroyaltravel.com/wp-login.php" "Mozilla/5.0 (Windows NT 6.1; Win64; x64) AppleWebKit/537.36 (KHTML, like Gecko) Chrome/91.0.4472.124 Safari/537.36"
140.238.201.184 - - [21/Jun/2026:23:14:50 +0000] "POST /wp-login.php HTTP/1.1" 200 0 "https://jubaroyaltravel.com/wp-login.php" "Mozilla/5.0 (Windows NT 6.1; Win64; x64; rv:92.0) Gecko/20100101 Firefox/92.0"
140.238.201.184 - - [21/Jun/2026:23:15:06 +0000] "POST /wp-login.php HTTP/1.1" 200 0 "https://jubaroyaltravel.com/wp-login.php" "Mozilla/5.0 (Macintosh; Intel Mac OS X 10_15_7) AppleWebKit/537.36 (KHTML, like Gecko) Chrome/91.0.4472.124 Safari/537.36"
140.238.201.184 - - [21/Jun/2026:23:15:21 +0000] "POST /wp-login.php HTTP/1.1" 200 0 "https://jubaroyaltravel.com/wp-login.php" "Mozilla/5.0 (Macintosh; Intel Mac OS X 10_15_7) AppleWebKit/537.36 (KHTML, like Gecko) Chrome/93.0.4577.63 Safari/537.36"
140.238.201.184 - - [21/Jun/2026:23:13:48 +0000] "POST /wp-login.php HTTP/1.1" 200 0 "https://jubaroyaltravel.com/wp-login.php" "Mozilla/5.0 (Macintosh; Intel Mac OS X 10_15_7) AppleWebKit/537.36 (KHTML, like Gecko) Chrome/92.0.4515.131 Safari/537.36"
140.238.201.184 - - [21/Jun/2026:23:15:37 +0000] "POST /wp-login.php HTTP/1.1" 200 0 "https://jubaroyaltravel.com/wp-login.php" "Mozilla/5.0 (Windows NT 10.0; Win64; x64) AppleWebKit/605.1.15 (KHTML, like Gecko) Version/15.0 Safari/605.1.15"
140.238.201.184 - - [21/Jun/2026:23:15:52 +0000] "POST /wp-login.php HTTP/1.1" 200 0 "https://jubaroyaltravel.com/wp-login.php" "Mozilla/5.0 (X11; Linux x86_64) AppleWebKit/537.36 (KHTML, like Gecko) Chrome/92.0.4515.131 Safari/537.36"
140.238.201.184 - - [21/Jun/2026:23:16:08 +0000] "POST /wp-login.php HTTP/1.1" 200 0 "https://jubaroyaltravel.com/wp-login.php" "Mozilla/5.0 (Windows NT 10.0; Win64; x64) AppleWebKit/537.36 (KHTML, like Gecko) Chrome/92.0.4515.131 Safari/537.36"
140.238.201.184 - - [21/Jun/2026:23:16:23 +0000] "POST /wp-login.php HTTP/1.1" 200 0 "https://jubaroyaltravel.com/wp-login.php" "Mozilla/5.0 (Windows NT 10.0; Win64; x64) AppleWebKit/537.36 (KHTML, like Gecko) Chrome/92.0.4515.131 Safari/537.36"
140.238.201.184 - - [21/Jun/2026:23:16:39 +0000] "POST /wp-login.php HTTP/1.1" 200 0 "https://jubaroyaltravel.com/wp-login.php" "Mozilla/5.0 (Windows NT 6.1; Win64; x64) AppleWebKit/537.36 (KHTML, like Gecko) Chrome/93.0.4577.63 Safari/537.36"
140.238.201.184 - - [21/Jun/2026:23:16:54 +0000] "POST /wp-login.php HTTP/1.1" 200 0 "https://jubaroyaltravel.com/wp-login.php" "Mozilla/5.0 (X11; Linux x86_64) AppleWebKit/537.36 (KHTML, like Gecko) Chrome/91.0.4472.124 Safari/537.36"
140.238.201.184 - - [21/Jun/2026:23:17:10 +0000] "POST /wp-login.php HTTP/1.1" 200 0 "https://jubaroyaltravel.com/wp-login.php" "Mozilla/5.0 (X11; Linux x86_64; rv:90.0) Gecko/20100101 Firefox/90.0.1"
140.238.201.184 - - [21/Jun/2026:23:17:25 +0000] "POST /wp-login.php HTTP/1.1" 200 0 "https://jubaroyaltravel.com/wp-login.php" "Mozilla/5.0 (Windows NT 6.1; Win64; x64; rv:91.0) Gecko/20100101 Firefox/91.0"
140.238.201.184 - - [21/Jun/2026:23:17:41 +0000] "POST /wp-login.php HTTP/1.1" 200 0 "https://jubaroyaltravel.com/wp-login.php" "Mozilla/5.0 (Windows NT 6.1; Win64; x64) AppleWebKit/537.36 (KHTML, like Gecko) Chrome/94.0.4606.71 Safari/537.36"
69.72.244.151 - - [21/Jun/2026:23:17:57 +0000] "POST /wp-cron.php?doing_wp_cron=1782083877.4988579750061035156250 HTTP/1.1" 200 0 "-" "WordPress/7.0; https://www.jubaroyaltravel.com"
89.116.26.138 - - [21/Jun/2026:23:17:55 +0000] "GET /wp-login.php HTTP/2" 200 2038 "-" "Mozilla/5.0 (X11; Linux x86_64) AppleWebKit/537.36 (KHTML, like Gecko) Chrome/133.0.0.0 Safari/537.36"
89.116.26.138 - - [21/Jun/2026:23:17:59 +0000] "POST /wp-login.php HTTP/2" 200 2209 "https://jubaroyaltravel.com/wp-login.php" "Mozilla/5.0 (X11; Linux x86_64) AppleWebKit/537.36 (KHTML, like Gecko) Chrome/133.0.0.0 Safari/537.36"
140.238.201.184 - - [21/Jun/2026:23:17:56 +0000] "POST /wp-login.php HTTP/1.1" 200 0 "https://jubaroyaltravel.com/wp-login.php" "Mozilla/5.0 (Windows NT 10.0; Win64; x64) AppleWebKit/605.1.15 (KHTML, like Gecko) Version/14.0.3 Safari/605.1.15"
69.72.244.151 - - [21/Jun/2026:23:18:16 +0000] "POST /wp-cron.php?doing_wp_cron=1782083896.3327729701995849609375 HTTP/1.1" 200 0 "-" "WordPress/7.0; https://www.jubaroyaltravel.com"
69.72.244.151 - - [21/Jun/2026:23:18:17 +0000] "POST /wp-cron.php?doing_wp_cron=1782083897.0663619041442871093750 HTTP/1.1" 200 0 "-" "WordPress/7.0; https://www.jubaroyaltravel.com"
69.72.244.151 - - [21/Jun/2026:23:18:16 +0000] "GET / HTTP/2" 200 261685 "-" "Mozilla/5.0 (Windows NT 10.0; Win64; x64; rv:122.0) Gecko/20100101 Firefox/122.0"
140.238.201.184 - - [21/Jun/2026:23:18:12 +0000] "POST /wp-login.php HTTP/1.1" 200 0 "https://jubaroyaltravel.com/wp-login.php" "Mozilla/5.0 (X11; Linux x86_64) AppleWebKit/537.36 (KHTML, like Gecko) Chrome/94.0.4606.71 Safari/537.36"
140.238.201.184 - - [21/Jun/2026:23:18:43 +0000] "POST /wp-login.php HTTP/1.1" 200 0 "https://jubaroyaltravel.com/wp-login.php" "Mozilla/5.0 (Macintosh; Intel Mac OS X 10_15_7) AppleWebKit/537.36 (KHTML, like Gecko) Chrome/90.0.4430.212 Safari/537.36"
140.238.201.184 - - [21/Jun/2026:23:18:58 +0000] "POST /wp-login.php HTTP/1.1" 200 0 "https://jubaroyaltravel.com/wp-login.php" "Mozilla/5.0 (Macintosh; Intel Mac OS X 10_15_7) AppleWebKit/605.1.15 (KHTML, like Gecko) Version/14.1.2 Safari/605.1.15"
140.238.201.184 - - [21/Jun/2026:23:19:14 +0000] "POST /wp-login.php HTTP/1.1" 200 0 "https://jubaroyaltravel.com/wp-login.php" "Mozilla/5.0 (X11; Linux x86_64; rv:93.0) Gecko/20100101 Firefox/93.0"
140.238.201.184 - - [21/Jun/2026:23:19:29 +0000] "POST /wp-login.php HTTP/1.1" 200 0 "https://jubaroyaltravel.com/wp-login.php" "Mozilla/5.0 (X11; Linux x86_64; rv:93.0) Gecko/20100101 Firefox/93.0"
140.238.201.184 - - [21/Jun/2026:23:19:45 +0000] "POST /wp-login.php HTTP/1.1" 200 0 "https://jubaroyaltravel.com/wp-login.php" "Mozilla/5.0 (Macintosh; Intel Mac OS X 10_15_7) AppleWebKit/537.36 (KHTML, like Gecko) Chrome/92.0.4515.131 Safari/537.36"
140.238.201.184 - - [21/Jun/2026:23:20:00 +0000] "POST /wp-login.php HTTP/1.1" 200 0 "https://jubaroyaltravel.com/wp-login.php" "Mozilla/5.0 (X11; Linux x86_64) AppleWebKit/537.36 (KHTML, like Gecko) Chrome/94.0.4606.71 Safari/537.36"
140.238.201.184 - - [21/Jun/2026:23:18:27 +0000] "POST /wp-login.php HTTP/1.1" 200 0 "https://jubaroyaltravel.com/wp-login.php" "Mozilla/5.0 (Macintosh; Intel Mac OS X 10_15_7) AppleWebKit/605.1.15 (KHTML, like Gecko) Version/14.1.1 Safari/605.1.15"
140.238.201.184 - - [21/Jun/2026:23:20:16 +0000] "POST /wp-login.php HTTP/1.1" 200 0 "https://jubaroyaltravel.com/wp-login.php" "Mozilla/5.0 (Windows NT 10.0; Win64; x64) AppleWebKit/605.1.15 (KHTML, like Gecko) Version/14.0.3 Safari/605.1.15"
140.238.201.184 - - [21/Jun/2026:23:20:32 +0000] "POST /wp-login.php HTTP/1.1" 200 0 "https://jubaroyaltravel.com/wp-login.php" "Mozilla/5.0 (Macintosh; Intel Mac OS X 10_15_7) AppleWebKit/537.36 (KHTML, like Gecko) Chrome/93.0.4577.63 Safari/537.36"
140.238.201.184 - - [21/Jun/2026:23:20:47 +0000] "POST /wp-login.php HTTP/1.1" 200 0 "https://jubaroyaltravel.com/wp-login.php" "Mozilla/5.0 (Windows NT 10.0; Win64; x64) AppleWebKit/537.36 (KHTML, like Gecko) Chrome/92.0.4515.131 Safari/537.36"
140.238.201.184 - - [21/Jun/2026:23:21:03 +0000] "POST /wp-login.php HTTP/1.1" 200 0 "https://jubaroyaltravel.com/wp-login.php" "Mozilla/5.0 (Windows NT 10.0; Win64; x64) AppleWebKit/605.1.15 (KHTML, like Gecko) Version/14.1.1 Safari/605.1.15"
140.238.201.184 - - [21/Jun/2026:23:21:18 +0000] "POST /wp-login.php HTTP/1.1" 200 0 "https://jubaroyaltravel.com/wp-login.php" "Mozilla/5.0 (Macintosh; Intel Mac OS X 10_15_7) AppleWebKit/537.36 (KHTML, like Gecko) Chrome/92.0.4515.131 Safari/537.36"
140.238.201.184 - - [21/Jun/2026:23:21:34 +0000] "POST /wp-login.php HTTP/1.1" 200 0 "https://jubaroyaltravel.com/wp-login.php" "Mozilla/5.0 (X11; Linux x86_64; rv:89.0) Gecko/20100101 Firefox/89.0.2"
140.238.201.184 - - [21/Jun/2026:23:21:49 +0000] "POST /wp-login.php HTTP/1.1" 200 0 "https://jubaroyaltravel.com/wp-login.php" "Mozilla/5.0 (Windows NT 10.0; Win64; x64) AppleWebKit/537.36 (KHTML, like Gecko) Chrome/91.0.4472.124 Safari/537.36"
140.238.201.184 - - [21/Jun/2026:23:22:20 +0000] "POST /wp-login.php HTTP/1.1" 200 0 "https://jubaroyaltravel.com/wp-login.php" "Mozilla/5.0 (Windows NT 10.0; Win64; x64; rv:90.0) Gecko/20100101 Firefox/90.0.1"
140.238.201.184 - - [21/Jun/2026:23:22:36 +0000] "POST /wp-login.php HTTP/1.1" 200 0 "https://jubaroyaltravel.com/wp-login.php" "Mozilla/5.0 (X11; Linux x86_64) AppleWebKit/537.36 (KHTML, like Gecko) Chrome/94.0.4606.71 Safari/537.36"
140.238.201.184 - - [21/Jun/2026:23:22:51 +0000] "POST /wp-login.php HTTP/1.1" 200 0 "https://jubaroyaltravel.com/wp-login.php" "Mozilla/5.0 (Windows NT 10.0; Win64; x64) AppleWebKit/605.1.15 (KHTML, like Gecko) Version/14.1 Safari/605.1.15"
69.72.244.151 - - [21/Jun/2026:23:23:21 +0000] "POST /wp-cron.php?doing_wp_cron=1782084201.0476210117340087890625 HTTP/1.1" 200 0 "-" "WordPress/7.0; https://www.jubaroyaltravel.com"
66.249.64.129 - - [21/Jun/2026:23:23:18 +0000] "GET /products/detail/cheapest/j106479745 HTTP/1.1" 404 27932 "-" "Mozilla/5.0 (compatible; Googlebot/2.1; +http://www.google.com/bot.html)"
140.238.201.184 - - [21/Jun/2026:23:23:07 +0000] "POST /wp-login.php HTTP/1.1" 200 0 "https://jubaroyaltravel.com/wp-login.php" "Mozilla/5.0 (Windows NT 10.0; Win64; x64) AppleWebKit/605.1.15 (KHTML, like Gecko) Version/14.1.1 Safari/605.1.15"
140.238.201.184 - - [21/Jun/2026:23:23:22 +0000] "POST /wp-login.php HTTP/1.1" 200 0 "https://jubaroyaltravel.com/wp-login.php" "Mozilla/5.0 (Windows NT 10.0; Win64; x64) AppleWebKit/537.36 (KHTML, like Gecko) Chrome/92.0.4515.131 Safari/537.36"
140.238.201.184 - - [21/Jun/2026:23:23:38 +0000] "POST /wp-login.php HTTP/1.1" 200 0 "https://jubaroyaltravel.com/wp-login.php" "Mozilla/5.0 (Macintosh; Intel Mac OS X 10_15_7) AppleWebKit/605.1.15 (KHTML, like Gecko) Version/15.0 Safari/605.1.15"
140.238.201.184 - - [21/Jun/2026:23:22:05 +0000] "POST /wp-login.php HTTP/1.1" 200 0 "https://jubaroyaltravel.com/wp-login.php" "Mozilla/5.0 (Windows NT 6.1; Win64; x64) AppleWebKit/537.36 (KHTML, like Gecko) Chrome/92.0.4515.131 Safari/537.36"
140.238.201.184 - - [21/Jun/2026:23:23:53 +0000] "POST /wp-login.php HTTP/1.1" 200 0 "https://jubaroyaltravel.com/wp-login.php" "Mozilla/5.0 (Windows NT 10.0; Win64; x64) AppleWebKit/537.36 (KHTML, like Gecko) Chrome/94.0.4606.71 Safari/537.36"
140.238.201.184 - - [21/Jun/2026:23:24:09 +0000] "POST /wp-login.php HTTP/1.1" 200 0 "https://jubaroyaltravel.com/wp-login.php" "Mozilla/5.0 (Windows NT 10.0; Win64; x64) AppleWebKit/537.36 (KHTML, like Gecko) Chrome/91.0.4472.124 Safari/537.36"
140.238.201.184 - - [21/Jun/2026:23:24:24 +0000] "POST /wp-login.php HTTP/1.1" 200 0 "https://jubaroyaltravel.com/wp-login.php" "Mozilla/5.0 (X11; Linux x86_64) AppleWebKit/537.36 (KHTML, like Gecko) Chrome/94.0.4606.71 Safari/537.36"
140.238.201.184 - - [21/Jun/2026:23:24:40 +0000] "POST /wp-login.php HTTP/1.1" 200 0 "https://jubaroyaltravel.com/wp-login.php" "Mozilla/5.0 (Macintosh; Intel Mac OS X 10_15_7) AppleWebKit/605.1.15 (KHTML, like Gecko) Version/14.1.2 Safari/605.1.15"
140.238.201.184 - - [21/Jun/2026:23:24:55 +0000] "POST /wp-login.php HTTP/1.1" 200 0 "https://jubaroyaltravel.com/wp-login.php" "Mozilla/5.0 (X11; Linux x86_64) AppleWebKit/537.36 (KHTML, like Gecko) Chrome/91.0.4472.124 Safari/537.36"
69.72.244.151 - - [21/Jun/2026:23:25:20 +0000] "POST /wp-cron.php?doing_wp_cron=1782084320.6750600337982177734375 HTTP/1.1" 200 0 "-" "WordPress/7.0; https://www.jubaroyaltravel.com"
91.193.232.89 - - [21/Jun/2026:23:25:18 +0000] "POST /wp-login.php HTTP/1.1" 200 2446 "-" "Mozilla/5.0 (Macintosh; Intel Mac OS X 10_15_7) AppleWebKit/605.1.15 Version/17.0 Safari/605.1.15"
140.238.201.184 - - [21/Jun/2026:23:25:11 +0000] "POST /wp-login.php HTTP/1.1" 200 0 "https://jubaroyaltravel.com/wp-login.php" "Mozilla/5.0 (Windows NT 6.1; Win64; x64) AppleWebKit/537.36 (KHTML, like Gecko) Chrome/94.0.4606.71 Safari/537.36"
140.238.201.184 - - [21/Jun/2026:23:25:27 +0000] "POST /wp-login.php HTTP/1.1" 200 0 "https://jubaroyaltravel.com/wp-login.php" "Mozilla/5.0 (Macintosh; Intel Mac OS X 10_15_7) AppleWebKit/537.36 (KHTML, like Gecko) Chrome/92.0.4515.131 Safari/537.36"
140.238.201.184 - - [21/Jun/2026:23:25:42 +0000] "POST /wp-login.php HTTP/1.1" 200 0 "https://jubaroyaltravel.com/wp-login.php" "Mozilla/5.0 (Windows NT 10.0; Win64; x64; rv:92.0) Gecko/20100101 Firefox/92.0"
140.238.201.184 - - [21/Jun/2026:23:26:13 +0000] "POST /wp-login.php HTTP/1.1" 200 0 "https://jubaroyaltravel.com/wp-login.php" "Mozilla/5.0 (Windows NT 10.0; Win64; x64) AppleWebKit/537.36 (KHTML, like Gecko) Chrome/94.0.4606.71 Safari/537.36"
140.238.201.184 - - [21/Jun/2026:23:26:29 +0000] "POST /wp-login.php HTTP/1.1" 200 0 "https://jubaroyaltravel.com/wp-login.php" "Mozilla/5.0 (Macintosh; Intel Mac OS X 10_15_7) AppleWebKit/537.36 (KHTML, like Gecko) Chrome/93.0.4577.63 Safari/537.36"
140.238.201.184 - - [21/Jun/2026:23:26:44 +0000] "POST /wp-login.php HTTP/1.1" 200 0 "https://jubaroyaltravel.com/wp-login.php" "Mozilla/5.0 (Windows NT 10.0; Win64; x64) AppleWebKit/537.36 (KHTML, like Gecko) Chrome/92.0.4515.131 Safari/537.36"
140.238.201.184 - - [21/Jun/2026:23:27:00 +0000] "POST /wp-login.php HTTP/1.1" 200 0 "https://jubaroyaltravel.com/wp-login.php" "Mozilla/5.0 (Windows NT 10.0; Win64; x64) AppleWebKit/537.36 (KHTML, like Gecko) Chrome/91.0.4472.124 Safari/537.36"
140.238.201.184 - - [21/Jun/2026:23:27:15 +0000] "POST /wp-login.php HTTP/1.1" 200 0 "https://jubaroyaltravel.com/wp-login.php" "Mozilla/5.0 (X11; Linux x86_64; rv:92.0) Gecko/20100101 Firefox/92.0"
69.72.244.151 - - [21/Jun/2026:23:27:32 +0000] "POST /wp-cron.php?doing_wp_cron=1782084452.8686249256134033203125 HTTP/1.1" 200 0 "-" "WordPress/7.0; https://www.jubaroyaltravel.com"
140.238.201.184 - - [21/Jun/2026:23:27:31 +0000] "GET /?author=1 HTTP/1.1" 301 0 "-" "Mozilla/5.0 (Windows NT 6.1; Win64; x64) AppleWebKit/537.36 (KHTML, like Gecko) Chrome/91.0.4472.124 Safari/537.36"
140.238.201.184 - - [21/Jun/2026:23:27:33 +0000] "GET /author/adminstaging-jubaroyaltravel-com/ HTTP/1.1" 200 35398 "-" "Mozilla/5.0 (Windows NT 6.1; Win64; x64) AppleWebKit/537.36 (KHTML, like Gecko) Chrome/91.0.4472.124 Safari/537.36"
140.238.201.184 - - [21/Jun/2026:23:27:34 +0000] "GET /?author=2 HTTP/1.1" 301 0 "-" "Mozilla/5.0 (X11; Linux x86_64) AppleWebKit/537.36 (KHTML, like Gecko) Chrome/90.0.4430.212 Safari/537.36"
140.238.201.184 - - [21/Jun/2026:23:27:35 +0000] "GET /?author=2 HTTP/1.1" 200 33197 "-" "Mozilla/5.0 (X11; Linux x86_64) AppleWebKit/537.36 (KHTML, like Gecko) Chrome/90.0.4430.212 Safari/537.36"
140.238.201.184 - - [21/Jun/2026:23:27:36 +0000] "GET /?author=3 HTTP/1.1" 301 0 "-" "Mozilla/5.0 (Windows NT 10.0; Win64; x64) AppleWebKit/605.1.15 (KHTML, like Gecko) Version/14.1.1 Safari/605.1.15"
140.238.201.184 - - [21/Jun/2026:23:27:36 +0000] "GET /?author=3 HTTP/1.1" 200 33206 "-" "Mozilla/5.0 (Windows NT 10.0; Win64; x64) AppleWebKit/605.1.15 (KHTML, like Gecko) Version/14.1.1 Safari/605.1.15"
140.238.201.184 - - [21/Jun/2026:23:27:37 +0000] "POST /wp-login.php HTTP/1.1" 200 0 "https://jubaroyaltravel.com/wp-login.php" "Mozilla/5.0 (Macintosh; Intel Mac OS X 10_15_7; rv:90.0) Gecko/20100101 Firefox/90.0.1"
140.238.201.184 - - [21/Jun/2026:23:25:58 +0000] "POST /wp-login.php HTTP/1.1" 200 0 "https://jubaroyaltravel.com/wp-login.php" "Mozilla/5.0 (Macintosh; Intel Mac OS X 10_15_7) AppleWebKit/605.1.15 (KHTML, like Gecko) Version/14.1.1 Safari/605.1.15"
140.238.201.184 - - [21/Jun/2026:23:27:52 +0000] "POST /wp-login.php HTTP/1.1" 200 0 "https://jubaroyaltravel.com/wp-login.php" "Mozilla/5.0 (Macintosh; Intel Mac OS X 10_15_7) AppleWebKit/605.1.15 (KHTML, like Gecko) Version/14.1.1 Safari/605.1.15"
140.238.201.184 - - [21/Jun/2026:23:28:08 +0000] "POST /wp-login.php HTTP/1.1" 200 0 "https://jubaroyaltravel.com/wp-login.php" "Mozilla/5.0 (Macintosh; Intel Mac OS X 10_15_7; rv:91.0) Gecko/20100101 Firefox/91.0"
140.238.201.184 - - [21/Jun/2026:23:28:24 +0000] "POST /wp-login.php HTTP/1.1" 200 0 "https://jubaroyaltravel.com/wp-login.php" "Mozilla/5.0 (Windows NT 6.1; Win64; x64) AppleWebKit/537.36 (KHTML, like Gecko) Chrome/90.0.4430.212 Safari/537.36"
140.238.201.184 - - [21/Jun/2026:23:28:39 +0000] "POST /wp-login.php HTTP/1.1" 200 0 "https://jubaroyaltravel.com/wp-login.php" "Mozilla/5.0 (Windows NT 10.0; Win64; x64) AppleWebKit/605.1.15 (KHTML, like Gecko) Version/14.0.3 Safari/605.1.15"
140.238.201.184 - - [21/Jun/2026:23:28:55 +0000] "POST /wp-login.php HTTP/1.1" 200 0 "https://jubaroyaltravel.com/wp-login.php" "Mozilla/5.0 (Macintosh; Intel Mac OS X 10_15_7) AppleWebKit/605.1.15 (KHTML, like Gecko) Version/15.0 Safari/605.1.15"
140.238.201.184 - - [21/Jun/2026:23:29:10 +0000] "POST /wp-login.php HTTP/1.1" 200 0 "https://jubaroyaltravel.com/wp-login.php" "Mozilla/5.0 (Windows NT 10.0; Win64; x64) AppleWebKit/537.36 (KHTML, like Gecko) Chrome/90.0.4430.212 Safari/537.36"
140.238.201.184 - - [21/Jun/2026:23:29:26 +0000] "POST /wp-login.php HTTP/1.1" 200 0 "https://jubaroyaltravel.com/wp-login.php" "Mozilla/5.0 (X11; Linux x86_64) AppleWebKit/537.36 (KHTML, like Gecko) Chrome/91.0.4472.124 Safari/537.36"
140.238.201.184 - - [21/Jun/2026:23:29:41 +0000] "POST /wp-login.php HTTP/1.1" 200 0 "https://jubaroyaltravel.com/wp-login.php" "Mozilla/5.0 (Windows NT 10.0; Win64; x64; rv:90.0) Gecko/20100101 Firefox/90.0.1"
69.72.244.151 - - [21/Jun/2026:23:30:02 +0000] "POST /wp-cron.php?doing_wp_cron=1782084601.9652380943298339843750 HTTP/1.1" 200 0 "-" "WordPress/7.0; https://www.jubaroyaltravel.com"
66.249.64.129 - - [21/Jun/2026:23:29:59 +0000] "GET /air-ticket-booking/ HTTP/1.1" 200 32306 "-" "Mozilla/5.0 (Linux; Android 6.0.1; Nexus 5X Build/MMB29P) AppleWebKit/537.36 (KHTML, like Gecko) Chrome/148.0.7778.96 Mobile Safari/537.36 (compatible; Googlebot/2.1; +http://www.google.com/bot.html)"
140.238.201.184 - - [21/Jun/2026:23:29:57 +0000] "POST /wp-login.php HTTP/1.1" 200 0 "https://jubaroyaltravel.com/wp-login.php" "Mozilla/5.0 (X11; Linux x86_64; rv:89.0) Gecko/20100101 Firefox/89.0.2"
140.238.201.184 - - [21/Jun/2026:23:30:12 +0000] "POST /wp-login.php HTTP/1.1" 200 0 "https://jubaroyaltravel.com/wp-login.php" "Mozilla/5.0 (Windows NT 10.0; Win64; x64) AppleWebKit/605.1.15 (KHTML, like Gecko) Version/15.0 Safari/605.1.15"
140.238.201.184 - - [21/Jun/2026:23:30:28 +0000] "POST /wp-login.php HTTP/1.1" 200 0 "https://jubaroyaltravel.com/wp-login.php" "Mozilla/5.0 (Windows NT 10.0; Win64; x64) AppleWebKit/537.36 (KHTML, like Gecko) Chrome/92.0.4515.131 Safari/537.36"
140.238.201.184 - - [21/Jun/2026:23:30:43 +0000] "POST /wp-login.php HTTP/1.1" 200 0 "https://jubaroyaltravel.com/wp-login.php" "Mozilla/5.0 (Macintosh; Intel Mac OS X 10_15_7) AppleWebKit/605.1.15 (KHTML, like Gecko) Version/14.1.2 Safari/605.1.15"
140.238.201.184 - - [21/Jun/2026:23:30:59 +0000] "POST /wp-login.php HTTP/1.1" 200 0 "https://jubaroyaltravel.com/wp-login.php" "Mozilla/5.0 (Windows NT 10.0; Win64; x64) AppleWebKit/537.36 (KHTML, like Gecko) Chrome/94.0.4606.71 Safari/537.36"
140.238.201.184 - - [21/Jun/2026:23:31:14 +0000] "POST /wp-login.php HTTP/1.1" 200 0 "https://jubaroyaltravel.com/wp-login.php" "Mozilla/5.0 (Macintosh; Intel Mac OS X 10_15_7) AppleWebKit/605.1.15 (KHTML, like Gecko) Version/15.0 Safari/605.1.15"
140.238.201.184 - - [21/Jun/2026:23:31:30 +0000] "POST /wp-login.php HTTP/1.1" 200 0 "https://jubaroyaltravel.com/wp-login.php" "Mozilla/5.0 (Macintosh; Intel Mac OS X 10_15_7) AppleWebKit/605.1.15 (KHTML, like Gecko) Version/14.1.1 Safari/605.1.15"
140.238.201.184 - - [21/Jun/2026:23:31:45 +0000] "POST /wp-login.php HTTP/1.1" 200 0 "https://jubaroyaltravel.com/wp-login.php" "Mozilla/5.0 (Windows NT 10.0; Win64; x64) AppleWebKit/605.1.15 (KHTML, like Gecko) Version/14.1 Safari/605.1.15"
140.238.201.184 - - [21/Jun/2026:23:32:01 +0000] "POST /wp-login.php HTTP/1.1" 200 0 "https://jubaroyaltravel.com/wp-login.php" "Mozilla/5.0 (Macintosh; Intel Mac OS X 10_15_7) AppleWebKit/537.36 (KHTML, like Gecko) Chrome/91.0.4472.124 Safari/537.36"
140.238.201.184 - - [21/Jun/2026:23:32:16 +0000] "POST /wp-login.php HTTP/1.1" 200 0 "https://jubaroyaltravel.com/wp-login.php" "Mozilla/5.0 (X11; Linux x86_64) AppleWebKit/537.36 (KHTML, like Gecko) Chrome/92.0.4515.131 Safari/537.36"
140.238.201.184 - - [21/Jun/2026:23:32:32 +0000] "POST /wp-login.php HTTP/1.1" 200 0 "https://jubaroyaltravel.com/wp-login.php" "Mozilla/5.0 (Windows NT 10.0; Win64; x64; rv:91.0) Gecko/20100101 Firefox/91.0"
140.238.201.184 - - [21/Jun/2026:23:32:47 +0000] "POST /wp-login.php HTTP/1.1" 200 0 "https://jubaroyaltravel.com/wp-login.php" "Mozilla/5.0 (Macintosh; Intel Mac OS X 10_15_7) AppleWebKit/605.1.15 (KHTML, like Gecko) Version/14.0.3 Safari/605.1.15"
140.238.201.184 - - [21/Jun/2026:23:33:03 +0000] "POST /wp-login.php HTTP/1.1" 200 0 "https://jubaroyaltravel.com/wp-login.php" "Mozilla/5.0 (Macintosh; Intel Mac OS X 10_15_7) AppleWebKit/605.1.15 (KHTML, like Gecko) Version/14.0.3 Safari/605.1.15"
140.238.201.184 - - [21/Jun/2026:23:33:18 +0000] "POST /wp-login.php HTTP/1.1" 200 0 "https://jubaroyaltravel.com/wp-login.php" "Mozilla/5.0 (Macintosh; Intel Mac OS X 10_15_7) AppleWebKit/605.1.15 (KHTML, like Gecko) Version/14.1.1 Safari/605.1.15"
140.238.201.184 - - [21/Jun/2026:23:33:34 +0000] "POST /wp-login.php HTTP/1.1" 200 0 "https://jubaroyaltravel.com/wp-login.php" "Mozilla/5.0 (Macintosh; Intel Mac OS X 10_15_7; rv:92.0) Gecko/20100101 Firefox/92.0"
140.238.201.184 - - [21/Jun/2026:23:33:49 +0000] "POST /wp-login.php HTTP/1.1" 200 0 "https://jubaroyaltravel.com/wp-login.php" "Mozilla/5.0 (Windows NT 6.1; Win64; x64) AppleWebKit/537.36 (KHTML, like Gecko) Chrome/94.0.4606.71 Safari/537.36"
69.72.244.151 - - [21/Jun/2026:23:34:18 +0000] "POST /wp-cron.php?doing_wp_cron=1782084858.6231598854064941406250 HTTP/1.1" 200 0 "-" "WordPress/7.0; https://www.jubaroyaltravel.com"
185.176.8.77 - - [21/Jun/2026:23:34:16 +0000] "GET /wp-login.php HTTP/2" 200 2038 "-" "Mozilla/5.0 (Windows NT 10.0; Win64; x64) AppleWebKit/537.36 (KHTML, like Gecko) Chrome/133.0.0.0 Safari/537.36"
185.176.8.77 - - [21/Jun/2026:23:34:18 +0000] "POST /wp-login.php HTTP/2" 200 2209 "https://jubaroyaltravel.com/wp-login.php" "Mozilla/5.0 (Windows NT 10.0; Win64; x64) AppleWebKit/537.36 (KHTML, like Gecko) Chrome/133.0.0.0 Safari/537.36"
