66.249.64.131 - - [22/Jun/2026:06:28:57 +0000] "GET /products/detail/sale/j106493700 HTTP/1.1" 200 4926 "-" "Mozilla/5.0 (Linux; Android 6.0.1; Nexus 5X Build/MMB29P) AppleWebKit/537.36 (KHTML, like Gecko) Chrome/148.0.7778.96 Mobile Safari/537.36 (compatible; Googlebot/2.1; +http://www.google.com/bot.html)"
137.184.115.126 - - [22/Jun/2026:06:28:59 +0000] "POST /wp-login.php HTTP/1.1" 200 105840 "-" "Mozilla/5.0"
66.249.64.129 - - [22/Jun/2026:06:29:11 +0000] "GET /products/detail/shop/j106251105 HTTP/1.1" 200 4914 "-" "Mozilla/5.0 (compatible; Googlebot/2.1; +http://www.google.com/bot.html)"
66.249.64.130 - - [22/Jun/2026:06:30:09 +0000] "GET /products/detail/discount/j106189615 HTTP/1.1" 200 4951 "-" "Mozilla/5.0 (Linux; Android 6.0.1; Nexus 5X Build/MMB29P) AppleWebKit/537.36 (KHTML, like Gecko) Chrome/148.0.7778.96 Mobile Safari/537.36 (compatible; Googlebot/2.1; +http://www.google.com/bot.html)"
66.249.64.129 - - [22/Jun/2026:06:30:46 +0000] "GET /products/detail/arrival/j106489203 HTTP/1.1" 200 5077 "-" "Mozilla/5.0 (Linux; Android 6.0.1; Nexus 5X Build/MMB29P) AppleWebKit/537.36 (KHTML, like Gecko) Chrome/148.0.7778.96 Mobile Safari/537.36 (compatible; Googlebot/2.1; +http://www.google.com/bot.html)"
66.249.64.131 - - [22/Jun/2026:06:31:22 +0000] "GET /products/detail/releases/j106368812 HTTP/1.1" 200 4927 "-" "Mozilla/5.0 (Linux; Android 6.0.1; Nexus 5X Build/MMB29P) AppleWebKit/537.36 (KHTML, like Gecko) Chrome/148.0.7778.96 Mobile Safari/537.36 (compatible; Googlebot/2.1; +http://www.google.com/bot.html)"
66.249.64.129 - - [22/Jun/2026:06:33:13 +0000] "GET /products/detail/original/j10661722 HTTP/1.1" 200 4902 "-" "Mozilla/5.0 (Linux; Android 6.0.1; Nexus 5X Build/MMB29P) AppleWebKit/537.36 (KHTML, like Gecko) Chrome/148.0.7778.96 Mobile Safari/537.36 (compatible; Googlebot/2.1; +http://www.google.com/bot.html)"
162.243.203.171 - - [22/Jun/2026:06:33:38 +0000] "GET / HTTP/1.1" 401 36 "-" "Mozilla/5.0 (Windows NT 10.0; Win64; x64) AppleWebKit/537.36 (KHTML, like Gecko) Chrome/80.0.3987.149 Safari/537.36"
162.243.203.171 - - [22/Jun/2026:06:33:38 +0000] "GET //wp-includes/wlwmanifest.xml HTTP/1.1" 401 36 "-" "Mozilla/5.0 (Windows NT 10.0; Win64; x64) AppleWebKit/537.36 (KHTML, like Gecko) Chrome/80.0.3987.149 Safari/537.36"
162.243.203.171 - - [22/Jun/2026:06:33:38 +0000] "GET //xmlrpc.php?rsd HTTP/1.1" 401 36 "-" "Mozilla/5.0 (Windows NT 10.0; Win64; x64) AppleWebKit/537.36 (KHTML, like Gecko) Chrome/80.0.3987.149 Safari/537.36"
162.243.203.171 - - [22/Jun/2026:06:33:38 +0000] "GET / HTTP/1.1" 401 36 "-" "Mozilla/5.0 (Windows NT 10.0; Win64; x64) AppleWebKit/537.36 (KHTML, like Gecko) Chrome/80.0.3987.149 Safari/537.36"
162.243.203.171 - - [22/Jun/2026:06:33:38 +0000] "GET //blog/wp-includes/wlwmanifest.xml HTTP/1.1" 401 36 "-" "Mozilla/5.0 (Windows NT 10.0; Win64; x64) AppleWebKit/537.36 (KHTML, like Gecko) Chrome/80.0.3987.149 Safari/537.36"
162.243.203.171 - - [22/Jun/2026:06:33:38 +0000] "GET //web/wp-includes/wlwmanifest.xml HTTP/1.1" 401 36 "-" "Mozilla/5.0 (Windows NT 10.0; Win64; x64) AppleWebKit/537.36 (KHTML, like Gecko) Chrome/80.0.3987.149 Safari/537.36"
162.243.203.171 - - [22/Jun/2026:06:33:38 +0000] "GET //wordpress/wp-includes/wlwmanifest.xml HTTP/1.1" 401 36 "-" "Mozilla/5.0 (Windows NT 10.0; Win64; x64) AppleWebKit/537.36 (KHTML, like Gecko) Chrome/80.0.3987.149 Safari/537.36"
162.243.203.171 - - [22/Jun/2026:06:33:38 +0000] "GET //website/wp-includes/wlwmanifest.xml HTTP/1.1" 401 36 "-" "Mozilla/5.0 (Windows NT 10.0; Win64; x64) AppleWebKit/537.36 (KHTML, like Gecko) Chrome/80.0.3987.149 Safari/537.36"
162.243.203.171 - - [22/Jun/2026:06:33:38 +0000] "GET //wp/wp-includes/wlwmanifest.xml HTTP/1.1" 401 36 "-" "Mozilla/5.0 (Windows NT 10.0; Win64; x64) AppleWebKit/537.36 (KHTML, like Gecko) Chrome/80.0.3987.149 Safari/537.36"
162.243.203.171 - - [22/Jun/2026:06:33:39 +0000] "GET //news/wp-includes/wlwmanifest.xml HTTP/1.1" 401 36 "-" "Mozilla/5.0 (Windows NT 10.0; Win64; x64) AppleWebKit/537.36 (KHTML, like Gecko) Chrome/80.0.3987.149 Safari/537.36"
162.243.203.171 - - [22/Jun/2026:06:33:39 +0000] "GET //2018/wp-includes/wlwmanifest.xml HTTP/1.1" 401 36 "-" "Mozilla/5.0 (Windows NT 10.0; Win64; x64) AppleWebKit/537.36 (KHTML, like Gecko) Chrome/80.0.3987.149 Safari/537.36"
162.243.203.171 - - [22/Jun/2026:06:33:39 +0000] "GET //2019/wp-includes/wlwmanifest.xml HTTP/1.1" 401 36 "-" "Mozilla/5.0 (Windows NT 10.0; Win64; x64) AppleWebKit/537.36 (KHTML, like Gecko) Chrome/80.0.3987.149 Safari/537.36"
162.243.203.171 - - [22/Jun/2026:06:33:39 +0000] "GET //shop/wp-includes/wlwmanifest.xml HTTP/1.1" 401 36 "-" "Mozilla/5.0 (Windows NT 10.0; Win64; x64) AppleWebKit/537.36 (KHTML, like Gecko) Chrome/80.0.3987.149 Safari/537.36"
162.243.203.171 - - [22/Jun/2026:06:33:39 +0000] "GET //wp1/wp-includes/wlwmanifest.xml HTTP/1.1" 401 36 "-" "Mozilla/5.0 (Windows NT 10.0; Win64; x64) AppleWebKit/537.36 (KHTML, like Gecko) Chrome/80.0.3987.149 Safari/537.36"
162.243.203.171 - - [22/Jun/2026:06:33:39 +0000] "GET //test/wp-includes/wlwmanifest.xml HTTP/1.1" 401 36 "-" "Mozilla/5.0 (Windows NT 10.0; Win64; x64) AppleWebKit/537.36 (KHTML, like Gecko) Chrome/80.0.3987.149 Safari/537.36"
162.243.203.171 - - [22/Jun/2026:06:33:39 +0000] "GET //media/wp-includes/wlwmanifest.xml HTTP/1.1" 401 36 "-" "Mozilla/5.0 (Windows NT 10.0; Win64; x64) AppleWebKit/537.36 (KHTML, like Gecko) Chrome/80.0.3987.149 Safari/537.36"
162.243.203.171 - - [22/Jun/2026:06:33:39 +0000] "GET //wp2/wp-includes/wlwmanifest.xml HTTP/1.1" 401 36 "-" "Mozilla/5.0 (Windows NT 10.0; Win64; x64) AppleWebKit/537.36 (KHTML, like Gecko) Chrome/80.0.3987.149 Safari/537.36"
162.243.203.171 - - [22/Jun/2026:06:33:39 +0000] "GET //site/wp-includes/wlwmanifest.xml HTTP/1.1" 401 36 "-" "Mozilla/5.0 (Windows NT 10.0; Win64; x64) AppleWebKit/537.36 (KHTML, like Gecko) Chrome/80.0.3987.149 Safari/537.36"
162.243.203.171 - - [22/Jun/2026:06:33:40 +0000] "GET //cms/wp-includes/wlwmanifest.xml HTTP/1.1" 401 36 "-" "Mozilla/5.0 (Windows NT 10.0; Win64; x64) AppleWebKit/537.36 (KHTML, like Gecko) Chrome/80.0.3987.149 Safari/537.36"
162.243.203.171 - - [22/Jun/2026:06:33:40 +0000] "GET //sito/wp-includes/wlwmanifest.xml HTTP/1.1" 401 36 "-" "Mozilla/5.0 (Windows NT 10.0; Win64; x64) AppleWebKit/537.36 (KHTML, like Gecko) Chrome/80.0.3987.149 Safari/537.36"
66.249.64.129 - - [22/Jun/2026:06:33:49 +0000] "GET /products/detail/discount/j106397611 HTTP/1.1" 200 4954 "-" "Mozilla/5.0 (Linux; Android 6.0.1; Nexus 5X Build/MMB29P) AppleWebKit/537.36 (KHTML, like Gecko) Chrome/148.0.7778.96 Mobile Safari/537.36 (compatible; Googlebot/2.1; +http://www.google.com/bot.html)"
66.249.64.129 - - [22/Jun/2026:06:33:58 +0000] "GET /products/detail/arrival/j106191553 HTTP/1.1" 200 5077 "-" "Mozilla/5.0 (Linux; Android 6.0.1; Nexus 5X Build/MMB29P) AppleWebKit/537.36 (KHTML, like Gecko) Chrome/148.0.7778.96 Mobile Safari/537.36 (compatible; Googlebot/2.1; +http://www.google.com/bot.html)"
41.116.173.152 - - [22/Jun/2026:06:34:29 +0000] "GET /products/detail/outlet/j106249956 HTTP/1.1" 200 6429 "-" "Mozilla/5.0 (Windows NT 6.1; ) AppleWebKit/537.36 (KHTML, like Gecko) Chrome/83.0.4103.116 Safari/537.36 AOLShield/83.0.4103.0"
200.92.171.138 - - [22/Jun/2026:06:34:54 +0000] "GET /products/detail/original/j106155841 HTTP/1.1" 200 6180 "-" "Mozilla/5.0 (Macintosh; Intel Mac OS X 10_11_6) AppleWebKit/537.36 (KHTML, like Gecko) Brave Chrome/87.0.4280.141 Safari/537.36"
66.249.64.131 - - [22/Jun/2026:06:34:59 +0000] "GET /products/detail/shop/j106176606 HTTP/1.1" 200 4917 "-" "Mozilla/5.0 (Linux; Android 6.0.1; Nexus 5X Build/MMB29P) AppleWebKit/537.36 (KHTML, like Gecko) Chrome/148.0.7778.96 Mobile Safari/537.36 (compatible; Googlebot/2.1; +http://www.google.com/bot.html)"
181.117.184.130 - - [22/Jun/2026:06:35:02 +0000] "GET /products/detail/best/j106214360 HTTP/1.1" 200 6180 "-" "Mozilla/5.0 (Macintosh; Intel Mac OS X 10_15_0) AppleWebKit/537.36 (KHTML, like Gecko) Brave Chrome/78.0.3904.108 Safari/537.36"
66.249.64.131 - - [22/Jun/2026:06:36:11 +0000] "GET /products/detail/authentic/j10669157 HTTP/1.1" 200 4955 "-" "Mozilla/5.0 (Linux; Android 6.0.1; Nexus 5X Build/MMB29P) AppleWebKit/537.36 (KHTML, like Gecko) Chrome/148.0.7778.96 Mobile Safari/537.36 (compatible; Googlebot/2.1; +http://www.google.com/bot.html)"
66.249.64.131 - - [22/Jun/2026:06:37:24 +0000] "GET /products/detail/the/j106137665 HTTP/1.1" 200 4914 "-" "Mozilla/5.0 (Linux; Android 6.0.1; Nexus 5X Build/MMB29P) AppleWebKit/537.36 (KHTML, like Gecko) Chrome/148.0.7778.96 Mobile Safari/537.36 (compatible; Googlebot/2.1; +http://www.google.com/bot.html)"
165.227.85.172 - - [22/Jun/2026:06:37:27 +0000] "POST /wp-login.php HTTP/1.1" 200 105840 "-" "Mozilla/5.0"
114.119.136.86 - - [22/Jun/2026:06:37:46 +0000] "GET /destinations/volcanoes-national-park/ HTTP/1.1" 200 4902 "https://jubaroyaltravel.com/destinations/rwanda/" "Mozilla/5.0 (Linux; Android 7.0;) AppleWebKit/537.36 (HTML, like Gecko) Mobile Safari/537.36 (compatible; PetalBot;+https://webmaster.petalsearch.com/site/petalbot)"
41.79.122.228 - - [22/Jun/2026:06:38:25 +0000] "GET / HTTP/2" 200 4893 "-" "Mozilla/5.0 (Linux; Android 10; K) AppleWebKit/537.36 (KHTML, like Gecko) Chrome/149.0.0.0 Mobile Safari/537.36"
41.79.122.228 - - [22/Jun/2026:06:38:27 +0000] "GET /favicon.ico HTTP/2" 404 1251 "https://jubaroyaltravel.com/" "Mozilla/5.0 (Linux; Android 10; K) AppleWebKit/537.36 (KHTML, like Gecko) Chrome/149.0.0.0 Mobile Safari/537.36"
66.249.64.129 - - [22/Jun/2026:06:39:46 +0000] "GET /products/detail/buy/j106288519 HTTP/1.1" 200 4890 "-" "Mozilla/5.0 (compatible; Googlebot/2.1; +http://www.google.com/bot.html)"
66.249.64.130 - - [22/Jun/2026:06:39:48 +0000] "GET /products/detail/wholesale/j10691137 HTTP/1.1" 200 4927 "-" "Mozilla/5.0 (Linux; Android 6.0.1; Nexus 5X Build/MMB29P) AppleWebKit/537.36 (KHTML, like Gecko) Chrome/148.0.7778.96 Mobile Safari/537.36 (compatible; Googlebot/2.1; +http://www.google.com/bot.html)"
167.100.106.234 - - [22/Jun/2026:06:40:54 +0000] "GET /wp-login.php HTTP/2" 200 4902 "-" "Mozilla/5.0 (Windows NT 10.0; Win64; x64) AppleWebKit/537.36 (KHTML, like Gecko) Chrome/145.0.0.0 Safari/537.36"
167.100.106.234 - - [22/Jun/2026:06:40:55 +0000] "POST /wp-login.php HTTP/2" 200 4893 "https://jubaroyaltravel.com/wp-login.php" "Mozilla/5.0 (Windows NT 10.0; Win64; x64) AppleWebKit/537.36 (KHTML, like Gecko) Chrome/145.0.0.0 Safari/537.36"
66.249.64.129 - - [22/Jun/2026:06:41:01 +0000] "GET /products/detail/best/j106486937 HTTP/1.1" 200 4902 "-" "Mozilla/5.0 (Linux; Android 6.0.1; Nexus 5X Build/MMB29P) AppleWebKit/537.36 (KHTML, like Gecko) Chrome/148.0.7778.96 Mobile Safari/537.36 (compatible; Googlebot/2.1; +http://www.google.com/bot.html)"
107.181.154.188 - - [22/Jun/2026:06:41:11 +0000] "GET /wp-login.php HTTP/2" 200 4955 "-" "Mozilla/5.0 (Windows NT 10.0; Win64; x64) AppleWebKit/537.36 (KHTML, like Gecko) Chrome/145.0.0.0 Safari/537.36"
107.181.154.188 - - [22/Jun/2026:06:41:12 +0000] "POST /wp-login.php HTTP/2" 200 4914 "https://jubaroyaltravel.com/wp-login.php" "Mozilla/5.0 (Windows NT 10.0; Win64; x64) AppleWebKit/537.36 (KHTML, like Gecko) Chrome/145.0.0.0 Safari/537.36"
66.249.64.129 - - [22/Jun/2026:06:41:35 +0000] "GET /products/detail/brand/j106273920 HTTP/1.1" 200 4902 "-" "Mozilla/5.0 (compatible; Googlebot/2.1; +http://www.google.com/bot.html)"
137.184.115.126 - - [22/Jun/2026:06:42:07 +0000] "POST /wp-login.php HTTP/1.1" 200 105840 "-" "Mozilla/5.0"
66.249.64.129 - - [22/Jun/2026:06:42:13 +0000] "GET /products/detail/inexpensive/j106322497 HTTP/1.1" 200 4893 "-" "Mozilla/5.0 (Linux; Android 6.0.1; Nexus 5X Build/MMB29P) AppleWebKit/537.36 (KHTML, like Gecko) Chrome/148.0.7778.96 Mobile Safari/537.36 (compatible; Googlebot/2.1; +http://www.google.com/bot.html)"
102.222.61.246 - - [22/Jun/2026:06:42:55 +0000] "GET /webmail HTTP/2" 200 13299 "-" "Mozilla/5.0 (Macintosh; Intel Mac OS X 10_15_7) AppleWebKit/537.36 (KHTML, like Gecko) Chrome/149.0.0.0 Safari/537.36"
87.171.76.163 - - [22/Jun/2026:06:42:57 +0000] "GET /uploads/feature_package_photo_1671702897.jpg HTTP/2" 200 6205 "https://jubaroyaltravel.com/" "Mozilla/5.0 (Macintosh; Intel Mac OS X 10_15_7) AppleWebKit/537.36 (KHTML, like Gecko) Chrome/142.0.0.0 Safari/537.36"
102.222.61.246 - - [22/Jun/2026:06:43:00 +0000] "GET /unprotected/loader.html?random=AXibKCI645ScYd6F&goto_uri= HTTP/2" 200 905 "https://www.jubaroyaltravel.com/" "Mozilla/5.0 (Macintosh; Intel Mac OS X 10_15_7) AppleWebKit/537.36 (KHTML, like Gecko) Chrome/149.0.0.0 Safari/537.36"
102.222.61.246 - - [22/Jun/2026:06:43:02 +0000] "GET /unprotected/redirect.html?goto_uri= HTTP/2" 200 0 "https://webmail.jubaroyaltravel.com/unprotected/loader.html?random=AXibKCI645ScYd6F&goto_uri=" "Mozilla/5.0 (Macintosh; Intel Mac OS X 10_15_7) AppleWebKit/537.36 (KHTML, like Gecko) Chrome/149.0.0.0 Safari/537.36"
102.222.61.246 - - [22/Jun/2026:06:43:02 +0000] "GET /unprotected/redirect.html?goto_uri= HTTP/2" 200 513 "https://webmail.jubaroyaltravel.com/unprotected/loader.html?random=AXibKCI645ScYd6F&goto_uri=" "Mozilla/5.0 (Macintosh; Intel Mac OS X 10_15_7) AppleWebKit/537.36 (KHTML, like Gecko) Chrome/149.0.0.0 Safari/537.36"
102.222.61.246 - - [22/Jun/2026:06:43:03 +0000] "GET / HTTP/2" 200 12495 "https://webmail.jubaroyaltravel.com/unprotected/redirect.html?goto_uri=" "Mozilla/5.0 (Macintosh; Intel Mac OS X 10_15_7) AppleWebKit/537.36 (KHTML, like Gecko) Chrome/149.0.0.0 Safari/537.36"
102.222.61.246 - - [22/Jun/2026:06:43:04 +0000] "GET /cPanel_magic_revision_1748449569/unprotected/cpanel/fonts/open_sans/open_sans.min.css HTTP/2" 200 522 "https://webmail.jubaroyaltravel.com/" "Mozilla/5.0 (Macintosh; Intel Mac OS X 10_15_7) AppleWebKit/537.36 (KHTML, like Gecko) Chrome/149.0.0.0 Safari/537.36"
102.222.61.246 - - [22/Jun/2026:06:43:04 +0000] "GET /cPanel_magic_revision_1460573724/unprotected/cpanel/images/webmail-logo.svg HTTP/2" 200 2399 "https://webmail.jubaroyaltravel.com/" "Mozilla/5.0 (Macintosh; Intel Mac OS X 10_15_7) AppleWebKit/537.36 (KHTML, like Gecko) Chrome/149.0.0.0 Safari/537.36"
102.222.61.246 - - [22/Jun/2026:06:43:04 +0000] "GET /cPanel_magic_revision_1768235041/unprotected/cpanel/style_v2_optimized.css HTTP/2" 200 33206 "https://webmail.jubaroyaltravel.com/" "Mozilla/5.0 (Macintosh; Intel Mac OS X 10_15_7) AppleWebKit/537.36 (KHTML, like Gecko) Chrome/149.0.0.0 Safari/537.36"
102.222.61.246 - - [22/Jun/2026:06:43:06 +0000] "GET /cPanel_magic_revision_1739250472/unprotected/cpanel/images/icon-password.png HTTP/2" 200 450 "https://webmail.jubaroyaltravel.com/cPanel_magic_revision_1768235041/unprotected/cpanel/style_v2_optimized.css" "Mozilla/5.0 (Macintosh; Intel Mac OS X 10_15_7) AppleWebKit/537.36 (KHTML, like Gecko) Chrome/149.0.0.0 Safari/537.36"
102.222.61.246 - - [22/Jun/2026:06:43:06 +0000] "GET /cPanel_magic_revision_1739250472/unprotected/cpanel/images/notice-error.png HTTP/2" 200 1026 "https://webmail.jubaroyaltravel.com/cPanel_magic_revision_1768235041/unprotected/cpanel/style_v2_optimized.css" "Mozilla/5.0 (Macintosh; Intel Mac OS X 10_15_7) AppleWebKit/537.36 (KHTML, like Gecko) Chrome/149.0.0.0 Safari/537.36"
102.222.61.246 - - [22/Jun/2026:06:43:06 +0000] "GET /cPanel_magic_revision_1739250472/unprotected/cpanel/images/icon-username.png HTTP/2" 200 320 "https://webmail.jubaroyaltravel.com/cPanel_magic_revision_1768235041/unprotected/cpanel/style_v2_optimized.css" "Mozilla/5.0 (Macintosh; Intel Mac OS X 10_15_7) AppleWebKit/537.36 (KHTML, like Gecko) Chrome/149.0.0.0 Safari/537.36"
102.222.61.246 - - [22/Jun/2026:06:43:07 +0000] "GET /cPanel_magic_revision_1739250472/unprotected/cpanel/images/notice-info.png HTTP/2" 200 976 "https://webmail.jubaroyaltravel.com/cPanel_magic_revision_1768235041/unprotected/cpanel/style_v2_optimized.css" "Mozilla/5.0 (Macintosh; Intel Mac OS X 10_15_7) AppleWebKit/537.36 (KHTML, like Gecko) Chrome/149.0.0.0 Safari/537.36"
102.222.61.246 - - [22/Jun/2026:06:43:07 +0000] "GET /cPanel_magic_revision_1748449569/unprotected/cpanel/fonts/open_sans/OpenSans-Regular-webfont.woff HTTP/2" 200 22660 "https://webmail.jubaroyaltravel.com/cPanel_magic_revision_1748449569/unprotected/cpanel/fonts/open_sans/open_sans.min.css" "Mozilla/5.0 (Macintosh; Intel Mac OS X 10_15_7) AppleWebKit/537.36 (KHTML, like Gecko) Chrome/149.0.0.0 Safari/537.36"
102.222.61.246 - - [22/Jun/2026:06:43:07 +0000] "GET /cPanel_magic_revision_1748449569/unprotected/cpanel/fonts/open_sans/OpenSans-Semibold-webfont.woff HTTP/2" 200 22908 "https://webmail.jubaroyaltravel.com/cPanel_magic_revision_1748449569/unprotected/cpanel/fonts/open_sans/open_sans.min.css" "Mozilla/5.0 (Macintosh; Intel Mac OS X 10_15_7) AppleWebKit/537.36 (KHTML, like Gecko) Chrome/149.0.0.0 Safari/537.36"
102.222.61.246 - - [22/Jun/2026:06:43:07 +0000] "GET /cPanel_magic_revision_1748449569/unprotected/cpanel/fonts/open_sans/OpenSans-Bold-webfont.woff HTTP/2" 200 22432 "https://webmail.jubaroyaltravel.com/cPanel_magic_revision_1748449569/unprotected/cpanel/fonts/open_sans/open_sans.min.css" "Mozilla/5.0 (Macintosh; Intel Mac OS X 10_15_7) AppleWebKit/537.36 (KHTML, like Gecko) Chrome/149.0.0.0 Safari/537.36"
102.222.61.246 - - [22/Jun/2026:06:43:07 +0000] "GET /cPanel_magic_revision_1739250472/unprotected/cpanel/images/warning.png HTTP/2" 200 1060 "https://webmail.jubaroyaltravel.com/cPanel_magic_revision_1768235041/unprotected/cpanel/style_v2_optimized.css" "Mozilla/5.0 (Macintosh; Intel Mac OS X 10_15_7) AppleWebKit/537.36 (KHTML, like Gecko) Chrome/149.0.0.0 Safari/537.36"
102.222.61.246 - - [22/Jun/2026:06:43:07 +0000] "GET /cPanel_magic_revision_1739250472/unprotected/cpanel/images/notice-success.png HTTP/2" 200 962 "https://webmail.jubaroyaltravel.com/cPanel_magic_revision_1768235041/unprotected/cpanel/style_v2_optimized.css" "Mozilla/5.0 (Macintosh; Intel Mac OS X 10_15_7) AppleWebKit/537.36 (KHTML, like Gecko) Chrome/149.0.0.0 Safari/537.36"
102.222.61.246 - - [22/Jun/2026:06:43:08 +0000] "POST /login/?login_only=1 HTTP/2" 200 108 "https://webmail.jubaroyaltravel.com/" "Mozilla/5.0 (Macintosh; Intel Mac OS X 10_15_7) AppleWebKit/537.36 (KHTML, like Gecko) Chrome/149.0.0.0 Safari/537.36"
102.222.61.246 - - [22/Jun/2026:06:43:10 +0000] "GET /cpsess9867439021/?=undefined&login=1&post_login=35898120342456 HTTP/2" 302 130 "https://webmail.jubaroyaltravel.com/" "Mozilla/5.0 (Macintosh; Intel Mac OS X 10_15_7) AppleWebKit/537.36 (KHTML, like Gecko) Chrome/149.0.0.0 Safari/537.36"
102.222.61.246 - - [22/Jun/2026:06:43:11 +0000] "GET /cpsess9867439021/3rdparty/roundcube/index.php HTTP/2" 302 0 "https://webmail.jubaroyaltravel.com/" "Mozilla/5.0 (Macintosh; Intel Mac OS X 10_15_7) AppleWebKit/537.36 (KHTML, like Gecko) Chrome/149.0.0.0 Safari/537.36"
102.222.61.246 - - [22/Jun/2026:06:43:13 +0000] "GET /cpsess9867439021/3rdparty/roundcube/?_task=mail&_token=QnyFh0MyhXmBx1fdNZOsJQos50YGIWw7 HTTP/2" 200 11800 "https://webmail.jubaroyaltravel.com/" "Mozilla/5.0 (Macintosh; Intel Mac OS X 10_15_7) AppleWebKit/537.36 (KHTML, like Gecko) Chrome/149.0.0.0 Safari/537.36"
102.222.61.246 - - [22/Jun/2026:06:43:14 +0000] "GET /cpsess9867439021/3rdparty/roundcube/skins/elastic/styles/styles.min.css?s=1774777728 HTTP/2" 200 24005 "https://webmail.jubaroyaltravel.com/cpsess9867439021/3rdparty/roundcube/?_task=mail&_token=QnyFh0MyhXmBx1fdNZOsJQos50YGIWw7" "Mozilla/5.0 (Macintosh; Intel Mac OS X 10_15_7) AppleWebKit/537.36 (KHTML, like Gecko) Chrome/149.0.0.0 Safari/537.36"
102.222.61.246 - - [22/Jun/2026:06:43:14 +0000] "GET /cpsess9867439021/3rdparty/roundcube/plugins/libcalendaring/libcalendaring.js?s=1779990580 HTTP/2" 200 15738 "https://webmail.jubaroyaltravel.com/cpsess9867439021/3rdparty/roundcube/?_task=mail&_token=QnyFh0MyhXmBx1fdNZOsJQos50YGIWw7" "Mozilla/5.0 (Macintosh; Intel Mac OS X 10_15_7) AppleWebKit/537.36 (KHTML, like Gecko) Chrome/149.0.0.0 Safari/537.36"
102.222.61.246 - - [22/Jun/2026:06:43:14 +0000] "GET /cpsess9867439021/3rdparty/roundcube/plugins/libkolab/skins/elastic/libkolab.min.css?s=1779990581 HTTP/2" 200 16079 "https://webmail.jubaroyaltravel.com/cpsess9867439021/3rdparty/roundcube/?_task=mail&_token=QnyFh0MyhXmBx1fdNZOsJQos50YGIWw7" "Mozilla/5.0 (Macintosh; Intel Mac OS X 10_15_7) AppleWebKit/537.36 (KHTML, like Gecko) Chrome/149.0.0.0 Safari/537.36"
102.222.61.246 - - [22/Jun/2026:06:43:14 +0000] "GET /cpsess9867439021/3rdparty/roundcube/plugins/return_to_webmail/skins/elastic/return_to_webmail.css?s=1749492914 HTTP/2" 200 863 "https://webmail.jubaroyaltravel.com/cpsess9867439021/3rdparty/roundcube/?_task=mail&_token=QnyFh0MyhXmBx1fdNZOsJQos50YGIWw7" "Mozilla/5.0 (Macintosh; Intel Mac OS X 10_15_7) AppleWebKit/537.36 (KHTML, like Gecko) Chrome/149.0.0.0 Safari/537.36"
102.222.61.246 - - [22/Jun/2026:06:43:14 +0000] "GET /cpsess9867439021/3rdparty/roundcube/program/js/treelist.min.js?s=1774777727 HTTP/2" 200 5390 "https://webmail.jubaroyaltravel.com/cpsess9867439021/3rdparty/roundcube/?_task=mail&_token=QnyFh0MyhXmBx1fdNZOsJQos50YGIWw7" "Mozilla/5.0 (Macintosh; Intel Mac OS X 10_15_7) AppleWebKit/537.36 (KHTML, like Gecko) Chrome/149.0.0.0 Safari/537.36"
102.222.61.246 - - [22/Jun/2026:06:43:14 +0000] "GET /cpsess9867439021/3rdparty/roundcube/plugins/jqueryui/themes/elastic/jquery-ui.min.css?s=1774777727 HTTP/2" 200 7701 "https://webmail.jubaroyaltravel.com/cpsess9867439021/3rdparty/roundcube/?_task=mail&_token=QnyFh0MyhXmBx1fdNZOsJQos50YGIWw7" "Mozilla/5.0 (Macintosh; Intel Mac OS X 10_15_7) AppleWebKit/537.36 (KHTML, like Gecko) Chrome/149.0.0.0 Safari/537.36"
102.222.61.246 - - [22/Jun/2026:06:43:14 +0000] "GET /cpsess9867439021/3rdparty/roundcube/program/js/common.min.js?s=1774777727 HTTP/2" 200 4959 "https://webmail.jubaroyaltravel.com/cpsess9867439021/3rdparty/roundcube/?_task=mail&_token=QnyFh0MyhXmBx1fdNZOsJQos50YGIWw7" "Mozilla/5.0 (Macintosh; Intel Mac OS X 10_15_7) AppleWebKit/537.36 (KHTML, like Gecko) Chrome/149.0.0.0 Safari/537.36"
102.222.61.246 - - [22/Jun/2026:06:43:14 +0000] "GET /cpsess9867439021/3rdparty/roundcube/plugins/return_to_webmail/return_to_webmail.js?s=1749492914 HTTP/2" 200 773 "https://webmail.jubaroyaltravel.com/cpsess9867439021/3rdparty/roundcube/?_task=mail&_token=QnyFh0MyhXmBx1fdNZOsJQos50YGIWw7" "Mozilla/5.0 (Macintosh; Intel Mac OS X 10_15_7) AppleWebKit/537.36 (KHTML, like Gecko) Chrome/149.0.0.0 Safari/537.36"
102.222.61.246 - - [22/Jun/2026:06:43:14 +0000] "GET /cpsess9867439021/3rdparty/roundcube/program/js/jquery.min.js?s=1774777730 HTTP/2" 200 32867 "https://webmail.jubaroyaltravel.com/cpsess9867439021/3rdparty/roundcube/?_task=mail&_token=QnyFh0MyhXmBx1fdNZOsJQos50YGIWw7" "Mozilla/5.0 (Macintosh; Intel Mac OS X 10_15_7) AppleWebKit/537.36 (KHTML, like Gecko) Chrome/149.0.0.0 Safari/537.36"
102.222.61.246 - - [22/Jun/2026:06:43:14 +0000] "GET /cpsess9867439021/3rdparty/roundcube/plugins/managesieve/managesieve.min.js?s=1774777727 HTTP/2" 200 7006 "https://webmail.jubaroyaltravel.com/cpsess9867439021/3rdparty/roundcube/?_task=mail&_token=QnyFh0MyhXmBx1fdNZOsJQos50YGIWw7" "Mozilla/5.0 (Macintosh; Intel Mac OS X 10_15_7) AppleWebKit/537.36 (KHTML, like Gecko) Chrome/149.0.0.0 Safari/537.36"
102.222.61.246 - - [22/Jun/2026:06:43:14 +0000] "GET /cpsess9867439021/3rdparty/roundcube/program/js/app.min.js?s=1779986815 HTTP/2" 200 50616 "https://webmail.jubaroyaltravel.com/cpsess9867439021/3rdparty/roundcube/?_task=mail&_token=QnyFh0MyhXmBx1fdNZOsJQos50YGIWw7" "Mozilla/5.0 (Macintosh; Intel Mac OS X 10_15_7) AppleWebKit/537.36 (KHTML, like Gecko) Chrome/149.0.0.0 Safari/537.36"
102.222.61.246 - - [22/Jun/2026:06:43:14 +0000] "GET /cpsess9867439021/3rdparty/roundcube/plugins/markasjunk/markasjunk.min.js?s=1774777727 HTTP/2" 200 1144 "https://webmail.jubaroyaltravel.com/cpsess9867439021/3rdparty/roundcube/?_task=mail&_token=QnyFh0MyhXmBx1fdNZOsJQos50YGIWw7" "Mozilla/5.0 (Macintosh; Intel Mac OS X 10_15_7) AppleWebKit/537.36 (KHTML, like Gecko) Chrome/149.0.0.0 Safari/537.36"
102.222.61.246 - - [22/Jun/2026:06:43:14 +0000] "GET /cpsess9867439021/3rdparty/roundcube/plugins/archive/archive.min.js?s=1774777727 HTTP/2" 200 743 "https://webmail.jubaroyaltravel.com/cpsess9867439021/3rdparty/roundcube/?_task=mail&_token=QnyFh0MyhXmBx1fdNZOsJQos50YGIWw7" "Mozilla/5.0 (Macintosh; Intel Mac OS X 10_15_7) AppleWebKit/537.36 (KHTML, like Gecko) Chrome/149.0.0.0 Safari/537.36"
102.222.61.246 - - [22/Jun/2026:06:43:14 +0000] "GET /cpsess9867439021/3rdparty/roundcube/program/js/list.min.js?s=1774777727 HTTP/2" 200 8316 "https://webmail.jubaroyaltravel.com/cpsess9867439021/3rdparty/roundcube/?_task=mail&_token=QnyFh0MyhXmBx1fdNZOsJQos50YGIWw7" "Mozilla/5.0 (Macintosh; Intel Mac OS X 10_15_7) AppleWebKit/537.36 (KHTML, like Gecko) Chrome/149.0.0.0 Safari/537.36"
102.222.61.246 - - [22/Jun/2026:06:43:14 +0000] "GET /cpsess9867439021/3rdparty/roundcube/skins/elastic/deps/bootstrap.min.css?s=1774777731 HTTP/2" 200 25867 "https://webmail.jubaroyaltravel.com/cpsess9867439021/3rdparty/roundcube/?_task=mail&_token=QnyFh0MyhXmBx1fdNZOsJQos50YGIWw7" "Mozilla/5.0 (Macintosh; Intel Mac OS X 10_15_7) AppleWebKit/537.36 (KHTML, like Gecko) Chrome/149.0.0.0 Safari/537.36"
102.222.61.246 - - [22/Jun/2026:06:43:14 +0000] "GET /cpsess9867439021/3rdparty/roundcube/plugins/calendar/calendar_base.js?s=1779990580 HTTP/2" 200 1766 "https://webmail.jubaroyaltravel.com/cpsess9867439021/3rdparty/roundcube/?_task=mail&_token=QnyFh0MyhXmBx1fdNZOsJQos50YGIWw7" "Mozilla/5.0 (Macintosh; Intel Mac OS X 10_15_7) AppleWebKit/537.36 (KHTML, like Gecko) Chrome/149.0.0.0 Safari/537.36"
102.222.61.246 - - [22/Jun/2026:06:43:14 +0000] "GET /cpsess9867439021/3rdparty/roundcube/plugins/jqueryui/js/jquery-ui.min.js?s=1774777727 HTTP/2" 200 74366 "https://webmail.jubaroyaltravel.com/cpsess9867439021/3rdparty/roundcube/?_task=mail&_token=QnyFh0MyhXmBx1fdNZOsJQos50YGIWw7" "Mozilla/5.0 (Macintosh; Intel Mac OS X 10_15_7) AppleWebKit/537.36 (KHTML, like Gecko) Chrome/149.0.0.0 Safari/537.36"
102.222.61.246 - - [22/Jun/2026:06:43:19 +0000] "GET /cpsess9867439021/3rdparty/roundcube/skins/elastic/deps/bootstrap.bundle.min.js?s=1774777731 HTTP/2" 200 23054 "https://webmail.jubaroyaltravel.com/cpsess9867439021/3rdparty/roundcube/?_task=mail&_token=QnyFh0MyhXmBx1fdNZOsJQos50YGIWw7" "Mozilla/5.0 (Macintosh; Intel Mac OS X 10_15_7) AppleWebKit/537.36 (KHTML, like Gecko) Chrome/149.0.0.0 Safari/537.36"
102.222.61.246 - - [22/Jun/2026:06:43:19 +0000] "GET /cpsess9867439021/3rdparty/roundcube/skins/elastic/images/logo.svg?s=1774777728 HTTP/2" 200 397 "https://webmail.jubaroyaltravel.com/cpsess9867439021/3rdparty/roundcube/?_task=mail&_token=QnyFh0MyhXmBx1fdNZOsJQos50YGIWw7" "Mozilla/5.0 (Macintosh; Intel Mac OS X 10_15_7) AppleWebKit/537.36 (KHTML, like Gecko) Chrome/149.0.0.0 Safari/537.36"
102.222.61.246 - - [22/Jun/2026:06:43:19 +0000] "GET /cpsess9867439021/3rdparty/roundcube/skins/elastic/ui.min.js?s=1774777728 HTTP/2" 200 20576 "https://webmail.jubaroyaltravel.com/cpsess9867439021/3rdparty/roundcube/?_task=mail&_token=QnyFh0MyhXmBx1fdNZOsJQos50YGIWw7" "Mozilla/5.0 (Macintosh; Intel Mac OS X 10_15_7) AppleWebKit/537.36 (KHTML, like Gecko) Chrome/149.0.0.0 Safari/537.36"
102.222.61.246 - - [22/Jun/2026:06:43:19 +0000] "GET /cpsess9867439021/3rdparty/roundcube/skins/elastic/watermark.html HTTP/2" 200 494 "https://webmail.jubaroyaltravel.com/cpsess9867439021/3rdparty/roundcube/?_task=mail&_token=QnyFh0MyhXmBx1fdNZOsJQos50YGIWw7" "Mozilla/5.0 (Macintosh; Intel Mac OS X 10_15_7) AppleWebKit/537.36 (KHTML, like Gecko) Chrome/149.0.0.0 Safari/537.36"
102.222.61.246 - - [22/Jun/2026:06:43:19 +0000] "GET /cPanel_magic_revision_1774777728/3rdparty/roundcube/skins/elastic/fonts/roboto-v29-regular.woff2 HTTP/2" 200 50240 "https://webmail.jubaroyaltravel.com/cpsess9867439021/3rdparty/roundcube/skins/elastic/styles/styles.min.css?s=1774777728" "Mozilla/5.0 (Macintosh; Intel Mac OS X 10_15_7) AppleWebKit/537.36 (KHTML, like Gecko) Chrome/149.0.0.0 Safari/537.36"
102.222.61.246 - - [22/Jun/2026:06:43:20 +0000] "GET /cPanel_magic_revision_1774777728/3rdparty/roundcube/skins/elastic/fonts/fa-regular-400.woff2 HTTP/2" 200 13580 "https://webmail.jubaroyaltravel.com/cpsess9867439021/3rdparty/roundcube/skins/elastic/styles/styles.min.css?s=1774777728" "Mozilla/5.0 (Macintosh; Intel Mac OS X 10_15_7) AppleWebKit/537.36 (KHTML, like Gecko) Chrome/149.0.0.0 Safari/537.36"
102.222.61.246 - - [22/Jun/2026:06:43:20 +0000] "GET /cPanel_magic_revision_1774777728/3rdparty/roundcube/skins/elastic/fonts/fa-solid-900.woff2 HTTP/2" 200 75440 "https://webmail.jubaroyaltravel.com/cpsess9867439021/3rdparty/roundcube/skins/elastic/styles/styles.min.css?s=1774777728" "Mozilla/5.0 (Macintosh; Intel Mac OS X 10_15_7) AppleWebKit/537.36 (KHTML, like Gecko) Chrome/149.0.0.0 Safari/537.36"
102.222.61.246 - - [22/Jun/2026:06:43:20 +0000] "GET /cPanel_magic_revision_1774777728/3rdparty/roundcube/skins/elastic/fonts/roboto-v29-regular-700.woff2 HTTP/2" 200 50196 "https://webmail.jubaroyaltravel.com/cpsess9867439021/3rdparty/roundcube/skins/elastic/styles/styles.min.css?s=1774777728" "Mozilla/5.0 (Macintosh; Intel Mac OS X 10_15_7) AppleWebKit/537.36 (KHTML, like Gecko) Chrome/149.0.0.0 Safari/537.36"
102.222.61.246 - - [22/Jun/2026:06:43:21 +0000] "GET /cPanel_magic_revision_1749492914/3rdparty/roundcube/plugins/return_to_webmail/skins/elastic/images/cp-logo-RGB-v42015.svg HTTP/2" 200 900 "https://webmail.jubaroyaltravel.com/cpsess9867439021/3rdparty/roundcube/plugins/return_to_webmail/skins/elastic/return_to_webmail.css?s=1749492914" "Mozilla/5.0 (Macintosh; Intel Mac OS X 10_15_7) AppleWebKit/537.36 (KHTML, like Gecko) Chrome/149.0.0.0 Safari/537.36"
102.222.61.246 - - [22/Jun/2026:06:43:21 +0000] "GET /cpsess9867439021/3rdparty/roundcube/skins/elastic/images/logo.svg HTTP/2" 200 397 "https://webmail.jubaroyaltravel.com/cpsess9867439021/3rdparty/roundcube/skins/elastic/watermark.html" "Mozilla/5.0 (Macintosh; Intel Mac OS X 10_15_7) AppleWebKit/537.36 (KHTML, like Gecko) Chrome/149.0.0.0 Safari/537.36"
102.222.61.246 - - [22/Jun/2026:06:43:21 +0000] "GET /cpsess9867439021/3rdparty/roundcube/?_task=mail&_action=list&_refresh=1&_layout=widescreen&_mbox=INBOX&_page=&_remote=1&_unlock=loading1782110600738&_=1782110598766 HTTP/2" 200 3994 "https://webmail.jubaroyaltravel.com/cpsess9867439021/3rdparty/roundcube/?_task=mail&_token=QnyFh0MyhXmBx1fdNZOsJQos50YGIWw7" "Mozilla/5.0 (Macintosh; Intel Mac OS X 10_15_7) AppleWebKit/537.36 (KHTML, like Gecko) Chrome/149.0.0.0 Safari/537.36"
102.222.61.246 - - [22/Jun/2026:06:43:21 +0000] "GET /cpsess9867439021/3rdparty/roundcube/?_task=mail&_action=getunread&_page=1&_remote=1&_unlock=0&_=1782110598767 HTTP/2" 200 1398 "https://webmail.jubaroyaltravel.com/cpsess9867439021/3rdparty/roundcube/?_task=mail&_mbox=INBOX" "Mozilla/5.0 (Macintosh; Intel Mac OS X 10_15_7) AppleWebKit/537.36 (KHTML, like Gecko) Chrome/149.0.0.0 Safari/537.36"
102.222.61.246 - - [22/Jun/2026:06:43:24 +0000] "GET /cpsess9867439021/3rdparty/roundcube/program/resources/blank.webp HTTP/2" 200 86 "https://webmail.jubaroyaltravel.com/cpsess9867439021/3rdparty/roundcube/?_task=mail&_mbox=INBOX" "Mozilla/5.0 (Macintosh; Intel Mac OS X 10_15_7) AppleWebKit/537.36 (KHTML, like Gecko) Chrome/149.0.0.0 Safari/537.36"
102.222.61.246 - - [22/Jun/2026:06:43:24 +0000] "GET /cpsess9867439021/3rdparty/roundcube/program/resources/blank.tiff HTTP/2" 200 270 "https://webmail.jubaroyaltravel.com/cpsess9867439021/3rdparty/roundcube/?_task=mail&_mbox=INBOX" "Mozilla/5.0 (Macintosh; Intel Mac OS X 10_15_7) AppleWebKit/537.36 (KHTML, like Gecko) Chrome/149.0.0.0 Safari/537.36"
102.222.61.246 - - [22/Jun/2026:06:43:25 +0000] "GET /cpsess9867439021/3rdparty/roundcube/skins/elastic/images/favicon.ico?s=1774777728 HTTP/2" 200 1871 "https://webmail.jubaroyaltravel.com/cpsess9867439021/3rdparty/roundcube/?_task=mail&_mbox=INBOX" "Mozilla/5.0 (Macintosh; Intel Mac OS X 10_15_7) AppleWebKit/537.36 (KHTML, like Gecko) Chrome/149.0.0.0 Safari/537.36"
66.249.64.129 - - [22/Jun/2026:06:43:26 +0000] "GET /products/detail/jp/j1066337 HTTP/1.1" 200 4894 "-" "Mozilla/5.0 (Linux; Android 6.0.1; Nexus 5X Build/MMB29P) AppleWebKit/537.36 (KHTML, like Gecko) Chrome/148.0.7778.96 Mobile Safari/537.36 (compatible; Googlebot/2.1; +http://www.google.com/bot.html)"
102.222.61.246 - - [22/Jun/2026:06:43:29 +0000] "GET /cpsess9867439021/3rdparty/roundcube/?_task=mail&_caps=pdf%3D1%2Cflash%3D0%2Ctiff%3D0%2Cwebp%3D1%2Cpgpmime%3D0&_uid=3477&_mbox=INBOX&_framed=1&_action=preview HTTP/2" 200 7255 "https://webmail.jubaroyaltravel.com/cpsess9867439021/3rdparty/roundcube/?_task=mail&_mbox=INBOX" "Mozilla/5.0 (Macintosh; Intel Mac OS X 10_15_7) AppleWebKit/537.36 (KHTML, like Gecko) Chrome/149.0.0.0 Safari/537.36"
114.119.159.177 - - [22/Jun/2026:06:43:30 +0000] "GET /activities/souvenir-shopping-shop-handmade-crafts-and-traditional-items-from-local-artisans/ HTTP/1.1" 200 4955 "https://www.jubaroyaltravel.com/activities/souvenir-shopping-shop-handmade-crafts-and-traditional-items-from-local-artisans/" "Mozilla/5.0 (Linux; Android 7.0;) AppleWebKit/537.36 (HTML, like Gecko) Mobile Safari/537.36 (compatible; PetalBot;+https://webmaster.petalsearch.com/site/petalbot)"
102.222.61.246 - - [22/Jun/2026:06:43:31 +0000] "GET /cpsess9867439021/3rdparty/roundcube/?_task=addressbook&_action=photo&_email=RamkumarVerma1943%40outlook.com&_error=1&_bgcolor=transparent HTTP/2" 204 0 "https://webmail.jubaroyaltravel.com/cpsess9867439021/3rdparty/roundcube/?_task=mail&_caps=pdf%3D1%2Cflash%3D0%2Ctiff%3D0%2Cwebp%3D1%2Cpgpmime%3D0&_uid=3477&_mbox=INBOX&_framed=1&_action=preview" "Mozilla/5.0 (Macintosh; Intel Mac OS X 10_15_7) AppleWebKit/537.36 (KHTML, like Gecko) Chrome/149.0.0.0 Safari/537.36"
102.222.61.246 - - [22/Jun/2026:06:43:33 +0000] "GET /cpsess9867439021/3rdparty/roundcube/skins/elastic/images/contactpic.svg HTTP/2" 200 240 "https://webmail.jubaroyaltravel.com/cpsess9867439021/3rdparty/roundcube/?_task=mail&_caps=pdf%3D1%2Cflash%3D0%2Ctiff%3D0%2Cwebp%3D1%2Cpgpmime%3D0&_uid=3477&_mbox=INBOX&_framed=1&_action=preview" "Mozilla/5.0 (Macintosh; Intel Mac OS X 10_15_7) AppleWebKit/537.36 (KHTML, like Gecko) Chrome/149.0.0.0 Safari/537.36"
102.222.61.246 - - [22/Jun/2026:06:43:42 +0000] "GET /cpsess9867439021/3rdparty/roundcube/skins/elastic/watermark.html HTTP/2" 200 0 "https://webmail.jubaroyaltravel.com/cpsess9867439021/3rdparty/roundcube/?_task=mail&_mbox=INBOX" "Mozilla/5.0 (Macintosh; Intel Mac OS X 10_15_7) AppleWebKit/537.36 (KHTML, like Gecko) Chrome/149.0.0.0 Safari/537.36"
102.222.61.246 - - [22/Jun/2026:06:43:42 +0000] "POST /cpsess9867439021/3rdparty/roundcube/?_task=mail&_action=move HTTP/2" 200 1784 "https://webmail.jubaroyaltravel.com/cpsess9867439021/3rdparty/roundcube/?_task=mail&_mbox=INBOX" "Mozilla/5.0 (Macintosh; Intel Mac OS X 10_15_7) AppleWebKit/537.36 (KHTML, like Gecko) Chrome/149.0.0.0 Safari/537.36"
102.222.61.246 - - [22/Jun/2026:06:43:42 +0000] "GET /cpsess9867439021/3rdparty/roundcube/?_task=mail&_caps=pdf%3D1%2Cflash%3D0%2Ctiff%3D0%2Cwebp%3D1%2Cpgpmime%3D0&_uid=3476&_mbox=INBOX&_framed=1&_action=preview HTTP/2" 200 6729 "https://webmail.jubaroyaltravel.com/cpsess9867439021/3rdparty/roundcube/?_task=mail&_mbox=INBOX" "Mozilla/5.0 (Macintosh; Intel Mac OS X 10_15_7) AppleWebKit/537.36 (KHTML, like Gecko) Chrome/149.0.0.0 Safari/537.36"
102.222.61.246 - - [22/Jun/2026:06:43:44 +0000] "GET /cpsess9867439021/3rdparty/roundcube/?_task=addressbook&_action=photo&_email=customer.care%40equitybank.co.ke&_error=1&_bgcolor=transparent HTTP/2" 204 0 "https://webmail.jubaroyaltravel.com/cpsess9867439021/3rdparty/roundcube/?_task=mail&_caps=pdf%3D1%2Cflash%3D0%2Ctiff%3D0%2Cwebp%3D1%2Cpgpmime%3D0&_uid=3476&_mbox=INBOX&_framed=1&_action=preview" "Mozilla/5.0 (Macintosh; Intel Mac OS X 10_15_7) AppleWebKit/537.36 (KHTML, like Gecko) Chrome/149.0.0.0 Safari/537.36"
102.222.61.246 - - [22/Jun/2026:06:43:44 +0000] "GET /cpsess9867439021/3rdparty/roundcube/program/resources/blocked.gif HTTP/2" 200 118 "https://webmail.jubaroyaltravel.com/cpsess9867439021/3rdparty/roundcube/?_task=mail&_caps=pdf%3D1%2Cflash%3D0%2Ctiff%3D0%2Cwebp%3D1%2Cpgpmime%3D0&_uid=3476&_mbox=INBOX&_framed=1&_action=preview" "Mozilla/5.0 (Macintosh; Intel Mac OS X 10_15_7) AppleWebKit/537.36 (KHTML, like Gecko) Chrome/149.0.0.0 Safari/537.36"
182.252.79.205 - - [22/Jun/2026:06:43:52 +0000] "GET /products/detail/classic/j106450366 HTTP/1.1" 200 6293 "-" "Mozilla/5.0 (Windows NT 10.0; WOW64) AppleWebKit/537.36 (KHTML, like Gecko) Chrome/75.0.3770.100 Safari/537.36"
66.249.64.130 - - [22/Jun/2026:06:43:55 +0000] "GET /products/detail/buy/j106163892 HTTP/1.1" 200 4902 "-" "Mozilla/5.0 (Linux; Android 6.0.1; Nexus 5X Build/MMB29P) AppleWebKit/537.36 (KHTML, like Gecko) Chrome/148.0.7778.96 Mobile Safari/537.36 (compatible; Googlebot/2.1; +http://www.google.com/bot.html)"
102.222.61.246 - - [22/Jun/2026:06:44:08 +0000] "GET / HTTP/2" 200 4995 "-" "Mozilla/5.0 (Macintosh; Intel Mac OS X 10_15_7) AppleWebKit/537.36 (KHTML, like Gecko) Chrome/149.0.0.0 Safari/537.36"
102.222.61.246 - - [22/Jun/2026:06:44:10 +0000] "GET /favicon.ico HTTP/2" 404 1251 "https://www.jubaroyaltravel.com/" "Mozilla/5.0 (Macintosh; Intel Mac OS X 10_15_7) AppleWebKit/537.36 (KHTML, like Gecko) Chrome/149.0.0.0 Safari/537.36"
102.222.61.246 - - [22/Jun/2026:06:44:22 +0000] "POST /cpsess9867439021/3rdparty/roundcube/?_task=mail&_action=refresh HTTP/2" 200 1417 "https://webmail.jubaroyaltravel.com/cpsess9867439021/3rdparty/roundcube/?_task=mail&_mbox=INBOX" "Mozilla/5.0 (Macintosh; Intel Mac OS X 10_15_7) AppleWebKit/537.36 (KHTML, like Gecko) Chrome/149.0.0.0 Safari/537.36"
102.222.61.246 - - [22/Jun/2026:06:44:24 +0000] "POST / HTTP/2" 200 2139 "https://www.jubaroyaltravel.com/" "Mozilla/5.0 (Macintosh; Intel Mac OS X 10_15_7) AppleWebKit/537.36 (KHTML, like Gecko) Chrome/149.0.0.0 Safari/537.36"
66.249.64.129 - - [22/Jun/2026:06:44:38 +0000] "GET /products/detail/sale/j106441953 HTTP/1.1" 200 4893 "-" "Mozilla/5.0 (Linux; Android 6.0.1; Nexus 5X Build/MMB29P) AppleWebKit/537.36 (KHTML, like Gecko) Chrome/148.0.7778.96 Mobile Safari/537.36 (compatible; Googlebot/2.1; +http://www.google.com/bot.html)"
114.119.159.177 - - [22/Jun/2026:06:45:07 +0000] "GET /wp-travel-engine-checkout/ HTTP/1.1" 200 4902 "https://jubaroyaltravel.com/wp-travel-engine-checkout/" "Mozilla/5.0 (Linux; Android 7.0;) AppleWebKit/537.36 (HTML, like Gecko) Mobile Safari/537.36 (compatible; PetalBot;+https://webmaster.petalsearch.com/site/petalbot)"
202.182.108.248 - - [22/Jun/2026:06:45:19 +0000] "GET /wp-includes/Text/Diff/ HTTP/1.1" 401 53 "-" "Mozilla/5.0 (Windows NT 10.0; Win64; x64) AppleWebKit/537.36 (KHTML, like Gecko) Chrome/120.0.0.0 Safari/537.36"
202.182.108.248 - - [22/Jun/2026:06:45:19 +0000] "GET /adminfuns.php/.well-known/acme-challenge/file.php HTTP/1.1" 401 53 "-" "Mozilla/5.0 (Windows NT 10.0; Win64; x64) AppleWebKit/537.36 (KHTML, like Gecko) Chrome/120.0.0.0 Safari/537.36"
202.182.108.248 - - [22/Jun/2026:06:45:19 +0000] "GET /ahax.php HTTP/1.1" 401 53 "-" "Mozilla/5.0 (Windows NT 10.0; Win64; x64) AppleWebKit/537.36 (KHTML, like Gecko) Chrome/120.0.0.0 Safari/537.36"
202.182.108.248 - - [22/Jun/2026:06:45:19 +0000] "GET /breads1.php HTTP/1.1" 401 53 "-" "Mozilla/5.0 (Windows NT 10.0; Win64; x64) AppleWebKit/537.36 (KHTML, like Gecko) Chrome/120.0.0.0 Safari/537.36"
102.222.61.246 - - [22/Jun/2026:06:45:20 +0000] "GET /?path=/home/jubaroyal/public_html HTTP/2" 200 4955 "https://www.jubaroyaltravel.com/" "Mozilla/5.0 (Macintosh; Intel Mac OS X 10_15_7) AppleWebKit/537.36 (KHTML, like Gecko) Chrome/149.0.0.0 Safari/537.36"
202.182.108.248 - - [22/Jun/2026:06:45:20 +0000] "GET /must.php HTTP/1.1" 401 53 "-" "Mozilla/5.0 (Windows NT 10.0; Win64; x64) AppleWebKit/537.36 (KHTML, like Gecko) Chrome/120.0.0.0 Safari/537.36"
202.182.108.248 - - [22/Jun/2026:06:45:20 +0000] "GET /up.php HTTP/1.1" 401 53 "-" "Mozilla/5.0 (Windows NT 10.0; Win64; x64) AppleWebKit/537.36 (KHTML, like Gecko) Chrome/120.0.0.0 Safari/537.36"
202.182.108.248 - - [22/Jun/2026:06:45:20 +0000] "GET /upload.php HTTP/1.1" 401 53 "-" "Mozilla/5.0 (Windows NT 10.0; Win64; x64) AppleWebKit/537.36 (KHTML, like Gecko) Chrome/120.0.0.0 Safari/537.36"
202.182.108.248 - - [22/Jun/2026:06:45:20 +0000] "GET /wp-admin/css/colors/midnight/ HTTP/1.1" 401 53 "-" "Mozilla/5.0 (Windows NT 10.0; Win64; x64) AppleWebKit/537.36 (KHTML, like Gecko) Chrome/120.0.0.0 Safari/537.36"
202.182.108.248 - - [22/Jun/2026:06:45:21 +0000] "GET /wp-content/155.php HTTP/1.1" 401 53 "-" "Mozilla/5.0 (Windows NT 10.0; Win64; x64) AppleWebKit/537.36 (KHTML, like Gecko) Chrome/120.0.0.0 Safari/537.36"
202.182.108.248 - - [22/Jun/2026:06:45:21 +0000] "GET /wp-content/themes/about.php HTTP/1.1" 401 53 "-" "Mozilla/5.0 (Windows NT 10.0; Win64; x64) AppleWebKit/537.36 (KHTML, like Gecko) Chrome/120.0.0.0 Safari/537.36"
202.182.108.248 - - [22/Jun/2026:06:45:21 +0000] "GET /wp-update.php HTTP/1.1" 401 53 "-" "Mozilla/5.0 (Windows NT 10.0; Win64; x64) AppleWebKit/537.36 (KHTML, like Gecko) Chrome/120.0.0.0 Safari/537.36"
202.182.108.248 - - [22/Jun/2026:06:45:21 +0000] "GET /xmrlpc.php HTTP/1.1" 401 53 "-" "Mozilla/5.0 (Windows NT 10.0; Win64; x64) AppleWebKit/537.36 (KHTML, like Gecko) Chrome/120.0.0.0 Safari/537.36"
202.182.108.248 - - [22/Jun/2026:06:45:22 +0000] "GET /about/function.php HTTP/1.1" 401 53 "-" "Mozilla/5.0 (Windows NT 10.0; Win64; x64) AppleWebKit/537.36 (KHTML, like Gecko) Chrome/120.0.0.0 Safari/537.36"
202.182.108.248 - - [22/Jun/2026:06:45:22 +0000] "GET /an.php HTTP/1.1" 401 53 "-" "Mozilla/5.0 (Windows NT 10.0; Win64; x64) AppleWebKit/537.36 (KHTML, like Gecko) Chrome/120.0.0.0 Safari/537.36"
202.182.108.248 - - [22/Jun/2026:06:45:22 +0000] "GET /asw.php HTTP/1.1" 401 53 "-" "Mozilla/5.0 (Windows NT 10.0; Win64; x64) AppleWebKit/537.36 (KHTML, like Gecko) Chrome/120.0.0.0 Safari/537.36"
202.182.108.248 - - [22/Jun/2026:06:45:23 +0000] "GET /item.php HTTP/1.1" 401 53 "-" "Mozilla/5.0 (Windows NT 10.0; Win64; x64) AppleWebKit/537.36 (KHTML, like Gecko) Chrome/120.0.0.0 Safari/537.36"
202.182.108.248 - - [22/Jun/2026:06:45:23 +0000] "GET /jga.php HTTP/1.1" 401 53 "-" "Mozilla/5.0 (Windows NT 10.0; Win64; x64) AppleWebKit/537.36 (KHTML, like Gecko) Chrome/120.0.0.0 Safari/537.36"
202.182.108.248 - - [22/Jun/2026:06:45:23 +0000] "GET /mac.php HTTP/1.1" 401 53 "-" "Mozilla/5.0 (Windows NT 10.0; Win64; x64) AppleWebKit/537.36 (KHTML, like Gecko) Chrome/120.0.0.0 Safari/537.36"
102.222.61.246 - - [22/Jun/2026:06:45:23 +0000] "GET /?path=/home/jubaroyal/public_html HTTP/2" 200 4893 "https://www.jubaroyaltravel.com/" "Mozilla/5.0 (Macintosh; Intel Mac OS X 10_15_7) AppleWebKit/537.36 (KHTML, like Gecko) Chrome/149.0.0.0 Safari/537.36"
202.182.108.248 - - [22/Jun/2026:06:45:24 +0000] "GET /system.php HTTP/1.1" 401 53 "-" "Mozilla/5.0 (Windows NT 10.0; Win64; x64) AppleWebKit/537.36 (KHTML, like Gecko) Chrome/120.0.0.0 Safari/537.36"
102.222.61.246 - - [22/Jun/2026:06:45:23 +0000] "POST /cpsess9867439021/3rdparty/roundcube/?_task=mail&_action=refresh HTTP/2" 200 1391 "https://webmail.jubaroyaltravel.com/cpsess9867439021/3rdparty/roundcube/?_task=mail&_mbox=INBOX" "Mozilla/5.0 (Macintosh; Intel Mac OS X 10_15_7) AppleWebKit/537.36 (KHTML, like Gecko) Chrome/149.0.0.0 Safari/537.36"
202.182.108.248 - - [22/Jun/2026:06:45:24 +0000] "GET /wp-access.php HTTP/1.1" 401 53 "-" "Mozilla/5.0 (Windows NT 10.0; Win64; x64) AppleWebKit/537.36 (KHTML, like Gecko) Chrome/120.0.0.0 Safari/537.36"
202.182.108.248 - - [22/Jun/2026:06:45:24 +0000] "GET /wp-admin/images/index.php HTTP/1.1" 401 53 "-" "Mozilla/5.0 (Windows NT 10.0; Win64; x64) AppleWebKit/537.36 (KHTML, like Gecko) Chrome/120.0.0.0 Safari/537.36"
202.182.108.248 - - [22/Jun/2026:06:45:24 +0000] "GET /wp-admin/includes/index.php HTTP/1.1" 401 53 "-" "Mozilla/5.0 (Windows NT 10.0; Win64; x64) AppleWebKit/537.36 (KHTML, like Gecko) Chrome/120.0.0.0 Safari/537.36"
202.182.108.248 - - [22/Jun/2026:06:45:25 +0000] "GET /wp-load.php HTTP/1.1" 401 53 "-" "Mozilla/5.0 (Windows NT 10.0; Win64; x64) AppleWebKit/537.36 (KHTML, like Gecko) Chrome/120.0.0.0 Safari/537.36"
202.182.108.248 - - [22/Jun/2026:06:45:25 +0000] "GET /zafir1.php HTTP/1.1" 401 53 "-" "Mozilla/5.0 (Windows NT 10.0; Win64; x64) AppleWebKit/537.36 (KHTML, like Gecko) Chrome/120.0.0.0 Safari/537.36"
202.182.108.248 - - [22/Jun/2026:06:45:25 +0000] "GET /abc.php HTTP/1.1" 401 53 "-" "Mozilla/5.0 (Windows NT 10.0; Win64; x64) AppleWebKit/537.36 (KHTML, like Gecko) Chrome/120.0.0.0 Safari/537.36"
202.182.108.248 - - [22/Jun/2026:06:45:25 +0000] "GET /c1.php HTTP/1.1" 401 53 "-" "Mozilla/5.0 (Windows NT 10.0; Win64; x64) AppleWebKit/537.36 (KHTML, like Gecko) Chrome/120.0.0.0 Safari/537.36"
202.182.108.248 - - [22/Jun/2026:06:45:26 +0000] "GET /index.php/feed/atom/ HTTP/1.1" 401 53 "-" "Mozilla/5.0 (Windows NT 10.0; Win64; x64) AppleWebKit/537.36 (KHTML, like Gecko) Chrome/120.0.0.0 Safari/537.36"
202.182.108.248 - - [22/Jun/2026:06:45:26 +0000] "GET /root.php HTTP/1.1" 401 53 "-" "Mozilla/5.0 (Windows NT 10.0; Win64; x64) AppleWebKit/537.36 (KHTML, like Gecko) Chrome/120.0.0.0 Safari/537.36"
202.182.108.248 - - [22/Jun/2026:06:45:26 +0000] "GET /shell.php HTTP/1.1" 401 53 "-" "Mozilla/5.0 (Windows NT 10.0; Win64; x64) AppleWebKit/537.36 (KHTML, like Gecko) Chrome/120.0.0.0 Safari/537.36"
202.182.108.248 - - [22/Jun/2026:06:45:27 +0000] "GET /wp-admin/user/index.php HTTP/1.1" 401 53 "-" "Mozilla/5.0 (Windows NT 10.0; Win64; x64) AppleWebKit/537.36 (KHTML, like Gecko) Chrome/120.0.0.0 Safari/537.36"
202.182.108.248 - - [22/Jun/2026:06:45:27 +0000] "GET /wp-block.php HTTP/1.1" 401 53 "-" "Mozilla/5.0 (Windows NT 10.0; Win64; x64) AppleWebKit/537.36 (KHTML, like Gecko) Chrome/120.0.0.0 Safari/537.36"
202.182.108.248 - - [22/Jun/2026:06:45:27 +0000] "GET /wp-content/plugins/linkpreview/il.php HTTP/1.1" 401 53 "-" "Mozilla/5.0 (Windows NT 10.0; Win64; x64) AppleWebKit/537.36 (KHTML, like Gecko) Chrome/120.0.0.0 Safari/537.36"
202.182.108.248 - - [22/Jun/2026:06:45:27 +0000] "GET /wp-header-json.php HTTP/1.1" 401 53 "-" "Mozilla/5.0 (Windows NT 10.0; Win64; x64) AppleWebKit/537.36 (KHTML, like Gecko) Chrome/120.0.0.0 Safari/537.36"
202.182.108.248 - - [22/Jun/2026:06:45:28 +0000] "GET /wp-includes/index.php HTTP/1.1" 401 53 "-" "Mozilla/5.0 (Windows NT 10.0; Win64; x64) AppleWebKit/537.36 (KHTML, like Gecko) Chrome/120.0.0.0 Safari/537.36"
202.182.108.248 - - [22/Jun/2026:06:45:28 +0000] "GET /zup.php HTTP/1.1" 401 53 "-" "Mozilla/5.0 (Windows NT 10.0; Win64; x64) AppleWebKit/537.36 (KHTML, like Gecko) Chrome/120.0.0.0 Safari/537.36"
202.182.108.248 - - [22/Jun/2026:06:45:28 +0000] "GET /a9.php HTTP/1.1" 401 53 "-" "Mozilla/5.0 (Windows NT 10.0; Win64; x64) AppleWebKit/537.36 (KHTML, like Gecko) Chrome/120.0.0.0 Safari/537.36"
202.182.108.248 - - [22/Jun/2026:06:45:28 +0000] "GET /admin/index.php HTTP/1.1" 401 53 "-" "Mozilla/5.0 (Windows NT 10.0; Win64; x64) AppleWebKit/537.36 (KHTML, like Gecko) Chrome/120.0.0.0 Safari/537.36"
202.182.108.248 - - [22/Jun/2026:06:45:29 +0000] "GET /content.php HTTP/1.1" 401 53 "-" "Mozilla/5.0 (Windows NT 10.0; Win64; x64) AppleWebKit/537.36 (KHTML, like Gecko) Chrome/120.0.0.0 Safari/537.36"
202.182.108.248 - - [22/Jun/2026:06:45:29 +0000] "GET /gg.php HTTP/1.1" 401 53 "-" "Mozilla/5.0 (Windows NT 10.0; Win64; x64) AppleWebKit/537.36 (KHTML, like Gecko) Chrome/120.0.0.0 Safari/537.36"
202.182.108.248 - - [22/Jun/2026:06:45:29 +0000] "GET /makeasmtp.php HTTP/1.1" 401 53 "-" "Mozilla/5.0 (Windows NT 10.0; Win64; x64) AppleWebKit/537.36 (KHTML, like Gecko) Chrome/120.0.0.0 Safari/537.36"
202.182.108.248 - - [22/Jun/2026:06:45:30 +0000] "GET /paku.php HTTP/1.1" 401 53 "-" "Mozilla/5.0 (Windows NT 10.0; Win64; x64) AppleWebKit/537.36 (KHTML, like Gecko) Chrome/120.0.0.0 Safari/537.36"
202.182.108.248 - - [22/Jun/2026:06:45:30 +0000] "GET /rtx.php HTTP/1.1" 401 53 "-" "Mozilla/5.0 (Windows NT 10.0; Win64; x64) AppleWebKit/537.36 (KHTML, like Gecko) Chrome/120.0.0.0 Safari/537.36"
202.182.108.248 - - [22/Jun/2026:06:45:30 +0000] "GET /update/da222.php HTTP/1.1" 401 53 "-" "Mozilla/5.0 (Windows NT 10.0; Win64; x64) AppleWebKit/537.36 (KHTML, like Gecko) Chrome/120.0.0.0 Safari/537.36"
202.182.108.248 - - [22/Jun/2026:06:45:30 +0000] "GET /wp-admin/maint/ HTTP/1.1" 401 53 "-" "Mozilla/5.0 (Windows NT 10.0; Win64; x64) AppleWebKit/537.36 (KHTML, like Gecko) Chrome/120.0.0.0 Safari/537.36"
202.182.108.248 - - [22/Jun/2026:06:45:31 +0000] "GET /wp-admin/min.php HTTP/1.1" 401 53 "-" "Mozilla/5.0 (Windows NT 10.0; Win64; x64) AppleWebKit/537.36 (KHTML, like Gecko) Chrome/120.0.0.0 Safari/537.36"
202.182.108.248 - - [22/Jun/2026:06:45:31 +0000] "GET /wp-admin/wp-fileesx-449.php HTTP/1.1" 401 53 "-" "Mozilla/5.0 (Windows NT 10.0; Win64; x64) AppleWebKit/537.36 (KHTML, like Gecko) Chrome/120.0.0.0 Safari/537.36"
202.182.108.248 - - [22/Jun/2026:06:45:31 +0000] "GET /wp-content/themes/min.php HTTP/1.1" 401 53 "-" "Mozilla/5.0 (Windows NT 10.0; Win64; x64) AppleWebKit/537.36 (KHTML, like Gecko) Chrome/120.0.0.0 Safari/537.36"
202.182.108.248 - - [22/Jun/2026:06:45:31 +0000] "GET /wp-content/themes/x/bypass.php HTTP/1.1" 401 53 "-" "Mozilla/5.0 (Windows NT 10.0; Win64; x64) AppleWebKit/537.36 (KHTML, like Gecko) Chrome/120.0.0.0 Safari/537.36"
202.182.108.248 - - [22/Jun/2026:06:45:32 +0000] "GET /wp-includes/images/media/ HTTP/1.1" 401 53 "-" "Mozilla/5.0 (Windows NT 10.0; Win64; x64) AppleWebKit/537.36 (KHTML, like Gecko) Chrome/120.0.0.0 Safari/537.36"
202.182.108.248 - - [22/Jun/2026:06:45:32 +0000] "GET /wp-includes/interactivity-api/index.php HTTP/1.1" 401 53 "-" "Mozilla/5.0 (Windows NT 10.0; Win64; x64) AppleWebKit/537.36 (KHTML, like Gecko) Chrome/120.0.0.0 Safari/537.36"
202.182.108.248 - - [22/Jun/2026:06:45:32 +0000] "GET /wp-info.php HTTP/1.1" 401 53 "-" "Mozilla/5.0 (Windows NT 10.0; Win64; x64) AppleWebKit/537.36 (KHTML, like Gecko) Chrome/120.0.0.0 Safari/537.36"
202.182.108.248 - - [22/Jun/2026:06:45:33 +0000] "GET /wp-wordfence-waf.php HTTP/1.1" 401 53 "-" "Mozilla/5.0 (Windows NT 10.0; Win64; x64) AppleWebKit/537.36 (KHTML, like Gecko) Chrome/120.0.0.0 Safari/537.36"
