69.72.244.151 - - [21/Jun/2026:14:00:31 +0000] "POST /wp-cron.php?doing_wp_cron=1782050431.8778638839721679687500 HTTP/1.1" 200 0 "-" "WordPress/7.0; https://www.jubaroyaltravel.com"
104.234.53.249 - - [21/Jun/2026:14:00:31 +0000] "POST /wp-login.php HTTP/1.1" 200 2446 "-" "Mozilla/5.0 (Windows NT 10.0; Win64; rv:143.0) Gecko/20100101 Firefox/143.0"
31.24.155.180 - - [21/Jun/2026:14:00:53 +0000] "GET /wp-login.php HTTP/2" 200 2038 "-" "Mozilla/5.0 (X11; Linux x86_64) AppleWebKit/537.36 (KHTML, like Gecko) Chrome/133.0.0.0 Safari/537.36"
31.24.155.180 - - [21/Jun/2026:14:00:56 +0000] "POST /wp-login.php HTTP/2" 200 2209 "https://jubaroyaltravel.com/wp-login.php" "Mozilla/5.0 (X11; Linux x86_64) AppleWebKit/537.36 (KHTML, like Gecko) Chrome/133.0.0.0 Safari/537.36"
69.72.244.151 - - [21/Jun/2026:14:02:35 +0000] "POST /wp-cron.php?doing_wp_cron=1782050555.8428909778594970703125 HTTP/1.1" 200 0 "-" "WordPress/7.0; https://www.jubaroyaltravel.com"
66.249.64.131 - - [21/Jun/2026:14:02:33 +0000] "GET /products/detail/buy/j106136416 HTTP/1.1" 404 27938 "-" "Mozilla/5.0 (compatible; Googlebot/2.1; +http://www.google.com/bot.html)"
69.72.244.151 - - [21/Jun/2026:14:05:00 +0000] "POST /wp-cron.php?doing_wp_cron=1782050700.5621960163116455078125 HTTP/1.1" 200 0 "-" "WordPress/7.0; https://www.jubaroyaltravel.com"
69.72.244.151 - - [21/Jun/2026:14:05:01 +0000] "POST /wp-cron.php?doing_wp_cron=1782050701.1507639884948730468750 HTTP/1.1" 200 0 "-" "WordPress/7.0; https://www.jubaroyaltravel.com"
66.249.64.129 - - [21/Jun/2026:14:04:58 +0000] "GET /products/detail/buy/j106146360 HTTP/1.1" 404 27937 "-" "Mozilla/5.0 (compatible; Googlebot/2.1; +http://www.google.com/bot.html)"
66.249.64.129 - - [21/Jun/2026:14:05:06 +0000] "GET /products/detail/quality/j10662870 HTTP/1.1" 404 27930 "-" "Mozilla/5.0 (Linux; Android 6.0.1; Nexus 5X Build/MMB29P) AppleWebKit/537.36 (KHTML, like Gecko) Chrome/148.0.7778.96 Mobile Safari/537.36 (compatible; Googlebot/2.1; +http://www.google.com/bot.html)"
69.72.244.151 - - [21/Jun/2026:14:05:46 +0000] "POST /wp-cron.php?doing_wp_cron=1782050746.9263229370117187500000 HTTP/1.1" 200 0 "-" "WordPress/7.0; https://www.jubaroyaltravel.com"
66.249.64.129 - - [21/Jun/2026:14:05:46 +0000] "GET /products/detail/discount/j10665209 HTTP/1.1" 404 27924 "-" "Mozilla/5.0 (compatible; Googlebot/2.1; +http://www.google.com/bot.html)"
69.72.244.151 - - [21/Jun/2026:14:06:09 +0000] "POST /wp-cron.php?doing_wp_cron=1782050769.0856990814208984375000 HTTP/1.1" 200 0 "-" "WordPress/7.0; https://www.jubaroyaltravel.com"
136.144.35.57 - - [21/Jun/2026:14:06:08 +0000] "POST /wp-login.php HTTP/1.1" 200 6742 "-" "Mozilla/5.0"
66.249.64.130 - - [21/Jun/2026:14:06:41 +0000] "GET /products/detail/latest/j10617473 HTTP/1.1" 404 27941 "-" "Mozilla/5.0 (Linux; Android 6.0.1; Nexus 5X Build/MMB29P) AppleWebKit/537.36 (KHTML, like Gecko) Chrome/148.0.7778.96 Mobile Safari/537.36 (compatible; Googlebot/2.1; +http://www.google.com/bot.html)"
69.72.244.151 - - [21/Jun/2026:14:07:31 +0000] "POST /wp-cron.php?doing_wp_cron=1782050851.5237009525299072265625 HTTP/1.1" 200 0 "-" "WordPress/7.0; https://www.jubaroyaltravel.com"
169.224.125.242 - - [21/Jun/2026:14:07:31 +0000] "GET /activities/nile-boat-cruise/ HTTP/1.1" 200 42738 "-" "Mozilla/5.0 (X11; OpenBSD i386) AppleWebKit/537.36 (KHTML, like Gecko) Chrome/36.0.1985.125 Safari/537.36"
69.72.244.151 - - [21/Jun/2026:14:09:24 +0000] "POST /wp-cron.php?doing_wp_cron=1782050964.4017300605773925781250 HTTP/1.1" 200 0 "-" "WordPress/7.0; https://www.jubaroyaltravel.com"
104.234.53.129 - - [21/Jun/2026:14:09:22 +0000] "POST /wp-login.php HTTP/1.1" 200 2446 "-" "Mozilla/5.0 (Macintosh; Intel Mac OS X 10_15_7) AppleWebKit/605.1.15 Version/17.0 Safari/605.1.15"
69.72.244.151 - - [21/Jun/2026:14:10:09 +0000] "POST /wp-cron.php?doing_wp_cron=1782051009.0887629985809326171875 HTTP/1.1" 200 0 "-" "WordPress/7.0; https://www.jubaroyaltravel.com"
66.249.64.130 - - [21/Jun/2026:14:10:08 +0000] "GET /products/detail/quality/j106402913 HTTP/1.1" 404 27923 "-" "Mozilla/5.0 (compatible; Googlebot/2.1; +http://www.google.com/bot.html)"
69.72.244.151 - - [21/Jun/2026:14:11:12 +0000] "POST /wp-cron.php?doing_wp_cron=1782051072.2624330520629882812500 HTTP/1.1" 200 0 "-" "WordPress/7.0; https://www.jubaroyaltravel.com"
70.50.74.220 - - [21/Jun/2026:14:11:11 +0000] "GET /category/uncategorized/ HTTP/1.1" 200 30038 "-" "Mozilla/5.0 (Windows NT 10.0; Win64; x64) AppleWebKit/537.36 (KHTML, like Gecko) Chrome/99.0.4844.51 Safari/537.36"
205.210.31.24 - - [21/Jun/2026:14:11:16 +0000] "GET / HTTP/1.1" 200 40068 "-" "Hello from Palo Alto Networks, find out more about our scans in https://docs-cortex.paloaltonetworks.com/r/1/Cortex-Xpanse/Scanning-activity"
20.153.140.50 - - [21/Jun/2026:14:11:18 +0000] "GET /wp-login.php HTTP/2" 200 2038 "-" "Mozilla/5.0 (X11; Ubuntu; Linux x86_64) AppleWebKit/537.36 (KHTML, like Gecko) Chrome/133.0.0.0 Safari/537.36"
20.153.140.50 - - [21/Jun/2026:14:11:19 +0000] "POST /wp-login.php HTTP/2" 200 2209 "https://jubaroyaltravel.com/wp-login.php" "Mozilla/5.0 (X11; Ubuntu; Linux x86_64) AppleWebKit/537.36 (KHTML, like Gecko) Chrome/133.0.0.0 Safari/537.36"
69.72.244.151 - - [21/Jun/2026:14:12:37 +0000] "POST /wp-cron.php?doing_wp_cron=1782051157.8572690486907958984375 HTTP/1.1" 200 0 "-" "WordPress/7.0; https://www.jubaroyaltravel.com"
66.249.64.129 - - [21/Jun/2026:14:12:35 +0000] "GET /products/detail/vintage/j10649400 HTTP/1.1" 404 27933 "-" "Mozilla/5.0 (Linux; Android 6.0.1; Nexus 5X Build/MMB29P) AppleWebKit/537.36 (KHTML, like Gecko) Chrome/148.0.7778.96 Mobile Safari/537.36 (compatible; Googlebot/2.1; +http://www.google.com/bot.html)"
69.72.244.151 - - [21/Jun/2026:14:13:40 +0000] "POST /wp-cron.php?doing_wp_cron=1782051220.2538149356842041015625 HTTP/1.1" 200 0 "-" "WordPress/7.0; https://www.jubaroyaltravel.com"
136.144.35.51 - - [21/Jun/2026:14:13:39 +0000] "POST /wp-login.php HTTP/1.1" 200 6742 "-" "Mozilla/5.0"
69.72.244.151 - - [21/Jun/2026:14:14:05 +0000] "POST /wp-cron.php?doing_wp_cron=1782051245.8248319625854492187500 HTTP/1.1" 200 0 "-" "WordPress/7.0; https://www.jubaroyaltravel.com"
66.249.64.130 - - [21/Jun/2026:14:14:05 +0000] "GET /products/detail/discount/j106169326 HTTP/1.1" 404 27935 "-" "Mozilla/5.0 (Linux; Android 6.0.1; Nexus 5X Build/MMB29P) AppleWebKit/537.36 (KHTML, like Gecko) Chrome/148.0.7778.96 Mobile Safari/537.36 (compatible; Googlebot/2.1; +http://www.google.com/bot.html)"
69.72.244.151 - - [21/Jun/2026:14:16:00 +0000] "POST /wp-cron.php?doing_wp_cron=1782051360.1653740406036376953125 HTTP/1.1" 200 0 "-" "WordPress/7.0; https://www.jubaroyaltravel.com"
66.249.64.131 - - [21/Jun/2026:14:15:57 +0000] "GET /products/detail/buy/j106300309 HTTP/1.1" 404 27927 "-" "Mozilla/5.0 (Linux; Android 6.0.1; Nexus 5X Build/MMB29P) AppleWebKit/537.36 (KHTML, like Gecko) Chrome/148.0.7778.96 Mobile Safari/537.36 (compatible; Googlebot/2.1; +http://www.google.com/bot.html)"
69.72.244.151 - - [21/Jun/2026:14:16:13 +0000] "POST /wp-cron.php?doing_wp_cron=1782051373.7687919139862060546875 HTTP/1.1" 200 0 "-" "WordPress/7.0; https://www.jubaroyaltravel.com"
66.249.64.129 - - [21/Jun/2026:14:16:13 +0000] "GET /products/detail/popular/j10617035 HTTP/1.1" 404 27895 "-" "Mozilla/5.0 (compatible; Googlebot/2.1; +http://www.google.com/bot.html)"
69.72.244.151 - - [21/Jun/2026:14:16:57 +0000] "POST /wp-cron.php?doing_wp_cron=1782051417.3968958854675292968750 HTTP/1.1" 200 0 "-" "WordPress/7.0; https://www.jubaroyaltravel.com"
66.249.64.129 - - [21/Jun/2026:14:16:56 +0000] "GET /products/detail/store/j106107265 HTTP/1.1" 404 27943 "-" "Mozilla/5.0 (Linux; Android 6.0.1; Nexus 5X Build/MMB29P) AppleWebKit/537.36 (KHTML, like Gecko) Chrome/148.0.7778.96 Mobile Safari/537.36 (compatible; Googlebot/2.1; +http://www.google.com/bot.html)"
69.72.244.151 - - [21/Jun/2026:14:17:40 +0000] "POST /wp-cron.php?doing_wp_cron=1782051460.6395149230957031250000 HTTP/1.1" 200 0 "-" "WordPress/7.0; https://www.jubaroyaltravel.com"
66.249.64.131 - - [21/Jun/2026:14:17:40 +0000] "GET /products/detail/vintage/j10673291 HTTP/1.1" 404 27932 "-" "Mozilla/5.0 (Linux; Android 6.0.1; Nexus 5X Build/MMB29P) AppleWebKit/537.36 (KHTML, like Gecko) Chrome/148.0.7778.96 Mobile Safari/537.36 (compatible; Googlebot/2.1; +http://www.google.com/bot.html)"
74.7.244.41 - - [21/Jun/2026:14:17:40 +0000] "GET /robots.txt HTTP/2" 400 52 "-" "Mozilla/5.0 (Macintosh; Intel Mac OS X 10_15_7) AppleWebKit/537.36 (KHTML, like Gecko) Chrome/131.0.0.0 Safari/537.36; compatible; OAI-SearchBot/1.4; robots.txt; +https://openai.com/searchbot"
104.234.53.109 - - [21/Jun/2026:14:17:41 +0000] "POST /wp-login.php HTTP/1.1" 200 2446 "-" "Mozilla/5.0 (Windows NT 10.0; Win64; rv:143.0) Gecko/20100101 Firefox/143.0"
66.249.64.130 - - [21/Jun/2026:14:17:44 +0000] "GET /products/detail/popular/j1065101 HTTP/1.1" 404 27941 "-" "Mozilla/5.0 (Linux; Android 6.0.1; Nexus 5X Build/MMB29P) AppleWebKit/537.36 (KHTML, like Gecko) Chrome/148.0.7778.96 Mobile Safari/537.36 (compatible; Googlebot/2.1; +http://www.google.com/bot.html)"
69.72.244.151 - - [21/Jun/2026:14:19:25 +0000] "POST /wp-cron.php?doing_wp_cron=1782051565.4510529041290283203125 HTTP/1.1" 200 0 "-" "WordPress/7.0; https://www.jubaroyaltravel.com"
66.249.64.129 - - [21/Jun/2026:14:19:22 +0000] "GET /products/detail/latest/j106380034 HTTP/1.1" 404 27932 "-" "Mozilla/5.0 (Linux; Android 6.0.1; Nexus 5X Build/MMB29P) AppleWebKit/537.36 (KHTML, like Gecko) Chrome/148.0.7778.96 Mobile Safari/537.36 (compatible; Googlebot/2.1; +http://www.google.com/bot.html)"
74.7.230.59 - - [21/Jun/2026:14:21:21 +0000] "GET /robots.txt HTTP/2" 401 53 "-" "Mozilla/5.0 (Macintosh; Intel Mac OS X 10_15_7) AppleWebKit/537.36 (KHTML, like Gecko) Chrome/131.0.0.0 Safari/537.36; compatible; OAI-SearchBot/1.4; robots.txt; +https://openai.com/searchbot"
69.72.244.151 - - [21/Jun/2026:14:21:24 +0000] "POST /wp-cron.php?doing_wp_cron=1782051684.0938589572906494140625 HTTP/1.1" 200 0 "-" "WordPress/7.0; https://www.jubaroyaltravel.com"
136.144.35.36 - - [21/Jun/2026:14:21:22 +0000] "POST /wp-login.php HTTP/1.1" 200 6742 "-" "Mozilla/5.0"
69.72.244.151 - - [21/Jun/2026:14:24:26 +0000] "POST /wp-cron.php?doing_wp_cron=1782051866.6960549354553222656250 HTTP/1.1" 200 0 "-" "WordPress/7.0; https://www.jubaroyaltravel.com"
66.249.64.130 - - [21/Jun/2026:14:24:24 +0000] "GET /products/detail/shopping/j106262154 HTTP/1.1" 404 27931 "-" "Mozilla/5.0 (Linux; Android 6.0.1; Nexus 5X Build/MMB29P) AppleWebKit/537.36 (KHTML, like Gecko) Chrome/148.0.7778.96 Mobile Safari/537.36 (compatible; Googlebot/2.1; +http://www.google.com/bot.html)"
69.72.244.151 - - [21/Jun/2026:14:25:54 +0000] "POST /wp-cron.php?doing_wp_cron=1782051954.5571749210357666015625 HTTP/1.1" 200 0 "-" "WordPress/7.0; https://www.jubaroyaltravel.com"
66.249.64.129 - - [21/Jun/2026:14:25:52 +0000] "GET /products/detail/comfortable/j106300442 HTTP/1.1" 404 27950 "-" "Mozilla/5.0 (Linux; Android 6.0.1; Nexus 5X Build/MMB29P) AppleWebKit/537.36 (KHTML, like Gecko) Chrome/148.0.7778.96 Mobile Safari/537.36 (compatible; Googlebot/2.1; +http://www.google.com/bot.html)"
69.72.244.151 - - [21/Jun/2026:14:25:57 +0000] "POST /wp-cron.php?doing_wp_cron=1782051957.6901168823242187500000 HTTP/1.1" 200 0 "-" "WordPress/7.0; https://www.jubaroyaltravel.com"
104.234.53.122 - - [21/Jun/2026:14:25:57 +0000] "POST /wp-login.php HTTP/1.1" 200 2446 "-" "Mozilla/5.0 (Windows NT 10.0; Win64; rv:143.0) Gecko/20100101 Firefox/143.0"
69.72.244.151 - - [21/Jun/2026:14:28:15 +0000] "POST /wp-cron.php?doing_wp_cron=1782052095.6092929840087890625000 HTTP/1.1" 200 0 "-" "WordPress/7.0; https://www.jubaroyaltravel.com"
66.249.64.131 - - [21/Jun/2026:14:28:13 +0000] "GET /products/detail/inexpensive/j106140127 HTTP/1.1" 404 27956 "-" "Mozilla/5.0 (Linux; Android 6.0.1; Nexus 5X Build/MMB29P) AppleWebKit/537.36 (KHTML, like Gecko) Chrome/148.0.7778.96 Mobile Safari/537.36 (compatible; Googlebot/2.1; +http://www.google.com/bot.html)"
136.144.35.47 - - [21/Jun/2026:14:28:43 +0000] "POST /wp-login.php HTTP/1.1" 200 6742 "-" "Mozilla/5.0"
69.72.244.151 - - [21/Jun/2026:14:31:19 +0000] "POST /wp-cron.php?doing_wp_cron=1782052279.5437490940093994140625 HTTP/1.1" 200 0 "-" "WordPress/7.0; https://www.jubaroyaltravel.com"
66.249.64.129 - - [21/Jun/2026:14:31:17 +0000] "GET /products/detail/latest/j1063010 HTTP/1.1" 404 27967 "-" "Mozilla/5.0 (Linux; Android 6.0.1; Nexus 5X Build/MMB29P) AppleWebKit/537.36 (KHTML, like Gecko) Chrome/148.0.7778.96 Mobile Safari/537.36 (compatible; Googlebot/2.1; +http://www.google.com/bot.html)"
66.249.64.129 - - [21/Jun/2026:14:31:46 +0000] "GET /products/detail/brand/j106111452 HTTP/1.1" 404 27903 "-" "Mozilla/5.0 (compatible; Googlebot/2.1; +http://www.google.com/bot.html)"
47.128.63.96 - - [21/Jun/2026:14:31:46 +0000] "GET /activities/gorilla-trekking/ HTTP/2" 200 36684 "-" "Mozilla/5.0 (Linux; Android 5.0) AppleWebKit/537.36 (KHTML, like Gecko) Mobile Safari/537.36 (compatible; Bytespider; spider-feedback@bytedance.com)"
47.128.63.96 - - [21/Jun/2026:14:31:47 +0000] "GET /wp-content/plugins/fluentform/assets/css/fluent-forms-elementor-widget.css?ver=6.2.5 HTTP/2" 200 771 "https://www.jubaroyaltravel.com/activities/gorilla-trekking/" "Mozilla/5.0 (Linux; Android 5.0) AppleWebKit/537.36 (KHTML, like Gecko) Mobile Safari/537.36 (compatible; Bytespider; spider-feedback@bytedance.com)"
47.128.63.96 - - [21/Jun/2026:14:31:48 +0000] "GET /wp-content/uploads/elementor/css/post-53.css?ver=1781220171 HTTP/2" 200 2063 "https://www.jubaroyaltravel.com/activities/gorilla-trekking/" "Mozilla/5.0 (Linux; Android 5.0) AppleWebKit/537.36 (KHTML, like Gecko) Mobile Safari/537.36 (compatible; Bytespider; spider-feedback@bytedance.com)"
47.128.63.96 - - [21/Jun/2026:14:31:49 +0000] "GET /wp-content/plugins/wte-elementor-widgets/dist/css/wte-elementor-widgets.css?ver=1.5.3 HTTP/2" 200 32697 "https://www.jubaroyaltravel.com/activities/gorilla-trekking/" "Mozilla/5.0 (Linux; Android 5.0) AppleWebKit/537.36 (KHTML, like Gecko) Mobile Safari/537.36 (compatible; Bytespider; spider-feedback@bytedance.com)"
47.128.63.96 - - [21/Jun/2026:14:31:49 +0000] "GET /wp-content/plugins/wte-elementor-widgets/dist/css/swiper.min.css?ver=1.5.3 HTTP/2" 200 4214 "https://www.jubaroyaltravel.com/activities/gorilla-trekking/" "Mozilla/5.0 (Linux; Android 5.0) AppleWebKit/537.36 (KHTML, like Gecko) Mobile Safari/537.36 (compatible; Bytespider; spider-feedback@bytedance.com)"
47.128.63.96 - - [21/Jun/2026:14:31:49 +0000] "GET /wp-content/uploads/2025/11/logo-1-1.png HTTP/2" 206 500 "https://www.jubaroyaltravel.com/activities/gorilla-trekking/" "Mozilla/5.0 (Linux; Android 5.0) AppleWebKit/537.36 (KHTML, like Gecko) Mobile Safari/537.36 (compatible; Bytespider; spider-feedback@bytedance.com)"
47.128.63.96 - - [21/Jun/2026:14:31:49 +0000] "GET /wp-content/uploads/elementor/css/post-55.css?ver=1781220171 HTTP/2" 200 705 "https://www.jubaroyaltravel.com/activities/gorilla-trekking/" "Mozilla/5.0 (Linux; Android 5.0) AppleWebKit/537.36 (KHTML, like Gecko) Mobile Safari/537.36 (compatible; Bytespider; spider-feedback@bytedance.com)"
47.128.63.96 - - [21/Jun/2026:14:31:50 +0000] "GET /wp-content/uploads/2024/03/9e750a10-mask-group1.png HTTP/2" 206 500 "https://www.jubaroyaltravel.com/activities/gorilla-trekking/" "Mozilla/5.0 (Linux; Android 5.0) AppleWebKit/537.36 (KHTML, like Gecko) Mobile Safari/537.36 (compatible; Bytespider; spider-feedback@bytedance.com)"
69.72.244.151 - - [21/Jun/2026:14:32:20 +0000] "POST /wp-cron.php?doing_wp_cron=1782052340.2713789939880371093750 HTTP/1.1" 200 0 "-" "WordPress/7.0; https://www.jubaroyaltravel.com"
167.71.227.158 - - [21/Jun/2026:14:32:20 +0000] "GET /wp-login.php HTTP/2" 200 2038 "-" "Mozilla/5.0 (Windows NT 10.0; Win64; x64) AppleWebKit/537.36 (KHTML, like Gecko) Chrome/133.0.0.0 Safari/537.36 Edg/133.0.0.0"
167.71.227.158 - - [21/Jun/2026:14:32:20 +0000] "POST /wp-login.php HTTP/2" 200 2209 "https://jubaroyaltravel.com/wp-login.php" "Mozilla/5.0 (Windows NT 10.0; Win64; x64) AppleWebKit/537.36 (KHTML, like Gecko) Chrome/133.0.0.0 Safari/537.36 Edg/133.0.0.0"
69.72.244.151 - - [21/Jun/2026:14:33:27 +0000] "POST /wp-cron.php?doing_wp_cron=1782052407.8900299072265625000000 HTTP/1.1" 200 0 "-" "WordPress/7.0; https://www.jubaroyaltravel.com"
66.249.64.129 - - [21/Jun/2026:14:33:27 +0000] "GET /products/detail/buy/j10635073 HTTP/1.1" 404 27921 "-" "Mozilla/5.0 (Linux; Android 6.0.1; Nexus 5X Build/MMB29P) AppleWebKit/537.36 (KHTML, like Gecko) Chrome/148.0.7778.96 Mobile Safari/537.36 (compatible; Googlebot/2.1; +http://www.google.com/bot.html)"
69.72.244.151 - - [21/Jun/2026:14:34:08 +0000] "POST /wp-cron.php?doing_wp_cron=1782052448.4980580806732177734375 HTTP/1.1" 200 0 "-" "WordPress/7.0; https://www.jubaroyaltravel.com"
66.249.64.129 - - [21/Jun/2026:14:34:08 +0000] "GET /products/detail/brand/j106370260 HTTP/1.1" 404 27906 "-" "Mozilla/5.0 (compatible; Googlebot/2.1; +http://www.google.com/bot.html)"
69.72.244.151 - - [21/Jun/2026:14:36:05 +0000] "POST /wp-cron.php?doing_wp_cron=1782052565.0480968952178955078125 HTTP/1.1" 200 0 "-" "WordPress/7.0; https://www.jubaroyaltravel.com"
136.144.35.37 - - [21/Jun/2026:14:36:03 +0000] "POST /wp-login.php HTTP/1.1" 200 6742 "-" "Mozilla/5.0"
20.226.46.81 - - [21/Jun/2026:14:37:04 +0000] "GET /wp-content/plugins/hellopress/wp_filemanager.php HTTP/1.1" 401 36 "-" "-"
20.226.46.81 - - [21/Jun/2026:14:37:04 +0000] "GET /this_is_a_new_hello_world.php HTTP/1.1" 401 36 "-" "-"
20.226.46.81 - - [21/Jun/2026:14:37:05 +0000] "GET /x.php HTTP/1.1" 401 36 "-" "-"
20.226.46.81 - - [21/Jun/2026:14:37:05 +0000] "GET /images.php HTTP/1.1" 401 36 "-" "-"
20.226.46.81 - - [21/Jun/2026:14:37:06 +0000] "GET /2a81eff98bindex.php HTTP/1.1" 401 36 "-" "-"
20.226.46.81 - - [21/Jun/2026:14:37:06 +0000] "GET /6da5fc82adindex.php HTTP/1.1" 401 36 "-" "-"
20.226.46.81 - - [21/Jun/2026:14:37:07 +0000] "GET /e2c94ccb79index.php HTTP/1.1" 401 36 "-" "-"
20.226.46.81 - - [21/Jun/2026:14:37:07 +0000] "GET /ssixta.php HTTP/1.1" 401 36 "-" "-"
20.226.46.81 - - [21/Jun/2026:14:37:08 +0000] "GET /dvjul.php HTTP/1.1" 401 36 "-" "-"
20.226.46.81 - - [21/Jun/2026:14:37:08 +0000] "GET /alfaa.php HTTP/1.1" 401 36 "-" "-"
20.226.46.81 - - [21/Jun/2026:14:37:09 +0000] "GET /1.update.php HTTP/1.1" 401 36 "-" "-"
20.226.46.81 - - [21/Jun/2026:14:37:09 +0000] "GET /raw.php HTTP/1.1" 401 36 "-" "-"
20.226.46.81 - - [21/Jun/2026:14:37:10 +0000] "GET /w1px.php HTTP/1.1" 401 36 "-" "-"
20.226.46.81 - - [21/Jun/2026:14:37:10 +0000] "GET /wp-feob.php HTTP/1.1" 401 36 "-" "-"
20.226.46.81 - - [21/Jun/2026:14:37:11 +0000] "GET /byypasajglumati.php HTTP/1.1" 401 36 "-" "-"
20.226.46.81 - - [21/Jun/2026:14:37:11 +0000] "GET /umood.php HTTP/1.1" 401 36 "-" "-"
20.226.46.81 - - [21/Jun/2026:14:37:12 +0000] "GET /g8derz.php HTTP/1.1" 401 36 "-" "-"
20.226.46.81 - - [21/Jun/2026:14:37:12 +0000] "GET /sa.php HTTP/1.1" 401 36 "-" "-"
20.226.46.81 - - [21/Jun/2026:14:37:13 +0000] "GET /alls.php HTTP/1.1" 401 36 "-" "-"
20.226.46.81 - - [21/Jun/2026:14:37:13 +0000] "GET /yyu.php HTTP/1.1" 401 36 "-" "-"
20.226.46.81 - - [21/Jun/2026:14:37:14 +0000] "GET /w3lls.php HTTP/1.1" 401 36 "-" "-"
20.226.46.81 - - [21/Jun/2026:14:37:14 +0000] "GET /host.php HTTP/1.1" 401 36 "-" "-"
20.226.46.81 - - [21/Jun/2026:14:37:15 +0000] "GET /baidu.php HTTP/1.1" 401 36 "-" "-"
20.226.46.81 - - [21/Jun/2026:14:37:15 +0000] "GET /RioX.php HTTP/1.1" 401 36 "-" "-"
20.226.46.81 - - [21/Jun/2026:14:37:16 +0000] "GET /kuj8rl.php HTTP/1.1" 401 36 "-" "-"
20.226.46.81 - - [21/Jun/2026:14:37:16 +0000] "GET /dvjul.php HTTP/1.1" 401 36 "-" "-"
20.226.46.81 - - [21/Jun/2026:14:37:17 +0000] "GET /w1px.php HTTP/1.1" 401 36 "-" "-"
20.226.46.81 - - [21/Jun/2026:14:37:18 +0000] "GET /by.php HTTP/1.1" 401 36 "-" "-"
20.226.46.81 - - [21/Jun/2026:14:37:18 +0000] "GET /FAQ.php HTTP/1.1" 401 36 "-" "-"
20.226.46.81 - - [21/Jun/2026:14:37:18 +0000] "GET /hhxc.php HTTP/1.1" 401 36 "-" "-"
20.226.46.81 - - [21/Jun/2026:14:37:19 +0000] "GET /fix.php HTTP/1.1" 401 36 "-" "-"
20.226.46.81 - - [21/Jun/2026:14:37:20 +0000] "GET /includesh1.php HTTP/1.1" 401 36 "-" "-"
20.226.46.81 - - [21/Jun/2026:14:37:20 +0000] "GET /cxs.php HTTP/1.1" 401 36 "-" "-"
20.226.46.81 - - [21/Jun/2026:14:37:21 +0000] "GET /coffexium.php HTTP/1.1" 401 36 "-" "-"
20.226.46.81 - - [21/Jun/2026:14:37:21 +0000] "GET /asdf.php HTTP/1.1" 401 36 "-" "-"
20.226.46.81 - - [21/Jun/2026:14:37:22 +0000] "GET /red.php HTTP/1.1" 401 36 "-" "-"
20.226.46.81 - - [21/Jun/2026:14:37:22 +0000] "GET /wp-includes/sodium_compat/ HTTP/1.1" 401 36 "-" "-"
20.226.46.81 - - [21/Jun/2026:14:37:23 +0000] "GET /wp-admin/css/colors/coffee/wp-adochan.php HTTP/1.1" 401 36 "-" "-"
20.226.46.81 - - [21/Jun/2026:14:37:23 +0000] "GET /wp-includes/Text/ HTTP/1.1" 401 36 "-" "-"
20.226.46.81 - - [21/Jun/2026:14:37:24 +0000] "GET /footer.php HTTP/1.1" 401 36 "-" "-"
20.226.46.81 - - [21/Jun/2026:14:37:24 +0000] "GET /wp-content/uploads/ HTTP/1.1" 401 36 "-" "-"
20.226.46.81 - - [21/Jun/2026:14:37:25 +0000] "GET /wp-content/index.php HTTP/1.1" 401 36 "-" "-"
20.226.46.81 - - [21/Jun/2026:14:37:25 +0000] "GET /images/ HTTP/1.1" 401 36 "-" "-"
20.226.46.81 - - [21/Jun/2026:14:37:26 +0000] "GET /zoro.php HTTP/1.1" 401 36 "-" "-"
20.226.46.81 - - [21/Jun/2026:14:37:26 +0000] "GET /bajah.php HTTP/1.1" 401 36 "-" "-"
20.226.46.81 - - [21/Jun/2026:14:37:27 +0000] "GET /cream1.php HTTP/1.1" 401 36 "-" "-"
20.226.46.81 - - [21/Jun/2026:14:37:27 +0000] "GET /lim.php HTTP/1.1" 401 36 "-" "-"
20.226.46.81 - - [21/Jun/2026:14:37:28 +0000] "GET /greap.php HTTP/1.1" 401 36 "-" "-"
20.226.46.81 - - [21/Jun/2026:14:37:28 +0000] "GET /177.php HTTP/1.1" 401 36 "-" "-"
20.226.46.81 - - [21/Jun/2026:14:37:29 +0000] "GET /199.php HTTP/1.1" 401 36 "-" "-"
20.226.46.81 - - [21/Jun/2026:14:37:29 +0000] "GET /file52.php HTTP/1.1" 401 36 "-" "-"
20.226.46.81 - - [21/Jun/2026:14:37:30 +0000] "GET /122.php HTTP/1.1" 401 36 "-" "-"
20.226.46.81 - - [21/Jun/2026:14:37:30 +0000] "GET /green1.php HTTP/1.1" 401 36 "-" "-"
20.226.46.81 - - [21/Jun/2026:14:37:31 +0000] "GET /sukce.php HTTP/1.1" 401 36 "-" "-"
20.226.46.81 - - [21/Jun/2026:14:37:32 +0000] "GET /xb.php HTTP/1.1" 401 36 "-" "-"
20.226.46.81 - - [21/Jun/2026:14:37:32 +0000] "GET /biufile.php HTTP/1.1" 401 36 "-" "-"
20.226.46.81 - - [21/Jun/2026:14:37:32 +0000] "GET /wpconf.php HTTP/1.1" 401 36 "-" "-"
20.226.46.81 - - [21/Jun/2026:14:37:33 +0000] "GET /mosty.php HTTP/1.1" 401 36 "-" "-"
20.226.46.81 - - [21/Jun/2026:14:37:33 +0000] "GET /dejavu.php HTTP/1.1" 401 36 "-" "-"
20.226.46.81 - - [21/Jun/2026:14:37:34 +0000] "GET /aaf.php HTTP/1.1" 401 36 "-" "-"
20.226.46.81 - - [21/Jun/2026:14:37:34 +0000] "GET /b00869ae6e.php HTTP/1.1" 401 36 "-" "-"
20.226.46.81 - - [21/Jun/2026:14:37:35 +0000] "GET /term.php HTTP/1.1" 401 36 "-" "-"
20.226.46.81 - - [21/Jun/2026:14:37:35 +0000] "GET /wander.php HTTP/1.1" 401 36 "-" "-"
20.226.46.81 - - [21/Jun/2026:14:37:36 +0000] "GET /ha.php HTTP/1.1" 401 36 "-" "-"
20.226.46.81 - - [21/Jun/2026:14:37:36 +0000] "GET /hur.php HTTP/1.1" 401 36 "-" "-"
20.226.46.81 - - [21/Jun/2026:14:37:37 +0000] "GET /h02ugyh.php HTTP/1.1" 401 36 "-" "-"
20.226.46.81 - - [21/Jun/2026:14:37:38 +0000] "GET /seiso.php HTTP/1.1" 401 36 "-" "-"
20.226.46.81 - - [21/Jun/2026:14:37:38 +0000] "GET /155.php HTTP/1.1" 401 36 "-" "-"
20.226.46.81 - - [21/Jun/2026:14:37:39 +0000] "GET /ppp.php HTTP/1.1" 401 36 "-" "-"
20.226.46.81 - - [21/Jun/2026:14:37:39 +0000] "GET /201.php HTTP/1.1" 401 36 "-" "-"
20.226.46.81 - - [21/Jun/2026:14:37:40 +0000] "GET /ops.php HTTP/1.1" 401 36 "-" "-"
20.226.46.81 - - [21/Jun/2026:14:37:40 +0000] "GET /ingfo.php HTTP/1.1" 401 36 "-" "-"
20.226.46.81 - - [21/Jun/2026:14:37:41 +0000] "GET /error_log.php HTTP/1.1" 401 36 "-" "-"
20.226.46.81 - - [21/Jun/2026:14:37:41 +0000] "GET /xenon1337.php HTTP/1.1" 401 36 "-" "-"
20.226.46.81 - - [21/Jun/2026:14:37:42 +0000] "GET /test11.php HTTP/1.1" 401 36 "-" "-"
20.226.46.81 - - [21/Jun/2026:14:37:42 +0000] "GET /koala.php HTTP/1.1" 401 36 "-" "-"
20.226.46.81 - - [21/Jun/2026:14:37:43 +0000] "GET /mac.php HTTP/1.1" 401 36 "-" "-"
20.226.46.81 - - [21/Jun/2026:14:37:43 +0000] "GET /25d653587fdfd1.php HTTP/1.1" 401 36 "-" "-"
20.226.46.81 - - [21/Jun/2026:14:37:44 +0000] "GET /wefile.php HTTP/1.1" 401 36 "-" "-"
20.226.46.81 - - [21/Jun/2026:14:37:45 +0000] "GET /modules/mod_simplefileuploadv1.3/elements/filemanager.php HTTP/1.1" 401 36 "-" "-"
20.226.46.81 - - [21/Jun/2026:14:37:45 +0000] "GET /wp-includes/blocks/post-comments-form/ HTTP/1.1" 401 36 "-" "-"
20.226.46.81 - - [21/Jun/2026:14:37:46 +0000] "GET /wp-admin/js/ HTTP/1.1" 401 36 "-" "-"
69.72.244.151 - - [21/Jun/2026:14:37:46 +0000] "POST /wp-cron.php?doing_wp_cron=1782052666.4765710830688476562500 HTTP/1.1" 200 0 "-" "WordPress/7.0; https://www.jubaroyaltravel.com"
66.249.64.129 - - [21/Jun/2026:14:37:44 +0000] "GET /products/detail/on/j10646661 HTTP/1.1" 404 27934 "-" "Mozilla/5.0 (Linux; Android 6.0.1; Nexus 5X Build/MMB29P) AppleWebKit/537.36 (KHTML, like Gecko) Chrome/148.0.7778.96 Mobile Safari/537.36 (compatible; Googlebot/2.1; +http://www.google.com/bot.html)"
20.226.46.81 - - [21/Jun/2026:14:37:46 +0000] "GET /wp-admin/css/colour.php HTTP/1.1" 401 36 "-" "-"
20.226.46.81 - - [21/Jun/2026:14:37:47 +0000] "GET /2P.php HTTP/1.1" 401 36 "-" "-"
20.226.46.81 - - [21/Jun/2026:14:37:47 +0000] "GET /.well-known/about.php HTTP/1.1" 401 36 "-" "-"
20.226.46.81 - - [21/Jun/2026:14:37:48 +0000] "GET /wp-includes/ID3/about.php HTTP/1.1" 401 36 "-" "-"
20.226.46.81 - - [21/Jun/2026:14:37:48 +0000] "GET /bob.php HTTP/1.1" 401 36 "-" "-"
20.226.46.81 - - [21/Jun/2026:14:37:49 +0000] "GET /wp-admin/css/ HTTP/1.1" 401 36 "-" "-"
20.226.46.81 - - [21/Jun/2026:14:37:49 +0000] "GET /wp-admin/css/colors/modern/ HTTP/1.1" 401 36 "-" "-"
20.226.46.81 - - [21/Jun/2026:14:37:50 +0000] "GET /crgio.php HTTP/1.1" 401 36 "-" "-"
20.226.46.81 - - [21/Jun/2026:14:37:51 +0000] "GET /pucci.php HTTP/1.1" 401 36 "-" "-"
20.226.46.81 - - [21/Jun/2026:14:37:51 +0000] "GET /wp-includes/blocks/details/ HTTP/1.1" 401 36 "-" "-"
20.226.46.81 - - [21/Jun/2026:14:37:52 +0000] "GET /wp-includes/blocks/audio/ HTTP/1.1" 401 36 "-" "-"
20.226.46.81 - - [21/Jun/2026:14:37:52 +0000] "GET /wp-temp.php HTTP/1.1" 401 36 "-" "-"
20.226.46.81 - - [21/Jun/2026:14:37:53 +0000] "GET /wp-includes/blocks/buttons/ HTTP/1.1" 401 36 "-" "-"
20.226.46.81 - - [21/Jun/2026:14:37:53 +0000] "GET /mode.php HTTP/1.1" 401 36 "-" "-"
20.226.46.81 - - [21/Jun/2026:14:37:54 +0000] "GET /wp-admin/js/index.php HTTP/1.1" 401 36 "-" "-"
20.226.46.81 - - [21/Jun/2026:14:37:54 +0000] "GET /puc.php HTTP/1.1" 401 36 "-" "-"
20.226.46.81 - - [21/Jun/2026:14:37:55 +0000] "GET /themes.php HTTP/1.1" 401 36 "-" "-"
20.226.46.81 - - [21/Jun/2026:14:37:55 +0000] "GET /dx.php HTTP/1.1" 401 36 "-" "-"
20.226.46.81 - - [21/Jun/2026:14:37:56 +0000] "GET /p.php HTTP/1.1" 401 36 "-" "-"
20.226.46.81 - - [21/Jun/2026:14:37:56 +0000] "GET /wp-includes/Requests/ HTTP/1.1" 401 36 "-" "-"
20.226.46.81 - - [21/Jun/2026:14:37:57 +0000] "GET /bthil.php HTTP/1.1" 401 36 "-" "-"
20.226.46.81 - - [21/Jun/2026:14:37:57 +0000] "GET /7.php HTTP/1.1" 401 36 "-" "-"
20.226.46.81 - - [21/Jun/2026:14:37:58 +0000] "GET /8.php HTTP/1.1" 401 36 "-" "-"
20.226.46.81 - - [21/Jun/2026:14:37:58 +0000] "GET /1.php HTTP/1.1" 401 36 "-" "-"
20.226.46.81 - - [21/Jun/2026:14:37:59 +0000] "GET /100.php HTTP/1.1" 401 36 "-" "-"
20.226.46.81 - - [21/Jun/2026:14:37:59 +0000] "GET /about.php HTTP/1.1" 401 36 "-" "-"
20.226.46.81 - - [21/Jun/2026:14:38:00 +0000] "GET /admin.php HTTP/1.1" 401 36 "-" "-"
20.226.46.81 - - [21/Jun/2026:14:38:00 +0000] "GET /edit.php HTTP/1.1" 401 36 "-" "-"
20.226.46.81 - - [21/Jun/2026:14:38:01 +0000] "GET /wp-content/admin.php HTTP/1.1" 401 36 "-" "-"
20.226.46.81 - - [21/Jun/2026:14:38:01 +0000] "GET /f6.php HTTP/1.1" 401 36 "-" "-"
20.226.46.81 - - [21/Jun/2026:14:38:02 +0000] "GET /inputs.php HTTP/1.1" 401 36 "-" "-"
20.226.46.81 - - [21/Jun/2026:14:38:02 +0000] "GET /av.php HTTP/1.1" 401 36 "-" "-"
20.226.46.81 - - [21/Jun/2026:14:38:03 +0000] "GET /classwithtostring.php HTTP/1.1" 401 36 "-" "-"
20.226.46.81 - - [21/Jun/2026:14:38:03 +0000] "GET /wp-content/themes/index.php HTTP/1.1" 401 36 "-" "-"
20.226.46.81 - - [21/Jun/2026:14:38:04 +0000] "GET /wp-blog.php HTTP/1.1" 401 36 "-" "-"
20.226.46.81 - - [21/Jun/2026:14:38:05 +0000] "GET /wp-includes/js/jquery/ HTTP/1.1" 401 36 "-" "-"
20.226.46.81 - - [21/Jun/2026:14:38:06 +0000] "GET /wp-content/admin.php HTTP/1.1" 401 36 "-" "-"
20.226.46.81 - - [21/Jun/2026:14:38:06 +0000] "GET /adminfuns.php HTTP/1.1" 401 36 "-" "-"
20.226.46.81 - - [21/Jun/2026:14:38:07 +0000] "GET /goods.php HTTP/1.1" 401 36 "-" "-"
20.226.46.81 - - [21/Jun/2026:14:38:08 +0000] "GET /ms-edit.php HTTP/1.1" 401 36 "-" "-"
20.226.46.81 - - [21/Jun/2026:14:38:08 +0000] "GET /222.php HTTP/1.1" 401 36 "-" "-"
20.226.46.81 - - [21/Jun/2026:14:38:08 +0000] "GET /cgi-bin/index.php HTTP/1.1" 401 36 "-" "-"
20.226.46.81 - - [21/Jun/2026:14:38:09 +0000] "GET /wp-includes/css/dist/ HTTP/1.1" 401 36 "-" "-"
20.226.46.81 - - [21/Jun/2026:14:38:09 +0000] "GET /BDKR28WP.php HTTP/1.1" 401 36 "-" "-"
20.226.46.81 - - [21/Jun/2026:14:38:10 +0000] "GET /wp-includes/l10n/ HTTP/1.1" 401 36 "-" "-"
20.226.46.81 - - [21/Jun/2026:14:38:10 +0000] "GET /wp-content/uploads/ HTTP/1.1" 401 36 "-" "-"
20.226.46.81 - - [21/Jun/2026:14:38:11 +0000] "GET /wp.php HTTP/1.1" 401 36 "-" "-"
20.226.46.81 - - [21/Jun/2026:14:38:12 +0000] "GET /abcd.php HTTP/1.1" 401 36 "-" "-"
20.226.46.81 - - [21/Jun/2026:14:38:12 +0000] "GET /a1.php HTTP/1.1" 401 36 "-" "-"
20.226.46.81 - - [21/Jun/2026:14:38:13 +0000] "GET /wp-includes/Text/Diff/Engine/about.php HTTP/1.1" 401 36 "-" "-"
20.226.46.81 - - [21/Jun/2026:14:38:13 +0000] "GET /bal.php HTTP/1.1" 401 36 "-" "-"
20.226.46.81 - - [21/Jun/2026:14:38:14 +0000] "GET /cgi-bin/admin.php HTTP/1.1" 401 36 "-" "-"
20.226.46.81 - - [21/Jun/2026:14:38:15 +0000] "GET /gettest.php HTTP/1.1" 401 36 "-" "-"
20.226.46.81 - - [21/Jun/2026:14:38:16 +0000] "GET /wp-content/ HTTP/1.1" 401 36 "-" "-"
20.226.46.81 - - [21/Jun/2026:14:38:17 +0000] "GET /simple.php HTTP/1.1" 401 36 "-" "-"
20.226.46.81 - - [21/Jun/2026:14:38:17 +0000] "GET /kj.php HTTP/1.1" 401 36 "-" "-"
20.226.46.81 - - [21/Jun/2026:14:38:18 +0000] "GET /xxx.php HTTP/1.1" 401 36 "-" "-"
20.226.46.81 - - [21/Jun/2026:14:38:18 +0000] "GET /hypo.php HTTP/1.1" 401 36 "-" "-"
20.226.46.81 - - [21/Jun/2026:14:38:19 +0000] "GET /wp-admin/css/colors/blue/ HTTP/1.1" 401 36 "-" "-"
20.226.46.81 - - [21/Jun/2026:14:38:20 +0000] "GET /chosen.php HTTP/1.1" 401 36 "-" "-"
20.226.46.81 - - [21/Jun/2026:14:38:23 +0000] "GET /wp-includes/block-bindings/ HTTP/1.1" 401 36 "-" "-"
20.226.46.81 - - [21/Jun/2026:14:38:24 +0000] "GET /als.php HTTP/1.1" 401 36 "-" "-"
20.226.46.81 - - [21/Jun/2026:14:38:24 +0000] "GET /pol.php HTTP/1.1" 401 36 "-" "-"
20.226.46.81 - - [21/Jun/2026:14:38:25 +0000] "GET /006.php HTTP/1.1" 401 36 "-" "-"
20.226.46.81 - - [21/Jun/2026:14:38:25 +0000] "GET /file5.php HTTP/1.1" 401 36 "-" "-"
20.226.46.81 - - [21/Jun/2026:14:38:26 +0000] "GET /4PJcpMFsD8B.php HTTP/1.1" 401 36 "-" "-"
20.226.46.81 - - [21/Jun/2026:14:38:26 +0000] "GET /file.php HTTP/1.1" 401 36 "-" "-"
20.226.46.81 - - [21/Jun/2026:14:38:27 +0000] "GET /cfile.php HTTP/1.1" 401 36 "-" "-"
20.226.46.81 - - [21/Jun/2026:14:38:28 +0000] "GET /class-wp.php HTTP/1.1" 401 36 "-" "-"
20.226.46.81 - - [21/Jun/2026:14:38:28 +0000] "GET /admin.php HTTP/1.1" 401 36 "-" "-"
20.226.46.81 - - [21/Jun/2026:14:38:29 +0000] "GET /aa2.php HTTP/1.1" 401 36 "-" "-"
20.226.46.81 - - [21/Jun/2026:14:38:29 +0000] "GET /ccou.php HTTP/1.1" 401 36 "-" "-"
20.226.46.81 - - [21/Jun/2026:14:38:30 +0000] "GET /dr.php HTTP/1.1" 401 36 "-" "-"
20.226.46.81 - - [21/Jun/2026:14:38:30 +0000] "GET /xamp.php HTTP/1.1" 401 36 "-" "-"
20.226.46.81 - - [21/Jun/2026:14:38:31 +0000] "GET /bless.php HTTP/1.1" 401 36 "-" "-"
20.226.46.81 - - [21/Jun/2026:14:38:31 +0000] "GET /file46.php HTTP/1.1" 401 36 "-" "-"
20.226.46.81 - - [21/Jun/2026:14:38:32 +0000] "GET /eee.php HTTP/1.1" 401 36 "-" "-"
20.226.46.81 - - [21/Jun/2026:14:38:33 +0000] "GET /file25.php HTTP/1.1" 401 36 "-" "-"
20.226.46.81 - - [21/Jun/2026:14:38:33 +0000] "GET /hg.php HTTP/1.1" 401 36 "-" "-"
20.226.46.81 - - [21/Jun/2026:14:38:34 +0000] "GET /file48.php HTTP/1.1" 401 36 "-" "-"
20.226.46.81 - - [21/Jun/2026:14:38:34 +0000] "GET /ff.php HTTP/1.1" 401 36 "-" "-"
20.226.46.81 - - [21/Jun/2026:14:38:35 +0000] "GET /file6.php HTTP/1.1" 401 36 "-" "-"
20.226.46.81 - - [21/Jun/2026:14:38:36 +0000] "GET /a2.php HTTP/1.1" 401 36 "-" "-"
20.226.46.81 - - [21/Jun/2026:14:38:36 +0000] "GET /file15.php HTTP/1.1" 401 36 "-" "-"
20.226.46.81 - - [21/Jun/2026:14:38:37 +0000] "GET /jp.php HTTP/1.1" 401 36 "-" "-"
20.226.46.81 - - [21/Jun/2026:14:38:37 +0000] "GET /f35.php HTTP/1.1" 401 36 "-" "-"
20.226.46.81 - - [21/Jun/2026:14:38:38 +0000] "GET /wp-load.php HTTP/1.1" 401 36 "-" "-"
20.226.46.81 - - [21/Jun/2026:14:38:38 +0000] "GET /xwpg.php HTTP/1.1" 401 36 "-" "-"
20.226.46.81 - - [21/Jun/2026:14:38:39 +0000] "GET /wp-includes/assets/ HTTP/1.1" 401 36 "-" "-"
69.72.244.151 - - [21/Jun/2026:14:38:39 +0000] "POST /wp-cron.php?doing_wp_cron=1782052719.8275310993194580078125 HTTP/1.1" 200 0 "-" "WordPress/7.0; https://www.jubaroyaltravel.com"
66.249.64.129 - - [21/Jun/2026:14:38:39 +0000] "GET /products/detail/comfortable/j106494177/ HTTP/1.1" 404 27974 "-" "Mozilla/5.0 (Linux; Android 6.0.1; Nexus 5X Build/MMB29P) AppleWebKit/537.36 (KHTML, like Gecko) Chrome/148.0.7778.96 Mobile Safari/537.36 (compatible; Googlebot/2.1; +http://www.google.com/bot.html)"
20.226.46.81 - - [21/Jun/2026:14:38:39 +0000] "GET /ddd.php HTTP/1.1" 401 36 "-" "-"
20.226.46.81 - - [21/Jun/2026:14:38:40 +0000] "GET /wp-admin/css/colors/sunrise/ HTTP/1.1" 401 36 "-" "-"
20.226.46.81 - - [21/Jun/2026:14:38:41 +0000] "GET /waf.php HTTP/1.1" 401 36 "-" "-"
20.226.46.81 - - [21/Jun/2026:14:38:41 +0000] "GET /xstelth.php HTTP/1.1" 401 36 "-" "-"
20.226.46.81 - - [21/Jun/2026:14:38:42 +0000] "GET /wp-links.php HTTP/1.1" 401 36 "-" "-"
20.226.46.81 - - [21/Jun/2026:14:38:42 +0000] "GET /wp-admin/network/plugins.php HTTP/1.1" 401 36 "-" "-"
69.72.244.151 - - [21/Jun/2026:14:43:14 +0000] "POST /wp-cron.php?doing_wp_cron=1782052994.0380859375000000000000 HTTP/1.1" 200 0 "-" "WordPress/7.0; https://www.jubaroyaltravel.com"
103.127.30.137 - adminstaging-jubaroyaltravel-com [21/Jun/2026:14:43:12 +0000] "GET /wp-json/wp/v2/users/me HTTP/2" 401 81 "-" "Mozilla/5.0 (Windows NT 10.0; Win64; x64; rv:133.0) Gecko/20100101 Firefox/133.0"
136.144.35.49 - - [21/Jun/2026:14:43:16 +0000] "POST /wp-login.php HTTP/1.1" 200 6742 "-" "Mozilla/5.0"
69.72.244.151 - - [21/Jun/2026:14:44:39 +0000] "POST /wp-cron.php?doing_wp_cron=1782053079.8229300975799560546875 HTTP/1.1" 200 0 "-" "WordPress/7.0; https://www.jubaroyaltravel.com"
66.249.64.131 - - [21/Jun/2026:14:44:39 +0000] "GET /products/detail/fashion/j106301151 HTTP/1.1" 404 27926 "-" "Mozilla/5.0 (compatible; Googlebot/2.1; +http://www.google.com/bot.html)"
66.249.64.130 - - [21/Jun/2026:14:46:57 +0000] "GET /products/detail/cheapest/j10612836 HTTP/1.1" 404 27932 "-" "Mozilla/5.0 (Linux; Android 6.0.1; Nexus 5X Build/MMB29P) AppleWebKit/537.36 (KHTML, like Gecko) Chrome/148.0.7778.96 Mobile Safari/537.36 (compatible; Googlebot/2.1; +http://www.google.com/bot.html)"
69.72.244.151 - - [21/Jun/2026:14:46:59 +0000] "POST /wp-cron.php?doing_wp_cron=1782053219.6294100284576416015625 HTTP/1.1" 200 0 "-" "WordPress/7.0; https://www.jubaroyaltravel.com"
66.249.64.130 - - [21/Jun/2026:14:46:57 +0000] "GET /products/detail/inexpensive/j106176097 HTTP/1.1" 404 27934 "-" "Mozilla/5.0 (compatible; Googlebot/2.1; +http://www.google.com/bot.html)"
69.72.244.151 - - [21/Jun/2026:14:47:41 +0000] "POST /wp-cron.php?doing_wp_cron=1782053261.1074559688568115234375 HTTP/1.1" 200 0 "-" "WordPress/7.0; https://www.jubaroyaltravel.com"
66.249.64.129 - - [21/Jun/2026:14:47:40 +0000] "GET /products/detail/brand/j106377185 HTTP/1.1" 404 27940 "-" "Mozilla/5.0 (Linux; Android 6.0.1; Nexus 5X Build/MMB29P) AppleWebKit/537.36 (KHTML, like Gecko) Chrome/148.0.7778.96 Mobile Safari/537.36 (compatible; Googlebot/2.1; +http://www.google.com/bot.html)"
69.72.244.151 - - [21/Jun/2026:14:49:50 +0000] "POST /wp-cron.php?doing_wp_cron=1782053390.9056010246276855468750 HTTP/1.1" 200 0 "-" "WordPress/7.0; https://www.jubaroyaltravel.com"
69.72.244.151 - - [21/Jun/2026:14:49:50 +0000] "POST /wp-cron.php?doing_wp_cron=1782053390.9057691097259521484375 HTTP/1.1" 200 0 "-" "WordPress/7.0; https://www.jubaroyaltravel.com"
66.249.64.129 - - [21/Jun/2026:14:49:49 +0000] "GET /products/detail/wholesale/j106368699 HTTP/1.1" 404 27947 "-" "Mozilla/5.0 (Linux; Android 6.0.1; Nexus 5X Build/MMB29P) AppleWebKit/537.36 (KHTML, like Gecko) Chrome/148.0.7778.96 Mobile Safari/537.36 (compatible; Googlebot/2.1; +http://www.google.com/bot.html)"
66.249.64.131 - - [21/Jun/2026:14:49:48 +0000] "GET /products/detail/wholesale/j106368699 HTTP/1.1" 404 27932 "-" "Mozilla/5.0 (compatible; Googlebot/2.1; +http://www.google.com/bot.html)"
69.72.244.151 - - [21/Jun/2026:14:50:34 +0000] "POST /wp-cron.php?doing_wp_cron=1782053434.2988500595092773437500 HTTP/1.1" 200 0 "-" "WordPress/7.0; https://www.jubaroyaltravel.com"
136.144.35.42 - - [21/Jun/2026:14:50:34 +0000] "POST /wp-login.php HTTP/1.1" 200 6742 "-" "Mozilla/5.0"
69.72.244.151 - - [21/Jun/2026:14:51:28 +0000] "POST /wp-cron.php?doing_wp_cron=1782053488.1087579727172851562500 HTTP/1.1" 200 0 "-" "WordPress/7.0; https://www.jubaroyaltravel.com"
66.249.64.131 - - [21/Jun/2026:14:51:27 +0000] "GET /products/detail/authentic/j106492872 HTTP/1.1" 404 27947 "-" "Mozilla/5.0 (Linux; Android 6.0.1; Nexus 5X Build/MMB29P) AppleWebKit/537.36 (KHTML, like Gecko) Chrome/148.0.7778.96 Mobile Safari/537.36 (compatible; Googlebot/2.1; +http://www.google.com/bot.html)"
69.72.244.151 - - [21/Jun/2026:14:52:12 +0000] "POST /wp-cron.php?doing_wp_cron=1782053532.5692451000213623046875 HTTP/1.1" 200 0 "-" "WordPress/7.0; https://www.jubaroyaltravel.com"
114.119.136.86 - - [21/Jun/2026:14:52:12 +0000] "GET /trip-types/day-trip/ HTTP/1.1" 200 36585 "https://jubaroyaltravel.com/trip-types/day-trip/" "Mozilla/5.0 (Linux; Android 7.0;) AppleWebKit/537.36 (HTML, like Gecko) Mobile Safari/537.36 (compatible; PetalBot;+https://webmaster.petalsearch.com/site/petalbot)"
69.72.244.151 - - [21/Jun/2026:14:54:24 +0000] "POST /wp-cron.php?doing_wp_cron=1782053664.0021638870239257812500 HTTP/1.1" 200 0 "-" "WordPress/7.0; https://www.jubaroyaltravel.com"
43.230.202.4 - - [21/Jun/2026:14:54:22 +0000] "GET /wp-login.php HTTP/2" 200 2038 "-" "Mozilla/5.0 (Windows NT 10.0; Win64; x64) AppleWebKit/537.36 (KHTML, like Gecko) Chrome/120.0.0.0 Safari/537.36"
43.230.202.4 - - [21/Jun/2026:14:54:47 +0000] "GET /wp-login.php HTTP/2" 200 2038 "-" "Mozilla/5.0 (Windows NT 10.0; Win64; x64) AppleWebKit/537.36 (KHTML, like Gecko) Chrome/120.0.0.0 Safari/537.36"
43.230.202.4 - - [21/Jun/2026:14:54:53 +0000] "GET /wp-login.php HTTP/2" 200 2038 "-" "Mozilla/5.0 (Windows NT 10.0; Win64; x64) AppleWebKit/537.36 (KHTML, like Gecko) Chrome/120.0.0.0 Safari/537.36"
69.72.244.151 - - [21/Jun/2026:14:54:57 +0000] "POST /wp-cron.php?doing_wp_cron=1782053697.1679010391235351562500 HTTP/1.1" 200 0 "-" "WordPress/7.0; https://www.jubaroyaltravel.com"
43.230.202.4 - - [21/Jun/2026:14:54:56 +0000] "POST /wp-login.php HTTP/2" 200 2209 "https://www.jubaroyaltravel.com/wp-login.php" "Mozilla/5.0 (Windows NT 10.0; Win64; x64) AppleWebKit/537.36 (KHTML, like Gecko) Chrome/120.0.0.0 Safari/537.36"
69.72.244.151 - - [21/Jun/2026:14:56:18 +0000] "POST /wp-cron.php?doing_wp_cron=1782053778.4699819087982177734375 HTTP/1.1" 200 0 "-" "WordPress/7.0; https://www.jubaroyaltravel.com"
66.249.64.129 - - [21/Jun/2026:14:56:15 +0000] "GET /products/detail/on/j106381787 HTTP/1.1" 404 27921 "-" "Mozilla/5.0 (Linux; Android 6.0.1; Nexus 5X Build/MMB29P) AppleWebKit/537.36 (KHTML, like Gecko) Chrome/148.0.7778.96 Mobile Safari/537.36 (compatible; Googlebot/2.1; +http://www.google.com/bot.html)"
69.72.244.151 - - [21/Jun/2026:14:57:02 +0000] "POST /wp-cron.php?doing_wp_cron=1782053822.3826510906219482421875 HTTP/1.1" 200 0 "-" "WordPress/7.0; https://www.jubaroyaltravel.com"
66.249.64.131 - - [21/Jun/2026:14:57:01 +0000] "GET /products/detail/wholesale/j106203650 HTTP/1.1" 404 28024 "-" "Mozilla/5.0 (Linux; Android 6.0.1; Nexus 5X Build/MMB29P) AppleWebKit/537.36 (KHTML, like Gecko) Chrome/148.0.7778.96 Mobile Safari/537.36 (compatible; Googlebot/2.1; +http://www.google.com/bot.html)"
69.72.244.151 - - [21/Jun/2026:14:57:49 +0000] "POST /wp-cron.php?doing_wp_cron=1782053869.1674759387969970703125 HTTP/1.1" 200 0 "-" "WordPress/7.0; https://www.jubaroyaltravel.com"
136.144.35.60 - - [21/Jun/2026:14:57:48 +0000] "POST /wp-login.php HTTP/1.1" 200 6742 "-" "Mozilla/5.0"
69.72.244.151 - - [21/Jun/2026:14:58:22 +0000] "POST /wp-cron.php?doing_wp_cron=1782053902.5117609500885009765625 HTTP/1.1" 200 0 "-" "WordPress/7.0; https://www.jubaroyaltravel.com"
66.249.64.130 - - [21/Jun/2026:14:58:21 +0000] "GET /products/detail/vintage/j106150143 HTTP/1.1" 404 27932 "-" "Mozilla/5.0 (Linux; Android 6.0.1; Nexus 5X Build/MMB29P) AppleWebKit/537.36 (KHTML, like Gecko) Chrome/148.0.7778.96 Mobile Safari/537.36 (compatible; Googlebot/2.1; +http://www.google.com/bot.html)"
188.53.54.140 - - [21/Jun/2026:14:58:38 +0000] "GET /products/detail/original/j106155841 HTTP/1.1" 404 32537 "-" "Mozilla/5.0 (Macintosh; Intel Mac OS X 10_11_6) AppleWebKit/537.36 (KHTML, like Gecko) Chrome/100.0.4896.79 Safari/537.36"
44.198.72.127 - - [21/Jun/2026:15:00:41 +0000] "GET /robots.txt HTTP/1.1" 200 139 "-" "Mozilla/5.0 (Macintosh; Intel Mac OS X 10_10_1) AppleWebKit/600.2.5 (KHTML, like Gecko) Version/8.0.2 Safari/600.2.5 (Gort)"
66.249.64.131 - - [21/Jun/2026:15:00:40 +0000] "GET /products/detail/store/j106315777 HTTP/1.1" 404 27943 "-" "Mozilla/5.0 (Linux; Android 6.0.1; Nexus 5X Build/MMB29P) AppleWebKit/537.36 (KHTML, like Gecko) Chrome/148.0.7778.96 Mobile Safari/537.36 (compatible; Googlebot/2.1; +http://www.google.com/bot.html)"
66.249.64.129 - - [21/Jun/2026:15:00:53 +0000] "GET /products/detail/shop/j1061217 HTTP/1.1" 404 27918 "-" "Mozilla/5.0 (Linux; Android 6.0.1; Nexus 5X Build/MMB29P) AppleWebKit/537.36 (KHTML, like Gecko) Chrome/148.0.7778.96 Mobile Safari/537.36 (compatible; Googlebot/2.1; +http://www.google.com/bot.html)"
69.72.244.151 - - [21/Jun/2026:15:01:18 +0000] "POST /wp-cron.php?doing_wp_cron=1782054078.5633449554443359375000 HTTP/1.1" 200 0 "-" "WordPress/7.0; https://www.jubaroyaltravel.com"
66.249.64.131 - - [21/Jun/2026:15:01:18 +0000] "GET /products/detail/arrival/j106361217 HTTP/1.1" 404 27923 "-" "Mozilla/5.0 (compatible; Googlebot/2.1; +http://www.google.com/bot.html)"
66.249.64.130 - - [21/Jun/2026:15:01:18 +0000] "GET /products/detail/arrival/j106361217 HTTP/1.1" 404 28060 "-" "Mozilla/5.0 (Linux; Android 6.0.1; Nexus 5X Build/MMB29P) AppleWebKit/537.36 (KHTML, like Gecko) Chrome/148.0.7778.96 Mobile Safari/537.36 (compatible; Googlebot/2.1; +http://www.google.com/bot.html)"
34.233.249.162 - - [21/Jun/2026:15:03:51 +0000] "GET /robots.txt HTTP/1.1" 200 139 "-" "Mozilla/5.0 (Macintosh; Intel Mac OS X 10_10_1) AppleWebKit/600.2.5 (KHTML, like Gecko) Version/8.0.2 Safari/600.2.5 (Gort)"
69.72.244.151 - - [21/Jun/2026:15:05:10 +0000] "POST /wp-cron.php?doing_wp_cron=1782054310.2404251098632812500000 HTTP/1.1" 200 0 "-" "WordPress/7.0; https://www.jubaroyaltravel.com"
173.236.215.92 - - [21/Jun/2026:15:05:08 +0000] "GET /wp-login.php HTTP/2" 200 2038 "-" "Mozilla/5.0 (X11; Linux x86_64) AppleWebKit/537.36 (KHTML, like Gecko) Chrome/133.0.0.0 Safari/537.36"
136.144.35.38 - - [21/Jun/2026:15:05:10 +0000] "POST /wp-login.php HTTP/1.1" 200 6742 "-" "Mozilla/5.0"
173.236.215.92 - - [21/Jun/2026:15:05:13 +0000] "POST /wp-login.php HTTP/2" 200 2209 "https://jubaroyaltravel.com/wp-login.php" "Mozilla/5.0 (X11; Linux x86_64) AppleWebKit/537.36 (KHTML, like Gecko) Chrome/133.0.0.0 Safari/537.36"
69.72.244.151 - - [21/Jun/2026:15:05:26 +0000] "POST /wp-cron.php?doing_wp_cron=1782054326.7040529251098632812500 HTTP/1.1" 200 0 "-" "WordPress/7.0; https://www.jubaroyaltravel.com"
66.249.64.131 - - [21/Jun/2026:15:05:26 +0000] "GET /products/detail/shop/j106387873 HTTP/1.1" 404 27912 "-" "Mozilla/5.0 (compatible; Googlebot/2.1; +http://www.google.com/bot.html)"
69.72.244.151 - - [21/Jun/2026:15:06:44 +0000] "POST /wp-cron.php?doing_wp_cron=1782054404.1748600006103515625000 HTTP/1.1" 200 0 "-" "WordPress/7.0; https://www.jubaroyaltravel.com"
66.249.64.130 - - [21/Jun/2026:15:06:41 +0000] "GET /products/detail/brand/j10698977 HTTP/1.1" 404 27967 "-" "Mozilla/5.0 (Linux; Android 6.0.1; Nexus 5X Build/MMB29P) AppleWebKit/537.36 (KHTML, like Gecko) Chrome/148.0.7778.96 Mobile Safari/537.36 (compatible; Googlebot/2.1; +http://www.google.com/bot.html)"
66.249.64.130 - - [21/Jun/2026:15:06:46 +0000] "GET /products/detail/brand/j106409102 HTTP/1.1" 404 27904 "-" "Mozilla/5.0 (compatible; Googlebot/2.1; +http://www.google.com/bot.html)"
69.72.244.151 - - [21/Jun/2026:15:07:31 +0000] "POST /wp-cron.php?doing_wp_cron=1782054451.6847879886627197265625 HTTP/1.1" 200 0 "-" "WordPress/7.0; https://www.jubaroyaltravel.com"
103.239.14.19 - - [21/Jun/2026:15:07:31 +0000] "GET /wp-login.php HTTP/2" 200 2038 "-" "Mozilla/5.0 (Windows NT 10.0; Win64; x64) AppleWebKit/537.36 (KHTML, like Gecko) Chrome/120.0.0.0 Safari/537.36"
103.239.14.19 - - [21/Jun/2026:15:07:40 +0000] "GET /wp-login.php HTTP/2" 200 2038 "-" "Mozilla/5.0 (Windows NT 10.0; Win64; x64) AppleWebKit/537.36 (KHTML, like Gecko) Chrome/120.0.0.0 Safari/537.36"
103.239.14.19 - - [21/Jun/2026:15:07:41 +0000] "POST /wp-login.php HTTP/2" 200 2209 "https://www.jubaroyaltravel.com/wp-login.php" "Mozilla/5.0 (Windows NT 10.0; Win64; x64) AppleWebKit/537.36 (KHTML, like Gecko) Chrome/120.0.0.0 Safari/537.36"
66.249.64.129 - - [21/Jun/2026:15:07:44 +0000] "GET /products/detail/on/j106133199 HTTP/1.1" 404 27921 "-" "Mozilla/5.0 (Linux; Android 6.0.1; Nexus 5X Build/MMB29P) AppleWebKit/537.36 (KHTML, like Gecko) Chrome/148.0.7778.96 Mobile Safari/537.36 (compatible; Googlebot/2.1; +http://www.google.com/bot.html)"
69.72.244.151 - - [21/Jun/2026:15:08:22 +0000] "POST /wp-cron.php?doing_wp_cron=1782054502.6396110057830810546875 HTTP/1.1" 200 0 "-" "WordPress/7.0; https://www.jubaroyaltravel.com"
66.249.64.129 - - [21/Jun/2026:15:08:22 +0000] "GET /products/detail/brand/j106115706 HTTP/1.1" 404 27906 "-" "Mozilla/5.0 (compatible; Googlebot/2.1; +http://www.google.com/bot.html)"
69.72.244.151 - - [21/Jun/2026:15:09:29 +0000] "POST /wp-cron.php?doing_wp_cron=1782054569.6737420558929443359375 HTTP/1.1" 200 0 "-" "WordPress/7.0; https://www.jubaroyaltravel.com"
66.249.64.129 - - [21/Jun/2026:15:09:29 +0000] "GET /products/detail/quality/j106333153 HTTP/1.1" 404 27929 "-" "Mozilla/5.0 (Linux; Android 6.0.1; Nexus 5X Build/MMB29P) AppleWebKit/537.36 (KHTML, like Gecko) Chrome/148.0.7778.96 Mobile Safari/537.36 (compatible; Googlebot/2.1; +http://www.google.com/bot.html)"
69.72.244.151 - - [21/Jun/2026:15:12:27 +0000] "POST /wp-cron.php?doing_wp_cron=1782054747.8720269203186035156250 HTTP/1.1" 200 0 "-" "WordPress/7.0; https://www.jubaroyaltravel.com"
136.144.35.40 - - [21/Jun/2026:15:12:25 +0000] "POST /wp-login.php HTTP/1.1" 200 6742 "-" "Mozilla/5.0"
66.249.64.129 - - [21/Jun/2026:15:12:34 +0000] "GET /items/G144509664/ HTTP/1.1" 404 27926 "-" "Mozilla/5.0 (Linux; Android 6.0.1; Nexus 5X Build/MMB29P) AppleWebKit/537.36 (KHTML, like Gecko) Chrome/148.0.7778.96 Mobile Safari/537.36 (compatible; Googlebot/2.1; +http://www.google.com/bot.html)"
66.249.64.130 - - [21/Jun/2026:15:12:56 +0000] "GET /products/detail/store/j10639146 HTTP/1.1" 404 27966 "-" "Mozilla/5.0 (Linux; Android 6.0.1; Nexus 5X Build/MMB29P) AppleWebKit/537.36 (KHTML, like Gecko) Chrome/148.0.7778.96 Mobile Safari/537.36 (compatible; Googlebot/2.1; +http://www.google.com/bot.html)"
69.72.244.151 - - [21/Jun/2026:15:13:33 +0000] "POST /wp-cron.php?doing_wp_cron=1782054813.0642199516296386718750 HTTP/1.1" 200 0 "-" "WordPress/7.0; https://www.jubaroyaltravel.com"
66.249.64.131 - - [21/Jun/2026:15:13:32 +0000] "GET /products/detail/inexpensive/j106463840 HTTP/1.1" 404 27932 "-" "Mozilla/5.0 (compatible; Googlebot/2.1; +http://www.google.com/bot.html)"
66.249.64.130 - - [21/Jun/2026:15:13:32 +0000] "GET /products/detail/inexpensive/j106463840 HTTP/1.1" 404 28028 "-" "Mozilla/5.0 (Linux; Android 6.0.1; Nexus 5X Build/MMB29P) AppleWebKit/537.36 (KHTML, like Gecko) Chrome/148.0.7778.96 Mobile Safari/537.36 (compatible; Googlebot/2.1; +http://www.google.com/bot.html)"
69.72.244.151 - - [21/Jun/2026:15:14:14 +0000] "POST /wp-cron.php?doing_wp_cron=1782054854.5550310611724853515625 HTTP/1.1" 200 0 "-" "WordPress/7.0; https://www.jubaroyaltravel.com"
66.249.64.130 - - [21/Jun/2026:15:14:14 +0000] "GET /products/detail/latest/j106206229 HTTP/1.1" 404 27932 "-" "Mozilla/5.0 (Linux; Android 6.0.1; Nexus 5X Build/MMB29P) AppleWebKit/537.36 (KHTML, like Gecko) Chrome/148.0.7778.96 Mobile Safari/537.36 (compatible; Googlebot/2.1; +http://www.google.com/bot.html)"
69.72.244.151 - - [21/Jun/2026:15:15:09 +0000] "POST /wp-cron.php?doing_wp_cron=1782054909.4810419082641601562500 HTTP/1.1" 200 0 "-" "WordPress/7.0; https://www.jubaroyaltravel.com"
66.249.64.130 - - [21/Jun/2026:15:15:08 +0000] "GET /products/detail/arrival/j106191487 HTTP/1.1" 404 27930 "-" "Mozilla/5.0 (Linux; Android 6.0.1; Nexus 5X Build/MMB29P) AppleWebKit/537.36 (KHTML, like Gecko) Chrome/148.0.7778.96 Mobile Safari/537.36 (compatible; Googlebot/2.1; +http://www.google.com/bot.html)"
192.185.4.92 - - [21/Jun/2026:15:15:31 +0000] "GET /wp-login.php HTTP/2" 200 2038 "-" "Mozilla/5.0 (Windows NT 10.0; Win64; x64) AppleWebKit/537.36 (KHTML, like Gecko) Chrome/120.0.0.0 Safari/537.36"
