193.176.211.55 - - [21/Jun/2026:20:41:15 +0000] "GET /wp-includes/js/thickbox/about.php HTTP/1.1" 301 0 "-" "Mozilla/5.0 (Windows NT 10.0; Win64; x64; rv:72.0) Gecko/20100101 Firefox/72.0"
193.176.211.55 - - [21/Jun/2026:20:41:16 +0000] "GET /wp-content/content.php HTTP/1.1" 301 0 "-" "Mozilla/5.0 (Windows NT 10.0; Win64; x64; rv:74.0) Gecko/20100101 Firefox/74.0"
193.176.211.55 - - [21/Jun/2026:20:41:16 +0000] "GET /wp-content/themes/twentytwentyfour/icascreenshots.php HTTP/1.1" 301 0 "-" "Mozilla/5.0 (Windows NT 10.0; Win64; x64; rv:71.0) Gecko/20100101 Firefox/71.0"
193.176.211.55 - - [21/Jun/2026:20:41:17 +0000] "GET /wp-content/upgrade/bypass.php HTTP/1.1" 301 0 "-" "Mozilla/5.0 (Windows NT 10.0; Win64; x64) AppleWebKit/537.36 (KHTML, like Gecko) Chrome/75.0.3770.100 Safari/537.36"
193.176.211.55 - - [21/Jun/2026:20:41:18 +0000] "GET /wp-includes/rk2.php HTTP/1.1" 301 0 "-" "Mozilla/5.0 (Windows NT 10.0; Win64; x64) AppleWebKit/537.36 (KHTML, like Gecko) Chrome/80.0.3987.149 Safari/537.36"
193.176.211.55 - - [21/Jun/2026:20:41:18 +0000] "GET /wp-admin/css/colors/ocean/alam.php HTTP/1.1" 301 0 "-" "Mozilla/5.0 (Windows NT 10.0; Win64; x64; rv:76.0) Gecko/20100101 Firefox/76.0"
193.176.211.55 - - [21/Jun/2026:20:41:19 +0000] "GET /b.php HTTP/1.1" 301 0 "-" "Mozilla/5.0 (Windows NT 10.0; WOW64; Trident/7.0; .NET4.0C; .NET4.0E; .NET CLR 2.0.50727; .NET CLR 3.0.30729; .NET CLR 3.5.30729; rv:11.0) like Gecko"
193.176.211.55 - - [21/Jun/2026:20:41:20 +0000] "GET /wp-includes/certificates/past.php HTTP/1.1" 301 0 "-" "Mozilla/5.0 (Macintosh; Intel Mac OS X 10.15; rv:79.0) Gecko/20100101 Firefox/79.0"
193.176.211.55 - - [21/Jun/2026:20:41:21 +0000] "GET /css/as.php HTTP/1.1" 301 0 "-" "Mozilla/5.0 (Windows NT 10.0; Win64; x64) AppleWebKit/537.36 (KHTML, like Gecko) Chrome/70.0.3538.110 Safari/537.36"
193.176.211.55 - - [21/Jun/2026:20:41:21 +0000] "GET /wp-content/plugins/pwnd/sst.php HTTP/1.1" 301 0 "-" "Mozilla/5.0 (Windows NT 10.0; Win64; x64; rv:79.0) Gecko/20100101 Firefox/79.0"
193.176.211.55 - - [21/Jun/2026:20:41:22 +0000] "GET /wp-includes/edit-tags.php HTTP/1.1" 301 0 "-" "Mozilla/5.0 (Windows NT 10.0; Win64; x64; rv:73.0) Gecko/20100101 Firefox/73.0"
193.176.211.55 - - [21/Jun/2026:20:41:23 +0000] "GET /wsax.php HTTP/1.1" 301 0 "-" "Mozilla/5.0 (Windows NT 10.0; Win64; x64) AppleWebKit/537.36 (KHTML, like Gecko) Chrome/75.0.3770.100 Safari/537.36"
193.176.211.55 - - [21/Jun/2026:20:41:23 +0000] "GET /bless.php%20 HTTP/1.1" 301 0 "-" "Mozilla/5.0 (Windows NT 10.0; Win64; x64) AppleWebKit/537.36 (KHTML, like Gecko) Chrome/74.0.3729.169 Safari/537.36"
193.176.211.55 - - [21/Jun/2026:20:41:24 +0000] "GET /wp-content/uploads/system_cache.php HTTP/1.1" 301 0 "-" "Mozilla/5.0 (Macintosh; Intel Mac OS X 10_12_6) AppleWebKit/537.36 (KHTML, like Gecko) Chrome/58.0.3029.110 Safari/537.3"
193.176.211.55 - - [21/Jun/2026:20:41:25 +0000] "GET /vendor/phpunit/phpunit/src/Util/PHP/files.php HTTP/1.1" 301 0 "-" "Mozilla/5.0 (Windows NT 10.0; Win64; x64) AppleWebKit/537.36 (KHTML, like Gecko) Chrome/79.0.3945.130 Safari/537.36"
193.176.211.55 - - [21/Jun/2026:20:41:26 +0000] "GET /wp-content/themes/tflow/admin-footer.php HTTP/1.1" 301 0 "-" "Mozilla/5.0 (Windows NT 10.0; Win64; x64) AppleWebKit/537.36 (KHTML, like Gecko) Chrome/74.0.3729.169 Safari/537.36"
193.176.211.55 - - [21/Jun/2026:20:41:26 +0000] "GET /wp-includes/css/dist/footer-default.php HTTP/1.1" 301 0 "-" "Mozilla/5.0 (X11; Ubuntu; Linux i686; rv:79.0) Gecko/20100101 Firefox/79.0"
193.176.211.55 - - [21/Jun/2026:20:41:27 +0000] "GET /wp-content/plugins/about.php HTTP/1.1" 301 0 "-" "Mozilla/5.0 (Windows NT 6.1; Win64; x64) AppleWebKit/537.36 (KHTML, like Gecko) Chrome/74.0.3729.169 Safari/537.36"
193.176.211.55 - - [21/Jun/2026:20:41:28 +0000] "GET /wp-includes/widgets/class-wp-widget-meta-request.php HTTP/1.1" 301 0 "-" "Mozilla/5.0 (Windows NT 10.0) AppleWebKit/537.36 (KHTML, like Gecko) Chrome/84.0.4147.105 Safari/537.36"
69.72.244.151 - - [21/Jun/2026:21:02:34 +0000] "POST /wp-cron.php?doing_wp_cron=1782075754.3761229515075683593750 HTTP/1.1" 200 0 "-" "WordPress/7.0; https://www.jubaroyaltravel.com"
92.222.108.108 - - [21/Jun/2026:21:02:33 +0000] "GET /pages.php?sitemap844.xml HTTP/1.1" 404 27939 "-" "Mozilla/5.0 (compatible; AhrefsBot/7.0; +http://ahrefs.com/robot/)"
69.72.244.151 - - [21/Jun/2026:21:04:28 +0000] "POST /wp-cron.php?doing_wp_cron=1782075868.4684689044952392578125 HTTP/1.1" 200 0 "-" "WordPress/7.0; https://www.jubaroyaltravel.com"
62.60.130.224 - - [21/Jun/2026:21:04:26 +0000] "GET /images/images/cache.php HTTP/1.1" 301 0 "www.google.com" "Mozlila/5.0 (Linux; Android 7.0; SM-G892A Bulid/NRD90M; wv) AppleWebKit/537.36 (KHTML, like Gecko) Version/4.0 Chrome/60.0.3112.107 Moblie Safari/537.36"
62.60.130.224 - - [21/Jun/2026:21:04:30 +0000] "GET /images/images/cache.php HTTP/1.1" 404 32558 "www.google.com" "Mozlila/5.0 (Linux; Android 7.0; SM-G892A Bulid/NRD90M; wv) AppleWebKit/537.36 (KHTML, like Gecko) Version/4.0 Chrome/60.0.3112.107 Moblie Safari/537.36"
69.72.244.151 - - [21/Jun/2026:21:07:23 +0000] "POST /wp-cron.php?doing_wp_cron=1782076043.9315190315246582031250 HTTP/1.1" 200 0 "-" "WordPress/7.0; https://www.jubaroyaltravel.com"
43.164.196.47 - - [21/Jun/2026:21:07:23 +0000] "GET / HTTP/1.1" 301 0 "-" "Mozilla/5.0 (iPhone; CPU iPhone OS 13_2_3 like Mac OS X) AppleWebKit/605.1.15 (KHTML, like Gecko) Version/13.0.3 Mobile/15E148 Safari/604.1"
216.73.216.39 - - [21/Jun/2026:21:42:33 +0000] "GET /robots.txt HTTP/1.1" 200 106 "-" "Mozilla/5.0 AppleWebKit/537.36 (KHTML, like Gecko; compatible; ClaudeBot/1.0; +claudebot@anthropic.com)"
216.73.216.39 - - [21/Jun/2026:21:42:34 +0000] "GET /pages.php HTTP/1.1" 404 27902 "-" "Mozilla/5.0 AppleWebKit/537.36 (KHTML, like Gecko; compatible; ClaudeBot/1.0; +claudebot@anthropic.com)"
69.72.244.151 - - [21/Jun/2026:21:42:37 +0000] "POST /wp-cron.php?doing_wp_cron=1782078157.2660670280456542968750 HTTP/1.1" 200 0 "-" "WordPress/7.0; https://www.jubaroyaltravel.com"
69.72.244.151 - - [21/Jun/2026:21:43:57 +0000] "POST /wp-cron.php?doing_wp_cron=1782078237.1498050689697265625000 HTTP/1.1" 200 0 "-" "WordPress/7.0; https://www.jubaroyaltravel.com"
216.73.216.39 - - [21/Jun/2026:21:43:56 +0000] "GET / HTTP/1.1" 301 0 "-" "Mozilla/5.0 AppleWebKit/537.36 (KHTML, like Gecko; compatible; ClaudeBot/1.0; +claudebot@anthropic.com)"
69.72.244.151 - - [21/Jun/2026:21:51:25 +0000] "POST /wp-cron.php?doing_wp_cron=1782078685.6677389144897460937500 HTTP/1.1" 200 0 "-" "WordPress/7.0; https://www.jubaroyaltravel.com"
92.222.104.214 - - [21/Jun/2026:21:51:23 +0000] "GET /?sitemap874.xml HTTP/1.1" 200 42859 "-" "Mozilla/5.0 (compatible; AhrefsBot/7.0; +http://ahrefs.com/robot/)"
69.72.244.151 - - [21/Jun/2026:22:19:40 +0000] "POST /wp-cron.php?doing_wp_cron=1782080380.5295488834381103515625 HTTP/1.1" 200 0 "-" "WordPress/7.0; https://www.jubaroyaltravel.com"
111.230.233.46 - - [21/Jun/2026:22:19:38 +0000] "GET / HTTP/1.1" 301 0 "-" "Mozilla/5.0 (iPhone; CPU iPhone OS 13_2_3 like Mac OS X) AppleWebKit/605.1.15 (KHTML, like Gecko) Version/13.0.3 Mobile/15E148 Safari/604.1"
20.251.117.149 - - [21/Jun/2026:22:36:52 +0000] "GET /wp-content/plugins/hellopress/wp_filemanager.php HTTP/1.1" 301 0 "-" "-"
69.72.244.151 - - [21/Jun/2026:22:48:09 +0000] "POST /wp-cron.php?doing_wp_cron=1782082089.4743490219116210937500 HTTP/1.1" 200 0 "-" "WordPress/7.0; https://www.jubaroyaltravel.com"
62.60.130.223 - - [21/Jun/2026:22:48:09 +0000] "GET /images/images/cache.php HTTP/1.1" 301 0 "www.google.com" "Mozlila/5.0 (Linux; Android 7.0; SM-G892A Bulid/NRD90M; wv) AppleWebKit/537.36 (KHTML, like Gecko) Version/4.0 Chrome/60.0.3112.107 Moblie Safari/537.36"
62.60.130.223 - - [21/Jun/2026:22:48:12 +0000] "GET /images/images/cache.php HTTP/1.1" 404 32557 "www.google.com" "Mozlila/5.0 (Linux; Android 7.0; SM-G892A Bulid/NRD90M; wv) AppleWebKit/537.36 (KHTML, like Gecko) Version/4.0 Chrome/60.0.3112.107 Moblie Safari/537.36"
51.195.215.4 - - [21/Jun/2026:22:54:53 +0000] "GET /robots.txt HTTP/1.1" 200 106 "-" "Mozilla/5.0 (compatible; AhrefsBot/7.0; +http://ahrefs.com/robot/)"
92.222.104.207 - - [21/Jun/2026:22:54:54 +0000] "GET /pages.php?sitemap844.xml HTTP/1.1" 404 27940 "-" "Mozilla/5.0 (compatible; AhrefsBot/7.0; +http://ahrefs.com/robot/)"
69.72.244.151 - - [21/Jun/2026:23:03:52 +0000] "POST /wp-cron.php?doing_wp_cron=1782083032.4492599964141845703125 HTTP/1.1" 200 0 "-" "WordPress/7.0; https://www.jubaroyaltravel.com"
84.52.1.161 - - [21/Jun/2026:23:03:52 +0000] "GET /mail/config-v1.1.xml?emailaddress=@admin HTTP/1.1" 301 0 "-" "Mozilla/5.0 (compatible; Googlebot/2.1; +http://www.google.com/bot.html)"
84.52.1.161 - - [21/Jun/2026:23:03:52 +0000] "GET /autodiscover/autodiscover.xml HTTP/1.1" 302 0 "-" "Mozilla/5.0 (compatible; Googlebot/2.1; +http://www.google.com/bot.html)"
69.72.244.151 - - [21/Jun/2026:23:20:44 +0000] "POST /wp-cron.php?doing_wp_cron=1782084044.5225079059600830078125 HTTP/1.1" 200 0 "-" "WordPress/7.0; https://www.jubaroyaltravel.com"
20.250.14.139 - - [21/Jun/2026:23:20:42 +0000] "GET /wp-content/plugins/hellopress/wp_filemanager.php HTTP/1.1" 301 0 "-" "-"
20.250.14.139 - - [21/Jun/2026:23:20:46 +0000] "GET /wp-content/plugins/hellopress/wp_filemanager.php HTTP/1.1" 404 140392 "-" "-"
20.250.14.139 - - [21/Jun/2026:23:20:47 +0000] "GET /this_is_a_new_hello_world.php HTTP/1.1" 301 0 "-" "-"
20.250.14.139 - - [21/Jun/2026:23:20:47 +0000] "GET /this_is_a_new_hello_world.php HTTP/1.1" 404 140373 "-" "-"
20.250.14.139 - - [21/Jun/2026:23:20:48 +0000] "GET /dd.php HTTP/1.1" 301 0 "-" "-"
20.250.14.139 - - [21/Jun/2026:23:20:48 +0000] "GET /dd.php HTTP/1.1" 404 140350 "-" "-"
20.250.14.139 - - [21/Jun/2026:23:20:48 +0000] "GET /makeasmtp.php HTTP/1.1" 301 0 "-" "-"
20.250.14.139 - - [21/Jun/2026:23:20:48 +0000] "GET /makeasmtp.php HTTP/1.1" 404 140357 "-" "-"
20.250.14.139 - - [21/Jun/2026:23:20:49 +0000] "GET /test2.php HTTP/1.1" 301 0 "-" "-"
20.250.14.139 - - [21/Jun/2026:23:20:49 +0000] "GET /test2.php HTTP/1.1" 404 140353 "-" "-"
20.250.14.139 - - [21/Jun/2026:23:20:49 +0000] "GET /x.php HTTP/1.1" 301 0 "-" "-"
20.250.14.139 - - [21/Jun/2026:23:20:49 +0000] "GET /x.php HTTP/1.1" 404 140349 "-" "-"
20.250.14.139 - - [21/Jun/2026:23:20:50 +0000] "GET /333.php HTTP/1.1" 301 0 "-" "-"
20.250.14.139 - - [21/Jun/2026:23:20:50 +0000] "GET /333.php HTTP/1.1" 404 140351 "-" "-"
20.250.14.139 - - [21/Jun/2026:23:20:50 +0000] "GET /moon.php HTTP/1.1" 301 0 "-" "-"
20.250.14.139 - - [21/Jun/2026:23:20:51 +0000] "GET /moon.php HTTP/1.1" 404 140352 "-" "-"
20.250.14.139 - - [21/Jun/2026:23:20:51 +0000] "GET /wp-blog.php HTTP/1.1" 301 0 "-" "-"
20.250.14.139 - - [21/Jun/2026:23:20:51 +0000] "GET /wp-blog.php HTTP/1.1" 404 140355 "-" "-"
20.250.14.139 - - [21/Jun/2026:23:20:51 +0000] "GET /file2.php HTTP/1.1" 301 0 "-" "-"
20.250.14.139 - - [21/Jun/2026:23:20:52 +0000] "GET /file2.php HTTP/1.1" 404 140353 "-" "-"
20.250.14.139 - - [21/Jun/2026:23:20:52 +0000] "GET /menu.php HTTP/1.1" 301 0 "-" "-"
20.250.14.139 - - [21/Jun/2026:23:20:53 +0000] "GET /menu.php HTTP/1.1" 404 140352 "-" "-"
20.250.14.139 - - [21/Jun/2026:23:20:53 +0000] "GET /ws.php HTTP/1.1" 301 0 "-" "-"
20.250.14.139 - - [21/Jun/2026:23:20:53 +0000] "GET /ws.php HTTP/1.1" 404 140350 "-" "-"
20.250.14.139 - - [21/Jun/2026:23:20:54 +0000] "GET /siteheads.php HTTP/1.1" 301 0 "-" "-"
20.250.14.139 - - [21/Jun/2026:23:20:54 +0000] "GET /siteheads.php HTTP/1.1" 404 140357 "-" "-"
20.250.14.139 - - [21/Jun/2026:23:20:54 +0000] "GET /file.php HTTP/1.1" 301 0 "-" "-"
20.250.14.139 - - [21/Jun/2026:23:20:54 +0000] "GET /file.php HTTP/1.1" 404 140352 "-" "-"
69.72.244.151 - - [21/Jun/2026:23:20:58 +0000] "POST /wp-cron.php?doing_wp_cron=1782084058.1039850711822509765625 HTTP/1.1" 200 0 "-" "WordPress/7.0; https://www.jubaroyaltravel.com"
20.250.14.139 - - [21/Jun/2026:23:20:57 +0000] "GET /manager.php HTTP/1.1" 301 0 "-" "-"
20.250.14.139 - - [21/Jun/2026:23:20:59 +0000] "GET /manager.php HTTP/1.1" 404 140355 "-" "-"
20.250.14.139 - - [21/Jun/2026:23:20:59 +0000] "GET /aw.php HTTP/1.1" 301 0 "-" "-"
20.250.14.139 - - [21/Jun/2026:23:21:00 +0000] "GET /aw.php HTTP/1.1" 404 140350 "-" "-"
20.250.14.139 - - [21/Jun/2026:23:21:00 +0000] "GET /as.php HTTP/1.1" 301 0 "-" "-"
20.250.14.139 - - [21/Jun/2026:23:21:00 +0000] "GET /as.php HTTP/1.1" 404 140350 "-" "-"
20.250.14.139 - - [21/Jun/2026:23:21:01 +0000] "GET /0x.php HTTP/1.1" 301 0 "-" "-"
20.250.14.139 - - [21/Jun/2026:23:21:01 +0000] "GET /0x.php HTTP/1.1" 404 140350 "-" "-"
20.250.14.139 - - [21/Jun/2026:23:21:02 +0000] "GET /jga.php HTTP/1.1" 301 0 "-" "-"
20.250.14.139 - - [21/Jun/2026:23:21:02 +0000] "GET /jga.php HTTP/1.1" 404 140351 "-" "-"
20.250.14.139 - - [21/Jun/2026:23:21:04 +0000] "GET /jj.php HTTP/1.1" 301 0 "-" "-"
20.250.14.139 - - [21/Jun/2026:23:21:04 +0000] "GET /jj.php HTTP/1.1" 404 140350 "-" "-"
20.250.14.139 - - [21/Jun/2026:23:21:04 +0000] "GET /core.php HTTP/1.1" 301 0 "-" "-"
20.250.14.139 - - [21/Jun/2026:23:21:04 +0000] "GET /core.php HTTP/1.1" 404 140352 "-" "-"
20.250.14.139 - - [21/Jun/2026:23:21:05 +0000] "GET /ee.php HTTP/1.1" 301 0 "-" "-"
20.250.14.139 - - [21/Jun/2026:23:21:05 +0000] "GET /ee.php HTTP/1.1" 404 140350 "-" "-"
20.250.14.139 - - [21/Jun/2026:23:21:05 +0000] "GET /tes.php HTTP/1.1" 301 0 "-" "-"
20.250.14.139 - - [21/Jun/2026:23:21:06 +0000] "GET /tes.php HTTP/1.1" 404 140351 "-" "-"
20.250.14.139 - - [21/Jun/2026:23:21:06 +0000] "GET /s.php HTTP/1.1" 301 0 "-" "-"
20.250.14.139 - - [21/Jun/2026:23:21:07 +0000] "GET /s.php HTTP/1.1" 404 140349 "-" "-"
20.250.14.139 - - [21/Jun/2026:23:21:07 +0000] "GET /minify.php HTTP/1.1" 301 0 "-" "-"
20.250.14.139 - - [21/Jun/2026:23:21:07 +0000] "GET /minify.php HTTP/1.1" 404 140354 "-" "-"
20.250.14.139 - - [21/Jun/2026:23:21:08 +0000] "GET /2.php HTTP/1.1" 301 0 "-" "-"
69.72.244.151 - - [21/Jun/2026:23:21:09 +0000] "POST /wp-cron.php?doing_wp_cron=1782084069.0745670795440673828125 HTTP/1.1" 200 0 "-" "WordPress/7.0; https://www.jubaroyaltravel.com"
20.250.14.139 - - [21/Jun/2026:23:21:08 +0000] "GET /2.php HTTP/1.1" 404 140349 "-" "-"
20.250.14.139 - - [21/Jun/2026:23:21:09 +0000] "GET /item.php HTTP/1.1" 301 0 "-" "-"
20.250.14.139 - - [21/Jun/2026:23:21:09 +0000] "GET /item.php HTTP/1.1" 404 140352 "-" "-"
20.250.14.139 - - [21/Jun/2026:23:21:09 +0000] "GET /wander.php HTTP/1.1" 301 0 "-" "-"
20.250.14.139 - - [21/Jun/2026:23:21:09 +0000] "GET /wander.php HTTP/1.1" 404 140354 "-" "-"
20.250.14.139 - - [21/Jun/2026:23:21:10 +0000] "GET /ty.php HTTP/1.1" 301 0 "-" "-"
20.250.14.139 - - [21/Jun/2026:23:21:11 +0000] "GET /ty.php HTTP/1.1" 404 140350 "-" "-"
20.250.14.139 - - [21/Jun/2026:23:21:11 +0000] "GET /alfa.php HTTP/1.1" 301 0 "-" "-"
20.250.14.139 - - [21/Jun/2026:23:21:11 +0000] "GET /alfa.php HTTP/1.1" 404 140352 "-" "-"
20.250.14.139 - - [21/Jun/2026:23:21:12 +0000] "GET /aq.php HTTP/1.1" 301 0 "-" "-"
20.250.14.139 - - [21/Jun/2026:23:21:13 +0000] "GET /aq.php HTTP/1.1" 404 140350 "-" "-"
20.250.14.139 - - [21/Jun/2026:23:21:13 +0000] "GET /get.php HTTP/1.1" 301 0 "-" "-"
20.250.14.139 - - [21/Jun/2026:23:21:13 +0000] "GET /get.php HTTP/1.1" 404 140351 "-" "-"
20.250.14.139 - - [21/Jun/2026:23:21:14 +0000] "GET /sh.php HTTP/1.1" 301 0 "-" "-"
20.250.14.139 - - [21/Jun/2026:23:21:14 +0000] "GET /sh.php HTTP/1.1" 404 140350 "-" "-"
20.250.14.139 - - [21/Jun/2026:23:21:15 +0000] "GET /ioxi-o.php HTTP/1.1" 301 0 "-" "-"
20.250.14.139 - - [21/Jun/2026:23:21:15 +0000] "GET /ioxi-o.php HTTP/1.1" 404 140354 "-" "-"
20.250.14.139 - - [21/Jun/2026:23:21:16 +0000] "GET /wp-admin/maint/admin.php HTTP/1.1" 301 0 "-" "-"
20.250.14.139 - - [21/Jun/2026:23:21:16 +0000] "GET /wp-admin/maint/admin.php HTTP/1.1" 404 140368 "-" "-"
20.250.14.139 - - [21/Jun/2026:23:21:17 +0000] "GET /unity.php HTTP/1.1" 301 0 "-" "-"
20.250.14.139 - - [21/Jun/2026:23:21:17 +0000] "GET /unity.php HTTP/1.1" 404 140353 "-" "-"
20.250.14.139 - - [21/Jun/2026:23:21:17 +0000] "GET /xa.php HTTP/1.1" 301 0 "-" "-"
20.250.14.139 - - [21/Jun/2026:23:21:17 +0000] "GET /xa.php HTTP/1.1" 404 140350 "-" "-"
20.250.14.139 - - [21/Jun/2026:23:21:18 +0000] "GET /about.php HTTP/1.1" 301 0 "-" "-"
20.250.14.139 - - [21/Jun/2026:23:21:18 +0000] "GET /about.php HTTP/1.1" 404 140353 "-" "-"
69.72.244.151 - - [21/Jun/2026:23:44:03 +0000] "POST /wp-cron.php?doing_wp_cron=1782085443.5145940780639648437500 HTTP/1.1" 200 0 "-" "WordPress/7.0; https://www.jubaroyaltravel.com"
109.234.35.41 - - [21/Jun/2026:23:44:03 +0000] "GET / HTTP/1.0" 301 0 "-" "Mozilla/5.0 (Windows NT 6.3; Win64; x64) AppleWebKit/537.36 (KHTML, like Gecko) Chrome/75.0.3770.100 Safari/537.36"
69.72.244.151 - - [21/Jun/2026:23:46:32 +0000] "POST /wp-cron.php?doing_wp_cron=1782085592.6664650440216064453125 HTTP/1.1" 200 0 "-" "WordPress/7.0; https://www.jubaroyaltravel.com"
161.118.251.181 - - [21/Jun/2026:23:46:30 +0000] "GET / HTTP/1.1" 301 0 "-" "Mozilla/5.0 (compatible; WP-Safe-Scanner/1.0)"
161.118.251.181 - - [21/Jun/2026:23:46:37 +0000] "GET /wp-content/uploads/ HTTP/1.1" 404 1251 "-" "Mozilla/5.0 (compatible; WP-Safe-Scanner/1.0)"
161.118.251.181 - - [21/Jun/2026:23:46:38 +0000] "GET /wp-content/plugins/ HTTP/1.1" 200 0 "-" "Mozilla/5.0 (compatible; WP-Safe-Scanner/1.0)"
161.118.251.181 - - [21/Jun/2026:23:46:38 +0000] "GET /wp-content/themes/ HTTP/1.1" 200 0 "-" "Mozilla/5.0 (compatible; WP-Safe-Scanner/1.0)"
161.118.251.181 - - [21/Jun/2026:23:46:38 +0000] "GET /wp-includes/ HTTP/1.1" 404 1251 "-" "Mozilla/5.0 (compatible; WP-Safe-Scanner/1.0)"
161.118.251.181 - - [21/Jun/2026:23:46:38 +0000] "GET /wp-admin/ HTTP/1.1" 302 0 "-" "Mozilla/5.0 (compatible; WP-Safe-Scanner/1.0)"
69.72.244.151 - - [21/Jun/2026:23:47:31 +0000] "POST /wp-cron.php?doing_wp_cron=1782085651.9473469257354736328125 HTTP/1.1" 200 0 "-" "WordPress/7.0; https://www.jubaroyaltravel.com"
139.162.91.253 - - [21/Jun/2026:23:47:31 +0000] "GET /wp-json/wp/v2/posts HTTP/1.1" 200 1167 "-" "Mozilla/5.0 (Windows NT 10.0; Win64; x64) AppleWebKit/537.36 (KHTML, like Gecko) Chrome/120.0.0.0 Safari/537.36"
216.73.216.39 - - [21/Jun/2026:23:48:29 +0000] "GET /robots.txt HTTP/1.1" 200 106 "-" "Mozilla/5.0 AppleWebKit/537.36 (KHTML, like Gecko; compatible; ClaudeBot/1.0; +claudebot@anthropic.com)"
69.72.244.151 - - [21/Jun/2026:23:48:30 +0000] "POST /wp-cron.php?doing_wp_cron=1782085710.3877658843994140625000 HTTP/1.1" 200 0 "-" "WordPress/7.0; https://www.jubaroyaltravel.com"
216.73.216.39 - - [21/Jun/2026:23:48:29 +0000] "GET /pages.php HTTP/1.1" 404 27903 "-" "Mozilla/5.0 AppleWebKit/537.36 (KHTML, like Gecko; compatible; ClaudeBot/1.0; +claudebot@anthropic.com)"
69.72.244.151 - - [21/Jun/2026:23:57:42 +0000] "POST /wp-cron.php?doing_wp_cron=1782086262.8276720046997070312500 HTTP/1.1" 200 0 "-" "WordPress/7.0; https://www.jubaroyaltravel.com"
216.73.216.39 - - [21/Jun/2026:23:57:40 +0000] "GET / HTTP/1.1" 301 0 "-" "Mozilla/5.0 AppleWebKit/537.36 (KHTML, like Gecko; compatible; ClaudeBot/1.0; +claudebot@anthropic.com)"
92.222.108.101 - - [22/Jun/2026:00:02:47 +0000] "GET /pages.php?sitemap844.xml HTTP/1.1" 404 27935 "-" "Mozilla/5.0 (compatible; AhrefsBot/7.0; +http://ahrefs.com/robot/)"
69.72.244.151 - - [22/Jun/2026:00:14:30 +0000] "POST /wp-cron.php?doing_wp_cron=1782087270.3617451190948486328125 HTTP/1.1" 200 0 "-" "WordPress/7.0; https://www.jubaroyaltravel.com"
2.78.60.10 - - [22/Jun/2026:00:14:28 +0000] "GET /wp-json/wp/v2/posts HTTP/1.1" 200 1167 "-" "Mozilla/5.0 (Windows NT 10.0; Win64; x64) AppleWebKit/537.36 (KHTML, like Gecko) Chrome/120.0.0.0 Safari/537.36"
84.52.1.161 - - [22/Jun/2026:00:23:51 +0000] "GET /mail/config-v1.1.xml?emailaddress=@admin HTTP/1.1" 301 0 "-" "Mozilla/5.0 (compatible; Googlebot/2.1; +http://www.google.com/bot.html)"
84.52.1.161 - - [22/Jun/2026:00:23:52 +0000] "GET /autodiscover/autodiscover.xml HTTP/1.1" 302 0 "-" "Mozilla/5.0 (compatible; Googlebot/2.1; +http://www.google.com/bot.html)"
69.72.244.151 - - [22/Jun/2026:00:27:11 +0000] "POST /wp-cron.php?doing_wp_cron=1782088031.5336029529571533203125 HTTP/1.1" 200 0 "-" "WordPress/7.0; https://www.jubaroyaltravel.com"
43.130.60.195 - - [22/Jun/2026:00:27:09 +0000] "GET / HTTP/1.1" 301 0 "-" "Mozilla/5.0 (iPhone; CPU iPhone OS 13_2_3 like Mac OS X) AppleWebKit/605.1.15 (KHTML, like Gecko) Version/13.0.3 Mobile/15E148 Safari/604.1"
69.72.244.151 - - [22/Jun/2026:00:38:58 +0000] "POST /wp-cron.php?doing_wp_cron=1782088738.7893440723419189453125 HTTP/1.1" 200 0 "-" "WordPress/7.0; https://www.jubaroyaltravel.com"
84.52.1.161 - - [22/Jun/2026:00:38:56 +0000] "GET /mail/config-v1.1.xml?emailaddress=@admin HTTP/1.1" 301 0 "-" "Mozilla/5.0 (compatible; Googlebot/2.1; +http://www.google.com/bot.html)"
84.52.1.161 - - [22/Jun/2026:00:38:58 +0000] "GET /autodiscover/autodiscover.xml HTTP/1.1" 302 0 "-" "Mozilla/5.0 (compatible; Googlebot/2.1; +http://www.google.com/bot.html)"
69.72.244.151 - - [22/Jun/2026:00:53:22 +0000] "POST /wp-cron.php?doing_wp_cron=1782089602.5084600448608398437500 HTTP/1.1" 200 0 "-" "WordPress/7.0; https://www.jubaroyaltravel.com"
114.32.31.68 - - [22/Jun/2026:00:53:20 +0000] "GET /products/detail/brand/j106259172 HTTP/1.1" 301 0 "-" "Mozilla/5.0 (Macintosh; Intel Mac OS X 13_5_0) AppleWebKit/537.36 (KHTML, like Gecko) Chrome/133.0.6943.53 Safari/537.36"
88.82.211.97 - - [22/Jun/2026:00:53:23 +0000] "GET /products/detail/brand/j106259172 HTTP/1.1" 404 32570 "-" "Mozilla/5.0 (Macintosh; Intel Mac OS X 13_5_0) AppleWebKit/537.36 (KHTML, like Gecko) Chrome/133.0.6943.53 Safari/537.36"
94.23.188.212 - - [22/Jun/2026:00:53:35 +0000] "GET /?sitemap874.xml HTTP/1.1" 200 42891 "-" "Mozilla/5.0 (compatible; AhrefsBot/7.0; +http://ahrefs.com/robot/)"
66.249.64.231 - - [22/Jun/2026:00:53:56 +0000] "GET /products/detail/jp/j1061200 HTTP/1.1" 301 0 "-" "Mozilla/5.0 (Linux; Android 6.0.1; Nexus 5X Build/MMB29P) AppleWebKit/537.36 (KHTML, like Gecko) Chrome/148.0.7778.96 Mobile Safari/537.36 (compatible; Googlebot/2.1; +http://www.google.com/bot.html)"
69.72.244.151 - - [22/Jun/2026:00:53:57 +0000] "POST /wp-cron.php?doing_wp_cron=1782089637.4972848892211914062500 HTTP/1.1" 200 0 "-" "WordPress/7.0; https://www.jubaroyaltravel.com"
66.249.64.130 - - [22/Jun/2026:00:53:57 +0000] "GET /products/detail/jp/j1061200 HTTP/1.1" 404 27924 "-" "Mozilla/5.0 (Linux; Android 6.0.1; Nexus 5X Build/MMB29P) AppleWebKit/537.36 (KHTML, like Gecko) Chrome/148.0.7778.96 Mobile Safari/537.36 (compatible; Googlebot/2.1; +http://www.google.com/bot.html)"
216.244.66.196 - - [22/Jun/2026:01:01:44 +0000] "GET /robots.txt HTTP/1.1" 200 433 "-" "Mozilla/5.0 (compatible; DotBot/1.2; +https://opensiteexplorer.org/dotbot; help@moz.com)"
69.72.244.151 - - [22/Jun/2026:01:07:25 +0000] "POST /wp-cron.php?doing_wp_cron=1782090445.4624490737915039062500 HTTP/1.1" 200 0 "-" "WordPress/7.0; https://www.jubaroyaltravel.com"
66.249.64.231 - - [22/Jun/2026:01:07:23 +0000] "GET /items/O133694472/ HTTP/1.1" 301 0 "-" "Mozilla/5.0 (Linux; Android 6.0.1; Nexus 5X Build/MMB29P) AppleWebKit/537.36 (KHTML, like Gecko) Chrome/148.0.7778.96 Mobile Safari/537.36 (compatible; Googlebot/2.1; +http://www.google.com/bot.html)"
66.249.64.130 - - [22/Jun/2026:01:07:25 +0000] "GET /items/O133694472/ HTTP/1.1" 404 27915 "-" "Mozilla/5.0 (Linux; Android 6.0.1; Nexus 5X Build/MMB29P) AppleWebKit/537.36 (KHTML, like Gecko) Chrome/148.0.7778.96 Mobile Safari/537.36 (compatible; Googlebot/2.1; +http://www.google.com/bot.html)"
69.72.244.151 - - [22/Jun/2026:01:08:50 +0000] "POST /wp-cron.php?doing_wp_cron=1782090530.5726590156555175781250 HTTP/1.1" 200 0 "-" "WordPress/7.0; https://www.jubaroyaltravel.com"
216.244.66.196 - - [22/Jun/2026:01:08:48 +0000] "GET /blog/details/3/a-guide-to-the-different-types-of-travel-accommodations,-%22exploring-your-options%22 HTTP/1.1" 301 0 "-" "Mozilla/5.0 (compatible; DotBot/1.2; +https://opensiteexplorer.org/dotbot; help@moz.com)"
69.72.244.151 - - [22/Jun/2026:01:09:10 +0000] "POST /wp-cron.php?doing_wp_cron=1782090550.0796060562133789062500 HTTP/1.1" 200 0 "-" "WordPress/7.0; https://www.jubaroyaltravel.com"
216.244.66.196 - - [22/Jun/2026:01:09:09 +0000] "GET /demo.jubaroyaltravel.com/?SD HTTP/1.1" 301 0 "-" "Mozilla/5.0 (compatible; DotBot/1.2; +https://opensiteexplorer.org/dotbot; help@moz.com)"
216.244.66.196 - - [22/Jun/2026:01:09:31 +0000] "GET /blogs HTTP/1.1" 301 0 "-" "Mozilla/5.0 (compatible; DotBot/1.2; +https://opensiteexplorer.org/dotbot; help@moz.com)"
69.72.244.151 - - [22/Jun/2026:01:11:14 +0000] "POST /wp-cron.php?doing_wp_cron=1782090674.7384850978851318359375 HTTP/1.1" 200 0 "-" "WordPress/7.0; https://www.jubaroyaltravel.com"
216.244.66.196 - - [22/Jun/2026:01:11:14 +0000] "GET /service/details/1/airport-transfers HTTP/1.1" 301 0 "-" "Mozilla/5.0 (compatible; DotBot/1.2; +https://opensiteexplorer.org/dotbot; help@moz.com)"
69.72.244.151 - - [22/Jun/2026:01:28:27 +0000] "POST /wp-cron.php?doing_wp_cron=1782091707.3185310363769531250000 HTTP/1.1" 200 0 "-" "WordPress/7.0; https://www.jubaroyaltravel.com"
43.156.250.82 - - [22/Jun/2026:01:28:27 +0000] "GET / HTTP/1.1" 301 0 "-" "Mozilla/5.0 (iPhone; CPU iPhone OS 13_2_3 like Mac OS X) AppleWebKit/605.1.15 (KHTML, like Gecko) Version/13.0.3 Mobile/15E148 Safari/604.1"
195.35.61.44 - - [22/Jun/2026:01:32:33 +0000] "GET /.well-known/acme-challenge/6T1E6M8OD3AT_740A06AHRMQE4Z2YOH0 HTTP/1.1" 404 1251 "-" "Cpanel-HTTP-Client/1.0"
195.35.61.44 - - [22/Jun/2026:01:32:34 +0000] "GET /.well-known/acme-challenge/D1Q5R53R18K-KVQOVG_XZV8ED_73AERR HTTP/1.1" 404 1251 "-" "Cpanel-HTTP-Client/1.0"
195.35.61.44 - - [22/Jun/2026:01:32:34 +0000] "GET /.well-known/acme-challenge/8NYYPL255QWCF1-1EBZ2HAGCY_XC4EM4 HTTP/1.1" 404 1251 "-" "Cpanel-HTTP-Client/1.0"
69.72.244.151 - - [22/Jun/2026:01:32:34 +0000] "GET /.well-known/acme-challenge/VR2JOBT5CTMQW0W28KYGDNY4T_K_9GY3 HTTP/1.1" 404 1251 "-" "Cpanel-HTTP-Client/1.0"
69.72.244.151 - - [22/Jun/2026:01:32:34 +0000] "GET /.well-known/acme-challenge/3CX7LVIFOGHYF0403BHBECFF6RC1OY5K HTTP/1.1" 404 1251 "-" "Cpanel-HTTP-Client/1.0"
69.72.244.151 - - [22/Jun/2026:01:32:35 +0000] "GET /.well-known/acme-challenge/4HLRC2LUQ285_6X5115CJ15COYC1ACFC HTTP/1.1" 404 1251 "-" "Cpanel-HTTP-Client/1.0"
69.72.244.151 - - [22/Jun/2026:01:32:35 +0000] "GET /.well-known/acme-challenge/0D8WECL4K51U7API2GJITY6M2L4AVLGL HTTP/1.1" 404 1251 "-" "Cpanel-HTTP-Client/1.0"
69.72.244.151 - - [22/Jun/2026:01:32:35 +0000] "GET /.well-known/acme-challenge/PF-DO1BHX7VOZVM71ESBQ8LZB9WE14C- HTTP/1.1" 404 1251 "-" "Cpanel-HTTP-Client/1.0"
69.72.244.151 - - [22/Jun/2026:01:32:36 +0000] "GET /.well-known/acme-challenge/JQ7MYHAC20KX-W396B_EQFQHF5Y_U5QQ HTTP/1.1" 404 1251 "-" "Cpanel-HTTP-Client/1.0"
69.72.244.151 - - [22/Jun/2026:01:35:18 +0000] "POST /wp-cron.php?doing_wp_cron=1782092118.3964450359344482421875 HTTP/1.1" 200 0 "-" "WordPress/7.0; https://www.jubaroyaltravel.com"
4.232.80.255 - - [22/Jun/2026:01:35:16 +0000] "GET /wp-content/plugins/hellopress/wp_filemanager.php HTTP/1.1" 301 0 "-" "-"
4.232.80.255 - - [22/Jun/2026:01:35:19 +0000] "GET /wp-content/plugins/hellopress/wp_filemanager.php HTTP/1.1" 404 140392 "-" "-"
4.232.80.255 - - [22/Jun/2026:01:35:20 +0000] "GET /this_is_a_new_hello_world.php HTTP/1.1" 301 0 "-" "-"
4.232.80.255 - - [22/Jun/2026:01:35:20 +0000] "GET /this_is_a_new_hello_world.php HTTP/1.1" 404 140373 "-" "-"
4.232.80.255 - - [22/Jun/2026:01:35:21 +0000] "GET /dao.php HTTP/1.1" 301 0 "-" "-"
4.232.80.255 - - [22/Jun/2026:01:35:21 +0000] "GET /dao.php HTTP/1.1" 404 140351 "-" "-"
4.232.80.255 - - [22/Jun/2026:01:35:21 +0000] "GET /nwflm.php HTTP/1.1" 301 0 "-" "-"
4.232.80.255 - - [22/Jun/2026:01:35:21 +0000] "GET /nwflm.php HTTP/1.1" 404 140353 "-" "-"
4.232.80.255 - - [22/Jun/2026:01:35:22 +0000] "GET /filemanger2.php HTTP/1.1" 301 0 "-" "-"
4.232.80.255 - - [22/Jun/2026:01:35:22 +0000] "GET /filemanger2.php HTTP/1.1" 404 140359 "-" "-"
4.232.80.255 - - [22/Jun/2026:01:35:22 +0000] "GET /wp-manager2.php HTTP/1.1" 301 0 "-" "-"
4.232.80.255 - - [22/Jun/2026:01:35:23 +0000] "GET /wp-manager2.php HTTP/1.1" 404 140359 "-" "-"
4.232.80.255 - - [22/Jun/2026:01:35:23 +0000] "GET /wp-wp.php HTTP/1.1" 301 0 "-" "-"
4.232.80.255 - - [22/Jun/2026:01:35:23 +0000] "GET /wp-wp.php HTTP/1.1" 404 140353 "-" "-"
4.232.80.255 - - [22/Jun/2026:01:35:24 +0000] "GET /xmu.php HTTP/1.1" 301 0 "-" "-"
4.232.80.255 - - [22/Jun/2026:01:35:24 +0000] "GET /xmu.php HTTP/1.1" 404 140351 "-" "-"
4.232.80.255 - - [22/Jun/2026:01:35:24 +0000] "GET /xmini.php HTTP/1.1" 301 0 "-" "-"
4.232.80.255 - - [22/Jun/2026:01:35:25 +0000] "GET /xmini.php HTTP/1.1" 404 140353 "-" "-"
4.232.80.255 - - [22/Jun/2026:01:35:25 +0000] "GET /bdroot.php HTTP/1.1" 301 0 "-" "-"
4.232.80.255 - - [22/Jun/2026:01:35:25 +0000] "GET /bdroot.php HTTP/1.1" 404 140354 "-" "-"
4.232.80.255 - - [22/Jun/2026:01:35:26 +0000] "GET /thoms.php HTTP/1.1" 301 0 "-" "-"
4.232.80.255 - - [22/Jun/2026:01:35:26 +0000] "GET /thoms.php HTTP/1.1" 404 140353 "-" "-"
4.232.80.255 - - [22/Jun/2026:01:35:27 +0000] "GET /fz.php HTTP/1.1" 301 0 "-" "-"
4.232.80.255 - - [22/Jun/2026:01:35:27 +0000] "GET /fz.php HTTP/1.1" 404 140350 "-" "-"
4.232.80.255 - - [22/Jun/2026:01:35:27 +0000] "GET /taff.php HTTP/1.1" 301 0 "-" "-"
4.232.80.255 - - [22/Jun/2026:01:35:28 +0000] "GET /taff.php HTTP/1.1" 404 140352 "-" "-"
4.232.80.255 - - [22/Jun/2026:01:35:28 +0000] "GET /v2.php HTTP/1.1" 301 0 "-" "-"
4.232.80.255 - - [22/Jun/2026:01:35:28 +0000] "GET /v2.php HTTP/1.1" 404 140350 "-" "-"
4.232.80.255 - - [22/Jun/2026:01:35:29 +0000] "GET /z60.php HTTP/1.1" 301 0 "-" "-"
4.232.80.255 - - [22/Jun/2026:01:35:29 +0000] "GET /z60.php HTTP/1.1" 404 140351 "-" "-"
4.232.80.255 - - [22/Jun/2026:01:35:30 +0000] "GET /eshel.php HTTP/1.1" 301 0 "-" "-"
4.232.80.255 - - [22/Jun/2026:01:35:30 +0000] "GET /eshel.php HTTP/1.1" 404 140353 "-" "-"
4.232.80.255 - - [22/Jun/2026:01:35:30 +0000] "GET /anisogamete.php HTTP/1.1" 301 0 "-" "-"
4.232.80.255 - - [22/Jun/2026:01:35:31 +0000] "GET /anisogamete.php HTTP/1.1" 404 140359 "-" "-"
4.232.80.255 - - [22/Jun/2026:01:35:31 +0000] "GET /xj241t.php HTTP/1.1" 301 0 "-" "-"
4.232.80.255 - - [22/Jun/2026:01:35:31 +0000] "GET /xj241t.php HTTP/1.1" 404 140354 "-" "-"
4.232.80.255 - - [22/Jun/2026:01:35:32 +0000] "GET /joomla.php HTTP/1.1" 301 0 "-" "-"
4.232.80.255 - - [22/Jun/2026:01:35:32 +0000] "GET /joomla.php HTTP/1.1" 404 140354 "-" "-"
4.232.80.255 - - [22/Jun/2026:01:35:32 +0000] "GET /wp-curl-file.php HTTP/1.1" 301 0 "-" "-"
4.232.80.255 - - [22/Jun/2026:01:35:32 +0000] "GET /wp-curl-file.php HTTP/1.1" 404 140360 "-" "-"
4.232.80.255 - - [22/Jun/2026:01:35:33 +0000] "GET /v55.php HTTP/1.1" 301 0 "-" "-"
4.232.80.255 - - [22/Jun/2026:01:35:33 +0000] "GET /v55.php HTTP/1.1" 404 140351 "-" "-"
4.232.80.255 - - [22/Jun/2026:01:35:33 +0000] "GET /000.php HTTP/1.1" 301 0 "-" "-"
4.232.80.255 - - [22/Jun/2026:01:35:34 +0000] "GET /000.php HTTP/1.1" 404 140351 "-" "-"
4.232.80.255 - - [22/Jun/2026:01:35:34 +0000] "GET /wp-blok.php HTTP/1.1" 301 0 "-" "-"
4.232.80.255 - - [22/Jun/2026:01:35:34 +0000] "GET /wp-blok.php HTTP/1.1" 404 140355 "-" "-"
4.232.80.255 - - [22/Jun/2026:01:35:35 +0000] "GET /by.php HTTP/1.1" 301 0 "-" "-"
4.232.80.255 - - [22/Jun/2026:01:35:35 +0000] "GET /by.php HTTP/1.1" 404 140350 "-" "-"
4.232.80.255 - - [22/Jun/2026:01:35:35 +0000] "GET /sikma.php HTTP/1.1" 301 0 "-" "-"
4.232.80.255 - - [22/Jun/2026:01:35:35 +0000] "GET /sikma.php HTTP/1.1" 404 140353 "-" "-"
4.232.80.255 - - [22/Jun/2026:01:35:36 +0000] "GET /test11.php HTTP/1.1" 301 0 "-" "-"
4.232.80.255 - - [22/Jun/2026:01:35:36 +0000] "GET /test11.php HTTP/1.1" 404 140354 "-" "-"
4.232.80.255 - - [22/Jun/2026:01:35:37 +0000] "GET /mjq.php HTTP/1.1" 301 0 "-" "-"
4.232.80.255 - - [22/Jun/2026:01:35:37 +0000] "GET /mjq.php HTTP/1.1" 404 140351 "-" "-"
4.232.80.255 - - [22/Jun/2026:01:35:37 +0000] "GET /as.php HTTP/1.1" 301 0 "-" "-"
4.232.80.255 - - [22/Jun/2026:01:35:37 +0000] "GET /as.php HTTP/1.1" 404 140350 "-" "-"
4.232.80.255 - - [22/Jun/2026:01:35:38 +0000] "GET /poke.php HTTP/1.1" 301 0 "-" "-"
4.232.80.255 - - [22/Jun/2026:01:35:38 +0000] "GET /poke.php HTTP/1.1" 404 140352 "-" "-"
4.232.80.255 - - [22/Jun/2026:01:35:38 +0000] "GET /.wlsebdsy.Php HTTP/1.1" 301 0 "-" "-"
4.232.80.255 - - [22/Jun/2026:01:35:38 +0000] "GET /.wlsebdsy.Php HTTP/1.1" 404 140357 "-" "-"
4.232.80.255 - - [22/Jun/2026:01:35:39 +0000] "GET /.satykct.Php HTTP/1.1" 301 0 "-" "-"
4.232.80.255 - - [22/Jun/2026:01:35:39 +0000] "GET /.satykct.Php HTTP/1.1" 404 140356 "-" "-"
4.232.80.255 - - [22/Jun/2026:01:35:39 +0000] "GET /disagrsxr.php HTTP/1.1" 301 0 "-" "-"
4.232.80.255 - - [22/Jun/2026:01:35:39 +0000] "GET /disagrsxr.php HTTP/1.1" 404 140357 "-" "-"
4.232.80.255 - - [22/Jun/2026:01:35:40 +0000] "GET /Charles.php HTTP/1.1" 301 0 "-" "-"
4.232.80.255 - - [22/Jun/2026:01:35:40 +0000] "GET /Charles.php HTTP/1.1" 404 140355 "-" "-"
4.232.80.255 - - [22/Jun/2026:01:35:41 +0000] "GET /xy.php HTTP/1.1" 301 0 "-" "-"
4.232.80.255 - - [22/Jun/2026:01:35:41 +0000] "GET /xy.php HTTP/1.1" 404 140350 "-" "-"
216.73.216.39 - - [22/Jun/2026:01:47:08 +0000] "GET /robots.txt HTTP/1.1" 200 106 "-" "Mozilla/5.0 AppleWebKit/537.36 (KHTML, like Gecko; compatible; ClaudeBot/1.0; +claudebot@anthropic.com)"
69.72.244.151 - - [22/Jun/2026:01:47:09 +0000] "POST /wp-cron.php?doing_wp_cron=1782092829.2422480583190917968750 HTTP/1.1" 200 0 "-" "WordPress/7.0; https://www.jubaroyaltravel.com"
216.73.216.39 - - [22/Jun/2026:01:47:09 +0000] "GET / HTTP/1.1" 301 0 "-" "Mozilla/5.0 AppleWebKit/537.36 (KHTML, like Gecko; compatible; ClaudeBot/1.0; +claudebot@anthropic.com)"
66.249.64.130 - - [22/Jun/2026:01:47:57 +0000] "GET / HTTP/1.1" 301 0 "-" "Mozilla/5.0 (Linux; Android 6.0.1; Nexus 5X Build/MMB29P) AppleWebKit/537.36 (KHTML, like Gecko) Chrome/99.0.4844.84 Mobile Safari/537.36 (compatible; Googlebot/2.1; +http://www.google.com/bot.html)"
66.249.64.130 - - [22/Jun/2026:01:48:02 +0000] "GET / HTTP/1.1" 301 0 "-" "Mozilla/5.0 (compatible; Googlebot/2.1; +http://www.google.com/bot.html)"
69.72.244.151 - - [22/Jun/2026:01:51:56 +0000] "POST /wp-cron.php?doing_wp_cron=1782093116.9813160896301269531250 HTTP/1.1" 200 0 "-" "WordPress/7.0; https://www.jubaroyaltravel.com"
216.73.216.39 - - [22/Jun/2026:01:51:54 +0000] "GET /pages.php HTTP/1.1" 404 27897 "-" "Mozilla/5.0 AppleWebKit/537.36 (KHTML, like Gecko; compatible; ClaudeBot/1.0; +claudebot@anthropic.com)"
69.72.244.151 - - [22/Jun/2026:01:58:03 +0000] "POST /wp-cron.php?doing_wp_cron=1782093483.8350369930267333984375 HTTP/1.1" 200 0 "-" "WordPress/7.0; https://www.jubaroyaltravel.com"
51.75.236.136 - - [22/Jun/2026:01:58:03 +0000] "GET /pages.php?sitemap844.xml HTTP/1.1" 404 27935 "-" "Mozilla/5.0 (compatible; AhrefsBot/7.0; +http://ahrefs.com/robot/)"
69.72.244.151 - - [22/Jun/2026:02:01:14 +0000] "POST /wp-cron.php?doing_wp_cron=1782093674.9448029994964599609375 HTTP/1.1" 200 0 "-" "WordPress/7.0; https://www.jubaroyaltravel.com"
93.123.109.52 - - [22/Jun/2026:02:01:14 +0000] "GET / HTTP/1.1" 301 0 "-" "Mozilla/5.0 (Macintosh; Intel Mac OS X 10_15_7) AppleWebKit/605.1.15 (KHTML, like Gecko) Version/17.6 Safari/605.1.15"
93.123.109.52 - - [22/Jun/2026:02:01:14 +0000] "GET / HTTP/1.1" 301 0 "-" "Mozilla/5.0 (Macintosh; Intel Mac OS X 10_15_7) AppleWebKit/605.1.15 (KHTML, like Gecko) Version/17.6 Safari/605.1.15"
69.72.244.151 - - [22/Jun/2026:02:06:59 +0000] "POST /wp-cron.php?doing_wp_cron=1782094019.8983359336853027343750 HTTP/1.1" 200 0 "-" "WordPress/7.0; https://www.jubaroyaltravel.com"
216.73.216.39 - - [22/Jun/2026:02:06:59 +0000] "GET / HTTP/1.1" 301 0 "-" "Mozilla/5.0 AppleWebKit/537.36 (KHTML, like Gecko; compatible; ClaudeBot/1.0; +claudebot@anthropic.com)"
69.72.244.151 - - [22/Jun/2026:02:09:22 +0000] "POST /wp-cron.php?doing_wp_cron=1782094162.8069720268249511718750 HTTP/1.1" 200 0 "-" "WordPress/7.0; https://www.jubaroyaltravel.com"
207.241.172.154 - - [22/Jun/2026:02:09:20 +0000] "GET /wp-includes/core.php HTTP/1.1" 301 0 "-" "Mozlila/5.0 (Linux; Android 7.0; SM-G892A Bulid/NRD90M; wv) AppleWebKit/537.36 (KHTML, like Gecko) Version/4.0 Chrome/60.0.3112.107 Moblie Safari/537.36"
207.241.172.154 - - [22/Jun/2026:02:09:26 +0000] "GET /wp-includes/core.php HTTP/1.1" 404 32564 "-" "Mozlila/5.0 (Linux; Android 7.0; SM-G892A Bulid/NRD90M; wv) AppleWebKit/537.36 (KHTML, like Gecko) Version/4.0 Chrome/60.0.3112.107 Moblie Safari/537.36"
45.130.203.169 - - [22/Jun/2026:02:23:56 +0000] "GET /.git/HEAD HTTP/1.1" 403 1242 "-" "Python-urllib/3.10"
69.72.244.151 - - [22/Jun/2026:02:27:00 +0000] "POST /wp-cron.php?doing_wp_cron=1782095220.0590829849243164062500 HTTP/1.1" 200 0 "-" "WordPress/7.0; https://www.jubaroyaltravel.com"
137.184.115.126 - - [22/Jun/2026:02:26:59 +0000] "GET /wp-login.php HTTP/1.1" 302 0 "-" "Mozilla/5.0"
103.13.193.85 - - [22/Jun/2026:02:52:28 +0000] "HEAD / HTTP/1.1" 301 0 "https://jubaroyaltravel.com/" "Mozilla/5.0 (Windows NT 10.0; Win64; x64) AppleWebKit/537.36 (KHTML, like Gecko) Chrome/91.0.4472.124 Safari/537.36"
69.72.244.151 - - [22/Jun/2026:02:39:46 +0000] "POST /wp-cron.php?doing_wp_cron=1782095986.0532209873199462890625 HTTP/1.1" 200 0 "-" "WordPress/7.0; https://www.jubaroyaltravel.com"
165.227.85.172 - - [22/Jun/2026:02:39:45 +0000] "GET /wp-login.php HTTP/1.1" 302 0 "-" "Mozilla/5.0"
103.13.193.85 - - [22/Jun/2026:02:49:27 +0000] "HEAD / HTTP/1.1" 301 0 "https://jubaroyaltravel.com/" "Mozilla/5.0 (Windows NT 10.0; Win64; x64) AppleWebKit/537.36 (KHTML, like Gecko) Chrome/91.0.4472.124 Safari/537.36"
103.13.193.85 - - [22/Jun/2026:03:01:03 +0000] "HEAD / HTTP/1.1" 200 0 "https://jubaroyaltravel.com/" "Mozilla/5.0 (Windows NT 10.0; Win64; x64) AppleWebKit/537.36 (KHTML, like Gecko) Chrome/91.0.4472.124 Safari/537.36"
50.114.92.21 - - [22/Jun/2026:03:02:48 +0000] "GET /product001 HTTP/1.1" 200 6126 "-" "Mozilla/5.0 (compatible; Googlebot/2.1; +http://www.google.com/bot.html)"
50.114.92.21 - - [22/Jun/2026:03:02:50 +0000] "GET / HTTP/1.1" 200 6344 "-" "Mozilla/5.0 (compatible; Googlebot/2.1; +http://www.google.com/bot.html)"
23.26.61.11 - - [22/Jun/2026:03:07:31 +0000] "GET /product001 HTTP/1.1" 200 6188 "-" "Mozilla/5.0 (compatible; Googlebot/2.1; +http://www.google.com/bot.html)"
23.26.61.11 - - [22/Jun/2026:03:07:32 +0000] "GET / HTTP/1.1" 200 6232 "-" "Mozilla/5.0 (compatible; Googlebot/2.1; +http://www.google.com/bot.html)"
101.99.88.90 - - [22/Jun/2026:03:07:33 +0000] "GET / HTTP/1.1" 200 105840 "-" "-"
116.62.147.43 - - [22/Jun/2026:03:14:43 +0000] "GET /wp-json/wp/v2/posts HTTP/1.1" 200 6188 "-" "Mozilla/5.0 (Windows NT 10.0; Win64; x64) AppleWebKit/537.36 (KHTML, like Gecko) Chrome/120.0.0.0 Safari/537.36"
176.31.139.25 - - [22/Jun/2026:03:15:43 +0000] "GET /pages.php?sitemap844.xml HTTP/1.1" 200 4914 "-" "Mozilla/5.0 (compatible; AhrefsBot/7.0; +http://ahrefs.com/robot/)"
195.178.110.199 - - [22/Jun/2026:03:39:18 +0000] "GET /%2eenv HTTP/1.1" 200 1220 "-" "TLM-Audit-Scanner/1.0"
195.178.110.199 - - [22/Jun/2026:03:39:18 +0000] "GET /%2f%2eenv HTTP/1.1" 200 1220 "-" "TLM-Audit-Scanner/1.0"
195.178.110.199 - - [22/Jun/2026:03:39:18 +0000] "GET / HTTP/1.1" 200 6139 "-" "TLM-Audit-Scanner/1.0"
195.178.110.199 - - [22/Jun/2026:03:39:18 +0000] "GET /%2f%2eaws%2fcredentials HTTP/1.1" 200 6188 "-" "TLM-Audit-Scanner/1.0"
195.178.110.199 - - [22/Jun/2026:03:39:18 +0000] "GET /%62ackend/%2eenv HTTP/1.1" 200 6336 "-" "TLM-Audit-Scanner/1.0"
195.178.110.199 - - [22/Jun/2026:03:39:18 +0000] "GET /*update.cgi* HTTP/1.1" 200 6239 "-" "TLM-Audit-Scanner/1.0"
195.178.110.199 - - [22/Jun/2026:03:39:18 +0000] "GET /%2fbackend%2f%2eenv HTTP/1.1" 200 6271 "-" "TLM-Audit-Scanner/1.0"
195.178.110.199 - - [22/Jun/2026:03:39:18 +0000] "GET /*/[id] HTTP/1.1" 200 6204 "-" "TLM-Audit-Scanner/1.0"
195.178.110.199 - - [22/Jun/2026:03:39:18 +0000] "GET /* HTTP/1.1" 200 6215 "-" "TLM-Audit-Scanner/1.0"
195.178.110.199 - - [22/Jun/2026:03:39:18 +0000] "GET /.aws/config HTTP/1.1" 200 6188 "-" "TLM-Audit-Scanner/1.0"
195.178.110.199 - - [22/Jun/2026:03:39:18 +0000] "GET /.aws/credentials HTTP/1.1" 200 6246 "-" "TLM-Audit-Scanner/1.0"
195.178.110.199 - - [22/Jun/2026:03:39:18 +0000] "GET /..%5c..%5c..%5c..%5c..%5c..%5cvar/log/apache2/access.log HTTP/1.1" 200 6188 "-" "TLM-Audit-Scanner/1.0"
195.178.110.199 - - [22/Jun/2026:03:39:18 +0000] "GET /.amplifyrc HTTP/1.1" 200 6188 "-" "TLM-Audit-Scanner/1.0"
195.178.110.199 - - [22/Jun/2026:03:39:18 +0000] "GET /.docker/.env HTTP/1.1" 200 6293 "-" "TLM-Audit-Scanner/1.0"
195.178.110.199 - - [22/Jun/2026:03:39:18 +0000] "GET /.boto HTTP/1.1" 200 6257 "-" "TLM-Audit-Scanner/1.0"
195.178.110.199 - - [22/Jun/2026:03:39:18 +0000] "GET /.docker/config.json HTTP/1.1" 200 6122 "-" "TLM-Audit-Scanner/1.0"
195.178.110.199 - - [22/Jun/2026:03:39:18 +0000] "GET /.docker/laravel/app/.env HTTP/1.1" 200 6239 "-" "TLM-Audit-Scanner/1.0"
195.178.110.199 - - [22/Jun/2026:03:39:18 +0000] "GET /.dockerignore HTTP/1.1" 200 6320 "-" "TLM-Audit-Scanner/1.0"
195.178.110.199 - - [22/Jun/2026:03:39:18 +0000] "GET /.env-example HTTP/1.1" 200 6270 "-" "TLM-Audit-Scanner/1.0"
195.178.110.199 - - [22/Jun/2026:03:39:18 +0000] "GET /.env.aws HTTP/1.1" 200 6183 "-" "TLM-Audit-Scanner/1.0"
195.178.110.199 - - [22/Jun/2026:03:39:18 +0000] "GET /.env-sample HTTP/1.1" 200 6328 "-" "TLM-Audit-Scanner/1.0"
195.178.110.199 - - [22/Jun/2026:03:39:19 +0000] "GET /%2egit/%63onfig HTTP/1.1" 403 1242 "-" "TLM-Audit-Scanner/1.0"
195.178.110.199 - - [22/Jun/2026:03:39:19 +0000] "GET /.env.backup HTTP/1.1" 200 6188 "-" "TLM-Audit-Scanner/1.0"
195.178.110.199 - - [22/Jun/2026:03:39:19 +0000] "GET /*/[slug] HTTP/1.1" 200 6183 "-" "TLM-Audit-Scanner/1.0"
195.178.110.199 - - [22/Jun/2026:03:39:19 +0000] "GET /.cache HTTP/1.1" 200 6237 "-" "TLM-Audit-Scanner/1.0"
195.178.110.199 - - [22/Jun/2026:03:39:19 +0000] "GET /.env.bak HTTP/1.1" 200 6293 "-" "TLM-Audit-Scanner/1.0"
195.178.110.199 - - [22/Jun/2026:03:39:19 +0000] "GET /.env.dev HTTP/1.1" 200 6198 "-" "TLM-Audit-Scanner/1.0"
195.178.110.199 - - [22/Jun/2026:03:39:19 +0000] "GET /.env HTTP/1.1" 200 1220 "-" "TLM-Audit-Scanner/1.0"
195.178.110.199 - - [22/Jun/2026:03:39:19 +0000] "GET /.env.development HTTP/1.1" 200 6188 "-" "TLM-Audit-Scanner/1.0"
195.178.110.199 - - [22/Jun/2026:03:39:19 +0000] "GET /.env.example HTTP/1.1" 200 1069 "-" "TLM-Audit-Scanner/1.0"
195.178.110.199 - - [22/Jun/2026:03:39:19 +0000] "GET /.docker/secrets.json HTTP/1.1" 200 6221 "-" "TLM-Audit-Scanner/1.0"
195.178.110.199 - - [22/Jun/2026:03:39:19 +0000] "GET /.env.int HTTP/1.1" 200 6156 "-" "TLM-Audit-Scanner/1.0"
195.178.110.199 - - [22/Jun/2026:03:39:19 +0000] "GET /.env.local HTTP/1.1" 200 6120 "-" "TLM-Audit-Scanner/1.0"
195.178.110.199 - - [22/Jun/2026:03:39:19 +0000] "GET /.env.production HTTP/1.1" 200 6120 "-" "TLM-Audit-Scanner/1.0"
195.178.110.199 - - [22/Jun/2026:03:39:19 +0000] "GET /.env.prod HTTP/1.1" 200 6183 "-" "TLM-Audit-Scanner/1.0"
195.178.110.199 - - [22/Jun/2026:03:39:19 +0000] "GET /.env.project HTTP/1.1" 200 6225 "-" "TLM-Audit-Scanner/1.0"
195.178.110.199 - - [22/Jun/2026:03:39:19 +0000] "GET /.env.qa HTTP/1.1" 200 6429 "-" "TLM-Audit-Scanner/1.0"
195.178.110.199 - - [22/Jun/2026:03:39:19 +0000] "GET /.env.config HTTP/1.1" 200 6271 "-" "TLM-Audit-Scanner/1.0"
195.178.110.199 - - [22/Jun/2026:03:39:19 +0000] "GET /.env.dist HTTP/1.1" 200 6177 "-" "TLM-Audit-Scanner/1.0"
195.178.110.199 - - [22/Jun/2026:03:39:19 +0000] "GET /.env.docker.dev HTTP/1.1" 200 6188 "-" "TLM-Audit-Scanner/1.0"
195.178.110.199 - - [22/Jun/2026:03:39:19 +0000] "GET /.git HTTP/1.1" 403 1242 "-" "TLM-Audit-Scanner/1.0"
195.178.110.199 - - [22/Jun/2026:03:39:19 +0000] "GET /.env.live HTTP/1.1" 200 6188 "-" "TLM-Audit-Scanner/1.0"
195.178.110.199 - - [22/Jun/2026:03:39:19 +0000] "GET /.env.swp HTTP/1.1" 200 6188 "-" "TLM-Audit-Scanner/1.0"
195.178.110.199 - - [22/Jun/2026:03:39:19 +0000] "GET /.env.docker HTTP/1.1" 200 6194 "-" "TLM-Audit-Scanner/1.0"
195.178.110.199 - - [22/Jun/2026:03:39:19 +0000] "GET /.env.testing HTTP/1.1" 200 6120 "-" "TLM-Audit-Scanner/1.0"
195.178.110.199 - - [22/Jun/2026:03:39:19 +0000] "GET /.env.php HTTP/1.1" 200 6346 "-" "TLM-Audit-Scanner/1.0"
195.178.110.199 - - [22/Jun/2026:03:39:19 +0000] "GET /.git-askpass.sh HTTP/1.1" 200 6210 "-" "TLM-Audit-Scanner/1.0"
195.178.110.199 - - [22/Jun/2026:03:39:19 +0000] "GET /.git-secret HTTP/1.1" 200 6188 "-" "TLM-Audit-Scanner/1.0"
195.178.110.199 - - [22/Jun/2026:03:39:19 +0000] "GET /.env.old HTTP/1.1" 200 6139 "-" "TLM-Audit-Scanner/1.0"
195.178.110.199 - - [22/Jun/2026:03:39:19 +0000] "GET /.git/COMMIT_EDITMSG HTTP/1.1" 403 1242 "-" "TLM-Audit-Scanner/1.0"
195.178.110.199 - - [22/Jun/2026:03:39:19 +0000] "GET /.env.sample HTTP/1.1" 200 6311 "-" "TLM-Audit-Scanner/1.0"
195.178.110.199 - - [22/Jun/2026:03:39:19 +0000] "GET /.git/config HTTP/1.1" 403 1242 "-" "TLM-Audit-Scanner/1.0"
195.178.110.199 - - [22/Jun/2026:03:39:19 +0000] "GET /.git/config.bak HTTP/1.1" 403 1242 "-" "TLM-Audit-Scanner/1.0"
195.178.110.199 - - [22/Jun/2026:03:39:19 +0000] "GET /.git/config.old HTTP/1.1" 403 1242 "-" "TLM-Audit-Scanner/1.0"
195.178.110.199 - - [22/Jun/2026:03:39:19 +0000] "GET /.git/description HTTP/1.1" 403 1242 "-" "TLM-Audit-Scanner/1.0"
195.178.110.199 - - [22/Jun/2026:03:39:19 +0000] "GET /.git/hooks HTTP/1.1" 403 1242 "-" "TLM-Audit-Scanner/1.0"
195.178.110.199 - - [22/Jun/2026:03:39:19 +0000] "GET /.git/hooks/post-commit HTTP/1.1" 403 1242 "-" "TLM-Audit-Scanner/1.0"
195.178.110.199 - - [22/Jun/2026:03:39:19 +0000] "GET /.git/hooks/pre-commit HTTP/1.1" 403 1242 "-" "TLM-Audit-Scanner/1.0"
195.178.110.199 - - [22/Jun/2026:03:39:19 +0000] "GET /.git/index HTTP/1.1" 403 1242 "-" "TLM-Audit-Scanner/1.0"
195.178.110.199 - - [22/Jun/2026:03:39:19 +0000] "GET /.git/info HTTP/1.1" 403 1242 "-" "TLM-Audit-Scanner/1.0"
195.178.110.199 - - [22/Jun/2026:03:39:19 +0000] "GET /.git/info/exclude HTTP/1.1" 403 1242 "-" "TLM-Audit-Scanner/1.0"
195.178.110.199 - - [22/Jun/2026:03:39:19 +0000] "GET /.git/logs/HEAD HTTP/1.1" 403 1242 "-" "TLM-Audit-Scanner/1.0"
195.178.110.199 - - [22/Jun/2026:03:39:19 +0000] "GET /.env.save HTTP/1.1" 200 6292 "-" "TLM-Audit-Scanner/1.0"
195.178.110.199 - - [22/Jun/2026:03:39:19 +0000] "GET /.git/logs/refs/heads/master HTTP/1.1" 403 1242 "-" "TLM-Audit-Scanner/1.0"
195.178.110.199 - - [22/Jun/2026:03:39:19 +0000] "GET /.git/logs/refs/remotes/origin/main HTTP/1.1" 403 1242 "-" "TLM-Audit-Scanner/1.0"
195.178.110.199 - - [22/Jun/2026:03:39:19 +0000] "GET /.env.test HTTP/1.1" 200 6188 "-" "TLM-Audit-Scanner/1.0"
195.178.110.199 - - [22/Jun/2026:03:39:19 +0000] "GET /.git/logs/refs/remotes/origin/master HTTP/1.1" 403 1242 "-" "TLM-Audit-Scanner/1.0"
195.178.110.199 - - [22/Jun/2026:03:39:19 +0000] "GET /.env~ HTTP/1.1" 200 6126 "-" "TLM-Audit-Scanner/1.0"
195.178.110.199 - - [22/Jun/2026:03:39:19 +0000] "GET /.git/objects/pack HTTP/1.1" 403 1242 "-" "TLM-Audit-Scanner/1.0"
195.178.110.199 - - [22/Jun/2026:03:39:20 +0000] "GET /.git/ HTTP/1.1" 403 1242 "-" "TLM-Audit-Scanner/1.0"
195.178.110.199 - - [22/Jun/2026:03:39:20 +0000] "GET /.git/packed-refs HTTP/1.1" 403 1242 "-" "TLM-Audit-Scanner/1.0"
195.178.110.199 - - [22/Jun/2026:03:39:20 +0000] "GET /.git/FETCH_HEAD HTTP/1.1" 403 1242 "-" "TLM-Audit-Scanner/1.0"
195.178.110.199 - - [22/Jun/2026:03:39:20 +0000] "GET /.git/refs/heads/master HTTP/1.1" 403 1242 "-" "TLM-Audit-Scanner/1.0"
195.178.110.199 - - [22/Jun/2026:03:39:20 +0000] "GET /.git/ORIG_HEAD HTTP/1.1" 403 1242 "-" "TLM-Audit-Scanner/1.0"
195.178.110.199 - - [22/Jun/2026:03:39:20 +0000] "GET /.github HTTP/1.1" 200 6360 "-" "TLM-Audit-Scanner/1.0"
195.178.110.199 - - [22/Jun/2026:03:39:20 +0000] "GET /.github/CODEOWNERS HTTP/1.1" 200 6373 "-" "TLM-Audit-Scanner/1.0"
195.178.110.199 - - [22/Jun/2026:03:39:20 +0000] "GET /.git/config~ HTTP/1.1" 403 1242 "-" "TLM-Audit-Scanner/1.0"
195.178.110.199 - - [22/Jun/2026:03:39:20 +0000] "GET /.github/ISSUE_TEMPLATE HTTP/1.1" 200 6227 "-" "TLM-Audit-Scanner/1.0"
195.178.110.199 - - [22/Jun/2026:03:39:20 +0000] "GET /.github/dependabot.yml HTTP/1.1" 200 6274 "-" "TLM-Audit-Scanner/1.0"
195.178.110.199 - - [22/Jun/2026:03:39:20 +0000] "GET /.github/funding.yml HTTP/1.1" 200 6250 "-" "TLM-Audit-Scanner/1.0"
195.178.110.199 - - [22/Jun/2026:03:39:20 +0000] "GET /.github/workflows HTTP/1.1" 200 6395 "-" "TLM-Audit-Scanner/1.0"
195.178.110.199 - - [22/Jun/2026:03:39:20 +0000] "GET /.gitignore HTTP/1.1" 200 227 "-" "TLM-Audit-Scanner/1.0"
195.178.110.199 - - [22/Jun/2026:03:39:20 +0000] "GET /.git-credentials HTTP/1.1" 200 6183 "-" "TLM-Audit-Scanner/1.0"
195.178.110.199 - - [22/Jun/2026:03:39:20 +0000] "GET /.git/objects/info HTTP/1.1" 403 1242 "-" "TLM-Audit-Scanner/1.0"
195.178.110.199 - - [22/Jun/2026:03:39:20 +0000] "GET /.github/workflows/ci.yml HTTP/1.1" 200 6338 "-" "TLM-Audit-Scanner/1.0"
195.178.110.199 - - [22/Jun/2026:03:39:20 +0000] "GET /.github/workflows/main.yml HTTP/1.1" 200 6207 "-" "TLM-Audit-Scanner/1.0"
195.178.110.199 - - [22/Jun/2026:03:39:20 +0000] "GET /.gitlab HTTP/1.1" 200 6219 "-" "TLM-Audit-Scanner/1.0"
195.178.110.199 - - [22/Jun/2026:03:39:20 +0000] "GET /.gitlab-ci HTTP/1.1" 200 6250 "-" "TLM-Audit-Scanner/1.0"
195.178.110.199 - - [22/Jun/2026:03:39:20 +0000] "GET /.git/refs/heads/main HTTP/1.1" 403 1242 "-" "TLM-Audit-Scanner/1.0"
195.178.110.199 - - [22/Jun/2026:03:39:20 +0000] "GET /.git/HEAD HTTP/1.1" 403 1242 "-" "TLM-Audit-Scanner/1.0"
195.178.110.199 - - [22/Jun/2026:03:39:20 +0000] "GET /.git/refs/remotes/origin/HEAD HTTP/1.1" 403 1242 "-" "TLM-Audit-Scanner/1.0"
195.178.110.199 - - [22/Jun/2026:03:39:20 +0000] "GET /.gitattributes HTTP/1.1" 200 179 "-" "TLM-Audit-Scanner/1.0"
195.178.110.199 - - [22/Jun/2026:03:39:20 +0000] "GET /.gitmodules HTTP/1.1" 200 6395 "-" "TLM-Audit-Scanner/1.0"
195.178.110.199 - - [22/Jun/2026:03:39:20 +0000] "GET /.s3cfg HTTP/1.1" 200 6163 "-" "TLM-Audit-Scanner/1.0"
195.178.110.199 - - [22/Jun/2026:03:39:20 +0000] "GET /.terraform.lock.hcl HTTP/1.1" 200 6180 "-" "TLM-Audit-Scanner/1.0"
195.178.110.199 - - [22/Jun/2026:03:39:20 +0000] "GET /.terraform.tfstate HTTP/1.1" 200 6337 "-" "TLM-Audit-Scanner/1.0"
