File: /home/jubaroyal/access-logs/jubaroyaltravel.com
142.44.220.171 - - [21/Jun/2026:12:10:29 +0000] "GET /robots.txt HTTP/1.1" 200 106 "-" "Mozilla/5.0 (compatible; AhrefsBot/7.0; +http://ahrefs.com/robot/)"
69.72.244.151 - - [21/Jun/2026:12:10:33 +0000] "POST /wp-cron.php?doing_wp_cron=1782043833.0995309352874755859375 HTTP/1.1" 200 0 "-" "WordPress/7.0; https://www.jubaroyaltravel.com"
15.235.96.75 - - [21/Jun/2026:12:10:30 +0000] "GET /?sitemap903.xml HTTP/1.1" 200 42927 "-" "Mozilla/5.0 (compatible; AhrefsBot/7.0; +http://ahrefs.com/robot/)"
69.72.244.151 - - [21/Jun/2026:12:32:14 +0000] "POST /wp-cron.php?doing_wp_cron=1782045134.5807309150695800781250 HTTP/1.1" 200 0 "-" "WordPress/7.0; https://www.jubaroyaltravel.com"
143.198.231.252 - - [21/Jun/2026:12:32:14 +0000] "GET / HTTP/1.1" 301 0 "-" "Mozilla/5.0 (X11; Linux x86_64; rv:142.0) Gecko/20100101 Firefox/142.0"
143.198.231.252 - - [21/Jun/2026:12:32:15 +0000] "GET /favicon.ico HTTP/1.1" 404 1251 "http://mail.jubaroyaltravel.com/" "Mozilla/5.0 (X11; Linux x86_64; rv:142.0) Gecko/20100101 Firefox/142.0"
69.72.244.151 - - [21/Jun/2026:12:52:59 +0000] "POST /wp-cron.php?doing_wp_cron=1782046379.4470798969268798828125 HTTP/1.1" 200 0 "-" "WordPress/7.0; https://www.jubaroyaltravel.com"
43.166.134.114 - - [21/Jun/2026:12:52:59 +0000] "GET / HTTP/1.1" 301 0 "-" "Mozilla/5.0 (iPhone; CPU iPhone OS 13_2_3 like Mac OS X) AppleWebKit/605.1.15 (KHTML, like Gecko) Version/13.0.3 Mobile/15E148 Safari/604.1"
142.44.228.19 - - [21/Jun/2026:12:55:43 +0000] "GET /?sitemap874.xml HTTP/1.1" 200 42896 "-" "Mozilla/5.0 (compatible; AhrefsBot/7.0; +http://ahrefs.com/robot/)"
84.233.216.138 - - [21/Jun/2026:13:08:26 +0000] "GET /wp-login.php HTTP/1.1" 302 0 "-" "Mozilla/5.0 (Windows NT 11.0; Win64; x64) AppleWebKit/537.36 (KHTML, like Gecko) Chrome/121.0.0.0 Safari/537.36"
84.233.216.138 - - [21/Jun/2026:13:08:29 +0000] "GET /?rest_route=/wp/v2/users HTTP/1.1" 200 1008 "-" "Mozilla/5.0 (X11; Linux x86_64) AppleWebKit/537.36 (KHTML, like Gecko) Chrome/120.0.0.0 Safari/537.36"
84.233.216.138 - - [21/Jun/2026:13:08:30 +0000] "GET /xmlrpc.php HTTP/1.1" 403 1242 "-" "Mozilla/5.0 (Windows NT 10.0; Win64; x64) AppleWebKit/537.36 (KHTML, like Gecko) Edge/119.0.2151.97"
195.35.61.44 - - [21/Jun/2026:13:32:04 +0000] "GET /.well-known/acme-challenge/D-FTHG62UL1EQU--L8VG9AUDTD_UHFW2 HTTP/1.1" 404 1251 "-" "Cpanel-HTTP-Client/1.0"
195.35.61.44 - - [21/Jun/2026:13:32:04 +0000] "GET /.well-known/acme-challenge/OYWZTMOILYP96M65-3ZJ-A53WRU2PF6I HTTP/1.1" 404 1251 "-" "Cpanel-HTTP-Client/1.0"
195.35.61.44 - - [21/Jun/2026:13:32:05 +0000] "GET /.well-known/acme-challenge/Q121BTPIH1OVTLMUUUSE2TUGHX5_WZTR HTTP/1.1" 404 1251 "-" "Cpanel-HTTP-Client/1.0"
69.72.244.151 - - [21/Jun/2026:13:32:05 +0000] "GET /.well-known/acme-challenge/OSP8WP_6I-UD60F9REVGBHGE7ATH5KI- HTTP/1.1" 404 1251 "-" "Cpanel-HTTP-Client/1.0"
69.72.244.151 - - [21/Jun/2026:13:32:05 +0000] "GET /.well-known/acme-challenge/XC7W94-DM99V2HY4HDN9ME57C1QFLI4N HTTP/1.1" 404 1251 "-" "Cpanel-HTTP-Client/1.0"
69.72.244.151 - - [21/Jun/2026:13:32:05 +0000] "GET /.well-known/acme-challenge/Y8WYJ5MN4V2GMOD6P8OZA5NK_MUURBAH HTTP/1.1" 404 1251 "-" "Cpanel-HTTP-Client/1.0"
69.72.244.151 - - [21/Jun/2026:13:32:06 +0000] "GET /.well-known/acme-challenge/Q7-7_YVO1VIXFC9MVXYQWUMVH5TBOY27 HTTP/1.1" 404 1251 "-" "Cpanel-HTTP-Client/1.0"
69.72.244.151 - - [21/Jun/2026:13:32:06 +0000] "GET /.well-known/acme-challenge/8NU13298XPVCDHUSP832-_1YC11ZXFDV HTTP/1.1" 404 1251 "-" "Cpanel-HTTP-Client/1.0"
69.72.244.151 - - [21/Jun/2026:13:32:06 +0000] "GET /.well-known/acme-challenge/39RJN9473NTSYZOS4BLT2AUL46X-U_0A HTTP/1.1" 404 1251 "-" "Cpanel-HTTP-Client/1.0"
176.65.148.30 - - [21/Jun/2026:13:35:35 +0000] "GET /wp-json/gravitysmtp/v1/tests/mock-data?page=gravitysmtp-settings HTTP/1.1" 404 119 "-" "Mozilla/5.0 (compatible; SecurityResearch/1.0; )"
69.72.244.151 - - [21/Jun/2026:13:35:37 +0000] "POST /wp-cron.php?doing_wp_cron=1782048937.8613119125366210937500 HTTP/1.1" 200 0 "-" "WordPress/7.0; https://www.jubaroyaltravel.com"
69.72.244.151 - - [21/Jun/2026:13:35:37 +0000] "POST /wp-cron.php?doing_wp_cron=1782048937.8615400791168212890625 HTTP/1.1" 200 0 "-" "WordPress/7.0; https://www.jubaroyaltravel.com"
176.65.148.30 - - [21/Jun/2026:13:35:35 +0000] "GET /wp-json/gravitysmtp/v1/tests/mock-data?page=gravitysmtp-settings HTTP/1.1" 404 119 "-" "Mozilla/5.0 (compatible; SecurityResearch/1.0; )"
176.65.148.30 - - [21/Jun/2026:13:35:35 +0000] "GET /wp-json/gravitysmtp/v1/tests/mock-data?page=gravitysmtp-settings HTTP/1.1" 404 119 "-" "Mozilla/5.0 (compatible; SecurityResearch/1.0; )"
216.73.216.39 - - [21/Jun/2026:13:45:59 +0000] "GET /robots.txt HTTP/1.1" 200 106 "-" "Mozilla/5.0 AppleWebKit/537.36 (KHTML, like Gecko; compatible; ClaudeBot/1.0; +claudebot@anthropic.com)"
69.72.244.151 - - [21/Jun/2026:13:46:01 +0000] "POST /wp-cron.php?doing_wp_cron=1782049561.7423210144042968750000 HTTP/1.1" 200 0 "-" "WordPress/7.0; https://www.jubaroyaltravel.com"
216.73.216.39 - - [21/Jun/2026:13:45:59 +0000] "GET /pages.php HTTP/1.1" 404 27903 "-" "Mozilla/5.0 AppleWebKit/537.36 (KHTML, like Gecko; compatible; ClaudeBot/1.0; +claudebot@anthropic.com)"
69.72.244.151 - - [21/Jun/2026:13:48:20 +0000] "POST /wp-cron.php?doing_wp_cron=1782049700.0146889686584472656250 HTTP/1.1" 200 0 "-" "WordPress/7.0; https://www.jubaroyaltravel.com"
216.73.216.39 - - [21/Jun/2026:13:48:18 +0000] "GET / HTTP/1.1" 301 0 "-" "Mozilla/5.0 AppleWebKit/537.36 (KHTML, like Gecko; compatible; ClaudeBot/1.0; +claudebot@anthropic.com)"
94.23.188.217 - - [21/Jun/2026:13:55:45 +0000] "GET /robots.txt HTTP/1.1" 200 106 "-" "Mozilla/5.0 (compatible; AhrefsBot/7.0; +http://ahrefs.com/robot/)"
69.72.244.151 - - [21/Jun/2026:13:55:47 +0000] "POST /wp-cron.php?doing_wp_cron=1782050147.1069829463958740234375 HTTP/1.1" 200 0 "-" "WordPress/7.0; https://www.jubaroyaltravel.com"
5.39.1.225 - - [21/Jun/2026:13:55:46 +0000] "GET /?sitemap903.xml HTTP/1.1" 200 42858 "-" "Mozilla/5.0 (compatible; AhrefsBot/7.0; +http://ahrefs.com/robot/)"
216.73.216.39 - - [21/Jun/2026:14:02:49 +0000] "GET / HTTP/1.1" 301 0 "-" "Mozilla/5.0 AppleWebKit/537.36 (KHTML, like Gecko; compatible; ClaudeBot/1.0; +claudebot@anthropic.com)"
205.210.31.107 - - [21/Jun/2026:14:31:41 +0000] "GET / HTTP/1.1" 301 0 "-" "Hello from Palo Alto Networks, find out more about our scans in https://docs-cortex.paloaltonetworks.com/r/1/Cortex-Xpanse/Scanning-activity"
40.77.167.187 - - [21/Jun/2026:14:44:02 +0000] "GET /robots.txt HTTP/1.1" 200 106 "-" "Mozilla/5.0 AppleWebKit/537.36 (KHTML, like Gecko; compatible; bingbot/2.0; +http://www.bing.com/bingbot.htm) Chrome/116.0.1938.76 Safari/537.36"
69.72.244.151 - - [21/Jun/2026:14:44:04 +0000] "POST /wp-cron.php?doing_wp_cron=1782053044.5252420902252197265625 HTTP/1.1" 200 0 "-" "WordPress/7.0; https://www.jubaroyaltravel.com"
157.55.39.11 - - [21/Jun/2026:14:44:04 +0000] "GET / HTTP/1.1" 301 0 "-" "Mozilla/5.0 AppleWebKit/537.36 (KHTML, like Gecko; compatible; bingbot/2.0; +http://www.bing.com/bingbot.htm) Chrome/116.0.1938.76 Safari/537.36"
69.72.244.151 - - [21/Jun/2026:15:00:31 +0000] "POST /wp-cron.php?doing_wp_cron=1782054031.5923149585723876953125 HTTP/1.1" 200 0 "-" "WordPress/7.0; https://www.jubaroyaltravel.com"
176.31.139.10 - - [21/Jun/2026:15:00:29 +0000] "GET /?sitemap874.xml HTTP/1.1" 200 42860 "-" "Mozilla/5.0 (compatible; AhrefsBot/7.0; +http://ahrefs.com/robot/)"
66.249.64.231 - - [21/Jun/2026:15:40:11 +0000] "GET /robots.txt HTTP/1.1" 200 106 "-" "Mozilla/5.0 (compatible; Googlebot/2.1; +http://www.google.com/bot.html)"
66.249.64.230 - - [21/Jun/2026:15:40:15 +0000] "GET /shop/pg/1AvailableInfo/1988212161179 HTTP/1.1" 301 0 "-" "Mozilla/5.0 (Linux; Android 6.0.1; Nexus 5X Build/MMB29P) AppleWebKit/537.36 (KHTML, like Gecko) Chrome/148.0.7778.96 Mobile Safari/537.36 (compatible; Googlebot/2.1; +http://www.google.com/bot.html)"
66.249.64.129 - - [21/Jun/2026:15:40:15 +0000] "GET /robots.txt HTTP/1.1" 200 106 "-" "Mozilla/5.0 (compatible; Googlebot/2.1; +http://www.google.com/bot.html)"
66.249.64.129 - - [21/Jun/2026:15:40:17 +0000] "GET /shop/pg/1AvailableInfo/1988212161179 HTTP/1.1" 404 27915 "-" "Mozilla/5.0 (Linux; Android 6.0.1; Nexus 5X Build/MMB29P) AppleWebKit/537.36 (KHTML, like Gecko) Chrome/148.0.7778.96 Mobile Safari/537.36 (compatible; Googlebot/2.1; +http://www.google.com/bot.html)"
216.73.216.39 - - [21/Jun/2026:15:48:37 +0000] "GET /robots.txt HTTP/1.1" 200 106 "-" "Mozilla/5.0 AppleWebKit/537.36 (KHTML, like Gecko; compatible; ClaudeBot/1.0; +claudebot@anthropic.com)"
69.72.244.151 - - [21/Jun/2026:15:48:39 +0000] "POST /wp-cron.php?doing_wp_cron=1782056919.7240619659423828125000 HTTP/1.1" 200 0 "-" "WordPress/7.0; https://www.jubaroyaltravel.com"
216.73.216.39 - - [21/Jun/2026:15:48:37 +0000] "GET / HTTP/1.1" 301 0 "-" "Mozilla/5.0 AppleWebKit/537.36 (KHTML, like Gecko; compatible; ClaudeBot/1.0; +claudebot@anthropic.com)"
69.72.244.151 - - [21/Jun/2026:15:50:31 +0000] "POST /wp-cron.php?doing_wp_cron=1782057031.8658409118652343750000 HTTP/1.1" 200 0 "-" "WordPress/7.0; https://www.jubaroyaltravel.com"
216.73.216.39 - - [21/Jun/2026:15:50:29 +0000] "GET /pages.php HTTP/1.1" 404 27903 "-" "Mozilla/5.0 AppleWebKit/537.36 (KHTML, like Gecko; compatible; ClaudeBot/1.0; +claudebot@anthropic.com)"
173.252.82.16 - - [21/Jun/2026:15:51:57 +0000] "GET /robots.txt HTTP/1.1" 206 433 "-" "facebookexternalhit/1.1 (+http://www.facebook.com/externalhit_uatext.php)"
69.72.244.151 - - [21/Jun/2026:15:51:58 +0000] "POST /wp-cron.php?doing_wp_cron=1782057118.4471580982208251953125 HTTP/1.1" 200 0 "-" "WordPress/7.0; https://www.jubaroyaltravel.com"
69.171.234.35 - - [21/Jun/2026:15:51:58 +0000] "GET / HTTP/1.1" 301 0 "-" "meta-externalagent/1.1 (+https://developers.facebook.com/docs/sharing/webmasters/crawler)"
69.72.244.151 - - [21/Jun/2026:16:09:04 +0000] "POST /wp-cron.php?doing_wp_cron=1782058144.2811300754547119140625 HTTP/1.1" 200 0 "-" "WordPress/7.0; https://www.jubaroyaltravel.com"
49.232.104.223 - - [21/Jun/2026:16:09:04 +0000] "GET / HTTP/1.1" 301 0 "-" "Mozilla/5.0 (iPhone; CPU iPhone OS 13_2_3 like Mac OS X) AppleWebKit/605.1.15 (KHTML, like Gecko) Version/13.0.3 Mobile/15E148 Safari/604.1"
66.249.64.230 - - [21/Jun/2026:15:54:03 +0000] "GET /items/P226189513/ HTTP/1.1" 301 0 "-" "Mozilla/5.0 (Linux; Android 6.0.1; Nexus 5X Build/MMB29P) AppleWebKit/537.36 (KHTML, like Gecko) Chrome/148.0.7778.96 Mobile Safari/537.36 (compatible; Googlebot/2.1; +http://www.google.com/bot.html)"
66.249.64.131 - - [21/Jun/2026:15:54:03 +0000] "GET /items/P226189513/ HTTP/1.1" 404 27922 "-" "Mozilla/5.0 (Linux; Android 6.0.1; Nexus 5X Build/MMB29P) AppleWebKit/537.36 (KHTML, like Gecko) Chrome/148.0.7778.96 Mobile Safari/537.36 (compatible; Googlebot/2.1; +http://www.google.com/bot.html)"
216.73.216.39 - - [21/Jun/2026:16:06:07 +0000] "GET / HTTP/1.1" 301 0 "-" "Mozilla/5.0 AppleWebKit/537.36 (KHTML, like Gecko; compatible; ClaudeBot/1.0; +claudebot@anthropic.com)"
69.72.244.151 - - [21/Jun/2026:16:07:05 +0000] "POST /wp-cron.php?doing_wp_cron=1782058025.0292060375213623046875 HTTP/1.1" 200 0 "-" "WordPress/7.0; https://www.jubaroyaltravel.com"
43.153.123.4 - - [21/Jun/2026:16:07:04 +0000] "GET / HTTP/1.1" 301 0 "-" "Mozilla/5.0 (iPhone; CPU iPhone OS 13_2_3 like Mac OS X) AppleWebKit/605.1.15 (KHTML, like Gecko) Version/13.0.3 Mobile/15E148 Safari/604.1"
69.72.244.151 - - [21/Jun/2026:16:10:41 +0000] "POST /wp-cron.php?doing_wp_cron=1782058241.9605209827423095703125 HTTP/1.1" 200 0 "-" "WordPress/7.0; https://www.jubaroyaltravel.com"
80.79.152.198 - - [21/Jun/2026:16:10:40 +0000] "GET http://jubaroyaltravel.com/ HTTP/1.1" 301 0 "-" "Mozilla/5.0 (Macintosh; Intel Mac OS X 12_7_3) AppleWebKit/537.36 (KHTML, like Gecko) Chrome/132.0.6834.83 Safari/537.36"
69.72.244.151 - - [21/Jun/2026:16:13:09 +0000] "POST /wp-cron.php?doing_wp_cron=1782058389.4469199180603027343750 HTTP/1.1" 200 0 "-" "WordPress/7.0; https://www.jubaroyaltravel.com"
54.37.118.90 - - [21/Jun/2026:16:13:06 +0000] "GET /?sitemap903.xml HTTP/1.1" 200 42860 "-" "Mozilla/5.0 (compatible; AhrefsBot/7.0; +http://ahrefs.com/robot/)"
69.72.244.151 - - [21/Jun/2026:16:25:02 +0000] "POST /wp-cron.php?doing_wp_cron=1782059102.9854159355163574218750 HTTP/1.1" 200 0 "-" "WordPress/7.0; https://www.jubaroyaltravel.com"
103.87.212.38 - - [21/Jun/2026:16:25:02 +0000] "GET /.well-known/index.php HTTP/1.1" 301 0 "-" "Go-http-client/1.1"
103.87.212.38 - - [21/Jun/2026:16:25:03 +0000] "GET /.well-known/ HTTP/1.1" 404 1251 "http://mail.jubaroyaltravel.com/.well-known/index.php" "Go-http-client/1.1"
103.87.212.38 - - [21/Jun/2026:16:25:04 +0000] "GET /wp-content/themes/too.php HTTP/1.1" 404 32574 "-" "Go-http-client/1.1"
103.87.212.38 - - [21/Jun/2026:16:25:05 +0000] "GET /radio.php HTTP/1.1" 404 32582 "-" "Go-http-client/1.1"
103.87.212.38 - - [21/Jun/2026:16:25:07 +0000] "GET /wp-content/plugins/index.php HTTP/1.1" 200 0 "-" "Go-http-client/1.1"
103.87.212.38 - - [21/Jun/2026:16:25:08 +0000] "GET /.well-known/acme-challenge/index.php HTTP/1.1" 301 0 "-" "Go-http-client/1.1"
103.87.212.38 - - [21/Jun/2026:16:25:08 +0000] "GET /.well-known/acme-challenge/ HTTP/1.1" 404 1251 "http://mail.jubaroyaltravel.com/.well-known/acme-challenge/index.php" "Go-http-client/1.1"
103.87.212.38 - - [21/Jun/2026:16:25:08 +0000] "GET /.well-known/index.php HTTP/1.1" 301 0 "-" "Go-http-client/1.1"
103.87.212.38 - - [21/Jun/2026:16:25:09 +0000] "GET /.well-known/ HTTP/1.1" 404 1251 "http://mail.jubaroyaltravel.com/.well-known/index.php" "Go-http-client/1.1"
69.72.244.151 - - [21/Jun/2026:16:25:09 +0000] "POST /wp-cron.php?doing_wp_cron=1782059109.7572069168090820312500 HTTP/1.1" 200 0 "-" "WordPress/7.0; https://www.jubaroyaltravel.com"
103.87.212.38 - - [21/Jun/2026:16:25:09 +0000] "GET /makeasmtp.php?p= HTTP/1.1" 301 0 "-" "Go-http-client/1.1"
103.87.212.38 - - [21/Jun/2026:16:25:10 +0000] "GET /makeasmtp.php HTTP/1.1" 404 32588 "http://mail.jubaroyaltravel.com/makeasmtp.php?p=" "Go-http-client/1.1"
103.87.212.38 - - [21/Jun/2026:16:25:14 +0000] "GET /wp-content/uploads/makeasmtp.php?p= HTTP/1.1" 301 0 "-" "Go-http-client/1.1"
103.87.212.38 - - [21/Jun/2026:16:25:14 +0000] "GET /wp-content/uploads/makeasmtp.php HTTP/1.1" 404 32582 "http://mail.jubaroyaltravel.com/wp-content/uploads/makeasmtp.php?p=" "Go-http-client/1.1"
103.87.212.38 - - [21/Jun/2026:16:25:17 +0000] "GET /wp-includes/rest-api/about.php HTTP/1.1" 404 32579 "-" "Go-http-client/1.1"
103.87.212.38 - - [21/Jun/2026:16:25:20 +0000] "GET /wp-content/languages/about.php HTTP/1.1" 404 32584 "-" "Go-http-client/1.1"
103.87.212.38 - - [21/Jun/2026:16:25:23 +0000] "GET /wp-content/banners/about.php HTTP/1.1" 404 32576 "-" "Go-http-client/1.1"
103.87.212.38 - - [21/Jun/2026:16:25:28 +0000] "GET /wp-includes/Text/about.php HTTP/1.1" 404 32582 "-" "Go-http-client/1.1"
103.87.212.38 - - [21/Jun/2026:16:25:30 +0000] "GET /asd.php HTTP/1.1" 404 32578 "-" "Go-http-client/1.1"
103.87.212.38 - - [21/Jun/2026:16:25:31 +0000] "GET /1.php HTTP/1.1" 404 32576 "-" "Go-http-client/1.1"
103.87.212.38 - - [21/Jun/2026:16:25:33 +0000] "GET /ws.php HTTP/1.1" 404 32572 "-" "Go-http-client/1.1"
103.87.212.38 - - [21/Jun/2026:16:25:34 +0000] "GET /wp-includes/css/index.php HTTP/1.1" 301 0 "-" "Go-http-client/1.1"
103.87.212.38 - - [21/Jun/2026:16:25:35 +0000] "GET /wp-includes/css/ HTTP/1.1" 404 1251 "http://mail.jubaroyaltravel.com/wp-includes/css/index.php" "Go-http-client/1.1"
103.87.212.38 - - [21/Jun/2026:16:25:36 +0000] "GET /cgi-bin/wp-login.php HTTP/1.1" 404 32579 "-" "Go-http-client/1.1"
103.87.212.38 - - [21/Jun/2026:16:25:39 +0000] "GET /wp-content/cong.php HTTP/1.1" 404 32571 "-" "Go-http-client/1.1"
103.87.212.38 - - [21/Jun/2026:16:25:42 +0000] "GET /wp-admin/classwithtostring.php HTTP/1.1" 404 32584 "-" "Go-http-client/1.1"
103.87.212.38 - - [21/Jun/2026:16:25:44 +0000] "GET /wp-includes/images/wp-login.php HTTP/1.1" 404 32588 "-" "Go-http-client/1.1"
103.87.212.38 - - [21/Jun/2026:16:25:47 +0000] "GET /wp-includes/Requests/network.php HTTP/1.1" 404 32588 "-" "Go-http-client/1.1"
103.87.212.38 - - [21/Jun/2026:16:25:49 +0000] "GET /wp-content/radio.php HTTP/1.1" 404 32566 "-" "Go-http-client/1.1"
103.87.212.38 - - [21/Jun/2026:16:25:51 +0000] "GET /wp-admin/dropdown.php HTTP/1.1" 404 32577 "-" "Go-http-client/1.1"
103.87.212.38 - - [21/Jun/2026:16:25:54 +0000] "GET /login.php HTTP/1.1" 302 0 "-" "Go-http-client/1.1"
69.72.244.151 - - [21/Jun/2026:16:25:57 +0000] "POST /wp-cron.php?doing_wp_cron=1782059157.4034569263458251953125 HTTP/1.1" 200 0 "-" "WordPress/7.0; https://www.jubaroyaltravel.com"
103.87.212.38 - - [21/Jun/2026:16:25:57 +0000] "GET /hehehehe.php HTTP/1.1" 404 32584 "-" "Go-http-client/1.1"
103.87.212.38 - - [21/Jun/2026:16:25:58 +0000] "GET /simple.php HTTP/1.1" 404 32582 "-" "Go-http-client/1.1"
103.87.212.38 - - [21/Jun/2026:16:25:59 +0000] "GET /wp-includes/fonts/about.php HTTP/1.1" 404 32582 "-" "Go-http-client/1.1"
103.87.212.38 - - [21/Jun/2026:16:26:01 +0000] "GET /wp-content/admin.php HTTP/1.1" 404 32569 "-" "Go-http-client/1.1"
103.87.212.38 - - [21/Jun/2026:16:26:03 +0000] "GET /xmlrpc.php HTTP/1.1" 403 1242 "-" "Go-http-client/1.1"
103.87.212.38 - - [21/Jun/2026:16:26:03 +0000] "GET /atomlib.php HTTP/1.1" 404 32585 "-" "Go-http-client/1.1"
103.87.212.38 - - [21/Jun/2026:16:26:06 +0000] "GET /lv.php HTTP/1.1" 404 32578 "-" "Go-http-client/1.1"
103.87.212.38 - - [21/Jun/2026:16:26:07 +0000] "GET /wp-includes/Text/index.php HTTP/1.1" 301 0 "-" "Go-http-client/1.1"
103.87.212.38 - - [21/Jun/2026:16:26:07 +0000] "GET /wp-includes/Text/ HTTP/1.1" 404 1251 "http://mail.jubaroyaltravel.com/wp-includes/Text/index.php" "Go-http-client/1.1"
103.87.212.38 - - [21/Jun/2026:16:26:08 +0000] "GET /content.php HTTP/1.1" 404 32585 "-" "Go-http-client/1.1"
69.72.244.151 - - [21/Jun/2026:16:26:10 +0000] "POST /wp-cron.php?doing_wp_cron=1782059170.8761310577392578125000 HTTP/1.1" 200 0 "-" "WordPress/7.0; https://www.jubaroyaltravel.com"
103.87.212.38 - - [21/Jun/2026:16:26:10 +0000] "GET /.well-known/acme-challenge/about.php HTTP/1.1" 404 32592 "-" "Go-http-client/1.1"
103.87.212.38 - - [21/Jun/2026:16:26:12 +0000] "GET /goat.php HTTP/1.1" 404 32579 "-" "Go-http-client/1.1"
103.87.212.38 - - [21/Jun/2026:16:26:13 +0000] "GET /.well-known/acme-challenge/admin.php HTTP/1.1" 404 32583 "-" "Go-http-client/1.1"
103.87.212.38 - - [21/Jun/2026:16:26:14 +0000] "GET /wp-content/uploads/about.php HTTP/1.1" 404 32575 "-" "Go-http-client/1.1"
103.87.212.38 - - [21/Jun/2026:16:26:15 +0000] "GET /wp-admin/maint/index.php HTTP/1.1" 301 0 "-" "Go-http-client/1.1"
103.87.212.38 - - [21/Jun/2026:16:26:15 +0000] "GET /wp-admin/maint/ HTTP/1.1" 404 1251 "http://mail.jubaroyaltravel.com/wp-admin/maint/index.php" "Go-http-client/1.1"
103.87.212.38 - - [21/Jun/2026:16:26:16 +0000] "GET /dropdown.php HTTP/1.1" 404 32585 "-" "Go-http-client/1.1"
103.87.212.38 - - [21/Jun/2026:16:26:17 +0000] "GET /sad/about.php HTTP/1.1" 404 32581 "-" "Go-http-client/1.1"
103.87.212.38 - - [21/Jun/2026:16:26:19 +0000] "GET /admin.php HTTP/1.1" 404 32573 "-" "Go-http-client/1.1"
103.87.212.38 - - [21/Jun/2026:16:26:21 +0000] "GET /wp-admin/admin.php HTTP/1.1" 302 0 "-" "Go-http-client/1.1"
103.87.212.38 - - [21/Jun/2026:16:26:22 +0000] "GET /wp-includes/IXR/index.php HTTP/1.1" 301 0 "-" "Go-http-client/1.1"
103.87.212.38 - - [21/Jun/2026:16:26:23 +0000] "GET /wp-includes/IXR/ HTTP/1.1" 404 1251 "http://mail.jubaroyaltravel.com/wp-includes/IXR/index.php" "Go-http-client/1.1"
103.87.212.38 - - [21/Jun/2026:16:26:23 +0000] "GET /classwithtostring.php HTTP/1.1" 404 32574 "-" "Go-http-client/1.1"
103.87.212.38 - - [21/Jun/2026:16:26:25 +0000] "GET /install.php HTTP/1.1" 404 32583 "-" "Go-http-client/1.1"
103.87.212.38 - - [21/Jun/2026:16:26:26 +0000] "GET /wp-content/x/index.php HTTP/1.1" 301 0 "-" "Go-http-client/1.1"
103.87.212.38 - - [21/Jun/2026:16:26:27 +0000] "GET /wp-content/x/ HTTP/1.1" 404 32578 "http://mail.jubaroyaltravel.com/wp-content/x/index.php" "Go-http-client/1.1"
103.87.212.38 - - [21/Jun/2026:16:26:28 +0000] "GET /wp-includes/Requests/about.php HTTP/1.1" 404 32589 "-" "Go-http-client/1.1"
103.87.212.38 - - [21/Jun/2026:16:26:30 +0000] "GET /wp-admin/includes/index.php HTTP/1.1" 301 0 "-" "Go-http-client/1.1"
103.87.212.38 - - [21/Jun/2026:16:26:31 +0000] "GET /wp-admin/includes/ HTTP/1.1" 404 1251 "http://mail.jubaroyaltravel.com/wp-admin/includes/index.php" "Go-http-client/1.1"
103.87.212.38 - - [21/Jun/2026:16:26:31 +0000] "GET /wp-login.php HTTP/1.1" 302 0 "-" "Go-http-client/1.1"
103.87.212.38 - - [21/Jun/2026:16:26:32 +0000] "GET /wp-includes/js/jcrop/Jcrop.php HTTP/1.1" 404 32586 "-" "Go-http-client/1.1"
103.87.212.38 - - [21/Jun/2026:16:26:35 +0000] "GET /wp-admin/images/about.php HTTP/1.1" 404 32583 "-" "Go-http-client/1.1"
103.87.212.38 - - [21/Jun/2026:16:26:37 +0000] "GET /wp-includes/ID3/index.php HTTP/1.1" 301 0 "-" "Go-http-client/1.1"
103.87.212.38 - - [21/Jun/2026:16:26:37 +0000] "GET /wp-includes/ID3/ HTTP/1.1" 404 1251 "http://mail.jubaroyaltravel.com/wp-includes/ID3/index.php" "Go-http-client/1.1"
103.87.212.38 - - [21/Jun/2026:16:26:38 +0000] "GET /wp-admin.php HTTP/1.1" 404 32584 "-" "Go-http-client/1.1"
103.87.212.38 - - [21/Jun/2026:16:26:39 +0000] "GET /wp-includes/assets/index.php HTTP/1.1" 301 0 "-" "Go-http-client/1.1"
103.87.212.38 - - [21/Jun/2026:16:26:40 +0000] "GET /wp-includes/assets/ HTTP/1.1" 404 1251 "http://mail.jubaroyaltravel.com/wp-includes/assets/index.php" "Go-http-client/1.1"
103.87.212.38 - - [21/Jun/2026:16:26:40 +0000] "GET /lock.php HTTP/1.1" 404 32579 "-" "Go-http-client/1.1"
103.87.212.38 - - [21/Jun/2026:16:26:41 +0000] "GET /index/function.php HTTP/1.1" 404 32572 "-" "Go-http-client/1.1"
103.87.212.38 - - [21/Jun/2026:16:26:43 +0000] "GET /.well-known/content.php HTTP/1.1" 404 32584 "-" "Go-http-client/1.1"
103.87.212.38 - - [21/Jun/2026:16:26:44 +0000] "GET /cong.php HTTP/1.1" 404 32579 "-" "Go-http-client/1.1"
103.87.212.38 - - [21/Jun/2026:16:26:47 +0000] "GET /wp-includes/js/index.php HTTP/1.1" 301 0 "-" "Go-http-client/1.1"
103.87.212.38 - - [21/Jun/2026:16:26:47 +0000] "GET /wp-includes/js/ HTTP/1.1" 404 1251 "http://mail.jubaroyaltravel.com/wp-includes/js/index.php" "Go-http-client/1.1"
103.87.212.38 - - [21/Jun/2026:16:26:47 +0000] "GET /wp-content/index.php HTTP/1.1" 301 0 "-" "Go-http-client/1.1"
103.87.212.38 - - [21/Jun/2026:16:26:48 +0000] "GET /wp-content/ HTTP/1.1" 404 1251 "http://mail.jubaroyaltravel.com/wp-content/index.php" "Go-http-client/1.1"
103.87.212.38 - - [21/Jun/2026:16:26:48 +0000] "GET /about/function.php HTTP/1.1" 404 32573 "-" "Go-http-client/1.1"
103.87.212.38 - - [21/Jun/2026:16:26:51 +0000] "GET /wp-includes/customize/index.php HTTP/1.1" 301 0 "-" "Go-http-client/1.1"
103.87.212.38 - - [21/Jun/2026:16:26:51 +0000] "GET /wp-includes/customize/ HTTP/1.1" 404 1251 "http://mail.jubaroyaltravel.com/wp-includes/customize/index.php" "Go-http-client/1.1"
103.87.212.38 - - [21/Jun/2026:16:26:52 +0000] "GET /wp-admin/index.php HTTP/1.1" 302 0 "-" "Go-http-client/1.1"
103.87.212.38 - - [21/Jun/2026:16:26:52 +0000] "GET /wp-content/themes/index.php HTTP/1.1" 200 0 "-" "Go-http-client/1.1"
103.87.212.38 - - [21/Jun/2026:16:26:52 +0000] "GET /about.php HTTP/1.1" 404 32582 "-" "Go-http-client/1.1"
103.87.212.38 - - [21/Jun/2026:16:26:54 +0000] "GET /wp-includes/autoload_classmap.php HTTP/1.1" 404 32588 "-" "Go-http-client/1.1"
103.87.212.38 - - [21/Jun/2026:16:26:55 +0000] "GET /themes.php HTTP/1.1" 404 32582 "-" "Go-http-client/1.1"
69.72.244.151 - - [21/Jun/2026:16:26:57 +0000] "POST /wp-cron.php?doing_wp_cron=1782059217.3120989799499511718750 HTTP/1.1" 200 0 "-" "WordPress/7.0; https://www.jubaroyaltravel.com"
103.87.212.38 - - [21/Jun/2026:16:26:57 +0000] "GET /wp-mail.php HTTP/1.1" 403 1148 "-" "Go-http-client/1.1"
103.87.212.38 - - [21/Jun/2026:16:26:57 +0000] "GET /cgi-bin/index.php HTTP/1.1" 404 1251 "-" "Go-http-client/1.1"
103.87.212.38 - - [21/Jun/2026:16:26:58 +0000] "GET /wp-content/plugins/admin.php HTTP/1.1" 404 32573 "-" "Go-http-client/1.1"
103.87.212.38 - - [21/Jun/2026:16:26:59 +0000] "GET /wp-includes/content.php HTTP/1.1" 404 32574 "-" "Go-http-client/1.1"
103.87.212.38 - - [21/Jun/2026:16:27:00 +0000] "GET /wp-admin/css/index.php HTTP/1.1" 301 0 "-" "Go-http-client/1.1"
103.87.212.38 - - [21/Jun/2026:16:27:01 +0000] "GET /wp-admin/css/ HTTP/1.1" 404 1251 "http://mail.jubaroyaltravel.com/wp-admin/css/index.php" "Go-http-client/1.1"
103.87.212.38 - - [21/Jun/2026:16:27:01 +0000] "GET /wp-admin/images/index.php HTTP/1.1" 301 0 "-" "Go-http-client/1.1"
103.87.212.38 - - [21/Jun/2026:16:27:01 +0000] "GET /wp-admin/images/ HTTP/1.1" 404 1251 "http://mail.jubaroyaltravel.com/wp-admin/images/index.php" "Go-http-client/1.1"
103.87.212.38 - - [21/Jun/2026:16:27:01 +0000] "GET /wp-includes/index.php HTTP/1.1" 301 0 "-" "Go-http-client/1.1"
103.87.212.38 - - [21/Jun/2026:16:27:02 +0000] "GET /wp-includes/ HTTP/1.1" 404 1251 "http://mail.jubaroyaltravel.com/wp-includes/index.php" "Go-http-client/1.1"
103.87.212.38 - - [21/Jun/2026:16:27:02 +0000] "GET /wp-content/uploads/index.php HTTP/1.1" 301 0 "-" "Go-http-client/1.1"
103.87.212.38 - - [21/Jun/2026:16:27:02 +0000] "GET /wp-content/uploads/ HTTP/1.1" 404 1251 "http://mail.jubaroyaltravel.com/wp-content/uploads/index.php" "Go-http-client/1.1"
103.87.212.38 - - [21/Jun/2026:16:27:03 +0000] "GET /mah.php HTTP/1.1" 404 32578 "-" "Go-http-client/1.1"
103.87.212.38 - - [21/Jun/2026:16:27:04 +0000] "GET /wp-blog-header.php HTTP/1.1" 404 0 "-" "Go-http-client/1.1"
103.87.212.38 - - [21/Jun/2026:16:27:04 +0000] "GET /wp-content/plugins/ioxi/alfa-ioxi.php HTTP/1.1" 404 32580 "-" "Go-http-client/1.1"
103.87.212.38 - - [21/Jun/2026:16:27:06 +0000] "GET /wp-admin/user/index.php HTTP/1.1" 302 0 "-" "Go-http-client/1.1"
103.87.212.38 - - [21/Jun/2026:16:27:07 +0000] "GET /wp-includes/plugins.php HTTP/1.1" 404 32576 "-" "Go-http-client/1.1"
103.87.212.38 - - [21/Jun/2026:16:27:08 +0000] "GET /wp-includes/js/thickbox/thickbox.php HTTP/1.1" 404 32585 "-" "Go-http-client/1.1"
69.72.244.151 - - [21/Jun/2026:16:27:10 +0000] "POST /wp-cron.php?doing_wp_cron=1782059230.9218580722808837890625 HTTP/1.1" 200 0 "-" "WordPress/7.0; https://www.jubaroyaltravel.com"
103.87.212.38 - - [21/Jun/2026:16:27:10 +0000] "GET /goat1.php HTTP/1.1" 404 32583 "-" "Go-http-client/1.1"
103.87.212.38 - - [21/Jun/2026:16:27:11 +0000] "GET /wp-includes/certificates/index.php HTTP/1.1" 301 0 "-" "Go-http-client/1.1"
103.87.212.38 - - [21/Jun/2026:16:27:12 +0000] "GET /wp-includes/certificates/ HTTP/1.1" 404 1251 "http://mail.jubaroyaltravel.com/wp-includes/certificates/index.php" "Go-http-client/1.1"
103.87.212.38 - - [21/Jun/2026:16:27:12 +0000] "GET /wp-admin/network/index.php HTTP/1.1" 302 0 "-" "Go-http-client/1.1"
103.87.212.38 - - [21/Jun/2026:16:27:13 +0000] "GET /wp-includes/sitemaps/providers/index.php HTTP/1.1" 301 0 "-" "Go-http-client/1.1"
103.87.212.38 - - [21/Jun/2026:16:27:13 +0000] "GET /wp-includes/sitemaps/providers/ HTTP/1.1" 404 1251 "http://mail.jubaroyaltravel.com/wp-includes/sitemaps/providers/index.php" "Go-http-client/1.1"
103.87.212.38 - - [21/Jun/2026:16:27:13 +0000] "GET /.well-knownold/index.php HTTP/1.1" 301 0 "-" "Go-http-client/1.1"
103.87.212.38 - - [21/Jun/2026:16:27:14 +0000] "GET /.well-knownold/ HTTP/1.1" 404 32585 "http://mail.jubaroyaltravel.com/.well-knownold/index.php" "Go-http-client/1.1"
103.87.212.38 - - [21/Jun/2026:16:27:15 +0000] "GET /wp-includes/js/crop/index.php HTTP/1.1" 301 0 "-" "Go-http-client/1.1"
103.87.212.38 - - [21/Jun/2026:16:27:16 +0000] "GET /wp-includes/js/crop/ HTTP/1.1" 404 1251 "http://mail.jubaroyaltravel.com/wp-includes/js/crop/index.php" "Go-http-client/1.1"
103.87.212.38 - - [21/Jun/2026:16:27:16 +0000] "GET /wp-includes/Text/Diff/index.php HTTP/1.1" 301 0 "-" "Go-http-client/1.1"
103.87.212.38 - - [21/Jun/2026:16:27:16 +0000] "GET /wp-includes/Text/Diff/ HTTP/1.1" 404 1251 "http://mail.jubaroyaltravel.com/wp-includes/Text/Diff/index.php" "Go-http-client/1.1"
103.87.212.38 - - [21/Jun/2026:16:27:17 +0000] "GET /images/index.php HTTP/1.1" 301 0 "-" "Go-http-client/1.1"
103.87.212.38 - - [21/Jun/2026:16:27:17 +0000] "GET /images/ HTTP/1.1" 404 32573 "http://mail.jubaroyaltravel.com/images/index.php" "Go-http-client/1.1"
103.87.212.38 - - [21/Jun/2026:16:27:19 +0000] "GET /wp-includes/widgets/index.php HTTP/1.1" 301 0 "-" "Go-http-client/1.1"
103.87.212.38 - - [21/Jun/2026:16:27:19 +0000] "GET /wp-includes/widgets/ HTTP/1.1" 404 1251 "http://mail.jubaroyaltravel.com/wp-includes/widgets/index.php" "Go-http-client/1.1"
103.87.212.38 - - [21/Jun/2026:16:27:20 +0000] "GET /.well-known/pki-validation/index.php HTTP/1.1" 404 1251 "-" "Go-http-client/1.1"
103.87.212.38 - - [21/Jun/2026:16:27:20 +0000] "GET /wp-includes/rest-api/index.php HTTP/1.1" 301 0 "-" "Go-http-client/1.1"
103.87.212.38 - - [21/Jun/2026:16:27:20 +0000] "GET /wp-includes/rest-api/ HTTP/1.1" 404 1251 "http://mail.jubaroyaltravel.com/wp-includes/rest-api/index.php" "Go-http-client/1.1"
103.87.212.38 - - [21/Jun/2026:16:27:21 +0000] "GET /wp-includes/pomo/index.php HTTP/1.1" 200 0 "-" "Go-http-client/1.1"
103.87.212.38 - - [21/Jun/2026:16:27:21 +0000] "GET /nf_tracking.php HTTP/1.1" 404 32586 "-" "Go-http-client/1.1"
103.87.212.38 - - [21/Jun/2026:16:27:22 +0000] "GET /wzy.php?action=door123 HTTP/1.1" 404 32575 "-" "Go-http-client/1.1"
103.87.212.38 - - [21/Jun/2026:16:27:24 +0000] "GET /wp-admin/setup-config.php HTTP/1.1" 409 1231 "-" "Go-http-client/1.1"
103.87.212.38 - - [21/Jun/2026:16:27:24 +0000] "GET /wp-content/themes/themes/Cyb3r.php HTTP/1.1" 404 32583 "-" "Go-http-client/1.1"
69.72.244.151 - - [21/Jun/2026:16:27:28 +0000] "POST /wp-cron.php?doing_wp_cron=1782059248.2936689853668212890625 HTTP/1.1" 200 0 "-" "WordPress/7.0; https://www.jubaroyaltravel.com"
103.87.212.38 - - [21/Jun/2026:16:27:27 +0000] "GET /wp-content/plugins/plugins/Cyb3r.php HTTP/1.1" 404 32577 "-" "Go-http-client/1.1"
103.87.212.38 - - [21/Jun/2026:16:27:29 +0000] "GET /wp-includes/SimplePie/about.php HTTP/1.1" 404 32589 "-" "Go-http-client/1.1"
103.87.212.38 - - [21/Jun/2026:16:27:33 +0000] "GET /wp-includes/SimplePie/Content/index.php HTTP/1.1" 301 0 "-" "Go-http-client/1.1"
103.87.212.38 - - [21/Jun/2026:16:27:34 +0000] "GET /wp-includes/SimplePie/Content/ HTTP/1.1" 404 32582 "http://mail.jubaroyaltravel.com/wp-includes/SimplePie/Content/index.php" "Go-http-client/1.1"
103.87.212.38 - - [21/Jun/2026:16:27:38 +0000] "GET /packed.php HTTP/1.1" 404 32585 "-" "Go-http-client/1.1"
103.87.212.38 - - [21/Jun/2026:16:27:43 +0000] "GET /wp-content/packed.php HTTP/1.1" 404 32573 "-" "Go-http-client/1.1"
103.87.212.38 - - [21/Jun/2026:16:27:44 +0000] "GET /wp-l0gin.php HTTP/1.1" 404 32586 "-" "Go-http-client/1.1"
103.87.212.38 - - [21/Jun/2026:16:27:46 +0000] "GET /wp-content/plugins/google-seo-rank/module.php HTTP/1.1" 404 32584 "-" "Go-http-client/1.1"
103.87.212.38 - - [21/Jun/2026:16:27:47 +0000] "GET /ioxi002.PhP7 HTTP/1.1" 404 32586 "-" "Go-http-client/1.1"
103.87.212.38 - - [21/Jun/2026:16:27:49 +0000] "GET /wp-content/themes/digital-download/new.php HTTP/1.1" 404 32589 "-" "Go-http-client/1.1"
103.87.212.38 - - [21/Jun/2026:16:27:52 +0000] "GET /ans.php HTTP/1.1" 404 32578 "-" "Go-http-client/1.1"
103.87.212.38 - - [21/Jun/2026:16:27:54 +0000] "GET /worksec.php HTTP/1.1" 404 32582 "-" "Go-http-client/1.1"
69.72.244.151 - - [21/Jun/2026:16:27:57 +0000] "POST /wp-cron.php?doing_wp_cron=1782059277.5229060649871826171875 HTTP/1.1" 200 0 "-" "WordPress/7.0; https://www.jubaroyaltravel.com"
103.87.212.38 - - [21/Jun/2026:16:27:57 +0000] "GET /x.php HTTP/1.1" 404 32576 "-" "Go-http-client/1.1"
103.87.212.38 - - [21/Jun/2026:16:27:59 +0000] "GET /wp-content/x.php HTTP/1.1" 404 32579 "-" "Go-http-client/1.1"
103.87.212.38 - - [21/Jun/2026:16:28:01 +0000] "GET /wp-content/themes/wp-pridmag/init.php HTTP/1.1" 404 32582 "-" "Go-http-client/1.1"
103.87.212.38 - - [21/Jun/2026:16:28:03 +0000] "GET /log-mama/function.php HTTP/1.1" 404 32575 "-" "Go-http-client/1.1"
103.87.212.38 - - [21/Jun/2026:16:28:06 +0000] "GET /bk/index.php HTTP/1.1" 301 0 "-" "Go-http-client/1.1"
103.87.212.38 - - [21/Jun/2026:16:28:07 +0000] "GET /bk/ HTTP/1.1" 404 32570 "http://mail.jubaroyaltravel.com/bk/index.php" "Go-http-client/1.1"
103.87.212.38 - - [21/Jun/2026:16:28:08 +0000] "GET /first.php HTTP/1.1" 404 32585 "-" "Go-http-client/1.1"
135.235.218.74 - - [21/Jun/2026:16:44:14 +0000] "GET /wp-admin/css/ HTTP/1.1" 404 1251 "binance.com" "Mozilla/5.0 (Windows NT 10.0; Win64; x64) AppleWebKit/537.36 (KHTML, like Gecko) Chrome/90.0.4430.85 Safari/537.36"
135.235.218.74 - - [21/Jun/2026:16:44:22 +0000] "GET /.well-known/ HTTP/1.1" 404 1251 "binance.com" "Mozilla/5.0 (Windows NT 10.0; Win64; x64) AppleWebKit/537.36 (KHTML, like Gecko) Chrome/90.0.4430.85 Safari/537.36"
69.72.244.151 - - [21/Jun/2026:16:44:29 +0000] "POST /wp-cron.php?doing_wp_cron=1782060269.3921680450439453125000 HTTP/1.1" 200 0 "-" "WordPress/7.0; https://www.jubaroyaltravel.com"
135.235.218.74 - - [21/Jun/2026:16:44:29 +0000] "GET /sites/default/files/ HTTP/1.1" 301 0 "binance.com" "Mozilla/5.0 (Windows NT 10.0; Win64; x64) AppleWebKit/537.36 (KHTML, like Gecko) Chrome/90.0.4430.85 Safari/537.36"
135.235.218.74 - - [21/Jun/2026:16:44:36 +0000] "GET /sites/default/files/ HTTP/1.1" 404 32540 "binance.com" "Mozilla/5.0 (Windows NT 10.0; Win64; x64) AppleWebKit/537.36 (KHTML, like Gecko) Chrome/90.0.4430.85 Safari/537.36"
135.235.218.74 - - [21/Jun/2026:16:44:45 +0000] "GET /admin/controller/extension/extension/ HTTP/1.1" 301 0 "binance.com" "Mozilla/5.0 (Windows NT 10.0; Win64; x64) AppleWebKit/537.36 (KHTML, like Gecko) Chrome/90.0.4430.85 Safari/537.36"
135.235.218.74 - - [21/Jun/2026:16:44:51 +0000] "GET /admin/controller/extension/extension/ HTTP/1.1" 404 32552 "binance.com" "Mozilla/5.0 (Windows NT 10.0; Win64; x64) AppleWebKit/537.36 (KHTML, like Gecko) Chrome/90.0.4430.85 Safari/537.36"
69.72.244.151 - - [21/Jun/2026:16:44:58 +0000] "POST /wp-cron.php?doing_wp_cron=1782060298.2265980243682861328125 HTTP/1.1" 200 0 "-" "WordPress/7.0; https://www.jubaroyaltravel.com"
135.235.218.74 - - [21/Jun/2026:16:44:58 +0000] "GET /uploads/ HTTP/1.1" 301 0 "binance.com" "Mozilla/5.0 (Windows NT 10.0; Win64; x64) AppleWebKit/537.36 (KHTML, like Gecko) Chrome/90.0.4430.85 Safari/537.36"
135.235.218.74 - - [21/Jun/2026:16:45:05 +0000] "GET /uploads/ HTTP/1.1" 404 32567 "binance.com" "Mozilla/5.0 (Windows NT 10.0; Win64; x64) AppleWebKit/537.36 (KHTML, like Gecko) Chrome/90.0.4430.85 Safari/537.36"
69.72.244.151 - - [21/Jun/2026:16:45:10 +0000] "POST /wp-cron.php?doing_wp_cron=1782060310.9279699325561523437500 HTTP/1.1" 200 0 "-" "WordPress/7.0; https://www.jubaroyaltravel.com"
135.235.218.74 - - [21/Jun/2026:16:45:10 +0000] "GET /images/ HTTP/1.1" 301 0 "binance.com" "Mozilla/5.0 (Windows NT 10.0; Win64; x64) AppleWebKit/537.36 (KHTML, like Gecko) Chrome/90.0.4430.85 Safari/537.36"
135.235.218.74 - - [21/Jun/2026:16:45:17 +0000] "GET /images/ HTTP/1.1" 404 32538 "binance.com" "Mozilla/5.0 (Windows NT 10.0; Win64; x64) AppleWebKit/537.36 (KHTML, like Gecko) Chrome/90.0.4430.85 Safari/537.36"
135.235.218.74 - - [21/Jun/2026:16:45:26 +0000] "GET /files/ HTTP/1.1" 301 0 "binance.com" "Mozilla/5.0 (Windows NT 10.0; Win64; x64) AppleWebKit/537.36 (KHTML, like Gecko) Chrome/90.0.4430.85 Safari/537.36"
135.235.218.74 - - [21/Jun/2026:16:45:32 +0000] "GET /files/ HTTP/1.1" 404 32531 "binance.com" "Mozilla/5.0 (Windows NT 10.0; Win64; x64) AppleWebKit/537.36 (KHTML, like Gecko) Chrome/90.0.4430.85 Safari/537.36"
69.72.244.151 - - [21/Jun/2026:16:55:42 +0000] "POST /wp-cron.php?doing_wp_cron=1782060942.9730830192565917968750 HTTP/1.1" 200 0 "-" "WordPress/7.0; https://www.jubaroyaltravel.com"
54.37.118.69 - - [21/Jun/2026:16:55:40 +0000] "GET /?sitemap874.xml HTTP/1.1" 200 42860 "-" "Mozilla/5.0 (compatible; AhrefsBot/7.0; +http://ahrefs.com/robot/)"
69.72.244.151 - - [21/Jun/2026:16:58:17 +0000] "POST /wp-cron.php?doing_wp_cron=1782061097.4182739257812500000000 HTTP/1.1" 200 0 "-" "WordPress/7.0; https://www.jubaroyaltravel.com"
43.130.78.203 - - [21/Jun/2026:16:58:17 +0000] "GET / HTTP/1.1" 301 0 "-" "Mozilla/5.0 (iPhone; CPU iPhone OS 13_2_3 like Mac OS X) AppleWebKit/605.1.15 (KHTML, like Gecko) Version/13.0.3 Mobile/15E148 Safari/604.1"
216.73.216.39 - - [21/Jun/2026:17:46:05 +0000] "GET /robots.txt HTTP/1.1" 200 106 "-" "Mozilla/5.0 AppleWebKit/537.36 (KHTML, like Gecko; compatible; ClaudeBot/1.0; +claudebot@anthropic.com)"
69.72.244.151 - - [21/Jun/2026:17:46:07 +0000] "POST /wp-cron.php?doing_wp_cron=1782063967.4772660732269287109375 HTTP/1.1" 200 0 "-" "WordPress/7.0; https://www.jubaroyaltravel.com"
216.73.216.39 - - [21/Jun/2026:17:46:05 +0000] "GET / HTTP/1.1" 301 0 "-" "Mozilla/5.0 AppleWebKit/537.36 (KHTML, like Gecko; compatible; ClaudeBot/1.0; +claudebot@anthropic.com)"
69.72.244.151 - - [21/Jun/2026:17:48:03 +0000] "POST /wp-cron.php?doing_wp_cron=1782064083.4006481170654296875000 HTTP/1.1" 200 0 "-" "WordPress/7.0; https://www.jubaroyaltravel.com"
139.196.95.28 - - [21/Jun/2026:17:48:01 +0000] "GET /wp-json/wp/v2/posts HTTP/1.1" 200 1167 "-" "Mozilla/5.0 (Windows NT 10.0; Win64; x64) AppleWebKit/537.36 (KHTML, like Gecko) Chrome/120.0.0.0 Safari/537.36"
69.72.244.151 - - [21/Jun/2026:17:49:03 +0000] "POST /wp-cron.php?doing_wp_cron=1782064143.2953460216522216796875 HTTP/1.1" 200 0 "-" "WordPress/7.0; https://www.jubaroyaltravel.com"
216.73.216.39 - - [21/Jun/2026:17:49:02 +0000] "GET /pages.php HTTP/1.1" 404 27903 "-" "Mozilla/5.0 AppleWebKit/537.36 (KHTML, like Gecko; compatible; ClaudeBot/1.0; +claudebot@anthropic.com)"
69.72.244.151 - - [21/Jun/2026:18:00:03 +0000] "POST /wp-cron.php?doing_wp_cron=1782064803.8655660152435302734375 HTTP/1.1" 200 0 "-" "WordPress/7.0; https://www.jubaroyaltravel.com"
92.222.104.207 - - [21/Jun/2026:18:00:00 +0000] "GET /?sitemap903.xml HTTP/1.1" 200 42856 "-" "Mozilla/5.0 (compatible; AhrefsBot/7.0; +http://ahrefs.com/robot/)"
69.72.244.151 - - [21/Jun/2026:18:14:03 +0000] "POST /wp-cron.php?doing_wp_cron=1782065643.7424449920654296875000 HTTP/1.1" 200 0 "-" "WordPress/7.0; https://www.jubaroyaltravel.com"
205.210.31.234 - - [21/Jun/2026:18:14:01 +0000] "GET /wp-login.php HTTP/1.1" 302 0 "-" "Hello from Palo Alto Networks, find out more about our scans in https://docs-cortex.paloaltonetworks.com/r/1/Cortex-Xpanse/Scanning-activity"
69.72.244.151 - - [21/Jun/2026:18:18:40 +0000] "POST /wp-cron.php?doing_wp_cron=1782065920.3739240169525146484375 HTTP/1.1" 200 0 "-" "WordPress/7.0; https://www.jubaroyaltravel.com"
34.48.53.67 - - [21/Jun/2026:18:18:40 +0000] "HEAD /wp/ HTTP/1.1" 301 0 "-" "Mozilla/5.0 (Macintosh; Intel Mac OS X 15_0) AppleWebKit/537.36 (KHTML, like Gecko) Chrome/125.0.6422.141 Safari/537.36"
34.48.53.67 - - [21/Jun/2026:18:18:40 +0000] "HEAD /blog/ HTTP/1.1" 301 0 "-" "Mozilla/5.0 (Linux; Android 14; OnePlus 12) AppleWebKit/537.36 (KHTML, like Gecko) Chrome/125.0.6422.102 Mobile Safari/537.36"
34.48.53.67 - - [21/Jun/2026:18:18:41 +0000] "HEAD /blog/ HTTP/1.1" 404 0 "http://jubaroyaltravel.com/blog/" "Mozilla/5.0 (Linux; Android 14; OnePlus 12) AppleWebKit/537.36 (KHTML, like Gecko) Chrome/125.0.6422.102 Mobile Safari/537.36"
34.48.53.67 - - [21/Jun/2026:18:18:41 +0000] "HEAD /backup/ HTTP/1.1" 301 0 "-" "Mozilla/5.0 (Linux; Android 14; SM-A146P) AppleWebKit/537.36 (KHTML, like Gecko) SamsungBrowser/25.0 Chrome/123.0.6312.120 Mobile Safari/537.36"
34.48.53.67 - - [21/Jun/2026:18:18:41 +0000] "HEAD /backup/ HTTP/1.1" 404 0 "http://jubaroyaltravel.com/backup/" "Mozilla/5.0 (Linux; Android 14; SM-A146P) AppleWebKit/537.36 (KHTML, like Gecko) SamsungBrowser/25.0 Chrome/123.0.6312.120 Mobile Safari/537.36"
34.48.53.67 - - [21/Jun/2026:18:18:42 +0000] "HEAD /wordpress/ HTTP/1.1" 301 0 "-" "Mozilla/5.0 (Linux; Android 14; SM-A146P) AppleWebKit/537.36 (KHTML, like Gecko) SamsungBrowser/25.0 Chrome/123.0.6312.120 Mobile Safari/537.36"
34.48.53.67 - - [21/Jun/2026:18:18:42 +0000] "HEAD /wordpress/ HTTP/1.1" 404 0 "http://jubaroyaltravel.com/wordpress/" "Mozilla/5.0 (Linux; Android 14; SM-A146P) AppleWebKit/537.36 (KHTML, like Gecko) SamsungBrowser/25.0 Chrome/123.0.6312.120 Mobile Safari/537.36"
34.48.53.67 - - [21/Jun/2026:18:18:42 +0000] "HEAD /old/ HTTP/1.1" 301 0 "-" "Mozilla/5.0 (Windows NT 11.0; Win64; x64) AppleWebKit/537.36 (KHTML, like Gecko) Edg/128.0.2790.25 Chrome/128.0.6540.22 Safari/537.36"
34.48.53.67 - - [21/Jun/2026:18:18:42 +0000] "HEAD /old/ HTTP/1.1" 404 0 "http://jubaroyaltravel.com/old/" "Mozilla/5.0 (Windows NT 11.0; Win64; x64) AppleWebKit/537.36 (KHTML, like Gecko) Edg/128.0.2790.25 Chrome/128.0.6540.22 Safari/537.36"
34.48.53.67 - - [21/Jun/2026:18:18:43 +0000] "HEAD /new/ HTTP/1.1" 301 0 "-" "Mozilla/5.0 (Linux; Android 13; Infinix X688B) AppleWebKit/537.36 (KHTML, like Gecko) Chrome/124.0.6367.48 Mobile Safari/537.36"
34.48.53.67 - - [21/Jun/2026:18:18:43 +0000] "HEAD /new/ HTTP/1.1" 404 0 "http://jubaroyaltravel.com/new/" "Mozilla/5.0 (Linux; Android 13; Infinix X688B) AppleWebKit/537.36 (KHTML, like Gecko) Chrome/124.0.6367.48 Mobile Safari/537.36"
34.48.53.67 - - [21/Jun/2026:18:18:43 +0000] "HEAD / HTTP/1.1" 301 0 "-" "Mozilla/5.0 (Windows NT 10.0; Win64; x64) AppleWebKit/537.36 (KHTML, like Gecko) Chrome/125.0.6422.112 Safari/537.36 Brave/1.63.120"
69.72.244.151 - - [21/Jun/2026:18:20:58 +0000] "POST /wp-cron.php?doing_wp_cron=1782066058.1121370792388916015625 HTTP/1.1" 200 0 "-" "WordPress/7.0; https://www.jubaroyaltravel.com"
65.52.75.227 - - [21/Jun/2026:18:20:55 +0000] "GET /wp-content/plugins/hellopress/wp_filemanager.php HTTP/1.1" 404 140453 "-" "-"
65.52.75.227 - - [21/Jun/2026:18:20:58 +0000] "GET /this_is_a_new_hello_world.php HTTP/1.1" 404 140434 "-" "-"
65.52.75.227 - - [21/Jun/2026:18:20:58 +0000] "GET /haxor.php HTTP/1.1" 404 140414 "-" "-"
65.52.75.227 - - [21/Jun/2026:18:20:59 +0000] "GET /slo.php HTTP/1.1" 404 140412 "-" "-"
65.52.75.227 - - [21/Jun/2026:18:20:59 +0000] "GET /aa8.php HTTP/1.1" 404 140412 "-" "-"
65.52.75.227 - - [21/Jun/2026:18:20:59 +0000] "GET /unity.php HTTP/1.1" 404 140414 "-" "-"
65.52.75.227 - - [21/Jun/2026:18:21:00 +0000] "GET /makeasmtp.php HTTP/1.1" 404 140418 "-" "-"
65.52.75.227 - - [21/Jun/2026:18:21:00 +0000] "GET /bin.php HTTP/1.1" 404 140412 "-" "-"
65.52.75.227 - - [21/Jun/2026:18:21:01 +0000] "GET /jga.php HTTP/1.1" 404 140412 "-" "-"
65.52.75.227 - - [21/Jun/2026:18:21:01 +0000] "GET /mjq.php HTTP/1.1" 404 140412 "-" "-"
65.52.75.227 - - [21/Jun/2026:18:21:02 +0000] "GET /akc.php HTTP/1.1" 404 140412 "-" "-"
65.52.75.227 - - [21/Jun/2026:18:21:02 +0000] "GET /gg.php HTTP/1.1" 404 140411 "-" "-"
65.52.75.227 - - [21/Jun/2026:18:21:03 +0000] "GET /ggs.php HTTP/1.1" 404 140412 "-" "-"
65.52.75.227 - - [21/Jun/2026:18:21:04 +0000] "GET /pp.php HTTP/1.1" 404 140411 "-" "-"
65.52.75.227 - - [21/Jun/2026:18:21:04 +0000] "GET /rak.php HTTP/1.1" 404 140412 "-" "-"
65.52.75.227 - - [21/Jun/2026:18:21:04 +0000] "GET /rdfe.php HTTP/1.1" 404 140413 "-" "-"
65.52.75.227 - - [21/Jun/2026:18:21:05 +0000] "GET /sad.php HTTP/1.1" 404 140412 "-" "-"
65.52.75.227 - - [21/Jun/2026:18:21:05 +0000] "GET /shlo.php HTTP/1.1" 404 140413 "-" "-"
65.52.75.227 - - [21/Jun/2026:18:21:06 +0000] "GET /yzkvrell.php HTTP/1.1" 404 140417 "-" "-"
65.52.75.227 - - [21/Jun/2026:18:21:06 +0000] "GET /wpxadmin.php HTTP/1.1" 404 140417 "-" "-"
65.52.75.227 - - [21/Jun/2026:18:21:07 +0000] "GET /atomlib.php HTTP/1.1" 404 140416 "-" "-"
65.52.75.227 - - [21/Jun/2026:18:21:07 +0000] "GET /sder52u.php HTTP/1.1" 404 140416 "-" "-"
65.52.75.227 - - [21/Jun/2026:18:21:07 +0000] "GET /ioxi-o.php HTTP/1.1" 404 140415 "-" "-"
65.52.75.227 - - [21/Jun/2026:18:21:08 +0000] "GET /ava.php HTTP/1.1" 404 140412 "-" "-"
69.72.244.151 - - [21/Jun/2026:18:21:09 +0000] "POST /wp-cron.php?doing_wp_cron=1782066069.1300299167633056640625 HTTP/1.1" 200 0 "-" "WordPress/7.0; https://www.jubaroyaltravel.com"
65.52.75.227 - - [21/Jun/2026:18:21:08 +0000] "GET /bqcheck.php HTTP/1.1" 404 140416 "-" "-"
65.52.75.227 - - [21/Jun/2026:18:21:09 +0000] "GET /blurbs8.php HTTP/1.1" 404 140416 "-" "-"
65.52.75.227 - - [21/Jun/2026:18:21:09 +0000] "GET /bless3.php HTTP/1.1" 404 140415 "-" "-"
65.52.75.227 - - [21/Jun/2026:18:21:10 +0000] "GET /bless2.php HTTP/1.1" 404 140415 "-" "-"
65.52.75.227 - - [21/Jun/2026:18:21:10 +0000] "GET /wander.php HTTP/1.1" 404 140415 "-" "-"
65.52.75.227 - - [21/Jun/2026:18:21:10 +0000] "GET /v2.php HTTP/1.1" 404 140411 "-" "-"
65.52.75.227 - - [21/Jun/2026:18:21:11 +0000] "GET /v3.php HTTP/1.1" 404 140411 "-" "-"
65.52.75.227 - - [21/Jun/2026:18:21:11 +0000] "GET /filei.php HTTP/1.1" 404 140414 "-" "-"
65.52.75.227 - - [21/Jun/2026:18:21:12 +0000] "GET /aw.php HTTP/1.1" 404 140411 "-" "-"
65.52.75.227 - - [21/Jun/2026:18:21:12 +0000] "GET /xojryvch.php HTTP/1.1" 404 140417 "-" "-"
65.52.75.227 - - [21/Jun/2026:18:21:13 +0000] "GET /new4.php HTTP/1.1" 404 140413 "-" "-"
65.52.75.227 - - [21/Jun/2026:18:21:13 +0000] "GET /file2.php HTTP/1.1" 404 140414 "-" "-"
65.52.75.227 - - [21/Jun/2026:18:21:14 +0000] "GET /oiepfuav.php HTTP/1.1" 404 140417 "-" "-"
65.52.75.227 - - [21/Jun/2026:18:21:14 +0000] "GET /nqsa.php HTTP/1.1" 404 140413 "-" "-"
65.52.75.227 - - [21/Jun/2026:18:21:15 +0000] "GET /get.php HTTP/1.1" 404 140412 "-" "-"
65.52.75.227 - - [21/Jun/2026:18:21:15 +0000] "GET /kill-9-1.php HTTP/1.1" 404 140417 "-" "-"
65.52.75.227 - - [21/Jun/2026:18:21:18 +0000] "GET /tcp.php HTTP/1.1" 404 140412 "-" "-"
65.52.75.227 - - [21/Jun/2026:18:21:20 +0000] "GET /zt2.php HTTP/1.1" 404 140412 "-" "-"
65.52.75.227 - - [21/Jun/2026:18:21:23 +0000] "GET /zc.php HTTP/1.1" 404 140411 "-" "-"
65.52.75.227 - - [21/Jun/2026:18:21:23 +0000] "GET /an.php HTTP/1.1" 404 140411 "-" "-"
65.52.75.227 - - [21/Jun/2026:18:21:24 +0000] "GET /rsnu.php HTTP/1.1" 404 140413 "-" "-"
65.52.75.227 - - [21/Jun/2026:18:21:24 +0000] "GET /trd.php HTTP/1.1" 404 140412 "-" "-"
65.52.75.227 - - [21/Jun/2026:18:21:25 +0000] "GET /asd67.php HTTP/1.1" 404 140414 "-" "-"
65.52.75.227 - - [21/Jun/2026:18:21:25 +0000] "GET /mo.php HTTP/1.1" 404 140411 "-" "-"
65.52.75.227 - - [21/Jun/2026:18:21:25 +0000] "GET /x.php HTTP/1.1" 404 140410 "-" "-"
65.52.75.227 - - [21/Jun/2026:18:21:26 +0000] "GET /nxx.php HTTP/1.1" 404 140412 "-" "-"
65.52.75.227 - - [21/Jun/2026:18:21:26 +0000] "GET /w3llstore.php HTTP/1.1" 404 140418 "-" "-"
65.52.75.227 - - [21/Jun/2026:18:21:27 +0000] "GET /reyna.php HTTP/1.1" 404 140414 "-" "-"
65.52.75.227 - - [21/Jun/2026:18:21:27 +0000] "GET /yee.php HTTP/1.1" 404 140412 "-" "-"
65.52.75.227 - - [21/Jun/2026:18:21:28 +0000] "GET /dev.php HTTP/1.1" 404 140412 "-" "-"
65.52.75.227 - - [21/Jun/2026:18:21:28 +0000] "GET /sh.php HTTP/1.1" 404 140411 "-" "-"
65.52.75.227 - - [21/Jun/2026:18:21:29 +0000] "GET /ef.php HTTP/1.1" 404 140411 "-" "-"
65.52.75.227 - - [21/Jun/2026:18:21:29 +0000] "GET /simple.php HTTP/1.1" 404 140415 "-" "-"
65.52.75.227 - - [21/Jun/2026:18:21:30 +0000] "GET /xmrlpc.php HTTP/1.1" 404 140415 "-" "-"
65.52.75.227 - - [21/Jun/2026:18:21:30 +0000] "GET /admin.php HTTP/1.1" 404 140414 "-" "-"
65.52.75.227 - - [21/Jun/2026:18:21:30 +0000] "GET /class20.php HTTP/1.1" 404 140416 "-" "-"
65.52.75.227 - - [21/Jun/2026:18:21:31 +0000] "GET /wp-blog.php HTTP/1.1" 404 140416 "-" "-"
65.52.75.227 - - [21/Jun/2026:18:21:36 +0000] "GET /moon.php HTTP/1.1" 404 140413 "-" "-"
65.52.75.227 - - [21/Jun/2026:18:21:37 +0000] "GET /0x.php HTTP/1.1" 404 140411 "-" "-"
65.52.75.227 - - [21/Jun/2026:18:21:37 +0000] "GET /item.php HTTP/1.1" 404 140413 "-" "-"
65.52.75.227 - - [21/Jun/2026:18:21:37 +0000] "GET /as.php HTTP/1.1" 404 140411 "-" "-"
65.52.75.227 - - [21/Jun/2026:18:21:38 +0000] "GET /core.php HTTP/1.1" 404 140413 "-" "-"
65.52.75.227 - - [21/Jun/2026:18:21:39 +0000] "GET /403.php HTTP/1.1" 404 140412 "-" "-"
65.52.75.227 - - [21/Jun/2026:18:21:40 +0000] "GET /manager.php HTTP/1.1" 404 140416 "-" "-"
65.52.75.227 - - [21/Jun/2026:18:21:40 +0000] "GET /ty.php HTTP/1.1" 404 140411 "-" "-"
65.52.75.227 - - [21/Jun/2026:18:21:41 +0000] "GET /bless.php HTTP/1.1" 404 140414 "-" "-"
65.52.75.227 - - [21/Jun/2026:18:21:41 +0000] "GET /dev.php?p HTTP/1.1" 301 0 "-" "-"
65.52.75.227 - - [21/Jun/2026:18:21:41 +0000] "GET /dev.php HTTP/1.1" 404 140412 "-" "-"
65.52.75.227 - - [21/Jun/2026:18:21:42 +0000] "GET /ahax.php HTTP/1.1" 404 140413 "-" "-"
65.52.75.227 - - [21/Jun/2026:18:21:42 +0000] "GET /about.php HTTP/1.1" 404 140414 "-" "-"
65.52.75.227 - - [21/Jun/2026:18:21:43 +0000] "GET /s.php HTTP/1.1" 404 140410 "-" "-"
65.52.75.227 - - [21/Jun/2026:18:21:43 +0000] "GET /file.php HTTP/1.1" 404 140413 "-" "-"
65.52.75.227 - - [21/Jun/2026:18:21:44 +0000] "GET /wp-admin/maint/admin.php HTTP/1.1" 404 140429 "-" "-"
65.52.75.227 - - [21/Jun/2026:18:21:44 +0000] "GET /ws.php HTTP/1.1" 404 140411 "-" "-"
65.52.75.227 - - [21/Jun/2026:18:21:44 +0000] "GET /alfa.php HTTP/1.1" 404 140413 "-" "-"
65.52.75.227 - - [21/Jun/2026:18:21:47 +0000] "GET /m.php HTTP/1.1" 404 140410 "-" "-"
65.52.75.227 - - [21/Jun/2026:18:21:51 +0000] "GET /buy.php HTTP/1.1" 404 140412 "-" "-"
65.52.75.227 - - [21/Jun/2026:18:21:52 +0000] "GET /jj.php HTTP/1.1" 404 140411 "-" "-"
65.52.75.227 - - [21/Jun/2026:18:21:52 +0000] "GET /dd.php HTTP/1.1" 404 140411 "-" "-"
65.52.75.227 - - [21/Jun/2026:18:21:53 +0000] "GET /xa.php HTTP/1.1" 404 140411 "-" "-"
65.52.75.227 - - [21/Jun/2026:18:21:53 +0000] "GET /test2.php HTTP/1.1" 404 140414 "-" "-"
65.52.75.227 - - [21/Jun/2026:18:21:54 +0000] "GET /ee.php HTTP/1.1" 404 140411 "-" "-"
65.52.75.227 - - [21/Jun/2026:18:21:54 +0000] "GET /menu.php HTTP/1.1" 404 140413 "-" "-"
65.52.75.227 - - [21/Jun/2026:18:21:54 +0000] "GET /base.php HTTP/1.1" 404 140413 "-" "-"
65.52.75.227 - - [21/Jun/2026:18:21:55 +0000] "GET /aq.php HTTP/1.1" 404 140411 "-" "-"
65.52.75.227 - - [21/Jun/2026:18:21:55 +0000] "GET /333.php HTTP/1.1" 404 140412 "-" "-"
65.52.75.227 - - [21/Jun/2026:18:21:56 +0000] "GET /siteheads.php HTTP/1.1" 404 140418 "-" "-"
